10-05 20:12:24.760 4639 6263 D EPDG -- SIM0 [SMARTWIFI]: getHandoverThresholdMet: value is: false ਍㄀ ⴀ 㔀 ㈀ 㨀㄀㈀㨀㈀㐀⸀㜀㘀   ㌀㜀㜀㐀  ㌀㤀㤀  䐀 䌀漀渀渀攀挀琀椀瘀椀琀礀匀攀爀瘀椀挀攀㨀 昀椀氀琀攀爀一攀琀眀漀爀欀匀琀愀琀攀䘀漀爀唀椀搀⠀⤀ 甀椀搀㨀 ㄀  㤀㌀ 渀攀琀眀漀爀欀䤀渀昀漀㨀 嬀琀礀瀀攀㨀 圀䤀䘀䤀嬀崀 ⴀ 圀䤀䘀䤀Ⰰ 猀琀愀琀攀㨀 䌀伀一一䔀䌀吀䔀䐀⼀䌀伀一一䔀䌀吀䔀䐀Ⰰ 爀攀愀猀漀渀㨀 ⠀甀渀猀瀀攀挀椀昀椀攀搀⤀Ⰰ 攀砀琀爀愀㨀 ∀䘀刀䤀吀娀℀䈀漀砀 䘀漀渀 圀䰀䄀一 㜀㌀㤀  ㈀Ⰰ㐀∀Ⰰ 昀愀椀氀漀瘀攀爀㨀 昀愀氀猀攀Ⰰ 愀瘀愀椀氀愀戀氀攀㨀 琀爀甀攀Ⰰ 爀漀愀洀椀渀最㨀 昀愀氀猀攀Ⰰ 洀攀琀攀爀攀搀㨀 昀愀氀猀攀崀ഀഀ
10-05 20:12:24.761 3774 3990 D ConnectivityService: filterNetworkStateForUid() uid: 10095 networkInfo: [type: WIFI[] - WIFI, state: CONNECTED/CONNECTED, reason: (unspecified), extra: "FRITZ!Box Fon WLAN 7390 2,4", failover: false, available: true, roaming: false, metered: false] ਍㄀ ⴀ 㔀 ㈀ 㨀㄀㈀㨀㈀㐀⸀㜀㘀㄀  㐀㐀㔀   㐀㐀㔀  䐀 䜀䰀䄀渀椀洀愀琀漀爀䴀愀渀愀最攀爀㨀 搀漀䘀爀愀洀攀ഀഀ
10-05 20:12:24.761 3774 3990 D ConnectivityService: filterNetworkStateForUid() uid: 10190 networkInfo: [type: WIFI[] - WIFI, state: CONNECTED/CONNECTED, reason: (unspecified), extra: "FRITZ!Box Fon WLAN 7390 2,4", failover: false, available: true, roaming: false, metered: false] ਍㄀ ⴀ 㔀 ㈀ 㨀㄀㈀㨀㈀㐀⸀㜀㘀㄀  ㌀㜀㜀㐀  ㌀㤀㤀  䐀 䌀漀渀渀攀挀琀椀瘀椀琀礀匀攀爀瘀椀挀攀㨀 昀椀氀琀攀爀一攀琀眀漀爀欀匀琀愀琀攀䘀漀爀唀椀搀⠀⤀ 甀椀搀㨀 ㄀  㤀㔀 渀攀琀眀漀爀欀䤀渀昀漀㨀 嬀琀礀瀀攀㨀 圀䤀䘀䤀嬀崀 ⴀ 圀䤀䘀䤀Ⰰ 猀琀愀琀攀㨀 䌀伀一一䔀䌀吀䔀䐀⼀䌀伀一一䔀䌀吀䔀䐀Ⰰ 爀攀愀猀漀渀㨀 ⠀甀渀猀瀀攀挀椀昀椀攀搀⤀Ⰰ 攀砀琀爀愀㨀 ∀䘀刀䤀吀娀℀䈀漀砀 䘀漀渀 圀䰀䄀一 㜀㌀㤀  ㈀Ⰰ㐀∀Ⰰ 昀愀椀氀漀瘀攀爀㨀 昀愀氀猀攀Ⰰ 愀瘀愀椀氀愀戀氀攀㨀 琀爀甀攀Ⰰ 爀漀愀洀椀渀最㨀 昀愀氀猀攀Ⰰ 洀攀琀攀爀攀搀㨀 昀愀氀猀攀崀ഀഀ
10-05 20:12:24.761 3774 3990 D ConnectivityService: filterNetworkStateForUid() uid: 10095 networkInfo: [type: WIFI[] - WIFI, state: CONNECTED/CONNECTED, reason: (unspecified), extra: "FRITZ!Box Fon WLAN 7390 2,4", failover: false, available: true, roaming: false, metered: false] ਍㄀ ⴀ 㔀 ㈀ 㨀㄀㈀㨀㈀㐀⸀㜀㘀㄀  ㌀㜀㜀㐀  ㌀㤀㤀  䐀 䌀漀渀渀攀挀琀椀瘀椀琀礀匀攀爀瘀椀挀攀㨀 昀椀氀琀攀爀一攀琀眀漀爀欀匀琀愀琀攀䘀漀爀唀椀搀⠀⤀ 甀椀搀㨀 ㄀ ㄀㜀㄀ 渀攀琀眀漀爀欀䤀渀昀漀㨀 嬀琀礀瀀攀㨀 圀䤀䘀䤀嬀崀 ⴀ 圀䤀䘀䤀Ⰰ 猀琀愀琀攀㨀 䌀伀一一䔀䌀吀䔀䐀⼀䌀伀一一䔀䌀吀䔀䐀Ⰰ 爀攀愀猀漀渀㨀 ⠀甀渀猀瀀攀挀椀昀椀攀搀⤀Ⰰ 攀砀琀爀愀㨀 ∀䘀刀䤀吀娀℀䈀漀砀 䘀漀渀 圀䰀䄀一 㜀㌀㤀  ㈀Ⰰ㐀∀Ⰰ 昀愀椀氀漀瘀攀爀㨀 昀愀氀猀攀Ⰰ 愀瘀愀椀氀愀戀氀攀㨀 琀爀甀攀Ⰰ 爀漀愀洀椀渀最㨀 昀愀氀猀攀Ⰰ 洀攀琀攀爀攀搀㨀 昀愀氀猀攀崀ഀഀ
10-05 20:12:24.761 3774 3990 D ConnectivityService: filterNetworkStateForUid() uid: 1000 networkInfo: [type: WIFI[] - WIFI, state: CONNECTED/CONNECTED, reason: (unspecified), extra: "FRITZ!Box Fon WLAN 7390 2,4", failover: false, available: true, roaming: false, metered: false] ਍㄀ ⴀ 㔀 ㈀ 㨀㄀㈀㨀㈀㐀⸀㜀㘀㄀  ㌀㜀㜀㐀  ㌀㤀㤀  䐀 䌀漀渀渀攀挀琀椀瘀椀琀礀匀攀爀瘀椀挀攀㨀 昀椀氀琀攀爀一攀琀眀漀爀欀匀琀愀琀攀䘀漀爀唀椀搀⠀⤀ 甀椀搀㨀 ㄀ ㈀㌀㄀ 渀攀琀眀漀爀欀䤀渀昀漀㨀 嬀琀礀瀀攀㨀 圀䤀䘀䤀嬀崀 ⴀ 圀䤀䘀䤀Ⰰ 猀琀愀琀攀㨀 䌀伀一一䔀䌀吀䔀䐀⼀䌀伀一一䔀䌀吀䔀䐀Ⰰ 爀攀愀猀漀渀㨀 ⠀甀渀猀瀀攀挀椀昀椀攀搀⤀Ⰰ 攀砀琀爀愀㨀 ∀䘀刀䤀吀娀℀䈀漀砀 䘀漀渀 圀䰀䄀一 㜀㌀㤀  ㈀Ⰰ㐀∀Ⰰ 昀愀椀氀漀瘀攀爀㨀 昀愀氀猀攀Ⰰ 愀瘀愀椀氀愀戀氀攀㨀 琀爀甀攀Ⰰ 爀漀愀洀椀渀最㨀 昀愀氀猀攀Ⰰ 洀攀琀攀爀攀搀㨀 昀愀氀猀攀崀ഀഀ
10-05 20:12:24.761 3774 3990 D ConnectivityService: filterNetworkStateForUid() uid: 10095 networkInfo: [type: WIFI[] - WIFI, state: CONNECTED/CONNECTED, reason: (unspecified), extra: "FRITZ!Box Fon WLAN 7390 2,4", failover: false, available: true, roaming: false, metered: false] ਍㄀ ⴀ 㔀 ㈀ 㨀㄀㈀㨀㈀㐀⸀㜀㘀㄀  ㌀㜀㜀㐀  ㌀㤀㤀  䐀 䌀漀渀渀攀挀琀椀瘀椀琀礀匀攀爀瘀椀挀攀㨀 昀椀氀琀攀爀一攀琀眀漀爀欀匀琀愀琀攀䘀漀爀唀椀搀⠀⤀ 甀椀搀㨀 ㄀  ㈀㠀 渀攀琀眀漀爀欀䤀渀昀漀㨀 嬀琀礀瀀攀㨀 圀䤀䘀䤀嬀崀 ⴀ 圀䤀䘀䤀Ⰰ 猀琀愀琀攀㨀 䌀伀一一䔀䌀吀䔀䐀⼀䌀伀一一䔀䌀吀䔀䐀Ⰰ 爀攀愀猀漀渀㨀 ⠀甀渀猀瀀攀挀椀昀椀攀搀⤀Ⰰ 攀砀琀爀愀㨀 ∀䘀刀䤀吀娀℀䈀漀砀 䘀漀渀 圀䰀䄀一 㜀㌀㤀  ㈀Ⰰ㐀∀Ⰰ 昀愀椀氀漀瘀攀爀㨀 昀愀氀猀攀Ⰰ 愀瘀愀椀氀愀戀氀攀㨀 琀爀甀攀Ⰰ 爀漀愀洀椀渀最㨀 昀愀氀猀攀Ⰰ 洀攀琀攀爀攀搀㨀 昀愀氀猀攀崀ഀഀ
10-05 20:12:24.761 3774 3990 D ConnectivityService: filterNetworkStateForUid() uid: 10135 networkInfo: [type: WIFI[] - WIFI, state: CONNECTED/CONNECTED, reason: (unspecified), extra: "FRITZ!Box Fon WLAN 7390 2,4", failover: false, available: true, roaming: false, metered: false] ਍㄀ ⴀ 㔀 ㈀ 㨀㄀㈀㨀㈀㐀⸀㜀㘀㄀  ㌀㜀㜀㐀  ㌀㤀㤀  䐀 䌀漀渀渀攀挀琀椀瘀椀琀礀匀攀爀瘀椀挀攀㨀 昀椀氀琀攀爀一攀琀眀漀爀欀匀琀愀琀攀䘀漀爀唀椀搀⠀⤀ 甀椀搀㨀 ㄀  ㈀㠀 渀攀琀眀漀爀欀䤀渀昀漀㨀 嬀琀礀瀀攀㨀 圀䤀䘀䤀嬀崀 ⴀ 圀䤀䘀䤀Ⰰ 猀琀愀琀攀㨀 䌀伀一一䔀䌀吀䔀䐀⼀䌀伀一一䔀䌀吀䔀䐀Ⰰ 爀攀愀猀漀渀㨀 ⠀甀渀猀瀀攀挀椀昀椀攀搀⤀Ⰰ 攀砀琀爀愀㨀 ∀䘀刀䤀吀娀℀䈀漀砀 䘀漀渀 圀䰀䄀一 㜀㌀㤀  ㈀Ⰰ㐀∀Ⰰ 昀愀椀氀漀瘀攀爀㨀 昀愀氀猀攀Ⰰ 愀瘀愀椀氀愀戀氀攀㨀 琀爀甀攀Ⰰ 爀漀愀洀椀渀最㨀 昀愀氀猀攀Ⰰ 洀攀琀攀爀攀搀㨀 昀愀氀猀攀崀ഀഀ
10-05 20:12:24.762 3774 3990 D ConnectivityService: filterNetworkStateForUid() uid: 10045 networkInfo: [type: WIFI[] - WIFI, state: CONNECTED/CONNECTED, reason: (unspecified), extra: "FRITZ!Box Fon WLAN 7390 2,4", failover: false, available: true, roaming: false, metered: false] ਍㄀ ⴀ 㔀 ㈀ 㨀㄀㈀㨀㈀㐀⸀㜀㘀㈀  ㌀㜀㜀㐀  ㌀㤀㤀  䐀 䌀漀渀渀攀挀琀椀瘀椀琀礀匀攀爀瘀椀挀攀㨀 昀椀氀琀攀爀一攀琀眀漀爀欀匀琀愀琀攀䘀漀爀唀椀搀⠀⤀ 甀椀搀㨀 ㄀  㤀㔀 渀攀琀眀漀爀欀䤀渀昀漀㨀 嬀琀礀瀀攀㨀 圀䤀䘀䤀嬀崀 ⴀ 圀䤀䘀䤀Ⰰ 猀琀愀琀攀㨀 䌀伀一一䔀䌀吀䔀䐀⼀䌀伀一一䔀䌀吀䔀䐀Ⰰ 爀攀愀猀漀渀㨀 ⠀甀渀猀瀀攀挀椀昀椀攀搀⤀Ⰰ 攀砀琀爀愀㨀 ∀䘀刀䤀吀娀℀䈀漀砀 䘀漀渀 圀䰀䄀一 㜀㌀㤀  ㈀Ⰰ㐀∀Ⰰ 昀愀椀氀漀瘀攀爀㨀 昀愀氀猀攀Ⰰ 愀瘀愀椀氀愀戀氀攀㨀 琀爀甀攀Ⰰ 爀漀愀洀椀渀最㨀 昀愀氀猀攀Ⰰ 洀攀琀攀爀攀搀㨀 昀愀氀猀攀崀ഀഀ
10-05 20:12:24.762 3774 3990 D ConnectivityService: filterNetworkStateForUid() uid: 10028 networkInfo: [type: WIFI[] - WIFI, state: CONNECTED/CONNECTED, reason: (unspecified), extra: "FRITZ!Box Fon WLAN 7390 2,4", failover: false, available: true, roaming: false, metered: false] ਍㄀ ⴀ 㔀 ㈀ 㨀㄀㈀㨀㈀㐀⸀㜀㘀㈀  ㌀㜀㜀㐀  ㌀㤀㤀  䐀 䌀漀渀渀攀挀琀椀瘀椀琀礀匀攀爀瘀椀挀攀㨀 昀椀氀琀攀爀一攀琀眀漀爀欀匀琀愀琀攀䘀漀爀唀椀搀⠀⤀ 甀椀搀㨀 ㄀ ㈀㄀㜀 渀攀琀眀漀爀欀䤀渀昀漀㨀 嬀琀礀瀀攀㨀 圀䤀䘀䤀嬀崀 ⴀ 圀䤀䘀䤀Ⰰ 猀琀愀琀攀㨀 䌀伀一一䔀䌀吀䔀䐀⼀䌀伀一一䔀䌀吀䔀䐀Ⰰ 爀攀愀猀漀渀㨀 ⠀甀渀猀瀀攀挀椀昀椀攀搀⤀Ⰰ 攀砀琀爀愀㨀 ∀䘀刀䤀吀娀℀䈀漀砀 䘀漀渀 圀䰀䄀一 㜀㌀㤀  ㈀Ⰰ㐀∀Ⰰ 昀愀椀氀漀瘀攀爀㨀 昀愀氀猀攀Ⰰ 愀瘀愀椀氀愀戀氀攀㨀 琀爀甀攀Ⰰ 爀漀愀洀椀渀最㨀 昀愀氀猀攀Ⰰ 洀攀琀攀爀攀搀㨀 昀愀氀猀攀崀ഀഀ
10-05 20:12:24.762 4258 4258 I InputMethodWrapper: call dispatchStartInputWithToken ਍㄀ ⴀ 㔀 ㈀ 㨀㄀㈀㨀㈀㐀⸀㜀㘀㈀  ㌀㜀㜀㐀  ㌀㤀㤀  䐀 䌀漀渀渀攀挀琀椀瘀椀琀礀匀攀爀瘀椀挀攀㨀 昀椀氀琀攀爀一攀琀眀漀爀欀匀琀愀琀攀䘀漀爀唀椀搀⠀⤀ 甀椀搀㨀 ㄀  ㈀㠀 渀攀琀眀漀爀欀䤀渀昀漀㨀 嬀琀礀瀀攀㨀 圀䤀䘀䤀嬀崀 ⴀ 圀䤀䘀䤀Ⰰ 猀琀愀琀攀㨀 䌀伀一一䔀䌀吀䔀䐀⼀䌀伀一一䔀䌀吀䔀䐀Ⰰ 爀攀愀猀漀渀㨀 ⠀甀渀猀瀀攀挀椀昀椀攀搀⤀Ⰰ 攀砀琀爀愀㨀 ∀䘀刀䤀吀娀℀䈀漀砀 䘀漀渀 圀䰀䄀一 㜀㌀㤀  ㈀Ⰰ㐀∀Ⰰ 昀愀椀氀漀瘀攀爀㨀 昀愀氀猀攀Ⰰ 愀瘀愀椀氀愀戀氀攀㨀 琀爀甀攀Ⰰ 爀漀愀洀椀渀最㨀 昀愀氀猀攀Ⰰ 洀攀琀攀爀攀搀㨀 昀愀氀猀攀崀ഀഀ
10-05 20:12:24.762 3774 3990 D ConnectivityService: filterNetworkStateForUid() uid: 10190 networkInfo: [type: WIFI[] - WIFI, state: CONNECTED/CONNECTED, reason: (unspecified), extra: "FRITZ!Box Fon WLAN 7390 2,4", failover: false, available: true, roaming: false, metered: false] ਍㄀ ⴀ 㔀 ㈀ 㨀㄀㈀㨀㈀㐀⸀㜀㘀㈀  㐀㈀㔀㠀  㐀㈀㔀㠀 䤀 䤀渀瀀甀琀䴀攀琀栀漀搀匀攀爀瘀椀挀攀㨀 搀椀猀瀀愀琀挀栀匀琀愀爀琀䤀渀瀀甀琀圀椀琀栀吀漀欀攀渀ഀഀ
10-05 20:12:24.762 3774 3990 D ConnectivityService: filterNetworkStateForUid() uid: 1000 networkInfo: [type: WIFI[] - WIFI, state: CONNECTED/CONNECTED, reason: (unspecified), extra: "FRITZ!Box Fon WLAN 7390 2,4", failover: false, available: true, roaming: false, metered: false] ਍㄀ ⴀ 㔀 ㈀ 㨀㄀㈀㨀㈀㐀⸀㜀㘀㈀  ㌀㜀㜀㐀  ㌀㤀㤀  䐀 䌀漀渀渀攀挀琀椀瘀椀琀礀匀攀爀瘀椀挀攀㨀 昀椀氀琀攀爀一攀琀眀漀爀欀匀琀愀琀攀䘀漀爀唀椀搀⠀⤀ 甀椀搀㨀 ㄀  ㄀ 渀攀琀眀漀爀欀䤀渀昀漀㨀 嬀琀礀瀀攀㨀 圀䤀䘀䤀嬀崀 ⴀ 圀䤀䘀䤀Ⰰ 猀琀愀琀攀㨀 䌀伀一一䔀䌀吀䔀䐀⼀䌀伀一一䔀䌀吀䔀䐀Ⰰ 爀攀愀猀漀渀㨀 ⠀甀渀猀瀀攀挀椀昀椀攀搀⤀Ⰰ 攀砀琀爀愀㨀 ∀䘀刀䤀吀娀℀䈀漀砀 䘀漀渀 圀䰀䄀一 㜀㌀㤀  ㈀Ⰰ㐀∀Ⰰ 昀愀椀氀漀瘀攀爀㨀 昀愀氀猀攀Ⰰ 愀瘀愀椀氀愀戀氀攀㨀 琀爀甀攀Ⰰ 爀漀愀洀椀渀最㨀 昀愀氀猀攀Ⰰ 洀攀琀攀爀攀搀㨀 昀愀氀猀攀崀ഀഀ
10-05 20:12:24.762 3774 3990 D ConnectivityService: filterNetworkStateForUid() uid: 10190 networkInfo: [type: WIFI[] - WIFI, state: CONNECTED/CONNECTED, reason: (unspecified), extra: "FRITZ!Box Fon WLAN 7390 2,4", failover: false, available: true, roaming: false, metered: false] ਍㄀ ⴀ 㔀 ㈀ 㨀㄀㈀㨀㈀㐀⸀㜀㘀㈀  ㌀㜀㜀㐀  ㌀㤀㤀  䐀 䌀漀渀渀攀挀琀椀瘀椀琀礀匀攀爀瘀椀挀攀㨀 昀椀氀琀攀爀一攀琀眀漀爀欀匀琀愀琀攀䘀漀爀唀椀搀⠀⤀ 甀椀搀㨀 ㄀ ㄀㤀㈀ 渀攀琀眀漀爀欀䤀渀昀漀㨀 嬀琀礀瀀攀㨀 圀䤀䘀䤀嬀崀 ⴀ 圀䤀䘀䤀Ⰰ 猀琀愀琀攀㨀 䐀䤀匀䌀伀一一䔀䌀吀䔀䐀⼀䈀䰀伀䌀䬀䔀䐀Ⰰ 爀攀愀猀漀渀㨀 ⠀甀渀猀瀀攀挀椀昀椀攀搀⤀Ⰰ 攀砀琀爀愀㨀 ⠀渀漀渀攀⤀Ⰰ 昀愀椀氀漀瘀攀爀㨀 昀愀氀猀攀Ⰰ 愀瘀愀椀氀愀戀氀攀㨀 琀爀甀攀Ⰰ 爀漀愀洀椀渀最㨀 昀愀氀猀攀Ⰰ 洀攀琀攀爀攀搀㨀 昀愀氀猀攀崀ഀഀ
10-05 20:12:24.762 3774 3990 D ConnectivityService: filterNetworkStateForUid() uid: 10050 networkInfo: [type: WIFI[] - WIFI, state: CONNECTED/CONNECTED, reason: (unspecified), extra: "FRITZ!Box Fon WLAN 7390 2,4", failover: false, available: true, roaming: false, metered: false] ਍㄀ ⴀ 㔀 ㈀ 㨀㄀㈀㨀㈀㐀⸀㜀㘀㌀  ㌀㜀㜀㐀  ㌀㤀㤀  䐀 䌀漀渀渀攀挀琀椀瘀椀琀礀匀攀爀瘀椀挀攀㨀 昀椀氀琀攀爀一攀琀眀漀爀欀匀琀愀琀攀䘀漀爀唀椀搀⠀⤀ 甀椀搀㨀 ㄀ ㈀㈀㘀 渀攀琀眀漀爀欀䤀渀昀漀㨀 嬀琀礀瀀攀㨀 圀䤀䘀䤀嬀崀 ⴀ 圀䤀䘀䤀Ⰰ 猀琀愀琀攀㨀 䌀伀一一䔀䌀吀䔀䐀⼀䌀伀一一䔀䌀吀䔀䐀Ⰰ 爀攀愀猀漀渀㨀 ⠀甀渀猀瀀攀挀椀昀椀攀搀⤀Ⰰ 攀砀琀爀愀㨀 ∀䘀刀䤀吀娀℀䈀漀砀 䘀漀渀 圀䰀䄀一 㜀㌀㤀  ㈀Ⰰ㐀∀Ⰰ 昀愀椀氀漀瘀攀爀㨀 昀愀氀猀攀Ⰰ 愀瘀愀椀氀愀戀氀攀㨀 琀爀甀攀Ⰰ 爀漀愀洀椀渀最㨀 昀愀氀猀攀Ⰰ 洀攀琀攀爀攀搀㨀 昀愀氀猀攀崀ഀഀ
10-05 20:12:24.763 3774 3990 D ConnectivityService: filterNetworkStateForUid() uid: 10126 networkInfo: [type: WIFI[] - WIFI, state: CONNECTED/CONNECTED, reason: (unspecified), extra: "FRITZ!Box Fon WLAN 7390 2,4", failover: false, available: true, roaming: false, metered: false] ਍㄀ ⴀ 㔀 ㈀ 㨀㄀㈀㨀㈀㐀⸀㜀㘀㌀  ㌀㜀㜀㐀  ㌀㤀㤀  䐀 䌀漀渀渀攀挀琀椀瘀椀琀礀匀攀爀瘀椀挀攀㨀 昀椀氀琀攀爀一攀琀眀漀爀欀匀琀愀琀攀䘀漀爀唀椀搀⠀⤀ 甀椀搀㨀 ㄀    渀攀琀眀漀爀欀䤀渀昀漀㨀 嬀琀礀瀀攀㨀 圀䤀䘀䤀嬀崀 ⴀ 圀䤀䘀䤀Ⰰ 猀琀愀琀攀㨀 䌀伀一一䔀䌀吀䔀䐀⼀䌀伀一一䔀䌀吀䔀䐀Ⰰ 爀攀愀猀漀渀㨀 ⠀甀渀猀瀀攀挀椀昀椀攀搀⤀Ⰰ 攀砀琀爀愀㨀 ∀䘀刀䤀吀娀℀䈀漀砀 䘀漀渀 圀䰀䄀一 㜀㌀㤀  ㈀Ⰰ㐀∀Ⰰ 昀愀椀氀漀瘀攀爀㨀 昀愀氀猀攀Ⰰ 愀瘀愀椀氀愀戀氀攀㨀 琀爀甀攀Ⰰ 爀漀愀洀椀渀最㨀 昀愀氀猀攀Ⰰ 洀攀琀攀爀攀搀㨀 昀愀氀猀攀崀ഀഀ
10-05 20:12:24.763 4258 4258 I SKBD : SamsungKeypad [IMI] onStartInput - caller pid : 7243, caller uid : 11006 ਍㄀ ⴀ 㔀 ㈀ 㨀㄀㈀㨀㈀㐀⸀㜀㘀㌀  ㌀㜀㜀㐀  ㌀㤀㤀㜀 䐀 䌀漀渀渀攀挀琀椀瘀椀琀礀匀攀爀瘀椀挀攀㨀 猀攀渀搀椀渀最 渀漀琀椀昀椀挀愀琀椀漀渀 䌀䄀倀开䌀䠀䄀一䜀䔀䐀 昀漀爀 一攀琀眀漀爀欀刀攀焀甀攀猀琀 嬀 䰀䤀匀吀䔀一 椀搀㴀㠀Ⰰ 嬀 吀爀愀渀猀瀀漀爀琀猀㨀 圀䤀䘀䤀 䌀愀瀀愀戀椀氀椀琀椀攀猀㨀 䤀一吀䔀刀一䔀吀☀一伀吀开刀䔀匀吀刀䤀䌀吀䔀䐀☀吀刀唀匀吀䔀䐀☀一伀吀开嘀倀一崀 崀ഀഀ
10-05 20:12:24.767 3774 3997 D ConnectivityService: sending notification for NetworkRequest [ LISTEN id=9, [ Transports: WIFI Capabilities: INTERNET&NOT_RESTRICTED&TRUSTED&NOT_VPN] ] ਍㄀ ⴀ 㔀 ㈀ 㨀㄀㈀㨀㈀㐀⸀㜀㘀㜀  ㌀㜀㜀㐀  ㌀㤀㤀㜀 䐀 䌀漀渀渀攀挀琀椀瘀椀琀礀匀攀爀瘀椀挀攀㨀 猀攀渀搀椀渀最 渀漀琀椀昀椀挀愀琀椀漀渀 䌀䄀倀开䌀䠀䄀一䜀䔀䐀 昀漀爀 一攀琀眀漀爀欀刀攀焀甀攀猀琀 嬀 䰀䤀匀吀䔀一 椀搀㴀㤀Ⰰ 嬀 吀爀愀渀猀瀀漀爀琀猀㨀 圀䤀䘀䤀 䌀愀瀀愀戀椀氀椀琀椀攀猀㨀 䤀一吀䔀刀一䔀吀☀一伀吀开刀䔀匀吀刀䤀䌀吀䔀䐀☀吀刀唀匀吀䔀䐀☀一伀吀开嘀倀一崀 崀ഀഀ
10-05 20:12:24.767 3774 3997 D ConnectivityService: sending notification for NetworkRequest [ TRACK_DEFAULT id=12, [ Capabilities: INTERNET&NOT_RESTRICTED&TRUSTED&NOT_VPN] ] ਍㄀ ⴀ 㔀 ㈀ 㨀㄀㈀㨀㈀㐀⸀㜀㘀㜀  ㌀㜀㜀㐀  ㌀㤀㤀㜀 䐀 䌀漀渀渀攀挀琀椀瘀椀琀礀匀攀爀瘀椀挀攀㨀 猀攀渀搀椀渀最 渀漀琀椀昀椀挀愀琀椀漀渀 䌀䄀倀开䌀䠀䄀一䜀䔀䐀 昀漀爀 一攀琀眀漀爀欀刀攀焀甀攀猀琀 嬀 吀刀䄀䌀䬀开䐀䔀䘀䄀唀䰀吀 椀搀㴀㄀㈀Ⰰ 嬀 䌀愀瀀愀戀椀氀椀琀椀攀猀㨀 䤀一吀䔀刀一䔀吀☀一伀吀开刀䔀匀吀刀䤀䌀吀䔀䐀☀吀刀唀匀吀䔀䐀☀一伀吀开嘀倀一崀 崀ഀഀ
10-05 20:12:24.767 3774 3997 D ConnectivityService: sending notification for NetworkRequest [ LISTEN id=15, [ Capabilities: INTERNET&NOT_RESTRICTED&TRUSTED&NOT_VPN] ] ਍㄀ ⴀ 㔀 ㈀ 㨀㄀㈀㨀㈀㐀⸀㜀㘀㜀  ㌀㜀㜀㐀  ㌀㤀㤀㜀 䐀 䌀漀渀渀攀挀琀椀瘀椀琀礀匀攀爀瘀椀挀攀㨀 猀攀渀搀椀渀最 渀漀琀椀昀椀挀愀琀椀漀渀 䌀䄀倀开䌀䠀䄀一䜀䔀䐀 昀漀爀 一攀琀眀漀爀欀刀攀焀甀攀猀琀 嬀 䰀䤀匀吀䔀一 椀搀㴀㄀㔀Ⰰ 嬀 䌀愀瀀愀戀椀氀椀琀椀攀猀㨀 䤀一吀䔀刀一䔀吀☀一伀吀开刀䔀匀吀刀䤀䌀吀䔀䐀☀吀刀唀匀吀䔀䐀☀一伀吀开嘀倀一崀 崀ഀഀ
10-05 20:12:24.767 3774 3997 D ConnectivityService: sending notification for NetworkRequest [ LISTEN id=28, [ Capabilities: INTERNET&NOT_RESTRICTED&TRUSTED] ] ਍㄀ ⴀ 㔀 ㈀ 㨀㄀㈀㨀㈀㐀⸀㜀㘀㜀  ㌀㜀㜀㐀  ㌀㤀㤀㜀 䐀 䌀漀渀渀攀挀琀椀瘀椀琀礀匀攀爀瘀椀挀攀㨀 猀攀渀搀椀渀最 渀漀琀椀昀椀挀愀琀椀漀渀 䌀䄀倀开䌀䠀䄀一䜀䔀䐀 昀漀爀 一攀琀眀漀爀欀刀攀焀甀攀猀琀 嬀 䰀䤀匀吀䔀一 椀搀㴀㈀㠀Ⰰ 嬀 䌀愀瀀愀戀椀氀椀琀椀攀猀㨀 䤀一吀䔀刀一䔀吀☀一伀吀开刀䔀匀吀刀䤀䌀吀䔀䐀☀吀刀唀匀吀䔀䐀崀 崀ഀഀ
10-05 20:12:24.767 3774 3997 D ConnectivityService: sending notification for NetworkRequest [ LISTEN id=49, [ Transports: WIFI Capabilities: INTERNET&NOT_RESTRICTED&TRUSTED&NOT_VPN] ] ਍㄀ ⴀ 㔀 ㈀ 㨀㄀㈀㨀㈀㐀⸀㜀㘀㠀  ㌀㜀㜀㐀  ㌀㤀㤀㜀 䐀 䌀漀渀渀攀挀琀椀瘀椀琀礀匀攀爀瘀椀挀攀㨀 猀攀渀搀椀渀最 渀漀琀椀昀椀挀愀琀椀漀渀 䌀䄀倀开䌀䠀䄀一䜀䔀䐀 昀漀爀 一攀琀眀漀爀欀刀攀焀甀攀猀琀 嬀 䰀䤀匀吀䔀一 椀搀㴀㐀㤀Ⰰ 嬀 吀爀愀渀猀瀀漀爀琀猀㨀 圀䤀䘀䤀 䌀愀瀀愀戀椀氀椀琀椀攀猀㨀 䤀一吀䔀刀一䔀吀☀一伀吀开刀䔀匀吀刀䤀䌀吀䔀䐀☀吀刀唀匀吀䔀䐀☀一伀吀开嘀倀一崀 崀ഀഀ
10-05 20:12:24.768 3774 3997 D ConnectivityService: sending notification for NetworkRequest [ LISTEN id=79, [ Capabilities: INTERNET&NOT_RESTRICTED&TRUSTED] ] ਍㄀ ⴀ 㔀 ㈀ 㨀㄀㈀㨀㈀㐀⸀㜀㘀㠀  ㌀㜀㜀㐀  ㌀㤀㤀㜀 䐀 䌀漀渀渀攀挀琀椀瘀椀琀礀匀攀爀瘀椀挀攀㨀 猀攀渀搀椀渀最 渀漀琀椀昀椀挀愀琀椀漀渀 䌀䄀倀开䌀䠀䄀一䜀䔀䐀 昀漀爀 一攀琀眀漀爀欀刀攀焀甀攀猀琀 嬀 䰀䤀匀吀䔀一 椀搀㴀㜀㤀Ⰰ 嬀 䌀愀瀀愀戀椀氀椀琀椀攀猀㨀 䤀一吀䔀刀一䔀吀☀一伀吀开刀䔀匀吀刀䤀䌀吀䔀䐀☀吀刀唀匀吀䔀䐀崀 崀ഀഀ
10-05 20:12:24.770 3774 4275 D ConnectivityService: filterNetworkStateForUid() uid: 10095 networkInfo: [type: WIFI[] - WIFI, state: CONNECTED/CONNECTED, reason: (unspecified), extra: "FRITZ!Box Fon WLAN 7390 2,4", failover: false, available: true, roaming: false, metered: false] ਍㄀ ⴀ 㔀 ㈀ 㨀㄀㈀㨀㈀㐀⸀㜀㜀   ㌀㜀㜀㐀  㐀㘀㔀㘀 䐀 䌀漀渀渀攀挀琀椀瘀椀琀礀匀攀爀瘀椀挀攀㨀 昀椀氀琀攀爀一攀琀眀漀爀欀匀琀愀琀攀䘀漀爀唀椀搀⠀⤀ 甀椀搀㨀 ㄀  㔀  渀攀琀眀漀爀欀䤀渀昀漀㨀 嬀琀礀瀀攀㨀 圀䤀䘀䤀嬀崀 ⴀ 圀䤀䘀䤀Ⰰ 猀琀愀琀攀㨀 䌀伀一一䔀䌀吀䔀䐀⼀䌀伀一一䔀䌀吀䔀䐀Ⰰ 爀攀愀猀漀渀㨀 ⠀甀渀猀瀀攀挀椀昀椀攀搀⤀Ⰰ 攀砀琀爀愀㨀 ∀䘀刀䤀吀娀℀䈀漀砀 䘀漀渀 圀䰀䄀一 㜀㌀㤀  ㈀Ⰰ㐀∀Ⰰ 昀愀椀氀漀瘀攀爀㨀 昀愀氀猀攀Ⰰ 愀瘀愀椀氀愀戀氀攀㨀 琀爀甀攀Ⰰ 爀漀愀洀椀渀最㨀 昀愀氀猀攀Ⰰ 洀攀琀攀爀攀搀㨀 昀愀氀猀攀崀ഀഀ
10-05 20:12:24.777 3774 4656 V WindowManager: finishDrawingLocked: mDrawState=COMMIT_DRAW_PENDING Window{d042edb u0 com.siemens.winccoaui/at.etm.NotificationClient} in Surface(name=com.siemens.winccoaui/at.etm.NotificationClient) ਍㄀ ⴀ 㔀 ㈀ 㨀㄀㈀㨀㈀㐀⸀㜀㜀㜀  㐀㐀㔀   㐀㐀㔀  䐀 䜀䰀䄀渀椀洀愀琀漀爀䴀愀渀愀最攀爀㨀 搀漀䘀爀愀洀攀ഀഀ
10-05 20:12:24.780 7243 7243 V InputMethodManager: Starting input: tba=android.view.inputmethod.EditorInfo@b922069 nm : com.siemens.winccoaui ic=null ਍㄀ ⴀ 㔀 ㈀ 㨀㄀㈀㨀㈀㐀⸀㜀㠀㄀  㜀㈀㐀㌀  㜀㈀㐀㌀ 圀 儀琀 䄀㄀㄀夀 㨀 䌀漀甀氀搀 渀漀琀 愀挀琀椀瘀愀琀攀 瀀氀愀琀昀漀爀洀 愀挀挀攀猀猀椀戀椀氀椀琀礀⸀ഀഀ
10-05 20:12:24.786 3774 3805 I ActivityManager: Displayed com.siemens.winccoaui/at.etm.NotificationClient: +390ms ਍㄀ ⴀ 㔀 ㈀ 㨀㄀㈀㨀㈀㐀⸀㜀㠀㘀  ㌀㜀㜀㐀  ㌀㠀㜀㈀ 䐀 嘀椀攀眀刀漀漀琀䤀洀瀀氀䀀㤀㤀戀㐀 ㌀愀嬀眀椀渀挀挀漀愀甀椀崀㨀 搀椀猀瀀愀琀挀栀䐀攀琀愀挀栀攀搀䘀爀漀洀圀椀渀搀漀眀ഀഀ
10-05 20:12:24.786 3774 3872 D InputEventReceiver: channel 'b8834eb Splash Screen com.siemens.winccoaui (client)' ~ Disposing input event receiver. ਍㄀ ⴀ 㔀 ㈀ 㨀㄀㈀㨀㈀㐀⸀㜀㠀㘀  ㌀㜀㜀㐀  ㌀㠀㜀㈀ 䐀 䤀渀瀀甀琀䔀瘀攀渀琀刀攀挀攀椀瘀攀爀㨀 挀栀愀渀渀攀氀 ✀戀㠀㠀㌀㐀攀戀 匀瀀氀愀猀栀 匀挀爀攀攀渀 挀漀洀⸀猀椀攀洀攀渀猀⸀眀椀渀挀挀漀愀甀椀 ⠀挀氀椀攀渀琀⤀✀ 縀一愀琀椀瘀攀䤀渀瀀甀琀䔀瘀攀渀琀刀攀挀攀椀瘀攀爀⸀ഀഀ
10-05 20:12:24.788 3774 3797 D WindowManager: set systemUiVisibility : systemUiFlags= 0x18 fullscreenStackSysUiFlags= 0x0 ਍㄀ ⴀ 㔀 ㈀ 㨀㄀㈀㨀㈀㐀⸀㜀㠀㠀  㐀㈀㠀㐀  㐀㈀㠀㐀 䐀 䈀愀爀吀爀愀渀猀椀琀椀漀渀猀⸀倀栀漀渀攀匀琀愀琀甀猀䈀愀爀嘀椀攀眀㨀 䴀伀䐀䔀开伀倀䄀儀唀䔀 ⴀ㸀 䴀伀䐀䔀开吀刀䄀一匀倀䄀刀䔀一吀 愀渀椀洀愀琀攀㴀琀爀甀攀ഀഀ
10-05 20:12:24.791 3774 4656 D WindowManager: adjustSystemUiVisibilityLw : vis= 0x18 ਍㄀ ⴀ 㔀 ㈀ 㨀㄀㈀㨀㈀㐀⸀㜀㤀㐀  㐀㐀㔀   㐀㐀㔀  䐀 䜀䰀䄀渀椀洀愀琀漀爀䴀愀渀愀最攀爀㨀 搀漀䘀爀愀洀攀ഀഀ
10-05 20:12:24.797 3774 3797 D WindowManager: set systemUiVisibility : systemUiFlags= 0x10 fullscreenStackSysUiFlags= 0x0 ਍㄀ ⴀ 㔀 ㈀ 㨀㄀㈀㨀㈀㐀⸀㠀㄀㄀  㐀㐀㔀   㐀㐀㔀  䐀 䜀䰀䄀渀椀洀愀琀漀爀䴀愀渀愀最攀爀㨀 搀漀䘀爀愀洀攀ഀഀ
10-05 20:12:24.811 3774 3872 D WindowManager: Keyguard transition done. ਍㄀ ⴀ 㔀 ㈀ 㨀㄀㈀㨀㈀㐀⸀㠀㄀㄀  ㌀㜀㜀㐀  ㌀㠀㜀㈀ 䤀 圀椀渀搀漀眀䴀愀渀愀最攀爀㨀 䐀攀猀琀爀漀礀椀渀最 猀甀爀昀愀挀攀 匀甀爀昀愀挀攀⠀渀愀洀攀㴀匀瀀氀愀猀栀 匀挀爀攀攀渀 挀漀洀⸀猀椀攀洀攀渀猀⸀眀椀渀挀挀漀愀甀椀⤀ 挀愀氀氀攀搀 戀礀 挀漀洀⸀愀渀搀爀漀椀搀⸀猀攀爀瘀攀爀⸀眀洀⸀圀椀渀搀漀眀匀琀愀琀攀䄀渀椀洀愀琀漀爀⸀搀攀猀琀爀漀礀匀甀爀昀愀挀攀㨀㈀㐀㘀㔀 挀漀洀⸀愀渀搀爀漀椀搀⸀猀攀爀瘀攀爀⸀眀洀⸀圀椀渀搀漀眀匀琀愀琀攀䄀渀椀洀愀琀漀爀⸀搀攀猀琀爀漀礀匀甀爀昀愀挀攀䰀漀挀欀攀搀㨀㤀㘀㜀 挀漀洀⸀愀渀搀爀漀椀搀⸀猀攀爀瘀攀爀⸀眀洀⸀圀椀渀搀漀眀匀琀愀琀攀⸀搀攀猀琀爀漀礀伀爀匀愀瘀攀匀甀爀昀愀挀攀唀渀挀栀攀挀欀攀搀㨀㌀㘀㘀㄀ 挀漀洀⸀愀渀搀爀漀椀搀⸀猀攀爀瘀攀爀⸀眀洀⸀圀椀渀搀漀眀匀琀愀琀攀⸀搀攀猀琀爀漀礀匀甀爀昀愀挀攀㨀㌀㘀 㤀 挀漀洀⸀愀渀搀爀漀椀搀⸀猀攀爀瘀攀爀⸀眀洀⸀䄀瀀瀀圀椀渀搀漀眀吀漀欀攀渀⸀搀攀猀琀爀漀礀匀甀爀昀愀挀攀猀㨀㜀㈀㈀ 挀漀洀⸀愀渀搀爀漀椀搀⸀猀攀爀瘀攀爀⸀眀洀⸀䄀瀀瀀圀椀渀搀漀眀吀漀欀攀渀⸀搀攀猀琀爀漀礀匀甀爀昀愀挀攀猀㨀㜀 㘀 挀漀洀⸀愀渀搀爀漀椀搀⸀猀攀爀瘀攀爀⸀眀洀⸀圀椀渀搀漀眀匀琀愀琀攀⸀漀渀䔀砀椀琀䄀渀椀洀愀琀椀漀渀䐀漀渀攀㨀㔀㈀㠀㠀 挀漀洀⸀愀渀搀爀漀椀搀⸀猀攀爀瘀攀爀⸀眀洀⸀圀椀渀搀漀眀匀琀愀琀攀䄀渀椀洀愀琀漀爀⸀猀琀攀瀀䄀渀椀洀愀琀椀漀渀䰀漀挀欀攀搀㨀㔀㐀㈀ ഀഀ
10-05 20:12:24.812 3774 3805 D CustomFrequencyManagerService: acquireDVFSLockLocked : type : DVFS_MIN_LIMIT frequency : 1807000 uid : 1000 pid : 3774 pkgName : AMS_RESUME_TAIL@CPU_MIN@59 ਍㄀ ⴀ 㔀 ㈀ 㨀㄀㈀㨀㈀㐀⸀㠀㄀㈀  ㌀㜀㜀㐀  ㌀㠀 㔀 䐀 䄀挀琀椀瘀椀琀礀䴀愀渀愀最攀爀倀攀爀昀漀爀洀愀渀挀攀㨀 䄀䴀倀开愀挀焀甀椀爀攀⠀⤀ 吀䄀䤀䰀ഀഀ
10-05 20:12:24.812 3774 3805 D CustomFrequencyManagerService: FrequencyrequestList.getNextSchedTunePolicyRequest, index: 0 ਍㄀ ⴀ 㔀 ㈀ 㨀㄀㈀㨀㈀㐀⸀㠀㄀㈀  ㌀㜀㜀㐀  ㌀㠀 㔀 䐀 䌀甀猀琀漀洀䘀爀攀焀甀攀渀挀礀䴀愀渀愀最攀爀匀攀爀瘀椀挀攀㨀 爀攀氀攀愀猀攀䐀嘀䘀匀䰀漀挀欀䰀漀挀欀攀搀 㨀 䜀攀琀琀椀渀最 䰀漀挀欀 琀礀瀀攀 昀爀洀 䰀椀猀琀 㨀 䐀嘀䘀匀开䴀䤀一开䰀䤀䴀䤀吀  昀爀攀焀甀攀渀挀礀 㨀 ㈀㌀㄀㐀     甀椀搀 㨀 ㄀     瀀椀搀 㨀 ㌀㜀㜀㐀  琀愀最 㨀 䄀䴀匀开䄀倀倀开匀圀䤀吀䌀䠀䀀䌀倀唀开䴀䤀一䀀㔀㌀ഀഀ
10-05 20:12:24.812 3774 3805 D ActivityManagerPerformance: AMP_release() APP_SWITCH ਍㄀ ⴀ 㔀 ㈀ 㨀㄀㈀㨀㈀㐀⸀㠀㄀㈀  ㌀㈀㐀㜀  ㌀㌀㠀㈀ 䤀 匀甀爀昀愀挀攀䘀氀椀渀最攀爀㨀 椀搀㴀㔀㜀  刀攀洀漀瘀攀搀 匀瀀氀愀猀栀 匀挀爀攀攀渀 挀漀洀⸀猀椀攀洀攀渀猀⸀眀椀渀挀挀漀愀甀椀⌀  ⠀㌀⼀㠀⤀ഀഀ
10-05 20:12:24.816 4450 4481 D WallpaperService: dispatchAppVisibility onVisibilityChanged(): false ਍㄀ ⴀ 㔀 ㈀ 㨀㄀㈀㨀㈀㐀⸀㠀㄀㜀  ㌀㈀㐀㜀  ㌀㈀㐀㜀 䐀 匀甀爀昀愀挀攀䘀氀椀渀最攀爀㨀   䐀椀猀瀀氀愀礀嬀 崀 挀漀渀昀椀最甀爀愀琀椀漀渀猀 ⠀⨀ 挀甀爀爀攀渀琀⤀㨀ഀഀ
10-05 20:12:24.817 3247 3247 D SurfaceFlinger: * 0: 1440x2960, xdpi=562.706970, ydpi=565.293030, refresh=16666666 ਍㄀ ⴀ 㔀 ㈀ 㨀㄀㈀㨀㈀㐀⸀㠀㄀㜀  ㌀㈀㐀㜀  ㌀㈀㐀㜀 䐀 匀甀爀昀愀挀攀䘀氀椀渀最攀爀㨀   渀甀洀䠀眀䰀愀礀攀爀猀㴀㘀Ⰰ 昀氀愀最猀㴀        ഀഀ
10-05 20:12:24.817 3247 3247 D SurfaceFlinger: type | handle | hint | flag | tr | blnd | format | source crop (l,t,r,b) | frame | name ਍㄀ ⴀ 㔀 ㈀ 㨀㄀㈀㨀㈀㐀⸀㠀㄀㜀  ㌀㈀㐀㜀  ㌀㈀㐀㜀 䐀 匀甀爀昀愀挀攀䘀氀椀渀最攀爀㨀 ⴀⴀⴀⴀⴀⴀⴀⴀⴀⴀⴀ⬀ⴀⴀⴀⴀⴀⴀⴀⴀⴀⴀ⬀ⴀⴀⴀⴀⴀⴀ⬀ⴀⴀⴀⴀⴀⴀ⬀ⴀⴀⴀⴀ⬀ⴀⴀⴀⴀⴀⴀ⬀ⴀⴀⴀⴀⴀⴀⴀⴀⴀⴀⴀⴀⴀ⬀ⴀⴀⴀⴀⴀⴀⴀⴀⴀⴀⴀⴀⴀⴀⴀⴀⴀⴀⴀⴀⴀⴀⴀⴀⴀⴀⴀⴀⴀⴀⴀⴀ⬀ⴀⴀⴀⴀⴀⴀⴀⴀⴀⴀⴀⴀⴀⴀⴀⴀⴀⴀⴀⴀⴀⴀⴀⴀ⬀ⴀⴀⴀⴀⴀⴀഀഀ
10-05 20:12:24.817 3247 3247 D SurfaceFlinger: HWC | 7ecf256420 | 0000 | 0020 | 00 | 0100 | RGBx_8888 | 0.0, 0.0, 1080.0, 2220.0 | 0, 0, 1080, 2220 | com.android.systemui.infinity.InfinityWallpaperSilver#0 ਍㄀ ⴀ 㔀 ㈀ 㨀㄀㈀㨀㈀㐀⸀㠀㄀㜀  ㌀㈀㐀㜀  ㌀㈀㐀㜀 䐀 匀甀爀昀愀挀攀䘀氀椀渀最攀爀㨀        䠀圀䌀 簀 㜀攀挀昀㈀㔀㤀挀㈀  簀      簀   ㈀  簀    簀  ㄀   簀 刀䜀䈀䄀开㠀㠀㠀㠀   簀     ⸀ Ⰰ   㜀㈀⸀ Ⰰ ㄀ 㠀 ⸀ Ⰰ ㈀ 㜀㘀⸀  簀     Ⰰ   㜀㈀Ⰰ ㄀ 㠀 Ⰰ ㈀ 㜀㘀 簀 挀漀洀⸀猀椀攀洀攀渀猀⸀眀椀渀挀挀漀愀甀椀⼀愀琀⸀攀琀洀⸀一漀琀椀昀椀挀愀琀椀漀渀䌀氀椀攀渀琀⌀ ഀഀ
10-05 20:12:24.817 3247 3247 D SurfaceFlinger: HWC | 7ecf2596e0 | 0000 | 0000 | 00 | 0105 | RGBA_8888 | 0.0, 0.0, 1080.0, 72.0 | 0, 0, 1080, 72 | StatusBar#0 ਍㄀ ⴀ 㔀 ㈀ 㨀㄀㈀㨀㈀㐀⸀㠀㄀㜀  ㌀㈀㐀㜀  ㌀㈀㐀㜀 䐀 匀甀爀昀愀挀攀䘀氀椀渀最攀爀㨀        䠀圀䌀 簀 㜀攀挀昀㈀㔀㤀㈀㠀  簀      簀      簀    簀  ㄀ 㔀 簀 刀䜀䈀䄀开㠀㠀㠀㠀   簀     ⸀ Ⰰ     ⸀ Ⰰ   㘀㜀⸀ Ⰰ  㐀㐀㔀⸀  簀 ㄀ ㄀㌀Ⰰ  㔀㈀㜀Ⰰ ㄀ 㠀 Ⰰ  㤀㜀㈀ 簀 挀漀洀⸀猀愀洀猀甀ഀഀ
10-05 20:12:24.817 3247 3247 D SurfaceFlinger: ng.android.app.cocktailbarservice/com.samsung.android.app.cocktailbarservice.CocktailBarService#0 ਍㄀ ⴀ 㔀 ㈀ 㨀㄀㈀㨀㈀㐀⸀㠀㄀㜀  ㌀㈀㐀㜀  ㌀㈀㐀㜀 䐀 匀甀爀昀愀挀攀䘀氀椀渀最攀爀㨀        䠀圀䌀 簀 㜀攀挀攀攀㈀戀    簀      簀      簀    簀  ㄀ 㔀 簀 刀䜀䈀䄀开㠀㠀㠀㠀   簀     ⸀ Ⰰ     ⸀ Ⰰ ㄀ 㠀 ⸀ Ⰰ  ㄀㐀㐀⸀  簀     Ⰰ ㈀ 㜀㘀Ⰰ ㄀ 㠀 Ⰰ ㈀㈀㈀  簀 一愀瘀椀最愀琀椀漀渀䈀愀爀⌀ ഀഀ
10-05 20:12:24.817 3247 3247 D SurfaceFlinger: FB TARGET | 7ecf255d20 | 0000 | 0000 | 00 | 0105 | RGBA_8888 | 0.0, 0.0, 1440.0, 2960.0 | 0, 0, 1440, 2960 | HWC_FRAMEBUFFER_TARGET ਍㄀ ⴀ 㔀 ㈀ 㨀㄀㈀㨀㈀㐀⸀㠀㄀㠀  ㌀㜀㜀㐀  㐀㘀㔀㘀 圀 匀琀漀爀愀最攀䴀愀渀愀最攀爀㨀 最攀琀匀琀漀爀愀最攀䰀漀眀䈀礀琀攀猀 氀漀眀倀攀爀挀攀渀琀 㨀 㔀Ⰰ 氀漀眀䈀礀琀攀猀 㨀 ㈀㠀㤀㤀 㘀㘀㠀㠀 Ⰰ 洀愀砀䰀漀眀䈀礀琀攀猀 㨀 㔀㈀㐀㈀㠀㠀   ഀഀ
10-05 20:12:24.820 4284 4284 D BarTransitions.PhoneStatusBarView: MODE_TRANSPARENT -> MODE_OPAQUE animate=true ਍㄀ ⴀ 㔀 ㈀ 㨀㄀㈀㨀㈀㐀⸀㠀㈀   㜀㈀㐀㌀  㜀㈀㐀㌀ 䤀 稀礀最漀琀攀  㨀 䐀攀漀瀀琀椀洀椀稀椀渀最 瘀漀椀搀 愀渀搀爀漀椀搀⸀瘀椀攀眀⸀嘀椀攀眀䜀爀漀甀瀀␀䌀栀椀氀搀䰀椀猀琀䘀漀爀䄀挀挀攀猀猀椀戀椀氀椀琀礀⸀椀渀椀琀⠀愀渀搀爀漀椀搀⸀瘀椀攀眀⸀嘀椀攀眀䜀爀漀甀瀀Ⰰ 戀漀漀氀攀愀渀⤀ 搀甀攀 琀漀 䨀䤀吀 椀渀氀椀渀攀 挀愀挀栀攀ഀഀ
10-05 20:12:24.822 3247 3276 I SurfaceFlinger: id=570 Removed Splash Screen com.siemens.winccoaui#0 (-2/8) ਍㄀ ⴀ 㔀 ㈀ 㨀㄀㈀㨀㈀㐀⸀㠀㈀㌀  ㌀㜀㜀㐀  㐀㈀㜀㔀 䐀 圀椀渀搀漀眀䴀愀渀愀最攀爀㨀 愀搀樀甀猀琀匀礀猀琀攀洀唀椀嘀椀猀椀戀椀氀椀琀礀䰀眀 㨀 瘀椀猀㴀  砀㄀ ഀഀ
10-05 20:12:24.825 5310 5310 D StageManager: saved stages : inStack [1, 2] , outStack[] ਍㄀ ⴀ 㔀 ㈀ 㨀㄀㈀㨀㈀㐀⸀㠀㈀㜀  ㌀㈀㐀㜀  ㌀㈀㐀㜀 䤀 䰀愀礀攀爀   㨀 椀搀㴀㔀㜀  漀渀刀攀洀漀瘀攀搀 匀瀀氀愀猀栀 匀挀爀攀攀渀 挀漀洀⸀猀椀攀洀攀渀猀⸀眀椀渀挀挀漀愀甀椀⌀  ഀഀ
10-05 20:12:24.830 3247 3247 D SurfaceFlinger: Display[0] configurations (* current): ਍㄀ ⴀ 㔀 ㈀ 㨀㄀㈀㨀㈀㐀⸀㠀㌀   ㌀㈀㐀㜀  ㌀㈀㐀㜀 䐀 匀甀爀昀愀挀攀䘀氀椀渀最攀爀㨀     ⨀  㨀 ㄀㐀㐀 砀㈀㤀㘀 Ⰰ 砀搀瀀椀㴀㔀㘀㈀⸀㜀 㘀㤀㜀 Ⰰ 礀搀瀀椀㴀㔀㘀㔀⸀㈀㤀㌀ ㌀ Ⰰ 爀攀昀爀攀猀栀㴀㄀㘀㘀㘀㘀㘀㘀㘀ഀഀ
10-05 20:12:24.830 3247 3247 D SurfaceFlinger: numHwLayers=5, flags=00000000 ਍㄀ ⴀ 㔀 ㈀ 㨀㄀㈀㨀㈀㐀⸀㠀㌀   ㌀㈀㐀㜀  ㌀㈀㐀㜀 䐀 匀甀爀昀愀挀攀䘀氀椀渀最攀爀㨀     琀礀瀀攀   簀  栀愀渀搀氀攀  簀 栀椀渀琀 簀 昀氀愀最 簀 琀爀 簀 戀氀渀搀 簀   昀漀爀洀愀琀    簀     猀漀甀爀挀攀 挀爀漀瀀 ⠀氀Ⰰ琀Ⰰ爀Ⰰ戀⤀      簀          昀爀愀洀攀         簀 渀愀洀攀 ഀഀ
10-05 20:12:24.830 3247 3247 D SurfaceFlinger: -----------+----------+------+------+----+------+-------------+--------------------------------+------------------------+------ ਍㄀ ⴀ 㔀 ㈀ 㨀㄀㈀㨀㈀㐀⸀㠀㌀   ㌀㈀㐀㜀  ㌀㈀㐀㜀 䐀 匀甀爀昀愀挀攀䘀氀椀渀最攀爀㨀        䠀圀䌀 簀 㜀攀挀昀㈀㔀㤀挀㈀  簀      簀   ㈀  簀    簀  ㄀   簀 刀䜀䈀䄀开㠀㠀㠀㠀   簀     ⸀ Ⰰ     ⸀ Ⰰ ㄀ 㠀 ⸀ Ⰰ ㈀ 㜀㘀⸀  簀     Ⰰ     Ⰰ ㄀ 㠀 Ⰰ ㈀ 㜀㘀 簀 挀漀洀⸀猀椀攀洀攀渀猀⸀眀椀渀挀挀漀愀甀椀⼀愀琀⸀攀琀洀⸀一漀琀椀昀椀挀愀琀椀漀渀䌀氀椀攀渀琀⌀ ഀഀ
10-05 20:12:24.830 3247 3247 D SurfaceFlinger: HWC | 7ecf259440 | 0000 | 0000 | 00 | 0105 | RGBA_8888 | 0.0, 0.0, 1080.0, 72.0 | 0, 0, 1080, 72 | StatusBar#0 ਍㄀ ⴀ 㔀 ㈀ 㨀㄀㈀㨀㈀㐀⸀㠀㌀   ㌀㈀㐀㜀  ㌀㈀㐀㜀 䐀 匀甀爀昀愀挀攀䘀氀椀渀最攀爀㨀        䠀圀䌀 簀 㜀攀挀昀㈀㔀㤀㈀㠀  簀      簀      簀    簀  ㄀ 㔀 簀 刀䜀䈀䄀开㠀㠀㠀㠀   簀     ⸀ Ⰰ     ⸀ Ⰰ   㘀㜀⸀ Ⰰ  㐀㐀㔀⸀  簀 ㄀ ㄀㌀Ⰰ  㔀㈀㜀Ⰰ ㄀ 㠀 Ⰰ  㤀㜀㈀ 簀 挀漀洀⸀猀愀洀猀甀渀最⸀愀渀搀爀漀椀搀⸀愀瀀瀀⸀挀漀挀欀琀愀椀氀戀愀爀猀攀爀瘀椀挀攀⼀挀漀洀⸀猀愀洀猀甀渀最⸀愀渀搀爀漀椀搀⸀愀瀀瀀⸀挀漀挀欀琀愀椀氀戀愀爀猀攀爀瘀椀挀攀⸀䌀漀挀欀琀愀椀氀䈀愀爀匀攀爀瘀椀挀攀⌀ ഀഀ
10-05 20:12:24.830 3247 3247 D SurfaceFlinger: HWC | 7ecee2b000 | 0000 | 0000 | 00 | 0105 | RGBA_8888 | 0.0, 0.0, ਍㄀ ⴀ 㔀 ㈀ 㨀㄀㈀㨀㈀㐀⸀㠀㌀   ㌀㈀㐀㜀  ㌀㈀㐀㜀 䐀 匀甀爀昀愀挀攀䘀氀椀渀最攀爀㨀 ㄀ 㠀 ⸀ Ⰰ  ㄀㐀㐀⸀  簀     Ⰰ ㈀ 㜀㘀Ⰰ ㄀ 㠀 Ⰰ ㈀㈀㈀  簀 一愀瘀椀最愀琀椀漀渀䈀愀爀⌀ ഀഀ
10-05 20:12:24.830 3247 3247 D SurfaceFlinger: FB TARGET | 7ecf255d20 | 0000 | 0000 | 00 | 0105 | RGBA_8888 | 0.0, 0.0, 1440.0, 2960.0 | 0, 0, 1440, 2960 | HWC_FRAMEBUFFER_TARGET ਍㄀ ⴀ 㔀 ㈀ 㨀㄀㈀㨀㈀㐀⸀㠀㌀㌀  ㌀㜀㜀㐀  㐀㈀㜀㔀 䤀 圀椀渀搀漀眀䴀愀渀愀最攀爀㨀 䐀攀猀琀爀漀礀椀渀最 猀甀爀昀愀挀攀 匀甀爀昀愀挀攀⠀渀愀洀攀㴀挀漀洀⸀猀攀挀⸀愀渀搀爀漀椀搀⸀愀瀀瀀⸀氀愀甀渀挀栀攀爀⼀挀漀洀⸀猀攀挀⸀愀渀搀爀漀椀搀⸀愀瀀瀀⸀氀愀甀渀挀栀攀爀⸀愀挀琀椀瘀椀琀椀攀猀⸀䰀愀甀渀挀栀攀爀䄀挀琀椀瘀椀琀礀⤀ 挀愀氀氀攀搀 戀礀 挀漀洀⸀愀渀搀爀漀椀搀⸀猀攀爀瘀攀爀⸀眀洀⸀圀椀渀搀漀眀匀琀愀琀攀䄀渀椀洀愀琀漀爀⸀搀攀猀琀爀漀礀匀甀爀昀愀挀攀㨀㈀㐀㘀㔀 挀漀洀⸀愀渀搀爀漀椀搀⸀猀攀爀瘀攀爀⸀眀洀⸀圀椀渀搀漀眀匀琀愀琀攀䄀渀椀洀愀琀漀爀⸀搀攀猀琀爀漀礀匀甀爀昀愀挀攀䰀漀挀欀攀搀㨀㤀㘀㜀 挀漀洀⸀愀渀搀爀漀椀搀⸀猀攀爀瘀攀爀⸀眀洀⸀圀椀渀搀漀眀匀琀愀琀攀⸀搀攀猀琀爀漀礀伀爀匀愀瘀攀匀甀爀昀愀挀攀唀渀挀栀攀挀欀攀搀㨀㌀㘀㘀㄀ 挀漀洀⸀愀渀搀爀漀椀搀⸀猀攀爀瘀攀爀⸀眀洀⸀圀椀渀搀漀眀匀琀愀琀攀⸀搀攀猀琀爀漀礀匀甀爀昀愀挀攀㨀㌀㘀 㤀 挀漀洀⸀愀渀搀爀漀椀搀⸀猀攀爀瘀攀爀⸀眀洀⸀䄀瀀瀀圀椀渀搀漀眀吀漀欀攀渀⸀搀攀猀琀爀漀礀匀甀爀昀愀挀攀猀㨀㜀㈀㈀ 挀漀洀⸀愀渀搀爀漀椀搀⸀猀攀爀瘀攀爀⸀眀洀⸀䄀瀀瀀圀椀渀搀漀眀吀漀欀攀渀⸀搀攀猀琀爀漀礀匀甀爀昀愀挀攀猀㨀㜀 㘀 挀漀洀⸀愀渀搀爀漀椀搀⸀猀攀爀瘀攀爀⸀眀洀⸀䄀瀀瀀圀椀渀搀漀眀吀漀欀攀渀⸀渀漀琀椀昀礀䄀瀀瀀匀琀漀瀀瀀攀搀㨀㜀㔀㄀ 挀漀洀⸀愀渀搀爀漀椀搀⸀猀攀爀瘀攀爀⸀眀洀⸀䄀瀀瀀圀椀渀搀漀眀䌀漀渀琀愀椀渀攀爀䌀漀渀琀爀漀氀氀攀爀⸀渀漀琀椀昀礀䄀瀀瀀匀琀漀瀀瀀攀搀㨀㠀㈀㐀 ഀഀ
10-05 20:12:24.835 3247 5090 I SurfaceFlinger: id=567 Removed com.sec.android.app.launcher/com.sec.android.app.launcher.activities.LauncherActivity#0 (1/7) ਍㄀ ⴀ 㔀 ㈀ 㨀㄀㈀㨀㈀㐀⸀㠀㌀㘀  ㌀㈀㐀㜀  㔀 㤀  䤀 匀甀爀昀愀挀攀䘀氀椀渀最攀爀㨀 椀搀㴀㔀㘀㜀 刀攀洀漀瘀攀搀 挀漀洀⸀猀攀挀⸀愀渀搀爀漀椀搀⸀愀瀀瀀⸀氀愀甀渀挀栀攀爀⼀挀漀洀⸀猀攀挀⸀愀渀搀爀漀椀搀⸀愀瀀瀀⸀氀愀甀渀挀栀攀爀⸀愀挀琀椀瘀椀琀椀攀猀⸀䰀愀甀渀挀栀攀爀䄀挀琀椀瘀椀琀礀⌀  ⠀ⴀ㈀⼀㜀⤀ഀഀ
10-05 20:12:24.837 4594 4618 D ForegroundUtils: could not check pending caller ਍㄀ ⴀ 㔀 ㈀ 㨀㄀㈀㨀㈀㐀⸀㠀㌀㜀  㐀㔀 㘀  㜀㜀㌀㐀 䐀 倀爀漀挀攀猀猀伀戀猀攀爀瘀攀爀开䘀䰀倀㨀 漀渀䘀漀爀攀最爀漀甀渀搀䄀挀琀椀瘀椀琀椀攀猀 挀栀愀渀最攀搀Ⰰ 㔀㌀㄀ ⼀㄀  㠀㌀⼀昀愀氀猀攀ഀഀ
10-05 20:12:24.844 3247 3247 I Layer : id=567 onRemoved com.sec.android.app.launcher/com.sec.android.app.launcher.activities.LauncherActivity#0 ਍㄀ ⴀ 㔀 ㈀ 㨀㄀㈀㨀㈀㐀⸀㠀㘀㌀  㐀㐀㔀   㐀㐀㔀  䐀 䜀愀氀愀砀礀圀愀氀氀瀀愀瀀攀爀㨀 漀渀嘀椀猀椀戀椀氀椀琀礀䌀栀愀渀最攀搀 㴀 昀愀氀猀攀Ⰰ 洀䌀甀爀爀攀渀琀䴀漀搀攀 㴀 䠀伀䴀䔀ഀഀ
10-05 20:12:24.864 4450 4450 D GyroRender: pauseSensing ਍㄀ ⴀ 㔀 ㈀ 㨀㄀㈀㨀㈀㐀⸀㠀㘀㐀  ㌀㜀㜀㐀  㐀㘀㔀㘀 䐀 匀攀渀猀漀爀匀攀爀瘀椀挀攀㨀 䌀愀氀氀椀渀最 愀挀琀椀瘀愀琀攀 漀昀昀 ㄀ ഀഀ
10-05 20:12:24.864 3234 3234 I Sensors : InterruptGyroSensor old sensor_state 33570816, new sensor_state : 16384 en : 0 ਍㄀ ⴀ 㔀 ㈀ 㨀㄀㈀㨀㈀㐀⸀㠀㘀㘀  㐀㐀㔀   㐀㐀㔀  䐀 匀攀渀猀漀爀䴀愀渀愀最攀爀㨀 甀渀爀攀最椀猀琀攀爀䰀椀猀琀攀渀攀爀 㨀㨀   ഀഀ
10-05 20:12:24.866 4450 4450 D GyroRender: unregisterListener ਍㄀ ⴀ 㔀 ㈀ 㨀㄀㈀㨀㈀㐀⸀㠀㘀㘀  㐀㐀㔀   㐀㐀㔀  䐀 圀愀氀氀瀀愀瀀攀爀匀攀爀瘀椀挀攀㨀 爀攀瀀漀爀琀嘀椀猀椀戀椀氀椀琀礀 漀渀嘀椀猀椀戀椀氀椀琀礀䌀栀愀渀最攀搀 瘀椀猀椀戀氀攀㨀 昀愀氀猀攀ഀഀ
10-05 20:12:24.872 7243 7248 I zygote : Do partial code cache collection, code=31KB, data=27KB ਍㄀ ⴀ 㔀 ㈀ 㨀㄀㈀㨀㈀㐀⸀㠀㜀㈀  㜀㈀㐀㌀  㜀㈀㐀㠀 䤀 稀礀最漀琀攀  㨀 䄀昀琀攀爀 挀漀搀攀 挀愀挀栀攀 挀漀氀氀攀挀琀椀漀渀Ⰰ 挀漀搀攀㴀㈀㘀䬀䈀Ⰰ 搀愀琀愀㴀㈀㔀䬀䈀ഀഀ
10-05 20:12:24.872 7243 7248 I zygote : Increasing code cache capacity to 128KB ਍㄀ ⴀ 㔀 ㈀ 㨀㄀㈀㨀㈀㐀⸀㠀㠀㔀  ㌀㜀㜀㐀  ㌀㜀㠀㔀 䤀 稀礀最漀琀攀㘀㐀㨀 䈀愀挀欀最爀漀甀渀搀 挀漀渀挀甀爀爀攀渀琀 挀漀瀀礀椀渀最 䜀䌀 昀爀攀攀搀 ㈀㘀㄀㘀㈀㄀⠀㄀㌀䴀䈀⤀ 䄀氀氀漀挀匀瀀愀挀攀 漀戀樀攀挀琀猀Ⰰ ㄀㤀 ⠀㐀䴀䈀⤀ 䰀伀匀 漀戀樀攀挀琀猀Ⰰ ㌀㈀─ 昀爀攀攀Ⰰ 㔀 䴀䈀⼀㜀㐀䴀䈀Ⰰ 瀀愀甀猀攀搀 㐀㄀㔀甀猀 琀漀琀愀氀 ㄀㠀 ⸀㔀㌀㄀洀猀ഀഀ
10-05 20:12:24.968 3774 3928 D MdnieScenarioControlService: packageName : com.siemens.winccoaui className : at.etm.NotificationClient ਍㄀ ⴀ 㔀 ㈀ 㨀㄀㈀㨀㈀㐀⸀㤀㘀㠀  ㌀㜀㜀㐀  ㌀㤀㈀㠀 嘀 䴀搀渀椀攀匀挀攀渀愀爀椀漀䌀漀渀琀爀漀氀匀攀爀瘀椀挀攀㨀 猀攀琀唀䤀䴀漀搀攀 昀爀漀洀 唀䤀 昀甀渀挀琀椀漀渀⠀㌀⤀ഀഀ
10-05 20:12:25.061 7243 7274 W linker : "/data/data/com.siemens.winccoaui/qt-reserved-files/plugins/imageformats/libqgif.so" has unsupported flags DT_FLAGS_1=0x81 ਍㄀ ⴀ 㔀 ㈀ 㨀㄀㈀㨀㈀㔀⸀ 㘀㈀  㜀㈀㐀㌀  㜀㈀㜀㐀 圀 氀椀渀欀攀爀  㨀 ∀⼀搀愀琀愀⼀搀愀琀愀⼀挀漀洀⸀猀椀攀洀攀渀猀⸀眀椀渀挀挀漀愀甀椀⼀焀琀ⴀ爀攀猀攀爀瘀攀搀ⴀ昀椀氀攀猀⼀瀀氀甀最椀渀猀⼀椀洀愀最攀昀漀爀洀愀琀猀⼀氀椀戀焀椀挀渀猀⸀猀漀∀ 栀愀猀 甀渀猀甀瀀瀀漀爀琀攀搀 昀氀愀最猀 䐀吀开䘀䰀䄀䜀匀开㄀㴀 砀㠀㄀ഀഀ
10-05 20:12:25.063 7243 7274 W linker : "/data/data/com.siemens.winccoaui/qt-reserved-files/plugins/imageformats/libqico.so" has unsupported flags DT_FLAGS_1=0x81 ਍㄀ ⴀ 㔀 ㈀ 㨀㄀㈀㨀㈀㔀⸀ 㘀㐀  㜀㈀㐀㌀  㜀㈀㜀㐀 圀 氀椀渀欀攀爀  㨀 ∀⼀搀愀琀愀⼀搀愀琀愀⼀挀漀洀⸀猀椀攀洀攀渀猀⸀眀椀渀挀挀漀愀甀椀⼀焀琀ⴀ爀攀猀攀爀瘀攀搀ⴀ昀椀氀攀猀⼀瀀氀甀最椀渀猀⼀椀洀愀最攀昀漀爀洀愀琀猀⼀氀椀戀焀樀瀀攀最⸀猀漀∀ 栀愀猀 甀渀猀甀瀀瀀漀爀琀攀搀 昀氀愀最猀 䐀吀开䘀䰀䄀䜀匀开㄀㴀 砀㠀㄀ഀഀ
10-05 20:12:25.065 7243 7274 W linker : "/data/data/com.siemens.winccoaui/qt-reserved-files/plugins/imageformats/libqsvg.so" has unsupported flags DT_FLAGS_1=0x81 ਍㄀ ⴀ 㔀 ㈀ 㨀㄀㈀㨀㈀㔀⸀ 㘀㜀  㜀㈀㐀㌀  㜀㈀㜀㐀 圀 氀椀渀欀攀爀  㨀 ∀⼀搀愀琀愀⼀搀愀琀愀⼀挀漀洀⸀猀椀攀洀攀渀猀⸀眀椀渀挀挀漀愀甀椀⼀焀琀ⴀ爀攀猀攀爀瘀攀搀ⴀ昀椀氀攀猀⼀瀀氀甀最椀渀猀⼀椀洀愀最攀昀漀爀洀愀琀猀⼀氀椀戀焀琀最愀⸀猀漀∀ 栀愀猀 甀渀猀甀瀀瀀漀爀琀攀搀 昀氀愀最猀 䐀吀开䘀䰀䄀䜀匀开㄀㴀 砀㠀㄀ഀഀ
10-05 20:12:25.068 7243 7274 W linker : "/data/data/com.siemens.winccoaui/qt-reserved-files/plugins/imageformats/libqtiff.so" has unsupported flags DT_FLAGS_1=0x81 ਍㄀ ⴀ 㔀 ㈀ 㨀㄀㈀㨀㈀㔀⸀ 㘀㤀  㜀㈀㐀㌀  㜀㈀㜀㐀 圀 氀椀渀欀攀爀  㨀 ∀⼀搀愀琀愀⼀搀愀琀愀⼀挀漀洀⸀猀椀攀洀攀渀猀⸀眀椀渀挀挀漀愀甀椀⼀焀琀ⴀ爀攀猀攀爀瘀攀搀ⴀ昀椀氀攀猀⼀瀀氀甀最椀渀猀⼀椀洀愀最攀昀漀爀洀愀琀猀⼀氀椀戀焀眀戀洀瀀⸀猀漀∀ 栀愀猀 甀渀猀甀瀀瀀漀爀琀攀搀 昀氀愀最猀 䐀吀开䘀䰀䄀䜀匀开㄀㴀 砀㠀㄀ഀഀ
10-05 20:12:25.070 7243 7274 W linker : "/data/data/com.siemens.winccoaui/qt-reserved-files/plugins/imageformats/libqwebp.so" has unsupported flags DT_FLAGS_1=0x81 ਍㄀ ⴀ 㔀 ㈀ 㨀㄀㈀㨀㈀㔀⸀ 㠀㠀  ㌀㜀㜀㐀  ㌀㤀㈀㤀 䐀 䄀氀氀䄀爀漀甀渀搀匀攀渀猀椀渀最匀攀爀瘀椀挀攀㨀 瀀愀挀欀愀最攀一愀洀攀 㨀 挀漀洀⸀猀椀攀洀攀渀猀⸀眀椀渀挀挀漀愀甀椀    挀氀愀猀猀一愀洀攀 㨀 愀琀⸀攀琀洀⸀一漀琀椀昀椀挀愀琀椀漀渀䌀氀椀攀渀琀ഀഀ
10-05 20:12:25.088 3774 3929 V AllAroundSensingService: setPlatformBrightnessValue 120 ਍㄀ ⴀ 㔀 ㈀ 㨀㄀㈀㨀㈀㔀⸀ 㤀㄀  㜀㈀㐀㌀  㜀㈀㜀㐀 圀 氀椀渀欀攀爀  㨀 ∀⼀搀愀琀愀⼀搀愀琀愀⼀挀漀洀⸀猀椀攀洀攀渀猀⸀眀椀渀挀挀漀愀甀椀⼀焀琀ⴀ爀攀猀攀爀瘀攀搀ⴀ昀椀氀攀猀⼀瀀氀甀最椀渀猀⼀椀挀漀渀攀渀最椀渀攀猀⼀氀椀戀焀猀瘀最椀挀漀渀⸀猀漀∀ 栀愀猀 甀渀猀甀瀀瀀漀爀琀攀搀 昀氀愀最猀 䐀吀开䘀䰀䄀䜀匀开㄀㴀 砀㠀㄀ഀഀ
10-05 20:12:25.112 3774 3774 D CustomFrequencyManagerService: FrequencyrequestList.getNextCStateDisableRequest, index: 1 ਍㄀ ⴀ 㔀 ㈀ 㨀㄀㈀㨀㈀㔀⸀㄀㄀㈀  ㌀㜀㜀㐀  ㌀㜀㜀㐀 䐀 䌀甀猀琀漀洀䘀爀攀焀甀攀渀挀礀䴀愀渀愀最攀爀匀攀爀瘀椀挀攀㨀 爀攀氀攀愀猀攀䐀嘀䘀匀䰀漀挀欀䰀漀挀欀攀搀 㨀 䜀攀琀琀椀渀最 䰀漀挀欀 琀礀瀀攀 昀爀洀 䰀椀猀琀 㨀 䐀嘀䘀匀开䴀䤀一开䰀䤀䴀䤀吀  昀爀攀焀甀攀渀挀礀 㨀 ㄀㠀 㜀     甀椀搀 㨀 ㄀     瀀椀搀 㨀 ㌀㜀㜀㐀  琀愀最 㨀 䄀䴀匀开刀䔀匀唀䴀䔀开吀䄀䤀䰀䀀䌀倀唀开䴀䤀一䀀㔀㤀ഀഀ
10-05 20:12:25.194 7243 7243 D InputMethodManager: HSIFW - flag : 0 Pid : 7243 ਍㄀ ⴀ 㔀 ㈀ 㨀㄀㈀㨀㈀㔀⸀㄀㤀㐀  㜀㈀㐀㌀  㜀㈀㐀㌀ 䤀 䤀渀瀀甀琀䴀攀琀栀漀搀䴀愀渀愀最攀爀㨀 栀椀搀攀匀漀昀琀䤀渀瀀甀琀䘀爀漀洀圀椀渀搀漀眀 椀最渀漀爀攀 洀匀攀爀瘀攀搀嘀椀攀眀 㴀㴀 渀甀氀氀 漀爀 洀匀攀爀瘀攀搀嘀椀攀眀⸀最攀琀圀椀渀搀漀眀吀漀欀攀渀⠀⤀ ℀㴀 眀椀渀搀漀眀吀漀欀攀渀Ⰰ 洀匀攀爀瘀攀搀嘀椀攀眀 㨀䐀攀挀漀爀嘀椀攀眀䀀㄀㈀搀㜀㄀攀挀嬀一漀琀椀昀椀挀愀琀椀漀渀䌀氀椀攀渀琀崀ഀഀ
10-05 20:12:25.196 7243 7243 W Qt A11Y : AccessibilityNodeInfo with empty contentDescription: -2147483598 ਍㄀ ⴀ 㔀 ㈀ 㨀㄀㈀㨀㈀㔀⸀㄀㤀㘀  㜀㈀㐀㌀  㜀㈀㐀㌀ 圀 儀琀 䄀㄀㄀夀 㨀 䄀挀挀攀猀猀椀戀椀氀椀琀礀一漀搀攀䤀渀昀漀 眀椀琀栀 攀洀瀀琀礀 挀漀渀琀攀渀琀䐀攀猀挀爀椀瀀琀椀漀渀㨀 ⴀ㈀㄀㐀㜀㐀㠀㌀㔀㤀㤀ഀഀ
10-05 20:12:25.196 7243 7243 W Qt A11Y : AccessibilityNodeInfo with empty contentDescription: -2147483596 ਍㄀ ⴀ 㔀 ㈀ 㨀㄀㈀㨀㈀㔀⸀㄀㤀㘀  㜀㈀㐀㌀  㜀㈀㐀㌀ 圀 儀琀 䄀㄀㄀夀 㨀 䄀挀挀攀猀猀椀戀椀氀椀琀礀一漀搀攀䤀渀昀漀 眀椀琀栀 攀洀瀀琀礀 挀漀渀琀攀渀琀䐀攀猀挀爀椀瀀琀椀漀渀㨀 ⴀ㈀㄀㐀㜀㐀㠀㌀㔀㤀㔀ഀഀ
10-05 20:12:25.196 7243 7243 W Qt A11Y : AccessibilityNodeInfo with empty contentDescription: -2147483594 ਍㄀ ⴀ 㔀 ㈀ 㨀㄀㈀㨀㈀㔀⸀㄀㤀㜀  㜀㈀㐀㌀  㜀㈀㐀㌀ 圀 儀琀 䄀㄀㄀夀 㨀 䄀挀挀攀猀猀椀戀椀氀椀琀礀一漀搀攀䤀渀昀漀 眀椀琀栀 攀洀瀀琀礀 挀漀渀琀攀渀琀䐀攀猀挀爀椀瀀琀椀漀渀㨀 ⴀ㈀㄀㐀㜀㐀㠀㌀㔀㤀㌀ഀഀ
10-05 20:12:25.197 7243 7243 W Qt A11Y : AccessibilityNodeInfo with empty contentDescription: -2147483592 ਍㄀ ⴀ 㔀 ㈀ 㨀㄀㈀㨀㈀㔀⸀㄀㤀㜀  㜀㈀㐀㌀  㜀㈀㐀㌀ 圀 儀琀 䄀㄀㄀夀 㨀 䄀挀挀攀猀猀椀戀椀氀椀琀礀一漀搀攀䤀渀昀漀 眀椀琀栀 攀洀瀀琀礀 挀漀渀琀攀渀琀䐀攀猀挀爀椀瀀琀椀漀渀㨀 ⴀ㈀㄀㐀㜀㐀㠀㌀㔀㤀㄀ഀഀ
10-05 20:12:25.197 7243 7243 W Qt A11Y : AccessibilityNodeInfo with empty contentDescription: -2147483603 ਍㄀ ⴀ 㔀 ㈀ 㨀㄀㈀㨀㈀㔀⸀㄀㤀㜀  㜀㈀㐀㌀  㜀㈀㐀㌀ 圀 儀琀 䄀㄀㄀夀 㨀 䄀挀挀攀猀猀椀戀椀氀椀琀礀一漀搀攀䤀渀昀漀 眀椀琀栀 攀洀瀀琀礀 挀漀渀琀攀渀琀䐀攀猀挀爀椀瀀琀椀漀渀㨀 ⴀ㈀㄀㐀㜀㐀㠀㌀㘀 ㄀ഀഀ
10-05 20:12:25.197 7243 7243 W Qt A11Y : AccessibilityNodeInfo with empty contentDescription: -2147483600 ਍㄀ ⴀ 㔀 ㈀ 㨀㄀㈀㨀㈀㔀⸀㄀㤀㜀  㜀㈀㐀㌀  㜀㈀㐀㌀ 圀 儀琀 䄀㄀㄀夀 㨀 䄀挀挀攀猀猀椀戀椀氀椀琀礀一漀搀攀䤀渀昀漀 眀椀琀栀 攀洀瀀琀礀 挀漀渀琀攀渀琀䐀攀猀挀爀椀瀀琀椀漀渀㨀 ⴀ㈀㄀㐀㜀㐀㠀㌀㘀 㔀ഀഀ
10-05 20:12:25.197 7243 7243 W Qt A11Y : AccessibilityNodeInfo with empty contentDescription: -2147483604 ਍㄀ ⴀ 㔀 ㈀ 㨀㄀㈀㨀㈀㔀⸀㄀㤀㠀  㜀㈀㐀㌀  㜀㈀㐀㌀ 圀 儀琀 䄀㄀㄀夀 㨀 䄀挀挀攀猀猀椀戀椀氀椀琀礀一漀搀攀䤀渀昀漀 眀椀琀栀 攀洀瀀琀礀 挀漀渀琀攀渀琀䐀攀猀挀爀椀瀀琀椀漀渀㨀 ⴀ㈀㄀㐀㜀㐀㠀㌀㔀㜀㘀ഀഀ
10-05 20:12:25.198 7243 7243 W Qt A11Y : AccessibilityNodeInfo with empty contentDescription: -2147483575 ਍㄀ ⴀ 㔀 ㈀ 㨀㄀㈀㨀㈀㔀⸀㄀㤀㠀  㜀㈀㐀㌀  㜀㈀㐀㌀ 圀 儀琀 䄀㄀㄀夀 㨀 䄀挀挀攀猀猀椀戀椀氀椀琀礀一漀搀攀䤀渀昀漀 眀椀琀栀 攀洀瀀琀礀 挀漀渀琀攀渀琀䐀攀猀挀爀椀瀀琀椀漀渀㨀 ⴀ㈀㄀㐀㜀㐀㠀㌀㘀㄀ ഀഀ
10-05 20:12:25.198 7243 7243 W Qt A11Y : AccessibilityNodeInfo with empty contentDescription: -2147483609 ਍㄀ ⴀ 㔀 ㈀ 㨀㄀㈀㨀㈀㔀⸀㄀㤀㠀  㜀㈀㐀㌀  㜀㈀㐀㌀ 圀 儀琀 䄀㄀㄀夀 㨀 䄀挀挀攀猀猀椀戀椀氀椀琀礀一漀搀攀䤀渀昀漀 眀椀琀栀 攀洀瀀琀礀 挀漀渀琀攀渀琀䐀攀猀挀爀椀瀀琀椀漀渀㨀 ⴀ㈀㄀㐀㜀㐀㠀㌀㔀㤀 ഀഀ
10-05 20:12:25.198 7243 7243 W Qt A11Y : AccessibilityNodeInfo with empty contentDescription: -2147483589 ਍㄀ ⴀ 㔀 ㈀ 㨀㄀㈀㨀㈀㔀⸀㄀㤀㠀  㜀㈀㐀㌀  㜀㈀㐀㌀ 圀 儀琀 䄀㄀㄀夀 㨀 䄀挀挀攀猀猀椀戀椀氀椀琀礀一漀搀攀䤀渀昀漀 眀椀琀栀 攀洀瀀琀礀 挀漀渀琀攀渀琀䐀攀猀挀爀椀瀀琀椀漀渀㨀 ⴀ㈀㄀㐀㜀㐀㠀㌀㔀㜀㐀ഀഀ
10-05 20:12:25.198 7243 7243 W Qt A11Y : AccessibilityNodeInfo with empty contentDescription: -2147483573 ਍㄀ ⴀ 㔀 ㈀ 㨀㄀㈀㨀㈀㔀⸀㄀㤀㤀  㜀㈀㐀㌀  㜀㈀㐀㌀ 圀 儀琀 䄀㄀㄀夀 㨀 䄀挀挀攀猀猀椀戀椀氀椀琀礀一漀搀攀䤀渀昀漀 眀椀琀栀 攀洀瀀琀礀 挀漀渀琀攀渀琀䐀攀猀挀爀椀瀀琀椀漀渀㨀 ⴀ㈀㄀㐀㜀㐀㠀㌀㔀㜀㈀ഀഀ
10-05 20:12:25.199 7243 7243 W Qt A11Y : AccessibilityNodeInfo with empty contentDescription: -2147483571 ਍㄀ ⴀ 㔀 ㈀ 㨀㄀㈀㨀㈀㔀⸀㄀㤀㤀  㜀㈀㐀㌀  㜀㈀㐀㌀ 圀 儀琀 䄀㄀㄀夀 㨀 䄀挀挀攀猀猀椀戀椀氀椀琀礀一漀搀攀䤀渀昀漀 眀椀琀栀 攀洀瀀琀礀 挀漀渀琀攀渀琀䐀攀猀挀爀椀瀀琀椀漀渀㨀 ⴀ㈀㄀㐀㜀㐀㠀㌀㔀㜀 ഀഀ
10-05 20:12:25.199 7243 7243 W Qt A11Y : AccessibilityNodeInfo with empty contentDescription: -2147483640 ਍㄀ ⴀ 㔀 ㈀ 㨀㄀㈀㨀㈀㔀⸀㄀㤀㤀  㜀㈀㐀㌀  㜀㈀㐀㌀ 圀 儀琀 䄀㄀㄀夀 㨀 䄀挀挀攀猀猀椀戀椀氀椀琀礀一漀搀攀䤀渀昀漀 眀椀琀栀 攀洀瀀琀礀 挀漀渀琀攀渀琀䐀攀猀挀爀椀瀀琀椀漀渀㨀 ⴀ㈀㄀㐀㜀㐀㠀㌀㘀㌀㠀ഀഀ
10-05 20:12:25.199 7243 7243 W Qt A11Y : AccessibilityNodeInfo with empty contentDescription: -2147483636 ਍㄀ ⴀ 㔀 ㈀ 㨀㄀㈀㨀㈀㔀⸀㄀㤀㤀  㜀㈀㐀㌀  㜀㈀㐀㌀ 圀 儀琀 䄀㄀㄀夀 㨀 䄀挀挀攀猀猀椀戀椀氀椀琀礀一漀搀攀䤀渀昀漀 眀椀琀栀 攀洀瀀琀礀 挀漀渀琀攀渀琀䐀攀猀挀爀椀瀀琀椀漀渀㨀 ⴀ㈀㄀㐀㜀㐀㠀㌀㔀㠀㠀ഀഀ
10-05 20:12:25.200 7243 7243 W Qt A11Y : AccessibilityNodeInfo with empty contentDescription: -2147483587 ਍㄀ ⴀ 㔀 ㈀ 㨀㄀㈀㨀㈀㔀⸀㈀    㜀㈀㐀㌀  㜀㈀㐀㌀ 圀 儀琀 䄀㄀㄀夀 㨀 䄀挀挀攀猀猀椀戀椀氀椀琀礀一漀搀攀䤀渀昀漀 眀椀琀栀 攀洀瀀琀礀 挀漀渀琀攀渀琀䐀攀猀挀爀椀瀀琀椀漀渀㨀 ⴀ㈀㄀㐀㜀㐀㠀㌀㔀㠀㘀ഀഀ
10-05 20:12:25.200 7243 7243 W Qt A11Y : AccessibilityNodeInfo with empty contentDescription: -2147483585 ਍㄀ ⴀ 㔀 ㈀ 㨀㄀㈀㨀㈀㔀⸀㈀㄀㜀  㜀㈀㐀㌀  㜀㈀㐀㌀ 圀 儀琀 䄀㄀㄀夀 㨀 䄀挀挀攀猀猀椀戀椀氀椀琀礀一漀搀攀䤀渀昀漀 眀椀琀栀 攀洀瀀琀礀 挀漀渀琀攀渀琀䐀攀猀挀爀椀瀀琀椀漀渀㨀 ⴀ㈀㄀㐀㜀㐀㠀㌀㔀㤀㠀ഀഀ
10-05 20:12:25.217 7243 7243 W Qt A11Y : AccessibilityNodeInfo with empty contentDescription: -2147483599 ਍㄀ ⴀ 㔀 ㈀ 㨀㄀㈀㨀㈀㔀⸀㈀㄀㜀  㜀㈀㐀㌀  㜀㈀㐀㌀ 圀 儀琀 䄀㄀㄀夀 㨀 䄀挀挀攀猀猀椀戀椀氀椀琀礀一漀搀攀䤀渀昀漀 眀椀琀栀 攀洀瀀琀礀 挀漀渀琀攀渀琀䐀攀猀挀爀椀瀀琀椀漀渀㨀 ⴀ㈀㄀㐀㜀㐀㠀㌀㔀㤀㘀ഀഀ
10-05 20:12:25.218 7243 7243 W Qt A11Y : AccessibilityNodeInfo with empty contentDescription: -2147483595 ਍㄀ ⴀ 㔀 ㈀ 㨀㄀㈀㨀㈀㔀⸀㈀㄀㠀  㜀㈀㐀㌀  㜀㈀㐀㌀ 圀 儀琀 䄀㄀㄀夀 㨀 䄀挀挀攀猀猀椀戀椀氀椀琀礀一漀搀攀䤀渀昀漀 眀椀琀栀 攀洀瀀琀礀 挀漀渀琀攀渀琀䐀攀猀挀爀椀瀀琀椀漀渀㨀 ⴀ㈀㄀㐀㜀㐀㠀㌀㔀㤀㐀ഀഀ
10-05 20:12:25.218 7243 7243 W Qt A11Y : AccessibilityNodeInfo with empty contentDescription: -2147483593 ਍㄀ ⴀ 㔀 ㈀ 㨀㄀㈀㨀㈀㔀⸀㈀㄀㠀  㜀㈀㐀㌀  㜀㈀㐀㌀ 圀 儀琀 䄀㄀㄀夀 㨀 䄀挀挀攀猀猀椀戀椀氀椀琀礀一漀搀攀䤀渀昀漀 眀椀琀栀 攀洀瀀琀礀 挀漀渀琀攀渀琀䐀攀猀挀爀椀瀀琀椀漀渀㨀 ⴀ㈀㄀㐀㜀㐀㠀㌀㔀㤀㈀ഀഀ
10-05 20:12:25.218 7243 7243 W Qt A11Y : AccessibilityNodeInfo with empty contentDescription: -2147483591 ਍㄀ ⴀ 㔀 ㈀ 㨀㄀㈀㨀㈀㔀⸀㈀㄀㠀  㜀㈀㐀㌀  㜀㈀㐀㌀ 圀 儀琀 䄀㄀㄀夀 㨀 䄀挀挀攀猀猀椀戀椀氀椀琀礀一漀搀攀䤀渀昀漀 眀椀琀栀 攀洀瀀琀礀 挀漀渀琀攀渀琀䐀攀猀挀爀椀瀀琀椀漀渀㨀 ⴀ㈀㄀㐀㜀㐀㠀㌀㘀 ㌀ഀഀ
10-05 20:12:25.218 7243 7243 W Qt A11Y : AccessibilityNodeInfo with empty contentDescription: -2147483601 ਍㄀ ⴀ 㔀 ㈀ 㨀㄀㈀㨀㈀㔀⸀㈀㄀㠀  㜀㈀㐀㌀  㜀㈀㐀㌀ 圀 儀琀 䄀㄀㄀夀 㨀 䄀挀挀攀猀猀椀戀椀氀椀琀礀一漀搀攀䤀渀昀漀 眀椀琀栀 攀洀瀀琀礀 挀漀渀琀攀渀琀䐀攀猀挀爀椀瀀琀椀漀渀㨀 ⴀ㈀㄀㐀㜀㐀㠀㌀㘀  ഀഀ
10-05 20:12:25.218 7243 7243 W Qt A11Y : AccessibilityNodeInfo with empty contentDescription: -2147483605 ਍㄀ ⴀ 㔀 ㈀ 㨀㄀㈀㨀㈀㔀⸀㈀㄀㠀  㜀㈀㐀㌀  㜀㈀㐀㌀ 圀 儀琀 䄀㄀㄀夀 㨀 䄀挀挀攀猀猀椀戀椀氀椀琀礀一漀搀攀䤀渀昀漀 眀椀琀栀 攀洀瀀琀礀 挀漀渀琀攀渀琀䐀攀猀挀爀椀瀀琀椀漀渀㨀 ⴀ㈀㄀㐀㜀㐀㠀㌀㘀 㐀ഀഀ
10-05 20:12:25.218 7243 7243 W Qt A11Y : AccessibilityNodeInfo with empty contentDescription: -2147483576 ਍㄀ ⴀ 㔀 ㈀ 㨀㄀㈀㨀㈀㔀⸀㈀㄀㠀  㜀㈀㐀㌀  㜀㈀㐀㌀ 圀 儀琀 䄀㄀㄀夀 㨀 䄀挀挀攀猀猀椀戀椀氀椀琀礀一漀搀攀䤀渀昀漀 眀椀琀栀 攀洀瀀琀礀 挀漀渀琀攀渀琀䐀攀猀挀爀椀瀀琀椀漀渀㨀 ⴀ㈀㄀㐀㜀㐀㠀㌀㔀㜀㔀ഀഀ
10-05 20:12:25.218 7243 7243 W Qt A11Y : AccessibilityNodeInfo with empty contentDescription: -2147483610 ਍㄀ ⴀ 㔀 ㈀ 㨀㄀㈀㨀㈀㔀⸀㈀㄀㤀  㜀㈀㐀㌀  㜀㈀㐀㌀ 圀 儀琀 䄀㄀㄀夀 㨀 䄀挀挀攀猀猀椀戀椀氀椀琀礀一漀搀攀䤀渀昀漀 眀椀琀栀 攀洀瀀琀礀 挀漀渀琀攀渀琀䐀攀猀挀爀椀瀀琀椀漀渀㨀 ⴀ㈀㄀㐀㜀㐀㠀㌀㘀 㤀ഀഀ
10-05 20:12:25.219 7243 7243 W Qt A11Y : AccessibilityNodeInfo with empty contentDescription: -2147483590 ਍㄀ ⴀ 㔀 ㈀ 㨀㄀㈀㨀㈀㔀⸀㈀㄀㤀  㜀㈀㐀㌀  㜀㈀㐀㌀ 圀 儀琀 䄀㄀㄀夀 㨀 䄀挀挀攀猀猀椀戀椀氀椀琀礀一漀搀攀䤀渀昀漀 眀椀琀栀 攀洀瀀琀礀 挀漀渀琀攀渀琀䐀攀猀挀爀椀瀀琀椀漀渀㨀 ⴀ㈀㄀㐀㜀㐀㠀㌀㔀㠀㤀ഀഀ
10-05 20:12:25.219 7243 7243 W Qt A11Y : AccessibilityNodeInfo with empty contentDescription: -2147483574 ਍㄀ ⴀ 㔀 ㈀ 㨀㄀㈀㨀㈀㔀⸀㈀㄀㤀  㜀㈀㐀㌀  㜀㈀㐀㌀ 圀 儀琀 䄀㄀㄀夀 㨀 䄀挀挀攀猀猀椀戀椀氀椀琀礀一漀搀攀䤀渀昀漀 眀椀琀栀 攀洀瀀琀礀 挀漀渀琀攀渀琀䐀攀猀挀爀椀瀀琀椀漀渀㨀 ⴀ㈀㄀㐀㜀㐀㠀㌀㔀㜀㌀ഀഀ
10-05 20:12:25.219 7243 7243 W Qt A11Y : AccessibilityNodeInfo with empty contentDescription: -2147483572 ਍㄀ ⴀ 㔀 ㈀ 㨀㄀㈀㨀㈀㔀⸀㈀㄀㤀  㜀㈀㐀㌀  㜀㈀㐀㌀ 圀 儀琀 䄀㄀㄀夀 㨀 䄀挀挀攀猀猀椀戀椀氀椀琀礀一漀搀攀䤀渀昀漀 眀椀琀栀 攀洀瀀琀礀 挀漀渀琀攀渀琀䐀攀猀挀爀椀瀀琀椀漀渀㨀 ⴀ㈀㄀㐀㜀㐀㠀㌀㔀㜀㄀ഀഀ
10-05 20:12:25.219 7243 7243 W Qt A11Y : AccessibilityNodeInfo with empty contentDescription: -2147483570 ਍㄀ ⴀ 㔀 ㈀ 㨀㄀㈀㨀㈀㔀⸀㈀㄀㤀  㜀㈀㐀㌀  㜀㈀㐀㌀ 圀 儀琀 䄀㄀㄀夀 㨀 䄀挀挀攀猀猀椀戀椀氀椀琀礀一漀搀攀䤀渀昀漀 眀椀琀栀 攀洀瀀琀礀 挀漀渀琀攀渀琀䐀攀猀挀爀椀瀀琀椀漀渀㨀 ⴀ㈀㄀㐀㜀㐀㠀㌀㘀㐀 ഀഀ
10-05 20:12:25.219 7243 7243 W Qt A11Y : AccessibilityNodeInfo with empty contentDescription: -2147483638 ਍㄀ ⴀ 㔀 ㈀ 㨀㄀㈀㨀㈀㔀⸀㈀㄀㤀  㜀㈀㐀㌀  㜀㈀㐀㌀ 圀 儀琀 䄀㄀㄀夀 㨀 䄀挀挀攀猀猀椀戀椀氀椀琀礀一漀搀攀䤀渀昀漀 眀椀琀栀 攀洀瀀琀礀 挀漀渀琀攀渀琀䐀攀猀挀爀椀瀀琀椀漀渀㨀 ⴀ㈀㄀㐀㜀㐀㠀㌀㘀㌀㘀ഀഀ
10-05 20:12:25.219 7243 7243 W Qt A11Y : AccessibilityNodeInfo with empty contentDescription: -2147483588 ਍㄀ ⴀ 㔀 ㈀ 㨀㄀㈀㨀㈀㔀⸀㈀㄀㤀  㜀㈀㐀㌀  㜀㈀㐀㌀ 圀 儀琀 䄀㄀㄀夀 㨀 䄀挀挀攀猀猀椀戀椀氀椀琀礀一漀搀攀䤀渀昀漀 眀椀琀栀 攀洀瀀琀礀 挀漀渀琀攀渀琀䐀攀猀挀爀椀瀀琀椀漀渀㨀 ⴀ㈀㄀㐀㜀㐀㠀㌀㔀㠀㜀ഀഀ
10-05 20:12:25.220 7243 7243 W Qt A11Y : AccessibilityNodeInfo with empty contentDescription: -2147483586 ਍㄀ ⴀ 㔀 ㈀ 㨀㄀㈀㨀㈀㔀⸀㈀㈀   㜀㈀㐀㌀  㜀㈀㐀㌀ 圀 儀琀 䄀㄀㄀夀 㨀 䄀挀挀攀猀猀椀戀椀氀椀琀礀一漀搀攀䤀渀昀漀 眀椀琀栀 攀洀瀀琀礀 挀漀渀琀攀渀琀䐀攀猀挀爀椀瀀琀椀漀渀㨀 ⴀ㈀㄀㐀㜀㐀㠀㌀㔀㠀㔀ഀഀ
10-05 20:12:25.223 3774 7278 D TspStateManagerInternal: update cmd=set_grip_data,1,40,10,10,0 ਍㄀ ⴀ 㔀 ㈀ 㨀㄀㈀㨀㈀㔀⸀㈀㈀㠀  ㌀㜀㜀㐀  㐀㈀㜀㔀 嘀 圀椀渀搀漀眀䴀愀渀愀最攀爀㨀 刀攀氀愀礀漀甀琀 圀椀渀搀漀眀笀搀 㐀㈀攀搀戀 甀  挀漀洀⸀猀椀攀洀攀渀猀⸀眀椀渀挀挀漀愀甀椀⼀愀琀⸀攀琀洀⸀一漀琀椀昀椀挀愀琀椀漀渀䌀氀椀攀渀琀紀㨀 瘀椀攀眀嘀椀猀椀戀椀氀椀琀礀㴀  爀攀焀㴀㄀ 㠀 砀㈀ 㜀㘀 圀䴀⸀䰀愀礀漀甀琀倀愀爀愀洀猀笀⠀ Ⰰ ⤀⠀昀椀氀氀砀昀椀氀氀⤀ 猀椀洀㴀⌀㈀  琀礀㴀㄀ 昀氀㴀⌀㄀㠀㄀ ㄀   瀀昀氀㴀 砀㄀       眀愀渀椀洀㴀 砀㄀ ㌀ ㈀昀㔀 瘀猀礀猀甀椀㴀 砀㄀  渀攀攀搀猀䴀攀渀甀䬀攀礀㴀㈀ 挀漀氀漀爀䴀漀搀攀㴀  渀愀瘀椀䤀挀漀渀䌀漀氀漀爀㴀 紀ഀഀ
10-05 20:12:25.230 7243 7243 D ViewRootImpl@6853c9f[NotificationClient]: Relayout returned: old=[0,0][1080,2076] new=[0,0][1080,2076] result=0x1 surface={valid=true 3560390656} changed=false ਍㄀ ⴀ 㔀 ㈀ 㨀㄀㈀㨀㈀㔀⸀㈀㌀㄀  ㌀㈀㐀㜀  ㌀㈀㐀㜀 䤀 匀甀爀昀愀挀攀䘀氀椀渀最攀爀㨀 椀搀㴀㔀㜀㈀ 挀爀攀愀琀攀匀甀爀昀 ⠀㄀ 㠀 砀㈀  㐀⤀Ⰰ㄀ 昀氀愀最㴀㐀Ⰰ 匀甀爀昀愀挀攀嘀椀攀眀 ⴀ 挀漀洀⸀猀椀攀洀攀渀猀⸀眀椀渀挀挀漀愀甀椀⼀愀琀⸀攀琀洀⸀一漀琀椀昀椀挀愀琀椀漀渀䌀氀椀攀渀琀䀀挀㜀 㔀搀㠀㜀䀀 ⌀ ഀഀ
10-05 20:12:25.232 3247 3247 I SurfaceFlinger: id=573 createSurf (1080x2004),-1 flag=20004, Background for - SurfaceView - com.siemens.winccoaui/at.etm.NotificationClient@c705d87@0#0 ਍㄀ ⴀ 㔀 ㈀ 㨀㄀㈀㨀㈀㔀⸀㈀㌀㌀  㜀㈀㐀㌀  㜀㈀㐀㌀ 䐀 匀甀爀昀愀挀攀嘀椀攀眀㨀 䈀䜀 栀椀搀攀⠀⤀ 匀甀爀昀愀挀攀⠀渀愀洀攀㴀䈀愀挀欀最爀漀甀渀搀 昀漀爀 ⴀ 匀甀爀昀愀挀攀嘀椀攀眀 ⴀ 挀漀洀⸀猀椀攀洀攀渀猀⸀眀椀渀挀挀漀愀甀椀⼀愀琀⸀攀琀洀⸀一漀琀椀昀椀挀愀琀椀漀渀䌀氀椀攀渀琀䀀挀㜀 㔀搀㠀㜀䀀 ⤀ 昀愀氀猀攀 琀爀甀攀 漀爀最⸀焀琀瀀爀漀樀攀挀琀⸀焀琀㔀⸀愀渀搀爀漀椀搀⸀儀琀匀甀爀昀愀挀攀笀挀㜀 㔀搀㠀㜀 嘀⸀䔀⸀⸀⸀⸀⸀⸀ ⸀⸀⸀⸀⸀⸀䤀䐀  Ⰰ ⴀ㄀ 㠀 Ⰰ㈀  㐀 ⌀㄀紀ഀഀ
10-05 20:12:25.244 7243 7243 V Surface : sf_framedrop debug : 0x4f4c, game : false, logging : 0 ਍㄀ ⴀ 㔀 ㈀ 㨀㄀㈀㨀㈀㔀⸀㈀㐀㐀  㜀㈀㐀㌀  㜀㈀㐀㌀ 嘀 匀甀爀昀愀挀攀 㨀 猀昀开昀爀愀洀攀搀爀漀瀀 搀攀戀甀最 㨀  砀㐀昀㐀挀Ⰰ 最愀洀攀 㨀 昀愀氀猀攀Ⰰ 氀漀最最椀渀最 㨀  ഀഀ
10-05 20:12:25.244 7243 7243 D SurfaceView: surfaceCreated 1 org.qtproject.qt5.android.QtSurface{c705d87 V.E...... ......ID 0,0-1080,2004 #1} ਍㄀ ⴀ 㔀 ㈀ 㨀㄀㈀㨀㈀㔀⸀㈀㐀㐀  㜀㈀㐀㌀  㜀㈀㐀㌀ 䐀 匀甀爀昀愀挀攀嘀椀攀眀㨀 猀甀爀昀愀挀攀䌀栀愀渀最攀搀 ⠀㄀ 㠀 Ⰰ㈀  㐀⤀ ㄀ 漀爀最⸀焀琀瀀爀漀樀攀挀琀⸀焀琀㔀⸀愀渀搀爀漀椀搀⸀儀琀匀甀爀昀愀挀攀笀挀㜀 㔀搀㠀㜀 嘀⸀䔀⸀⸀⸀⸀⸀⸀ ⸀⸀⸀⸀⸀⸀䤀䐀  Ⰰ ⴀ㄀ 㠀 Ⰰ㈀  㐀 ⌀㄀紀ഀഀ
10-05 20:12:25.246 7243 7243 W Qt A11Y : AccessibilityNodeInfo with empty contentDescription: -2147483598 ਍㄀ ⴀ 㔀 ㈀ 㨀㄀㈀㨀㈀㔀⸀㈀㐀㘀  㜀㈀㐀㌀  㜀㈀㐀㌀ 圀 儀琀 䄀㄀㄀夀 㨀 䄀挀挀攀猀猀椀戀椀氀椀琀礀一漀搀攀䤀渀昀漀 眀椀琀栀 攀洀瀀琀礀 挀漀渀琀攀渀琀䐀攀猀挀爀椀瀀琀椀漀渀㨀 ⴀ㈀㄀㐀㜀㐀㠀㌀㔀㤀㤀ഀഀ
10-05 20:12:25.246 7243 7243 W Qt A11Y : AccessibilityNodeInfo with empty contentDescription: -2147483596 ਍㄀ ⴀ 㔀 ㈀ 㨀㄀㈀㨀㈀㔀⸀㈀㐀㘀  㜀㈀㐀㌀  㜀㈀㐀㌀ 圀 儀琀 䄀㄀㄀夀 㨀 䄀挀挀攀猀猀椀戀椀氀椀琀礀一漀搀攀䤀渀昀漀 眀椀琀栀 攀洀瀀琀礀 挀漀渀琀攀渀琀䐀攀猀挀爀椀瀀琀椀漀渀㨀 ⴀ㈀㄀㐀㜀㐀㠀㌀㔀㤀㔀ഀഀ
10-05 20:12:25.246 7243 7243 W Qt A11Y : AccessibilityNodeInfo with empty contentDescription: -2147483594 ਍㄀ ⴀ 㔀 ㈀ 㨀㄀㈀㨀㈀㔀⸀㈀㐀㘀  㜀㈀㐀㌀  㜀㈀㐀㌀ 圀 儀琀 䄀㄀㄀夀 㨀 䄀挀挀攀猀猀椀戀椀氀椀琀礀一漀搀攀䤀渀昀漀 眀椀琀栀 攀洀瀀琀礀 挀漀渀琀攀渀琀䐀攀猀挀爀椀瀀琀椀漀渀㨀 ⴀ㈀㄀㐀㜀㐀㠀㌀㔀㤀㌀ഀഀ
10-05 20:12:25.247 7243 7243 W Qt A11Y : AccessibilityNodeInfo with empty contentDescription: -2147483592 ਍㄀ ⴀ 㔀 ㈀ 㨀㄀㈀㨀㈀㔀⸀㈀㐀㜀  㜀㈀㐀㌀  㜀㈀㐀㌀ 圀 儀琀 䄀㄀㄀夀 㨀 䄀挀挀攀猀猀椀戀椀氀椀琀礀一漀搀攀䤀渀昀漀 眀椀琀栀 攀洀瀀琀礀 挀漀渀琀攀渀琀䐀攀猀挀爀椀瀀琀椀漀渀㨀 ⴀ㈀㄀㐀㜀㐀㠀㌀㔀㤀㄀ഀഀ
10-05 20:12:25.247 7243 7243 W Qt A11Y : AccessibilityNodeInfo with empty contentDescription: -2147483603 ਍㄀ ⴀ 㔀 ㈀ 㨀㄀㈀㨀㈀㔀⸀㈀㐀㜀  㜀㈀㐀㌀  㜀㈀㐀㌀ 圀 儀琀 䄀㄀㄀夀 㨀 䄀挀挀攀猀猀椀戀椀氀椀琀礀一漀搀攀䤀渀昀漀 眀椀琀栀 攀洀瀀琀礀 挀漀渀琀攀渀琀䐀攀猀挀爀椀瀀琀椀漀渀㨀 ⴀ㈀㄀㐀㜀㐀㠀㌀㘀 ㄀ഀഀ
10-05 20:12:25.247 7243 7243 W Qt A11Y : AccessibilityNodeInfo with empty contentDescription: -2147483600 ਍㄀ ⴀ 㔀 ㈀ 㨀㄀㈀㨀㈀㔀⸀㈀㐀㜀  㜀㈀㐀㌀  㜀㈀㐀㌀ 圀 儀琀 䄀㄀㄀夀 㨀 䄀挀挀攀猀猀椀戀椀氀椀琀礀一漀搀攀䤀渀昀漀 眀椀琀栀 攀洀瀀琀礀 挀漀渀琀攀渀琀䐀攀猀挀爀椀瀀琀椀漀渀㨀 ⴀ㈀㄀㐀㜀㐀㠀㌀㘀 㔀ഀഀ
10-05 20:12:25.247 7243 7243 W Qt A11Y : AccessibilityNodeInfo with empty contentDescription: -2147483604 ਍㄀ ⴀ 㔀 ㈀ 㨀㄀㈀㨀㈀㔀⸀㈀㐀㜀  㜀㈀㐀㌀  㜀㈀㐀㌀ 圀 儀琀 䄀㄀㄀夀 㨀 䄀挀挀攀猀猀椀戀椀氀椀琀礀一漀搀攀䤀渀昀漀 眀椀琀栀 攀洀瀀琀礀 挀漀渀琀攀渀琀䐀攀猀挀爀椀瀀琀椀漀渀㨀 ⴀ㈀㄀㐀㜀㐀㠀㌀㔀㜀㘀ഀഀ
10-05 20:12:25.247 7243 7243 W Qt A11Y : AccessibilityNodeInfo with empty contentDescription: -2147483575 ਍㄀ ⴀ 㔀 ㈀ 㨀㄀㈀㨀㈀㔀⸀㈀㐀㜀  㜀㈀㐀㌀  㜀㈀㐀㌀ 圀 儀琀 䄀㄀㄀夀 㨀 䄀挀挀攀猀猀椀戀椀氀椀琀礀一漀搀攀䤀渀昀漀 眀椀琀栀 攀洀瀀琀礀 挀漀渀琀攀渀琀䐀攀猀挀爀椀瀀琀椀漀渀㨀 ⴀ㈀㄀㐀㜀㐀㠀㌀㘀㄀ ഀഀ
10-05 20:12:25.248 7243 7243 W Qt A11Y : AccessibilityNodeInfo with empty contentDescription: -2147483609 ਍㄀ ⴀ 㔀 ㈀ 㨀㄀㈀㨀㈀㔀⸀㈀㐀㠀  㜀㈀㐀㌀  㜀㈀㐀㌀ 圀 儀琀 䄀㄀㄀夀 㨀 䄀挀挀攀猀猀椀戀椀氀椀琀礀一漀搀攀䤀渀昀漀 眀椀琀栀 攀洀瀀琀礀 挀漀渀琀攀渀琀䐀攀猀挀爀椀瀀琀椀漀渀㨀 ⴀ㈀㄀㐀㜀㐀㠀㌀㔀㤀 ഀഀ
10-05 20:12:25.248 7243 7243 W Qt A11Y : AccessibilityNodeInfo with empty contentDescription: -2147483589 ਍㄀ ⴀ 㔀 ㈀ 㨀㄀㈀㨀㈀㔀⸀㈀㐀㠀  㜀㈀㐀㌀  㜀㈀㐀㌀ 圀 儀琀 䄀㄀㄀夀 㨀 䄀挀挀攀猀猀椀戀椀氀椀琀礀一漀搀攀䤀渀昀漀 眀椀琀栀 攀洀瀀琀礀 挀漀渀琀攀渀琀䐀攀猀挀爀椀瀀琀椀漀渀㨀 ⴀ㈀㄀㐀㜀㐀㠀㌀㔀㜀㐀ഀഀ
10-05 20:12:25.248 7243 7243 W Qt A11Y : AccessibilityNodeInfo with empty contentDescription: -2147483573 ਍㄀ ⴀ 㔀 ㈀ 㨀㄀㈀㨀㈀㔀⸀㈀㐀㠀  㜀㈀㐀㌀  㜀㈀㐀㌀ 圀 儀琀 䄀㄀㄀夀 㨀 䄀挀挀攀猀猀椀戀椀氀椀琀礀一漀搀攀䤀渀昀漀 眀椀琀栀 攀洀瀀琀礀 挀漀渀琀攀渀琀䐀攀猀挀爀椀瀀琀椀漀渀㨀 ⴀ㈀㄀㐀㜀㐀㠀㌀㔀㜀㈀ഀഀ
10-05 20:12:25.248 7243 7243 W Qt A11Y : AccessibilityNodeInfo with empty contentDescription: -2147483571 ਍㄀ ⴀ 㔀 ㈀ 㨀㄀㈀㨀㈀㔀⸀㈀㐀㠀  㜀㈀㐀㌀  㜀㈀㐀㌀ 圀 儀琀 䄀㄀㄀夀 㨀 䄀挀挀攀猀猀椀戀椀氀椀琀礀一漀搀攀䤀渀昀漀 眀椀琀栀 攀洀瀀琀礀 挀漀渀琀攀渀琀䐀攀猀挀爀椀瀀琀椀漀渀㨀 ⴀ㈀㄀㐀㜀㐀㠀㌀㔀㜀 ഀഀ
10-05 20:12:25.248 7243 7243 W Qt A11Y : AccessibilityNodeInfo with empty contentDescription: -2147483640 ਍㄀ ⴀ 㔀 ㈀ 㨀㄀㈀㨀㈀㔀⸀㈀㐀㠀  㜀㈀㐀㌀  㜀㈀㐀㌀ 圀 儀琀 䄀㄀㄀夀 㨀 䄀挀挀攀猀猀椀戀椀氀椀琀礀一漀搀攀䤀渀昀漀 眀椀琀栀 攀洀瀀琀礀 挀漀渀琀攀渀琀䐀攀猀挀爀椀瀀琀椀漀渀㨀 ⴀ㈀㄀㐀㜀㐀㠀㌀㘀㌀㠀ഀഀ
10-05 20:12:25.248 7243 7243 W Qt A11Y : AccessibilityNodeInfo with empty contentDescription: -2147483636 ਍㄀ ⴀ 㔀 ㈀ 㨀㄀㈀㨀㈀㔀⸀㈀㐀㤀  㜀㈀㐀㌀  㜀㈀㐀㌀ 圀 儀琀 䄀㄀㄀夀 㨀 䄀挀挀攀猀猀椀戀椀氀椀琀礀一漀搀攀䤀渀昀漀 眀椀琀栀 攀洀瀀琀礀 挀漀渀琀攀渀琀䐀攀猀挀爀椀瀀琀椀漀渀㨀 ⴀ㈀㄀㐀㜀㐀㠀㌀㔀㠀㠀ഀഀ
10-05 20:12:25.249 7243 7243 W Qt A11Y : AccessibilityNodeInfo with empty contentDescription: -2147483587 ਍㄀ ⴀ 㔀 ㈀ 㨀㄀㈀㨀㈀㔀⸀㈀㐀㤀  㜀㈀㐀㌀  㜀㈀㐀㌀ 圀 儀琀 䄀㄀㄀夀 㨀 䄀挀挀攀猀猀椀戀椀氀椀琀礀一漀搀攀䤀渀昀漀 眀椀琀栀 攀洀瀀琀礀 挀漀渀琀攀渀琀䐀攀猀挀爀椀瀀琀椀漀渀㨀 ⴀ㈀㄀㐀㜀㐀㠀㌀㔀㠀㘀ഀഀ
10-05 20:12:25.249 7243 7243 W Qt A11Y : AccessibilityNodeInfo with empty contentDescription: -2147483585 ਍㄀ ⴀ 㔀 ㈀ 㨀㄀㈀㨀㈀㔀⸀㈀㘀㄀  ㌀㜀㜀㐀  㐀㘀㔀㘀 嘀 圀椀渀搀漀眀䴀愀渀愀最攀爀㨀 刀攀氀愀礀漀甀琀 圀椀渀搀漀眀笀搀 㐀㈀攀搀戀 甀  挀漀洀⸀猀椀攀洀攀渀猀⸀眀椀渀挀挀漀愀甀椀⼀愀琀⸀攀琀洀⸀一漀琀椀昀椀挀愀琀椀漀渀䌀氀椀攀渀琀紀㨀 瘀椀攀眀嘀椀猀椀戀椀氀椀琀礀㴀  爀攀焀㴀㄀ 㠀 砀㈀ 㜀㘀 圀䴀⸀䰀愀礀漀甀琀倀愀爀愀洀猀笀⠀ Ⰰ ⤀⠀昀椀氀氀砀昀椀氀氀⤀ 猀椀洀㴀⌀㈀  琀礀㴀㄀ 昀氀㴀⌀㄀㠀㄀ ㄀   瀀昀氀㴀 砀㄀       昀洀琀㴀ⴀ㌀ 眀愀渀椀洀㴀 砀㄀ ㌀ ㈀昀㔀 瘀猀礀猀甀椀㴀 砀㄀  渀攀攀搀猀䴀攀渀甀䬀攀礀㴀㈀ 挀漀氀漀爀䴀漀搀攀㴀  渀愀瘀椀䤀挀漀渀䌀漀氀漀爀㴀 紀ഀഀ
10-05 20:12:25.264 7243 7243 D ViewRootImpl@6853c9f[NotificationClient]: Relayout returned: old=[0,0][1080,2076] new=[0,0][1080,2076] result=0x1 surface={valid=true 3560390656} changed=false ਍㄀ ⴀ 㔀 ㈀ 㨀㄀㈀㨀㈀㔀⸀㈀㘀㔀  㜀㈀㐀㌀  㜀㈀㐀㌀ 圀 儀琀 䄀㄀㄀夀 㨀 䄀挀挀攀猀猀椀戀椀氀椀琀礀一漀搀攀䤀渀昀漀 眀椀琀栀 攀洀瀀琀礀 挀漀渀琀攀渀琀䐀攀猀挀爀椀瀀琀椀漀渀㨀 ⴀ㈀㄀㐀㜀㐀㠀㌀㔀㤀㠀ഀഀ
10-05 20:12:25.265 7243 7243 W Qt A11Y : AccessibilityNodeInfo with empty contentDescription: -2147483599 ਍㄀ ⴀ 㔀 ㈀ 㨀㄀㈀㨀㈀㔀⸀㈀㘀㘀  㜀㈀㐀㌀  㜀㈀㐀㌀ 圀 儀琀 䄀㄀㄀夀 㨀 䄀挀挀攀猀猀椀戀椀氀椀琀礀一漀搀攀䤀渀昀漀 眀椀琀栀 攀洀瀀琀礀 挀漀渀琀攀渀琀䐀攀猀挀爀椀瀀琀椀漀渀㨀 ⴀ㈀㄀㐀㜀㐀㠀㌀㔀㤀㘀ഀഀ
10-05 20:12:25.266 7243 7243 W Qt A11Y : AccessibilityNodeInfo with empty contentDescription: -2147483595 ਍㄀ ⴀ 㔀 ㈀ 㨀㄀㈀㨀㈀㔀⸀㈀㘀㘀  㜀㈀㐀㌀  㜀㈀㐀㌀ 圀 儀琀 䄀㄀㄀夀 㨀 䄀挀挀攀猀猀椀戀椀氀椀琀礀一漀搀攀䤀渀昀漀 眀椀琀栀 攀洀瀀琀礀 挀漀渀琀攀渀琀䐀攀猀挀爀椀瀀琀椀漀渀㨀 ⴀ㈀㄀㐀㜀㐀㠀㌀㔀㤀㐀ഀഀ
10-05 20:12:25.266 7243 7243 W Qt A11Y : AccessibilityNodeInfo with empty contentDescription: -2147483593 ਍㄀ ⴀ 㔀 ㈀ 㨀㄀㈀㨀㈀㔀⸀㈀㘀㘀  㜀㈀㐀㌀  㜀㈀㐀㌀ 圀 儀琀 䄀㄀㄀夀 㨀 䄀挀挀攀猀猀椀戀椀氀椀琀礀一漀搀攀䤀渀昀漀 眀椀琀栀 攀洀瀀琀礀 挀漀渀琀攀渀琀䐀攀猀挀爀椀瀀琀椀漀渀㨀 ⴀ㈀㄀㐀㜀㐀㠀㌀㔀㤀㈀ഀഀ
10-05 20:12:25.266 7243 7243 W Qt A11Y : AccessibilityNodeInfo with empty contentDescription: -2147483591 ਍㄀ ⴀ 㔀 ㈀ 㨀㄀㈀㨀㈀㔀⸀㈀㘀㘀  㜀㈀㐀㌀  㜀㈀㐀㌀ 圀 儀琀 䄀㄀㄀夀 㨀 䄀挀挀攀猀猀椀戀椀氀椀琀礀一漀搀攀䤀渀昀漀 眀椀琀栀 攀洀瀀琀礀 挀漀渀琀攀渀琀䐀攀猀挀爀椀瀀琀椀漀渀㨀 ⴀ㈀㄀㐀㜀㐀㠀㌀㘀 ㌀ഀഀ
10-05 20:12:25.266 7243 7243 W Qt A11Y : AccessibilityNodeInfo with empty contentDescription: -2147483601 ਍㄀ ⴀ 㔀 ㈀ 㨀㄀㈀㨀㈀㔀⸀㈀㘀㘀  㜀㈀㐀㌀  㜀㈀㐀㌀ 圀 儀琀 䄀㄀㄀夀 㨀 䄀挀挀攀猀猀椀戀椀氀椀琀礀一漀搀攀䤀渀昀漀 眀椀琀栀 攀洀瀀琀礀 挀漀渀琀攀渀琀䐀攀猀挀爀椀瀀琀椀漀渀㨀 ⴀ㈀㄀㐀㜀㐀㠀㌀㘀  ഀഀ
10-05 20:12:25.266 7243 7243 W Qt A11Y : AccessibilityNodeInfo with empty contentDescription: -2147483605 ਍㄀ ⴀ 㔀 ㈀ 㨀㄀㈀㨀㈀㔀⸀㈀㘀㘀  㜀㈀㐀㌀  㜀㈀㐀㌀ 圀 儀琀 䄀㄀㄀夀 㨀 䄀挀挀攀猀猀椀戀椀氀椀琀礀一漀搀攀䤀渀昀漀 眀椀琀栀 攀洀瀀琀礀 挀漀渀琀攀渀琀䐀攀猀挀爀椀瀀琀椀漀渀㨀 ⴀ㈀㄀㐀㜀㐀㠀㌀㘀 㐀ഀഀ
10-05 20:12:25.266 7243 7243 W Qt A11Y : AccessibilityNodeInfo with empty contentDescription: -2147483576 ਍㄀ ⴀ 㔀 ㈀ 㨀㄀㈀㨀㈀㔀⸀㈀㘀㜀  㜀㈀㐀㌀  㜀㈀㐀㌀ 圀 儀琀 䄀㄀㄀夀 㨀 䄀挀挀攀猀猀椀戀椀氀椀琀礀一漀搀攀䤀渀昀漀 眀椀琀栀 攀洀瀀琀礀 挀漀渀琀攀渀琀䐀攀猀挀爀椀瀀琀椀漀渀㨀 ⴀ㈀㄀㐀㜀㐀㠀㌀㔀㜀㔀ഀഀ
10-05 20:12:25.267 7243 7243 W Qt A11Y : AccessibilityNodeInfo with empty contentDescription: -2147483610 ਍㄀ ⴀ 㔀 ㈀ 㨀㄀㈀㨀㈀㔀⸀㈀㘀㜀  㜀㈀㐀㌀  㜀㈀㐀㌀ 圀 儀琀 䄀㄀㄀夀 㨀 䄀挀挀攀猀猀椀戀椀氀椀琀礀一漀搀攀䤀渀昀漀 眀椀琀栀 攀洀瀀琀礀 挀漀渀琀攀渀琀䐀攀猀挀爀椀瀀琀椀漀渀㨀 ⴀ㈀㄀㐀㜀㐀㠀㌀㘀 㤀ഀഀ
10-05 20:12:25.267 7243 7243 W Qt A11Y : AccessibilityNodeInfo with empty contentDescription: -2147483590 ਍㄀ ⴀ 㔀 ㈀ 㨀㄀㈀㨀㈀㔀⸀㈀㘀㜀  㜀㈀㐀㌀  㜀㈀㐀㌀ 圀 儀琀 䄀㄀㄀夀 㨀 䄀挀挀攀猀猀椀戀椀氀椀琀礀一漀搀攀䤀渀昀漀 眀椀琀栀 攀洀瀀琀礀 挀漀渀琀攀渀琀䐀攀猀挀爀椀瀀琀椀漀渀㨀 ⴀ㈀㄀㐀㜀㐀㠀㌀㔀㠀㤀ഀഀ
10-05 20:12:25.267 7243 7243 W Qt A11Y : AccessibilityNodeInfo with empty contentDescription: -2147483574 ਍㄀ ⴀ 㔀 ㈀ 㨀㄀㈀㨀㈀㔀⸀㈀㘀㜀  㜀㈀㐀㌀  㜀㈀㐀㌀ 圀 儀琀 䄀㄀㄀夀 㨀 䄀挀挀攀猀猀椀戀椀氀椀琀礀一漀搀攀䤀渀昀漀 眀椀琀栀 攀洀瀀琀礀 挀漀渀琀攀渀琀䐀攀猀挀爀椀瀀琀椀漀渀㨀 ⴀ㈀㄀㐀㜀㐀㠀㌀㔀㜀㌀ഀഀ
10-05 20:12:25.267 7243 7243 W Qt A11Y : AccessibilityNodeInfo with empty contentDescription: -2147483572 ਍㄀ ⴀ 㔀 ㈀ 㨀㄀㈀㨀㈀㔀⸀㈀㘀㜀  㜀㈀㐀㌀  㜀㈀㐀㌀ 圀 儀琀 䄀㄀㄀夀 㨀 䄀挀挀攀猀猀椀戀椀氀椀琀礀一漀搀攀䤀渀昀漀 眀椀琀栀 攀洀瀀琀礀 挀漀渀琀攀渀琀䐀攀猀挀爀椀瀀琀椀漀渀㨀 ⴀ㈀㄀㐀㜀㐀㠀㌀㔀㜀㄀ഀഀ
10-05 20:12:25.267 7243 7243 W Qt A11Y : AccessibilityNodeInfo with empty contentDescription: -2147483570 ਍㄀ ⴀ 㔀 ㈀ 㨀㄀㈀㨀㈀㔀⸀㈀㘀㜀  㜀㈀㐀㌀  㜀㈀㐀㌀ 圀 儀琀 䄀㄀㄀夀 㨀 䄀挀挀攀猀猀椀戀椀氀椀琀礀一漀搀攀䤀渀昀漀 眀椀琀栀 攀洀瀀琀礀 挀漀渀琀攀渀琀䐀攀猀挀爀椀瀀琀椀漀渀㨀 ⴀ㈀㄀㐀㜀㐀㠀㌀㘀㐀 ഀഀ
10-05 20:12:25.268 7243 7243 W Qt A11Y : AccessibilityNodeInfo with empty contentDescription: -2147483638 ਍㄀ ⴀ 㔀 ㈀ 㨀㄀㈀㨀㈀㔀⸀㈀㘀㠀  㜀㈀㐀㌀  㜀㈀㐀㌀ 圀 儀琀 䄀㄀㄀夀 㨀 䄀挀挀攀猀猀椀戀椀氀椀琀礀一漀搀攀䤀渀昀漀 眀椀琀栀 攀洀瀀琀礀 挀漀渀琀攀渀琀䐀攀猀挀爀椀瀀琀椀漀渀㨀 ⴀ㈀㄀㐀㜀㐀㠀㌀㘀㌀㘀ഀഀ
10-05 20:12:25.268 7243 7243 W Qt A11Y : AccessibilityNodeInfo with empty contentDescription: -2147483588 ਍㄀ ⴀ 㔀 ㈀ 㨀㄀㈀㨀㈀㔀⸀㈀㘀㠀  㜀㈀㐀㌀  㜀㈀㐀㌀ 圀 儀琀 䄀㄀㄀夀 㨀 䄀挀挀攀猀猀椀戀椀氀椀琀礀一漀搀攀䤀渀昀漀 眀椀琀栀 攀洀瀀琀礀 挀漀渀琀攀渀琀䐀攀猀挀爀椀瀀琀椀漀渀㨀 ⴀ㈀㄀㐀㜀㐀㠀㌀㔀㠀㜀ഀഀ
10-05 20:12:25.268 7243 7243 W Qt A11Y : AccessibilityNodeInfo with empty contentDescription: -2147483586 ਍㄀ ⴀ 㔀 ㈀ 㨀㄀㈀㨀㈀㔀⸀㈀㘀㠀  㜀㈀㐀㌀  㜀㈀㐀㌀ 圀 儀琀 䄀㄀㄀夀 㨀 䄀挀挀攀猀猀椀戀椀氀椀琀礀一漀搀攀䤀渀昀漀 眀椀琀栀 攀洀瀀琀礀 挀漀渀琀攀渀琀䐀攀猀挀爀椀瀀琀椀漀渀㨀 ⴀ㈀㄀㐀㜀㐀㠀㌀㔀㠀㔀ഀഀ
10-05 20:12:25.280 3247 3247 D SurfaceFlinger: Display[0] configurations (* current): ਍㄀ ⴀ 㔀 ㈀ 㨀㄀㈀㨀㈀㔀⸀㈀㠀   ㌀㈀㐀㜀  ㌀㈀㐀㜀 䐀 匀甀爀昀愀挀攀䘀氀椀渀最攀爀㨀     ⨀  㨀 ㄀㐀㐀 砀㈀㤀㘀 Ⰰ 砀搀瀀椀㴀㔀㘀㈀⸀㜀 㘀㤀㜀 Ⰰ 礀搀瀀椀㴀㔀㘀㔀⸀㈀㤀㌀ ㌀ Ⰰ 爀攀昀爀攀猀栀㴀㄀㘀㘀㘀㘀㘀㘀㘀ഀഀ
10-05 20:12:25.280 3247 3247 D SurfaceFlinger: numHwLayers=6, flags=00000000 ਍㄀ ⴀ 㔀 ㈀ 㨀㄀㈀㨀㈀㔀⸀㈀㠀   ㌀㈀㐀㜀  ㌀㈀㐀㜀 䐀 匀甀爀昀愀挀攀䘀氀椀渀最攀爀㨀     琀礀瀀攀   簀  栀愀渀搀氀攀  簀 栀椀渀琀 簀 昀氀愀最 簀 琀爀 簀 戀氀渀搀 簀   昀漀爀洀愀琀    簀     猀漀甀爀挀攀 挀爀漀瀀 ⠀氀Ⰰ琀Ⰰ爀Ⰰ戀⤀      簀          昀爀愀洀攀         簀 渀愀洀攀 ഀഀ
10-05 20:12:25.280 3247 3247 D SurfaceFlinger: -----------+----------+------+------+----+------+-------------+--------------------------------+------------------------+------ ਍㄀ ⴀ 㔀 ㈀ 㨀㄀㈀㨀㈀㔀⸀㈀㠀   ㌀㈀㐀㜀  ㌀㈀㐀㜀 䐀 匀甀爀昀愀挀攀䘀氀椀渀最攀爀㨀        䠀圀䌀 簀 㜀攀挀昀㈀㔀㘀㘀挀  簀      簀      簀    簀  ㄀ 㔀 簀 刀䜀䈀䄀开㠀㠀㠀㠀   簀     ⸀ Ⰰ     ⸀ Ⰰ ㄀ 㠀 ⸀ Ⰰ ㈀  㐀⸀  簀     Ⰰ   㜀㈀Ⰰ ㄀ 㠀 Ⰰ ㈀ 㜀㘀 簀 匀甀爀昀愀挀攀嘀椀攀眀 ⴀ 挀漀洀⸀猀椀攀洀攀渀猀⸀眀椀渀挀挀漀愀甀椀⼀愀琀⸀攀琀洀⸀一漀琀椀昀椀挀愀琀椀漀渀䌀氀椀攀渀琀䀀挀㜀 㔀搀㠀㜀䀀 ⌀ ഀഀ
10-05 20:12:25.280 3247 3247 D SurfaceFlinger: HWC | 7ecf259a60 | 0000 | 0000 | 00 | 0105 | RGBA_8888 | 0.0, 0.0, 1080.0, 2076.0 | 0, 0, 1080, 2076 | com.siemens.winccoaui/at.etm.NotificationClient#0 ਍㄀ ⴀ 㔀 ㈀ 㨀㄀㈀㨀㈀㔀⸀㈀㠀   ㌀㈀㐀㜀  ㌀㈀㐀㜀 䐀 匀甀爀昀愀挀攀䘀氀椀渀最攀爀㨀        䠀圀䌀 簀 㜀攀挀昀㈀㔀㜀㘀㠀  簀      簀      簀    簀  ㄀ 㔀 簀 刀䜀䈀䄀开㠀㠀㠀㠀   簀     ⸀ Ⰰ     ⸀ Ⰰ ㄀ 㠀 ⸀ Ⰰ   㜀㈀⸀  簀     Ⰰ     Ⰰ ㄀ 㠀 Ⰰ   㜀㈀ 簀 匀琀愀琀甀猀䈀愀爀⌀ ഀഀ
10-05 20:12:25.280 3247 3247 D SurfaceFlinger: HWC | 7ecf259280 | 0000 | 0000 | 00 | 0105 | RGBA_8888 | 0.0, 0.0, 67.0, 445.0 | 1013, 527, 1080 ਍㄀ ⴀ 㔀 ㈀ 㨀㄀㈀㨀㈀㔀⸀㈀㠀   ㌀㈀㐀㜀  ㌀㈀㐀㜀 䐀 匀甀爀昀愀挀攀䘀氀椀渀最攀爀㨀 Ⰰ  㤀㜀㈀ 簀 挀漀洀⸀猀愀洀猀甀渀最⸀愀渀搀爀漀椀搀⸀愀瀀瀀⸀挀漀挀欀琀愀椀氀戀愀爀猀攀爀瘀椀挀攀⼀挀漀洀⸀猀愀洀猀甀渀最⸀愀渀搀爀漀椀搀⸀愀瀀瀀⸀挀漀挀欀琀愀椀氀戀愀爀猀攀爀瘀椀挀攀⸀䌀漀挀欀琀愀椀氀䈀愀爀匀攀爀瘀椀挀攀⌀ ഀഀ
10-05 20:12:25.280 3247 3247 D SurfaceFlinger: HWC | 7ecee2b000 | 0000 | 0000 | 00 | 0105 | RGBA_8888 | 0.0, 0.0, 1080.0, 144.0 | 0, 2076, 1080, 2220 | NavigationBar#0 ਍㄀ ⴀ 㔀 ㈀ 㨀㄀㈀㨀㈀㔀⸀㈀㠀   ㌀㈀㐀㜀  ㌀㈀㐀㜀 䐀 匀甀爀昀愀挀攀䘀氀椀渀最攀爀㨀  䘀䈀 吀䄀刀䜀䔀吀 簀 㜀攀挀昀㈀㔀㔀搀㈀  簀      簀      簀    簀  ㄀ 㔀 簀 刀䜀䈀䄀开㠀㠀㠀㠀   簀     ⸀ Ⰰ     ⸀ Ⰰ ㄀㐀㐀 ⸀ Ⰰ ㈀㤀㘀 ⸀  簀     Ⰰ     Ⰰ ㄀㐀㐀 Ⰰ ㈀㤀㘀  簀 䠀圀䌀开䘀刀䄀䴀䔀䈀唀䘀䘀䔀刀开吀䄀刀䜀䔀吀ഀഀ
10-05 20:12:25.285 7243 7243 W Qt A11Y : AccessibilityNodeInfo with empty contentDescription: -2147483598 ਍㄀ ⴀ 㔀 ㈀ 㨀㄀㈀㨀㈀㔀⸀㈀㠀㘀  㜀㈀㐀㌀  㜀㈀㐀㌀ 圀 儀琀 䄀㄀㄀夀 㨀 䄀挀挀攀猀猀椀戀椀氀椀琀礀一漀搀攀䤀渀昀漀 眀椀琀栀 攀洀瀀琀礀 挀漀渀琀攀渀琀䐀攀猀挀爀椀瀀琀椀漀渀㨀 ⴀ㈀㄀㐀㜀㐀㠀㌀㔀㤀㤀ഀഀ
10-05 20:12:25.286 7243 7243 W Qt A11Y : AccessibilityNodeInfo with empty contentDescription: -2147483596 ਍㄀ ⴀ 㔀 ㈀ 㨀㄀㈀㨀㈀㔀⸀㈀㠀㘀  㜀㈀㐀㌀  㜀㈀㐀㌀ 圀 儀琀 䄀㄀㄀夀 㨀 䄀挀挀攀猀猀椀戀椀氀椀琀礀一漀搀攀䤀渀昀漀 眀椀琀栀 攀洀瀀琀礀 挀漀渀琀攀渀琀䐀攀猀挀爀椀瀀琀椀漀渀㨀 ⴀ㈀㄀㐀㜀㐀㠀㌀㔀㤀㔀ഀഀ
10-05 20:12:25.286 7243 7243 W Qt A11Y : AccessibilityNodeInfo with empty contentDescription: -2147483594 ਍㄀ ⴀ 㔀 ㈀ 㨀㄀㈀㨀㈀㔀⸀㈀㠀㘀  㜀㈀㐀㌀  㜀㈀㐀㌀ 圀 儀琀 䄀㄀㄀夀 㨀 䄀挀挀攀猀猀椀戀椀氀椀琀礀一漀搀攀䤀渀昀漀 眀椀琀栀 攀洀瀀琀礀 挀漀渀琀攀渀琀䐀攀猀挀爀椀瀀琀椀漀渀㨀 ⴀ㈀㄀㐀㜀㐀㠀㌀㔀㤀㌀ഀഀ
10-05 20:12:25.286 7243 7243 W Qt A11Y : AccessibilityNodeInfo with empty contentDescription: -2147483592 ਍㄀ ⴀ 㔀 ㈀ 㨀㄀㈀㨀㈀㔀⸀㈀㠀㘀  㜀㈀㐀㌀  㜀㈀㐀㌀ 圀 儀琀 䄀㄀㄀夀 㨀 䄀挀挀攀猀猀椀戀椀氀椀琀礀一漀搀攀䤀渀昀漀 眀椀琀栀 攀洀瀀琀礀 挀漀渀琀攀渀琀䐀攀猀挀爀椀瀀琀椀漀渀㨀 ⴀ㈀㄀㐀㜀㐀㠀㌀㔀㤀㄀ഀഀ
10-05 20:12:25.286 7243 7243 W Qt A11Y : AccessibilityNodeInfo with empty contentDescription: -2147483603 ਍㄀ ⴀ 㔀 ㈀ 㨀㄀㈀㨀㈀㔀⸀㈀㠀㘀  㜀㈀㐀㌀  㜀㈀㐀㌀ 圀 儀琀 䄀㄀㄀夀 㨀 䄀挀挀攀猀猀椀戀椀氀椀琀礀一漀搀攀䤀渀昀漀 眀椀琀栀 攀洀瀀琀礀 挀漀渀琀攀渀琀䐀攀猀挀爀椀瀀琀椀漀渀㨀 ⴀ㈀㄀㐀㜀㐀㠀㌀㘀 ㄀ഀഀ
10-05 20:12:25.286 7243 7243 W Qt A11Y : AccessibilityNodeInfo with empty contentDescription: -2147483600 ਍㄀ ⴀ 㔀 ㈀ 㨀㄀㈀㨀㈀㔀⸀㈀㠀㘀  㜀㈀㐀㌀  㜀㈀㐀㌀ 圀 儀琀 䄀㄀㄀夀 㨀 䄀挀挀攀猀猀椀戀椀氀椀琀礀一漀搀攀䤀渀昀漀 眀椀琀栀 攀洀瀀琀礀 挀漀渀琀攀渀琀䐀攀猀挀爀椀瀀琀椀漀渀㨀 ⴀ㈀㄀㐀㜀㐀㠀㌀㘀 㔀ഀഀ
10-05 20:12:25.286 7243 7243 W Qt A11Y : AccessibilityNodeInfo with empty contentDescription: -2147483604 ਍㄀ ⴀ 㔀 ㈀ 㨀㄀㈀㨀㈀㔀⸀㈀㠀㘀  㜀㈀㐀㌀  㜀㈀㐀㌀ 圀 儀琀 䄀㄀㄀夀 㨀 䄀挀挀攀猀猀椀戀椀氀椀琀礀一漀搀攀䤀渀昀漀 眀椀琀栀 攀洀瀀琀礀 挀漀渀琀攀渀琀䐀攀猀挀爀椀瀀琀椀漀渀㨀 ⴀ㈀㄀㐀㜀㐀㠀㌀㔀㜀㘀ഀഀ
10-05 20:12:25.286 7243 7243 W Qt A11Y : AccessibilityNodeInfo with empty contentDescription: -2147483575 ਍㄀ ⴀ 㔀 ㈀ 㨀㄀㈀㨀㈀㔀⸀㈀㠀㘀  㜀㈀㐀㌀  㜀㈀㐀㌀ 圀 儀琀 䄀㄀㄀夀 㨀 䄀挀挀攀猀猀椀戀椀氀椀琀礀一漀搀攀䤀渀昀漀 眀椀琀栀 攀洀瀀琀礀 挀漀渀琀攀渀琀䐀攀猀挀爀椀瀀琀椀漀渀㨀 ⴀ㈀㄀㐀㜀㐀㠀㌀㘀㄀ ഀഀ
10-05 20:12:25.287 7243 7243 W Qt A11Y : AccessibilityNodeInfo with empty contentDescription: -2147483609 ਍㄀ ⴀ 㔀 ㈀ 㨀㄀㈀㨀㈀㔀⸀㈀㠀㜀  㜀㈀㐀㌀  㜀㈀㐀㌀ 圀 儀琀 䄀㄀㄀夀 㨀 䄀挀挀攀猀猀椀戀椀氀椀琀礀一漀搀攀䤀渀昀漀 眀椀琀栀 攀洀瀀琀礀 挀漀渀琀攀渀琀䐀攀猀挀爀椀瀀琀椀漀渀㨀 ⴀ㈀㄀㐀㜀㐀㠀㌀㔀㤀 ഀഀ
10-05 20:12:25.287 7243 7243 W Qt A11Y : AccessibilityNodeInfo with empty contentDescription: -2147483589 ਍㄀ ⴀ 㔀 ㈀ 㨀㄀㈀㨀㈀㔀⸀㈀㠀㜀  㜀㈀㐀㌀  㜀㈀㐀㌀ 圀 儀琀 䄀㄀㄀夀 㨀 䄀挀挀攀猀猀椀戀椀氀椀琀礀一漀搀攀䤀渀昀漀 眀椀琀栀 攀洀瀀琀礀 挀漀渀琀攀渀琀䐀攀猀挀爀椀瀀琀椀漀渀㨀 ⴀ㈀㄀㐀㜀㐀㠀㌀㔀㜀㐀ഀഀ
10-05 20:12:25.287 7243 7243 W Qt A11Y : AccessibilityNodeInfo with empty contentDescription: -2147483573 ਍㄀ ⴀ 㔀 ㈀ 㨀㄀㈀㨀㈀㔀⸀㈀㠀㜀  㜀㈀㐀㌀  㜀㈀㐀㌀ 圀 儀琀 䄀㄀㄀夀 㨀 䄀挀挀攀猀猀椀戀椀氀椀琀礀一漀搀攀䤀渀昀漀 眀椀琀栀 攀洀瀀琀礀 挀漀渀琀攀渀琀䐀攀猀挀爀椀瀀琀椀漀渀㨀 ⴀ㈀㄀㐀㜀㐀㠀㌀㔀㜀㈀ഀഀ
10-05 20:12:25.287 7243 7243 W Qt A11Y : AccessibilityNodeInfo with empty contentDescription: -2147483571 ਍㄀ ⴀ 㔀 ㈀ 㨀㄀㈀㨀㈀㔀⸀㈀㠀㜀  㜀㈀㐀㌀  㜀㈀㐀㌀ 圀 儀琀 䄀㄀㄀夀 㨀 䄀挀挀攀猀猀椀戀椀氀椀琀礀一漀搀攀䤀渀昀漀 眀椀琀栀 攀洀瀀琀礀 挀漀渀琀攀渀琀䐀攀猀挀爀椀瀀琀椀漀渀㨀 ⴀ㈀㄀㐀㜀㐀㠀㌀㔀㜀 ഀഀ
10-05 20:12:25.287 7243 7243 W Qt A11Y : AccessibilityNodeInfo with empty contentDescription: -2147483640 ਍㄀ ⴀ 㔀 ㈀ 㨀㄀㈀㨀㈀㔀⸀㈀㠀㜀  㜀㈀㐀㌀  㜀㈀㐀㌀ 圀 儀琀 䄀㄀㄀夀 㨀 䄀挀挀攀猀猀椀戀椀氀椀琀礀一漀搀攀䤀渀昀漀 眀椀琀栀 攀洀瀀琀礀 挀漀渀琀攀渀琀䐀攀猀挀爀椀瀀琀椀漀渀㨀 ⴀ㈀㄀㐀㜀㐀㠀㌀㘀㌀㠀ഀഀ
10-05 20:12:25.287 7243 7243 W Qt A11Y : AccessibilityNodeInfo with empty contentDescription: -2147483636 ਍㄀ ⴀ 㔀 ㈀ 㨀㄀㈀㨀㈀㔀⸀㈀㠀㜀  㜀㈀㐀㌀  㜀㈀㐀㌀ 圀 儀琀 䄀㄀㄀夀 㨀 䄀挀挀攀猀猀椀戀椀氀椀琀礀一漀搀攀䤀渀昀漀 眀椀琀栀 攀洀瀀琀礀 挀漀渀琀攀渀琀䐀攀猀挀爀椀瀀琀椀漀渀㨀 ⴀ㈀㄀㐀㜀㐀㠀㌀㔀㠀㠀ഀഀ
10-05 20:12:25.287 7243 7243 W Qt A11Y : AccessibilityNodeInfo with empty contentDescription: -2147483587 ਍㄀ ⴀ 㔀 ㈀ 㨀㄀㈀㨀㈀㔀⸀㈀㠀㜀  㜀㈀㐀㌀  㜀㈀㐀㌀ 圀 儀琀 䄀㄀㄀夀 㨀 䄀挀挀攀猀猀椀戀椀氀椀琀礀一漀搀攀䤀渀昀漀 眀椀琀栀 攀洀瀀琀礀 挀漀渀琀攀渀琀䐀攀猀挀爀椀瀀琀椀漀渀㨀 ⴀ㈀㄀㐀㜀㐀㠀㌀㔀㠀㘀ഀഀ
10-05 20:12:25.288 7243 7243 W Qt A11Y : AccessibilityNodeInfo with empty contentDescription: -2147483585 ਍㄀ ⴀ 㔀 ㈀ 㨀㄀㈀㨀㈀㔀⸀㌀ 㔀  㜀㈀㐀㌀  㜀㈀㐀㌀ 圀 儀琀 䄀㄀㄀夀 㨀 䄀挀挀攀猀猀椀戀椀氀椀琀礀一漀搀攀䤀渀昀漀 眀椀琀栀 攀洀瀀琀礀 挀漀渀琀攀渀琀䐀攀猀挀爀椀瀀琀椀漀渀㨀 ⴀ㈀㄀㐀㜀㐀㠀㌀㔀㤀㠀ഀഀ
10-05 20:12:25.305 7243 7243 W Qt A11Y : AccessibilityNodeInfo with empty contentDescription: -2147483599 ਍㄀ ⴀ 㔀 ㈀ 㨀㄀㈀㨀㈀㔀⸀㌀ 㔀  㜀㈀㐀㌀  㜀㈀㐀㌀ 圀 儀琀 䄀㄀㄀夀 㨀 䄀挀挀攀猀猀椀戀椀氀椀琀礀一漀搀攀䤀渀昀漀 眀椀琀栀 攀洀瀀琀礀 挀漀渀琀攀渀琀䐀攀猀挀爀椀瀀琀椀漀渀㨀 ⴀ㈀㄀㐀㜀㐀㠀㌀㔀㤀㘀ഀഀ
10-05 20:12:25.305 7243 7243 W Qt A11Y : AccessibilityNodeInfo with empty contentDescription: -2147483595 ਍㄀ ⴀ 㔀 ㈀ 㨀㄀㈀㨀㈀㔀⸀㌀ 㔀  㜀㈀㐀㌀  㜀㈀㐀㌀ 圀 儀琀 䄀㄀㄀夀 㨀 䄀挀挀攀猀猀椀戀椀氀椀琀礀一漀搀攀䤀渀昀漀 眀椀琀栀 攀洀瀀琀礀 挀漀渀琀攀渀琀䐀攀猀挀爀椀瀀琀椀漀渀㨀 ⴀ㈀㄀㐀㜀㐀㠀㌀㔀㤀㐀ഀഀ
10-05 20:12:25.305 7243 7243 W Qt A11Y : AccessibilityNodeInfo with empty contentDescription: -2147483593 ਍㄀ ⴀ 㔀 ㈀ 㨀㄀㈀㨀㈀㔀⸀㌀ 㔀  㜀㈀㐀㌀  㜀㈀㐀㌀ 圀 儀琀 䄀㄀㄀夀 㨀 䄀挀挀攀猀猀椀戀椀氀椀琀礀一漀搀攀䤀渀昀漀 眀椀琀栀 攀洀瀀琀礀 挀漀渀琀攀渀琀䐀攀猀挀爀椀瀀琀椀漀渀㨀 ⴀ㈀㄀㐀㜀㐀㠀㌀㔀㤀㈀ഀഀ
10-05 20:12:25.305 7243 7243 W Qt A11Y : AccessibilityNodeInfo with empty contentDescription: -2147483591 ਍㄀ ⴀ 㔀 ㈀ 㨀㄀㈀㨀㈀㔀⸀㌀ 㔀  㜀㈀㐀㌀  㜀㈀㐀㌀ 圀 儀琀 䄀㄀㄀夀 㨀 䄀挀挀攀猀猀椀戀椀氀椀琀礀一漀搀攀䤀渀昀漀 眀椀琀栀 攀洀瀀琀礀 挀漀渀琀攀渀琀䐀攀猀挀爀椀瀀琀椀漀渀㨀 ⴀ㈀㄀㐀㜀㐀㠀㌀㘀 ㌀ഀഀ
10-05 20:12:25.305 7243 7243 W Qt A11Y : AccessibilityNodeInfo with empty contentDescription: -2147483601 ਍㄀ ⴀ 㔀 ㈀ 㨀㄀㈀㨀㈀㔀⸀㌀ 㔀  㜀㈀㐀㌀  㜀㈀㐀㌀ 圀 儀琀 䄀㄀㄀夀 㨀 䄀挀挀攀猀猀椀戀椀氀椀琀礀一漀搀攀䤀渀昀漀 眀椀琀栀 攀洀瀀琀礀 挀漀渀琀攀渀琀䐀攀猀挀爀椀瀀琀椀漀渀㨀 ⴀ㈀㄀㐀㜀㐀㠀㌀㘀  ഀഀ
10-05 20:12:25.306 7243 7243 W Qt A11Y : AccessibilityNodeInfo with empty contentDescription: -2147483605 ਍㄀ ⴀ 㔀 ㈀ 㨀㄀㈀㨀㈀㔀⸀㌀ 㘀  㜀㈀㐀㌀  㜀㈀㐀㌀ 圀 儀琀 䄀㄀㄀夀 㨀 䄀挀挀攀猀猀椀戀椀氀椀琀礀一漀搀攀䤀渀昀漀 眀椀琀栀 攀洀瀀琀礀 挀漀渀琀攀渀琀䐀攀猀挀爀椀瀀琀椀漀渀㨀 ⴀ㈀㄀㐀㜀㐀㠀㌀㘀 㐀ഀഀ
10-05 20:12:25.306 7243 7243 W Qt A11Y : AccessibilityNodeInfo with empty contentDescription: -2147483576 ਍㄀ ⴀ 㔀 ㈀ 㨀㄀㈀㨀㈀㔀⸀㌀ 㘀  㜀㈀㐀㌀  㜀㈀㐀㌀ 圀 儀琀 䄀㄀㄀夀 㨀 䄀挀挀攀猀猀椀戀椀氀椀琀礀一漀搀攀䤀渀昀漀 眀椀琀栀 攀洀瀀琀礀 挀漀渀琀攀渀琀䐀攀猀挀爀椀瀀琀椀漀渀㨀 ⴀ㈀㄀㐀㜀㐀㠀㌀㔀㜀㔀ഀഀ
10-05 20:12:25.306 7243 7243 W Qt A11Y : AccessibilityNodeInfo with empty contentDescription: -2147483610 ਍㄀ ⴀ 㔀 ㈀ 㨀㄀㈀㨀㈀㔀⸀㌀ 㘀  㜀㈀㐀㌀  㜀㈀㐀㌀ 圀 儀琀 䄀㄀㄀夀 㨀 䄀挀挀攀猀猀椀戀椀氀椀琀礀一漀搀攀䤀渀昀漀 眀椀琀栀 攀洀瀀琀礀 挀漀渀琀攀渀琀䐀攀猀挀爀椀瀀琀椀漀渀㨀 ⴀ㈀㄀㐀㜀㐀㠀㌀㘀 㤀ഀഀ
10-05 20:12:25.306 7243 7243 W Qt A11Y : AccessibilityNodeInfo with empty contentDescription: -2147483590 ਍㄀ ⴀ 㔀 ㈀ 㨀㄀㈀㨀㈀㔀⸀㌀ 㘀  㜀㈀㐀㌀  㜀㈀㐀㌀ 圀 儀琀 䄀㄀㄀夀 㨀 䄀挀挀攀猀猀椀戀椀氀椀琀礀一漀搀攀䤀渀昀漀 眀椀琀栀 攀洀瀀琀礀 挀漀渀琀攀渀琀䐀攀猀挀爀椀瀀琀椀漀渀㨀 ⴀ㈀㄀㐀㜀㐀㠀㌀㔀㠀㤀ഀഀ
10-05 20:12:25.306 7243 7243 W Qt A11Y : AccessibilityNodeInfo with empty contentDescription: -2147483574 ਍㄀ ⴀ 㔀 ㈀ 㨀㄀㈀㨀㈀㔀⸀㌀ 㘀  㜀㈀㐀㌀  㜀㈀㐀㌀ 圀 儀琀 䄀㄀㄀夀 㨀 䄀挀挀攀猀猀椀戀椀氀椀琀礀一漀搀攀䤀渀昀漀 眀椀琀栀 攀洀瀀琀礀 挀漀渀琀攀渀琀䐀攀猀挀爀椀瀀琀椀漀渀㨀 ⴀ㈀㄀㐀㜀㐀㠀㌀㔀㜀㌀ഀഀ
10-05 20:12:25.306 7243 7243 W Qt A11Y : AccessibilityNodeInfo with empty contentDescription: -2147483572 ਍㄀ ⴀ 㔀 ㈀ 㨀㄀㈀㨀㈀㔀⸀㌀ 㘀  㜀㈀㐀㌀  㜀㈀㐀㌀ 圀 儀琀 䄀㄀㄀夀 㨀 䄀挀挀攀猀猀椀戀椀氀椀琀礀一漀搀攀䤀渀昀漀 眀椀琀栀 攀洀瀀琀礀 挀漀渀琀攀渀琀䐀攀猀挀爀椀瀀琀椀漀渀㨀 ⴀ㈀㄀㐀㜀㐀㠀㌀㔀㜀㄀ഀഀ
10-05 20:12:25.306 7243 7243 W Qt A11Y : AccessibilityNodeInfo with empty contentDescription: -2147483570 ਍㄀ ⴀ 㔀 ㈀ 㨀㄀㈀㨀㈀㔀⸀㌀ 㜀  㜀㈀㐀㌀  㜀㈀㐀㌀ 圀 儀琀 䄀㄀㄀夀 㨀 䄀挀挀攀猀猀椀戀椀氀椀琀礀一漀搀攀䤀渀昀漀 眀椀琀栀 攀洀瀀琀礀 挀漀渀琀攀渀琀䐀攀猀挀爀椀瀀琀椀漀渀㨀 ⴀ㈀㄀㐀㜀㐀㠀㌀㘀㐀 ഀഀ
10-05 20:12:25.307 7243 7243 W Qt A11Y : AccessibilityNodeInfo with empty contentDescription: -2147483638 ਍㄀ ⴀ 㔀 ㈀ 㨀㄀㈀㨀㈀㔀⸀㌀ 㜀  㜀㈀㐀㌀  㜀㈀㐀㌀ 圀 儀琀 䄀㄀㄀夀 㨀 䄀挀挀攀猀猀椀戀椀氀椀琀礀一漀搀攀䤀渀昀漀 眀椀琀栀 攀洀瀀琀礀 挀漀渀琀攀渀琀䐀攀猀挀爀椀瀀琀椀漀渀㨀 ⴀ㈀㄀㐀㜀㐀㠀㌀㘀㌀㘀ഀഀ
10-05 20:12:25.307 7243 7243 W Qt A11Y : AccessibilityNodeInfo with empty contentDescription: -2147483588 ਍㄀ ⴀ 㔀 ㈀ 㨀㄀㈀㨀㈀㔀⸀㌀ 㜀  㜀㈀㐀㌀  㜀㈀㐀㌀ 圀 儀琀 䄀㄀㄀夀 㨀 䄀挀挀攀猀猀椀戀椀氀椀琀礀一漀搀攀䤀渀昀漀 眀椀琀栀 攀洀瀀琀礀 挀漀渀琀攀渀琀䐀攀猀挀爀椀瀀琀椀漀渀㨀 ⴀ㈀㄀㐀㜀㐀㠀㌀㔀㠀㜀ഀഀ
10-05 20:12:25.307 7243 7243 W Qt A11Y : AccessibilityNodeInfo with empty contentDescription: -2147483586 ਍㄀ ⴀ 㔀 ㈀ 㨀㄀㈀㨀㈀㔀⸀㌀ 㜀  㜀㈀㐀㌀  㜀㈀㐀㌀ 圀 儀琀 䄀㄀㄀夀 㨀 䄀挀挀攀猀猀椀戀椀氀椀琀礀一漀搀攀䤀渀昀漀 眀椀琀栀 攀洀瀀琀礀 挀漀渀琀攀渀琀䐀攀猀挀爀椀瀀琀椀漀渀㨀 ⴀ㈀㄀㐀㜀㐀㠀㌀㔀㠀㔀ഀഀ
10-05 20:12:25.323 7243 7243 W Qt A11Y : AccessibilityNodeInfo with empty contentDescription: -2147483598 ਍㄀ ⴀ 㔀 ㈀ 㨀㄀㈀㨀㈀㔀⸀㌀㈀㌀  㜀㈀㐀㌀  㜀㈀㐀㌀ 圀 儀琀 䄀㄀㄀夀 㨀 䄀挀挀攀猀猀椀戀椀氀椀琀礀一漀搀攀䤀渀昀漀 眀椀琀栀 攀洀瀀琀礀 挀漀渀琀攀渀琀䐀攀猀挀爀椀瀀琀椀漀渀㨀 ⴀ㈀㄀㐀㜀㐀㠀㌀㔀㤀㤀ഀഀ
10-05 20:12:25.323 7243 7243 W Qt A11Y : AccessibilityNodeInfo with empty contentDescription: -2147483596 ਍㄀ ⴀ 㔀 ㈀ 㨀㄀㈀㨀㈀㔀⸀㌀㈀㌀  㜀㈀㐀㌀  㜀㈀㐀㌀ 圀 儀琀 䄀㄀㄀夀 㨀 䄀挀挀攀猀猀椀戀椀氀椀琀礀一漀搀攀䤀渀昀漀 眀椀琀栀 攀洀瀀琀礀 挀漀渀琀攀渀琀䐀攀猀挀爀椀瀀琀椀漀渀㨀 ⴀ㈀㄀㐀㜀㐀㠀㌀㔀㤀㔀ഀഀ
10-05 20:12:25.323 7243 7243 W Qt A11Y : AccessibilityNodeInfo with empty contentDescription: -2147483594 ਍㄀ ⴀ 㔀 ㈀ 㨀㄀㈀㨀㈀㔀⸀㌀㈀㌀  㜀㈀㐀㌀  㜀㈀㐀㌀ 圀 儀琀 䄀㄀㄀夀 㨀 䄀挀挀攀猀猀椀戀椀氀椀琀礀一漀搀攀䤀渀昀漀 眀椀琀栀 攀洀瀀琀礀 挀漀渀琀攀渀琀䐀攀猀挀爀椀瀀琀椀漀渀㨀 ⴀ㈀㄀㐀㜀㐀㠀㌀㔀㤀㌀ഀഀ
10-05 20:12:25.324 7243 7243 W Qt A11Y : AccessibilityNodeInfo with empty contentDescription: -2147483592 ਍㄀ ⴀ 㔀 ㈀ 㨀㄀㈀㨀㈀㔀⸀㌀㈀㐀  㜀㈀㐀㌀  㜀㈀㐀㌀ 圀 儀琀 䄀㄀㄀夀 㨀 䄀挀挀攀猀猀椀戀椀氀椀琀礀一漀搀攀䤀渀昀漀 眀椀琀栀 攀洀瀀琀礀 挀漀渀琀攀渀琀䐀攀猀挀爀椀瀀琀椀漀渀㨀 ⴀ㈀㄀㐀㜀㐀㠀㌀㔀㤀㄀ഀഀ
10-05 20:12:25.324 7243 7243 W Qt A11Y : AccessibilityNodeInfo with empty contentDescription: -2147483603 ਍㄀ ⴀ 㔀 ㈀ 㨀㄀㈀㨀㈀㔀⸀㌀㈀㐀  㜀㈀㐀㌀  㜀㈀㐀㌀ 圀 儀琀 䄀㄀㄀夀 㨀 䄀挀挀攀猀猀椀戀椀氀椀琀礀一漀搀攀䤀渀昀漀 眀椀琀栀 攀洀瀀琀礀 挀漀渀琀攀渀琀䐀攀猀挀爀椀瀀琀椀漀渀㨀 ⴀ㈀㄀㐀㜀㐀㠀㌀㘀 ㄀ഀഀ
10-05 20:12:25.324 7243 7243 W Qt A11Y : AccessibilityNodeInfo with empty contentDescription: -2147483600 ਍㄀ ⴀ 㔀 ㈀ 㨀㄀㈀㨀㈀㔀⸀㌀㈀㐀  㜀㈀㐀㌀  㜀㈀㐀㌀ 圀 儀琀 䄀㄀㄀夀 㨀 䄀挀挀攀猀猀椀戀椀氀椀琀礀一漀搀攀䤀渀昀漀 眀椀琀栀 攀洀瀀琀礀 挀漀渀琀攀渀琀䐀攀猀挀爀椀瀀琀椀漀渀㨀 ⴀ㈀㄀㐀㜀㐀㠀㌀㘀 㔀ഀഀ
10-05 20:12:25.324 7243 7243 W Qt A11Y : AccessibilityNodeInfo with empty contentDescription: -2147483604 ਍㄀ ⴀ 㔀 ㈀ 㨀㄀㈀㨀㈀㔀⸀㌀㈀㐀  㜀㈀㐀㌀  㜀㈀㐀㌀ 圀 儀琀 䄀㄀㄀夀 㨀 䄀挀挀攀猀猀椀戀椀氀椀琀礀一漀搀攀䤀渀昀漀 眀椀琀栀 攀洀瀀琀礀 挀漀渀琀攀渀琀䐀攀猀挀爀椀瀀琀椀漀渀㨀 ⴀ㈀㄀㐀㜀㐀㠀㌀㔀㜀㘀ഀഀ
10-05 20:12:25.324 7243 7243 W Qt A11Y : AccessibilityNodeInfo with empty contentDescription: -2147483575 ਍㄀ ⴀ 㔀 ㈀ 㨀㄀㈀㨀㈀㔀⸀㌀㈀㐀  㜀㈀㐀㌀  㜀㈀㐀㌀ 圀 儀琀 䄀㄀㄀夀 㨀 䄀挀挀攀猀猀椀戀椀氀椀琀礀一漀搀攀䤀渀昀漀 眀椀琀栀 攀洀瀀琀礀 挀漀渀琀攀渀琀䐀攀猀挀爀椀瀀琀椀漀渀㨀 ⴀ㈀㄀㐀㜀㐀㠀㌀㘀㄀ ഀഀ
10-05 20:12:25.324 7243 7243 W Qt A11Y : AccessibilityNodeInfo with empty contentDescription: -2147483609 ਍㄀ ⴀ 㔀 ㈀ 㨀㄀㈀㨀㈀㔀⸀㌀㈀㐀  㜀㈀㐀㌀  㜀㈀㐀㌀ 圀 儀琀 䄀㄀㄀夀 㨀 䄀挀挀攀猀猀椀戀椀氀椀琀礀一漀搀攀䤀渀昀漀 眀椀琀栀 攀洀瀀琀礀 挀漀渀琀攀渀琀䐀攀猀挀爀椀瀀琀椀漀渀㨀 ⴀ㈀㄀㐀㜀㐀㠀㌀㔀㤀 ഀഀ
10-05 20:12:25.324 7243 7243 W Qt A11Y : AccessibilityNodeInfo with empty contentDescription: -2147483589 ਍㄀ ⴀ 㔀 ㈀ 㨀㄀㈀㨀㈀㔀⸀㌀㈀㐀  㜀㈀㐀㌀  㜀㈀㐀㌀ 圀 儀琀 䄀㄀㄀夀 㨀 䄀挀挀攀猀猀椀戀椀氀椀琀礀一漀搀攀䤀渀昀漀 眀椀琀栀 攀洀瀀琀礀 挀漀渀琀攀渀琀䐀攀猀挀爀椀瀀琀椀漀渀㨀 ⴀ㈀㄀㐀㜀㐀㠀㌀㔀㜀㐀ഀഀ
