10-05 20:12:30.764 7243 7243 I chatty : uid=11006(u0_a1006) identical 2 lines ਍㄀ ⴀ 㔀 ㈀ 㨀㄀㈀㨀㌀ ⸀㜀㠀㔀  㜀㈀㐀㌀  㜀㈀㐀㌀ 圀 儀琀 䄀㄀㄀夀 㨀 䄀挀挀攀猀猀椀戀椀氀椀琀礀一漀搀攀䤀渀昀漀 眀椀琀栀 攀洀瀀琀礀 挀漀渀琀攀渀琀䐀攀猀挀爀椀瀀琀椀漀渀㨀 ⴀ㈀㄀㐀㜀㐀㠀㌀㔀㘀㜀ഀഀ
10-05 20:12:30.804 7243 7274 I WinCC_OA: WCCOAui (57), 2018.10.05 20:12:30.787, SYS, INFO, 3, Trying to connect to (SYS: 0 Data -num 0 CONN: 1) @ demo:4897 ਍㄀ ⴀ 㔀 ㈀ 㨀㄀㈀㨀㌀ ⸀㠀 㔀  㜀㈀㐀㌀  㜀㈀㐀㌀ 圀 儀琀 䄀㄀㄀夀 㨀 䄀挀挀攀猀猀椀戀椀氀椀琀礀一漀搀攀䤀渀昀漀 眀椀琀栀 攀洀瀀琀礀 挀漀渀琀攀渀琀䐀攀猀挀爀椀瀀琀椀漀渀㨀 ⴀ㈀㄀㐀㜀㐀㠀㌀㔀㘀㜀ഀഀ
10-05 20:12:30.805 3424 3650 D DnsProxyListener: DNSDBG::dns addrinfo af 2 ਍㄀ ⴀ 㔀 ㈀ 㨀㄀㈀㨀㌀ ⸀㠀㄀㌀  ㌀㐀㈀㐀  ㌀㘀㔀  䤀 挀栀愀琀琀礀  㨀 甀椀搀㴀 ⠀爀漀漀琀⤀ ⼀猀礀猀琀攀洀⼀戀椀渀⼀渀攀琀搀 椀搀攀渀琀椀挀愀氀 ㈀ 氀椀渀攀猀ഀഀ
10-05 20:12:30.820 3424 3650 D DnsProxyListener: DNSDBG::dns addrinfo af 2 ਍㄀ ⴀ 㔀 ㈀ 㨀㄀㈀㨀㌀ ⸀㠀㈀㔀  㜀㈀㐀㌀  㜀㈀㐀㌀ 圀 儀琀 䄀㄀㄀夀 㨀 䄀挀挀攀猀猀椀戀椀氀椀琀礀一漀搀攀䤀渀昀漀 眀椀琀栀 攀洀瀀琀礀 挀漀渀琀攀渀琀䐀攀猀挀爀椀瀀琀椀漀渀㨀 ⴀ㈀㄀㐀㜀㐀㠀㌀㔀㘀㜀ഀഀ
10-05 20:12:31.557 3237 3237 I android.hardware.wifi@1.0-service: getLinkLayerStats ਍㄀ ⴀ 㔀 ㈀ 㨀㄀㈀㨀㌀㄀⸀㘀㠀㘀  㐀㤀㤀㘀  㐀㤀㤀㘀 䐀 椀漀开猀琀愀琀猀㨀 ℀䀀   㠀Ⰰ  爀 ㄀㔀㈀㄀㠀㈀ 㜀  㐀㘀㈀㐀 眀 ㄀  㤀 㤀 ㄀㠀㠀㘀㜀㠀㠀 搀 㜀㤀㐀㈀ 㜀㠀㘀㐀㐀  昀 ㈀㔀㤀㘀㌀ ㈀㤀㈀㌀㤀 椀漀琀 ㄀㄀㄀㤀㈀  㠀㄀㌀㠀㘀 琀栀 ㌀ 㜀㈀       瀀琀   椀渀瀀     㤀㘀㌀㈀⸀㠀 ㈀ഀഀ
10-05 20:12:31.995 7243 7243 I chatty : uid=11006(u0_a1006) identical 49 lines ਍㄀ ⴀ 㔀 ㈀ 㨀㄀㈀㨀㌀㈀⸀ ㈀   㜀㈀㐀㌀  㜀㈀㐀㌀ 圀 儀琀 䄀㄀㄀夀 㨀 䄀挀挀攀猀猀椀戀椀氀椀琀礀一漀搀攀䤀渀昀漀 眀椀琀栀 攀洀瀀琀礀 挀漀渀琀攀渀琀䐀攀猀挀爀椀瀀琀椀漀渀㨀 ⴀ㈀㄀㐀㜀㐀㠀㌀㔀㘀㜀ഀഀ
10-05 20:12:32.040 3424 3650 D DnsProxyListener: DNSDBG::dns addrinfo af 2 ਍㄀ ⴀ 㔀 ㈀ 㨀㄀㈀㨀㌀㈀⸀ 㐀㘀  㜀㈀㐀㌀  㜀㈀㐀㌀ 圀 儀琀 䄀㄀㄀夀 㨀 䄀挀挀攀猀猀椀戀椀氀椀琀礀一漀搀攀䤀渀昀漀 眀椀琀栀 攀洀瀀琀礀 挀漀渀琀攀渀琀䐀攀猀挀爀椀瀀琀椀漀渀㨀 ⴀ㈀㄀㐀㜀㐀㠀㌀㔀㘀㜀ഀഀ
10-05 20:12:32.047 3424 3650 D DnsProxyListener: DNSDBG::dns by name af 2 ਍㄀ ⴀ 㔀 ㈀ 㨀㄀㈀㨀㌀㈀⸀ 㔀㄀  ㌀㐀㈀㐀  ㌀㘀㔀  䐀 䐀渀猀倀爀漀砀礀䰀椀猀琀攀渀攀爀㨀 䐀一匀䐀䈀䜀㨀㨀搀渀猀 戀礀 渀愀洀攀 愀昀 ㈀ഀഀ
10-05 20:12:32.071 7243 7243 W Qt A11Y : AccessibilityNodeInfo with empty contentDescription: -2147483567 ਍㄀ ⴀ 㔀 ㈀ 㨀㄀㈀㨀㌀㈀⸀ 㤀㐀  㜀㈀㐀㌀  㜀㈀㐀㌀ 圀 儀琀 䄀㄀㄀夀 㨀 䄀挀挀攀猀猀椀戀椀氀椀琀礀一漀搀攀䤀渀昀漀 眀椀琀栀 攀洀瀀琀礀 挀漀渀琀攀渀琀䐀攀猀挀爀椀瀀琀椀漀渀㨀 ⴀ㈀㄀㐀㜀㐀㠀㌀㔀㘀㜀ഀഀ
10-05 20:12:32.109 7243 7274 I WinCC_OA: WCCOAui (57), 2018.10.05 20:12:32.053, SYS, INFO, 4, Connected to (SYS: 0 Data -num 0 CONN: 1) @ 52.57.78.242 (52.57.78.242) ਍㄀ ⴀ 㔀 ㈀ 㨀㄀㈀㨀㌀㈀⸀㄀㄀㈀  ㌀㌀㤀㐀  ㌀㌀㤀㐀 䔀 愀甀搀椀琀   㨀 琀礀瀀攀㴀㄀㐀   愀甀搀椀琀⠀㄀㔀㌀㠀㜀㘀㌀㄀㔀㈀⸀㄀ 㤀㨀㄀ 㐀㔀⤀㨀 愀瘀挀㨀  搀攀渀椀攀搀  笀 椀漀挀琀氀 紀 昀漀爀  瀀椀搀㴀㜀㈀㐀㌀ 挀漀洀洀㴀∀儀琀吀栀爀攀愀搀∀ 瀀愀琀栀㴀∀猀漀挀欀攀琀㨀嬀㌀㄀㌀㐀㐀 崀∀ 搀攀瘀㴀∀猀漀挀欀昀猀∀ 椀渀漀㴀㌀㄀㌀㐀㐀  椀漀挀琀氀挀洀搀㴀㠀㤀㈀㜀 猀挀漀渀琀攀砀琀㴀甀㨀爀㨀甀渀琀爀甀猀琀攀搀开愀瀀瀀开㈀㔀㨀猀 㨀挀㔀㄀㈀Ⰰ挀㜀㘀㠀 琀挀漀渀琀攀砀琀㴀甀㨀爀㨀甀渀琀爀甀猀琀攀搀开愀瀀瀀开㈀㔀㨀猀 㨀挀㔀㄀㈀Ⰰ挀㜀㘀㠀 琀挀氀愀猀猀㴀甀搀瀀开猀漀挀欀攀琀 瀀攀爀洀椀猀猀椀瘀攀㴀  匀䔀倀䘀开匀䴀ⴀ䜀㤀㔀 䘀开㠀⸀ ⸀ 开  ㄀㌀ 愀甀搀椀琀开昀椀氀琀攀爀攀搀ഀഀ
10-05 20:12:32.112 3394 3394 E audit : type=1400 audit(1538763152.109:1046): avc: denied { ioctl } for pid=7243 comm="QtThread" path="socket:[313441]" dev="sockfs" ino=313441 ioctlcmd=8927 scontext=u:r:untrusted_app_25:s0:c512,c768 tcontext=u:r:untrusted_app_25:s0:c512,c768 tclass=udp_socket permissive=0 SEPF_SM-G950F_8.0.0_0013 audit_filtered ਍㄀ ⴀ 㔀 ㈀ 㨀㄀㈀㨀㌀㈀⸀㄀㄀㈀  ㌀㌀㤀㐀  ㌀㌀㤀㐀 䔀 愀甀搀椀琀   㨀 琀礀瀀攀㴀㄀㐀   愀甀搀椀琀⠀㄀㔀㌀㠀㜀㘀㌀㄀㔀㈀⸀㄀ 㤀㨀㄀ 㐀㜀⤀㨀 愀瘀挀㨀  搀攀渀椀攀搀  笀 椀漀挀琀氀 紀 昀漀爀  瀀椀搀㴀㜀㈀㐀㌀ 挀漀洀洀㴀∀儀琀吀栀爀攀愀搀∀ 瀀愀琀栀㴀∀猀漀挀欀攀琀㨀嬀㌀㄀㌀㐀㐀㈀崀∀ 搀攀瘀㴀∀猀漀挀欀昀猀∀ 椀渀漀㴀㌀㄀㌀㐀㐀㈀ 椀漀挀琀氀挀洀搀㴀㠀㤀㈀㜀 猀挀漀渀琀攀砀琀㴀甀㨀爀㨀甀渀琀爀甀猀琀攀搀开愀瀀瀀开㈀㔀㨀猀 㨀挀㔀㄀㈀Ⰰ挀㜀㘀㠀 琀挀漀渀琀攀砀琀㴀甀㨀爀㨀甀渀琀爀甀猀琀攀搀开愀瀀瀀开㈀㔀㨀猀 㨀挀㔀㄀㈀Ⰰ挀㜀㘀㠀 琀挀氀愀猀猀㴀甀搀瀀开猀漀挀欀攀琀 瀀攀爀洀椀猀猀椀瘀攀㴀  匀䔀倀䘀开匀䴀ⴀ䜀㤀㔀 䘀开㠀⸀ ⸀ 开  ㄀㌀ 愀甀搀椀琀开昀椀氀琀攀爀攀搀ഀഀ
10-05 20:12:32.113 3394 3394 E audit : type=1400 audit(1538763152.109:1048): avc: denied { ioctl } for pid=7243 comm="QtThread" path="socket:[313443]" dev="sockfs" ino=313443 ioctlcmd=8927 scontext=u:r:untrusted_app_25:s0:c512,c768 tcontext=u:r:untrusted_app_25:s0:c512,c768 tclass=udp_socket permissive=0 SEPF_SM-G950F_8.0.0_0013 audit_filtered ਍㄀ ⴀ 㔀 ㈀ 㨀㄀㈀㨀㌀㈀⸀㄀㄀㌀  ㌀㌀㤀㐀  ㌀㌀㤀㐀 䔀 愀甀搀椀琀   㨀 琀礀瀀攀㴀㄀㐀   愀甀搀椀琀⠀㄀㔀㌀㠀㜀㘀㌀㄀㔀㈀⸀㄀ 㤀㨀㄀ 㐀㤀⤀㨀 愀瘀挀㨀  搀攀渀椀攀搀  笀 椀漀挀琀氀 紀 昀漀爀  瀀椀搀㴀㜀㈀㐀㌀ 挀漀洀洀㴀∀儀琀吀栀爀攀愀搀∀ 瀀愀琀栀㴀∀猀漀挀欀攀琀㨀嬀㌀㄀㌀㐀㐀㐀崀∀ 搀攀瘀㴀∀猀漀挀欀昀猀∀ 椀渀漀㴀㌀㄀㌀㐀㐀㐀 椀漀挀琀氀挀洀搀㴀㠀㤀㈀㜀 猀挀漀渀琀攀砀琀㴀甀㨀爀㨀甀渀琀爀甀猀琀攀搀开愀瀀瀀开㈀㔀㨀猀 㨀挀㔀㄀㈀Ⰰ挀㜀㘀㠀 琀挀漀渀琀攀砀琀㴀甀㨀爀㨀甀渀琀爀甀猀琀攀搀开愀瀀瀀开㈀㔀㨀猀 㨀挀㔀㄀㈀Ⰰ挀㜀㘀㠀 琀挀氀愀猀猀㴀甀搀瀀开猀漀挀欀攀琀 瀀攀爀洀椀猀猀椀瘀攀㴀  匀䔀倀䘀开匀䴀ⴀ䜀㤀㔀 䘀开㠀⸀ ⸀ 开  ㄀㌀ 愀甀搀椀琀开昀椀氀琀攀爀攀搀ഀഀ
10-05 20:12:32.113 3394 3394 E audit : type=1400 audit(1538763152.109:1050): avc: denied { ioctl } for pid=7243 comm="QtThread" path="socket:[313445]" dev="sockfs" ino=313445 ioctlcmd=8927 scontext=u:r:untrusted_app_25:s0:c512,c768 tcontext=u:r:untrusted_app_25:s0:c512,c768 tclass=udp_socket permissive=0 SEPF_SM-G950F_8.0.0_0013 audit_filtered ਍㄀ ⴀ 㔀 ㈀ 㨀㄀㈀㨀㌀㈀⸀㄀㄀㐀  ㌀㌀㤀㐀  ㌀㌀㤀㐀 䔀 愀甀搀椀琀   㨀 琀礀瀀攀㴀㄀㐀   愀甀搀椀琀⠀㄀㔀㌀㠀㜀㘀㌀㄀㔀㈀⸀㄀ 㤀㨀㄀ 㔀㄀⤀㨀 愀瘀挀㨀  搀攀渀椀攀搀  笀 椀漀挀琀氀 紀 昀漀爀  瀀椀搀㴀㜀㈀㐀㌀ 挀漀洀洀㴀∀儀琀吀栀爀攀愀搀∀ 瀀愀琀栀㴀∀猀漀挀欀攀琀㨀嬀㌀㄀㌀㐀㐀㘀崀∀ 搀攀瘀㴀∀猀漀挀欀昀猀∀ 椀渀漀㴀㌀㄀㌀㐀㐀㘀 椀漀挀琀氀挀洀搀㴀㠀㤀㈀㜀 猀挀漀渀琀攀砀琀㴀甀㨀爀㨀甀渀琀爀甀猀琀攀搀开愀瀀瀀开㈀㔀㨀猀 㨀挀㔀㄀㈀Ⰰ挀㜀㘀㠀 琀挀漀渀琀攀砀琀㴀甀㨀爀㨀甀渀琀爀甀猀琀攀搀开愀瀀瀀开㈀㔀㨀猀 㨀挀㔀㄀㈀Ⰰ挀㜀㘀㠀 琀挀氀愀猀猀㴀甀搀瀀开猀漀挀欀攀琀 瀀攀爀洀椀猀猀椀瘀攀㴀  匀䔀倀䘀开匀䴀ⴀ䜀㤀㔀 䘀开㠀⸀ ⸀ 开  ㄀㌀ 愀甀搀椀琀开昀椀氀琀攀爀攀搀ഀഀ
10-05 20:12:32.114 3394 3394 E audit : type=1400 audit(1538763152.109:1052): avc: denied { ioctl } for pid=7243 comm="QtThread" path="socket:[313447]" dev="sockfs" ino=313447 ioctlcmd=8927 scontext=u:r:untrusted_app_25:s0:c512,c768 tcontext=u:r:untrusted_app_25:s0:c512,c768 tclass=udp_socket permissive=0 SEPF_SM-G950F_8.0.0_0013 audit_filtered ਍㄀ ⴀ 㔀 ㈀ 㨀㄀㈀㨀㌀㈀⸀㄀㄀㐀  ㌀㌀㤀㐀  ㌀㌀㤀㐀 䔀 愀甀搀椀琀   㨀 琀礀瀀攀㴀㄀㐀   愀甀搀椀琀⠀㄀㔀㌀㠀㜀㘀㌀㄀㔀㈀⸀㄀ 㤀㨀㄀ 㔀㌀⤀㨀 愀瘀挀㨀  搀攀渀椀攀搀  笀 椀漀挀琀氀 紀 昀漀爀  瀀椀搀㴀㜀㈀㐀㌀ 挀漀洀洀㴀∀儀琀吀栀爀攀愀搀∀ 瀀愀琀栀㴀∀猀漀挀欀攀琀㨀嬀㌀㄀㌀㐀㐀㠀崀∀ 搀攀瘀㴀∀猀漀挀欀昀猀∀ 椀渀漀㴀㌀㄀㌀㐀㐀㠀 椀漀挀琀氀挀洀搀㴀㠀㤀㈀㜀 猀挀漀渀琀攀砀琀㴀甀㨀爀㨀甀渀琀爀甀猀琀攀搀开愀瀀瀀开㈀㔀㨀猀 㨀挀㔀㄀㈀Ⰰ挀㜀㘀㠀 琀挀漀渀琀攀砀琀㴀甀㨀爀㨀甀渀琀爀甀猀琀攀搀开愀瀀瀀开㈀㔀㨀猀 㨀挀㔀㄀㈀Ⰰ挀㜀㘀㠀 琀挀氀愀猀猀㴀甀搀瀀开猀漀挀欀攀琀 瀀攀爀洀椀猀猀椀瘀攀㴀  匀䔀倀䘀开匀䴀ⴀ䜀㤀㔀 䘀开㠀⸀ ⸀ 开  ㄀㌀ 愀甀搀椀琀开昀椀氀琀攀爀攀搀ഀഀ
10-05 20:12:32.114 3394 3394 E audit : type=1400 audit(1538763152.109:1054): avc: denied { ioctl } for pid=7243 comm="QtThread" path="socket:[313449]" dev="sockfs" ino=313449 ioctlcmd=8927 scontext=u:r:untrusted_app_25:s0:c512,c768 tcontext=u:r:untrusted_app_25:s0:c512,c768 tclass=udp_socket permissive=0 SEPF_SM-G950F_8.0.0_0013 audit_filtered ਍㄀ ⴀ 㔀 ㈀ 㨀㄀㈀㨀㌀㈀⸀㄀㄀㐀  ㌀㌀㤀㐀  ㌀㌀㤀㐀 䔀 愀甀搀椀琀   㨀 琀礀瀀攀㴀㄀㐀   愀甀搀椀琀⠀㄀㔀㌀㠀㜀㘀㌀㄀㔀㈀⸀㄀ 㤀㨀㄀ 㔀㔀⤀㨀 愀瘀挀㨀  搀攀渀椀攀搀  笀 椀漀挀琀氀 紀 昀漀爀  瀀椀搀㴀㜀㈀㐀㌀ 挀漀洀洀㴀∀儀琀吀栀爀攀愀搀∀ 瀀愀琀栀㴀∀猀漀挀欀攀琀㨀嬀㌀㄀㌀㐀㔀 崀∀ 搀攀瘀㴀∀猀漀挀欀昀猀∀ 椀渀漀㴀㌀㄀㌀㐀㔀  椀漀挀琀氀挀洀搀㴀㠀㤀㈀㜀 猀挀漀渀琀攀砀琀㴀甀㨀爀㨀甀渀琀爀甀猀琀攀搀开愀瀀瀀开㈀㔀㨀猀 㨀挀㔀㄀㈀Ⰰ挀㜀㘀㠀 琀挀漀渀琀攀砀琀㴀甀㨀爀㨀甀渀琀爀甀猀琀攀搀开愀瀀瀀开㈀㔀㨀猀 㨀挀㔀㄀㈀Ⰰ挀㜀㘀㠀 琀挀氀愀猀猀㴀甀搀瀀开猀漀挀欀攀琀 瀀攀爀洀椀猀猀椀瘀攀㴀  匀䔀倀䘀开匀䴀ⴀ䜀㤀㔀 䘀开㠀⸀ ⸀ 开  ㄀㌀ 愀甀搀椀琀开昀椀氀琀攀爀攀搀ഀഀ
10-05 20:12:32.114 3394 3394 E audit : type=1400 audit(1538763152.109:1056): avc: denied { ioctl } for pid=7243 comm="QtThread" path="socket:[313451]" dev="sockfs" ino=313451 ioctlcmd=8927 scontext=u:r:untrusted_app_25:s0:c512,c768 tcontext=u:r:untrusted_app_25:s0:c512,c768 tclass=udp_socket permissive=0 SEPF_SM-G950F_8.0.0_0013 audit_filtered ਍㄀ ⴀ 㔀 ㈀ 㨀㄀㈀㨀㌀㈀⸀㄀㄀㐀  ㌀㌀㤀㐀  ㌀㌀㤀㐀 䔀 愀甀搀椀琀   㨀 琀礀瀀攀㴀㄀㐀   愀甀搀椀琀⠀㄀㔀㌀㠀㜀㘀㌀㄀㔀㈀⸀㄀ 㤀㨀㄀ 㔀㜀⤀㨀 愀瘀挀㨀  搀攀渀椀攀搀  笀 椀漀挀琀氀 紀 昀漀爀  瀀椀搀㴀㜀㈀㐀㌀ 挀漀洀洀㴀∀儀琀吀栀爀攀愀搀∀ 瀀愀琀栀㴀∀猀漀挀欀攀琀㨀嬀㌀㄀㌀㐀㔀㈀崀∀ 搀攀瘀㴀∀猀漀挀欀昀猀∀ 椀渀漀㴀㌀㄀㌀㐀㔀㈀ 椀漀挀琀氀挀洀搀㴀㠀㤀㈀㜀 猀挀漀渀琀攀砀琀㴀甀㨀爀㨀甀渀琀爀甀猀琀攀搀开愀瀀瀀开㈀㔀㨀猀 㨀挀㔀㄀㈀Ⰰ挀㜀㘀㠀 琀挀漀渀琀攀砀琀㴀甀㨀爀㨀甀渀琀爀甀猀琀攀搀开愀瀀瀀开㈀㔀㨀猀 㨀挀㔀㄀㈀Ⰰ挀㜀㘀㠀 琀挀氀愀猀猀㴀甀搀瀀开猀漀挀欀攀琀 瀀攀爀洀椀猀猀椀瘀攀㴀  匀䔀倀䘀开匀䴀ⴀ䜀㤀㔀 䘀开㠀⸀ ⸀ 开  ㄀㌀ 愀甀搀椀琀开昀椀氀琀攀爀攀搀ഀഀ
10-05 20:12:32.114 3394 3394 E audit : type=1400 audit(1538763152.109:1058): avc: denied { ioctl } for pid=7243 comm="QtThread" path="socket:[313453]" dev="sockfs" ino=313453 ioctlcmd=8927 scontext=u:r:untrusted_app_25:s0:c512,c768 tcontext=u:r:untrusted_app_25:s0:c512,c768 tclass=udp_socket permissive=0 SEPF_SM-G950F_8.0.0_0013 audit_filtered ਍㄀ ⴀ 㔀 ㈀ 㨀㄀㈀㨀㌀㈀⸀㄀㄀㐀  ㌀㌀㤀㐀  ㌀㌀㤀㐀 䔀 愀甀搀椀琀   㨀 琀礀瀀攀㴀㄀㐀   愀甀搀椀琀⠀㄀㔀㌀㠀㜀㘀㌀㄀㔀㈀⸀㄀ 㤀㨀㄀ 㔀㤀⤀㨀 愀瘀挀㨀  搀攀渀椀攀搀  笀 椀漀挀琀氀 紀 昀漀爀  瀀椀搀㴀㜀㈀㐀㌀ 挀漀洀洀㴀∀儀琀吀栀爀攀愀搀∀ 瀀愀琀栀㴀∀猀漀挀欀攀琀㨀嬀㌀㄀㌀㐀㔀㐀崀∀ 搀攀瘀㴀∀猀漀挀欀昀猀∀ 椀渀漀㴀㌀㄀㌀㐀㔀㐀 椀漀挀琀氀挀洀搀㴀㠀㤀㈀㜀 猀挀漀渀琀攀砀琀㴀甀㨀爀㨀甀渀琀爀甀猀琀攀搀开愀瀀瀀开㈀㔀㨀猀 㨀挀㔀㄀㈀Ⰰ挀㜀㘀㠀 琀挀漀渀琀攀砀琀㴀甀㨀爀㨀甀渀琀爀甀猀琀攀搀开愀瀀瀀开㈀㔀㨀猀 㨀挀㔀㄀㈀Ⰰ挀㜀㘀㠀 琀挀氀愀猀猀㴀甀搀瀀开猀漀挀欀攀琀 瀀攀爀洀椀猀猀椀瘀攀㴀  匀䔀倀䘀开匀䴀ⴀ䜀㤀㔀 䘀开㠀⸀ ⸀ 开  ㄀㌀ 愀甀搀椀琀开昀椀氀琀攀爀攀搀ഀഀ
10-05 20:12:32.114 3394 3394 E audit : type=1400 audit(1538763152.109:1060): avc: denied { ioctl } for pid=7243 comm="QtThread" path="socket:[313455]" dev="sockfs" ino=313455 ioctlcmd=8927 scontext=u:r:untrusted_app_25:s0:c512,c768 tcontext=u:r:untrusted_app_25:s0:c512,c768 tclass=udp_socket permissive=0 SEPF_SM-G950F_8.0.0_0013 audit_filtered ਍㄀ ⴀ 㔀 ㈀ 㨀㄀㈀㨀㌀㈀⸀㄀㄀㔀  ㌀㌀㤀㐀  ㌀㌀㤀㐀 䔀 愀甀搀椀琀   㨀 琀礀瀀攀㴀㄀㐀   愀甀搀椀琀⠀㄀㔀㌀㠀㜀㘀㌀㄀㔀㈀⸀㄀ 㤀㨀㄀ 㘀㄀⤀㨀 愀瘀挀㨀  搀攀渀椀攀搀  笀 椀漀挀琀氀 紀 昀漀爀  瀀椀搀㴀㜀㈀㐀㌀ 挀漀洀洀㴀∀儀琀吀栀爀攀愀搀∀ 瀀愀琀栀㴀∀猀漀挀欀攀琀㨀嬀㌀㄀㌀㐀㔀㘀崀∀ 搀攀瘀㴀∀猀漀挀欀昀猀∀ 椀渀漀㴀㌀㄀㌀㐀㔀㘀 椀漀挀琀氀挀洀搀㴀㠀㤀㈀㜀 猀挀漀渀琀攀砀琀㴀甀㨀爀㨀甀渀琀爀甀猀琀攀搀开愀瀀瀀开㈀㔀㨀猀 㨀挀㔀㄀㈀Ⰰ挀㜀㘀㠀 琀挀漀渀琀攀砀琀㴀甀㨀爀㨀甀渀琀爀甀猀琀攀搀开愀瀀瀀开㈀㔀㨀猀 㨀挀㔀㄀㈀Ⰰ挀㜀㘀㠀 琀挀氀愀猀猀㴀甀搀瀀开猀漀挀欀攀琀 瀀攀爀洀椀猀猀椀瘀攀㴀  匀䔀倀䘀开匀䴀ⴀ䜀㤀㔀 䘀开㠀⸀ ⸀ 开  ㄀㌀ 愀甀搀椀琀开昀椀氀琀攀爀攀搀ഀഀ
10-05 20:12:32.115 7243 7243 W Qt A11Y : AccessibilityNodeInfo with empty contentDescription: -2147483567 ਍㄀ ⴀ 㔀 ㈀ 㨀㄀㈀㨀㌀㈀⸀㄀㄀㔀  ㌀㌀㤀㐀  ㌀㌀㤀㐀 䔀 愀甀搀椀琀   㨀 琀礀瀀攀㴀㄀㐀   愀甀搀椀琀⠀㄀㔀㌀㠀㜀㘀㌀㄀㔀㈀⸀㄀ 㤀㨀㄀ 㘀㈀⤀㨀 愀瘀挀㨀  搀攀渀椀攀搀  笀 椀漀挀琀氀 紀 昀漀爀  瀀椀搀㴀㜀㈀㐀㌀ 挀漀洀洀㴀∀儀琀吀栀爀攀愀搀∀ 瀀愀琀栀㴀∀猀漀挀欀攀琀㨀嬀㌀㄀㌀㐀㔀㜀崀∀ 搀攀瘀㴀∀猀漀挀欀昀猀∀ 椀渀漀㴀㌀㄀㌀㐀㔀㜀 椀漀挀琀氀挀洀搀㴀㠀㤀㈀㜀 猀挀漀渀琀攀砀琀㴀甀㨀爀㨀甀渀琀爀甀猀琀攀搀开愀瀀瀀开㈀㔀㨀猀 㨀挀㔀㄀㈀Ⰰ挀㜀㘀㠀 琀挀漀渀琀攀砀琀㴀甀㨀爀㨀甀渀琀爀甀猀琀攀搀开愀瀀瀀开㈀㔀㨀猀 㨀挀㔀㄀㈀Ⰰ挀㜀㘀㠀 琀挀氀愀猀猀㴀甀搀瀀开猀漀挀欀攀琀 瀀攀爀洀椀猀猀椀瘀攀㴀  匀䔀倀䘀开匀䴀ⴀ䜀㤀㔀 䘀开㠀⸀ ⸀ 开  ㄀㌀ 愀甀搀椀琀开昀椀氀琀攀爀攀搀ഀഀ
10-05 20:12:32.115 3394 3394 E audit : type=1400 audit(1538763152.113:1063): avc: denied { ioctl } for pid=7243 comm="QtThread" path="socket:[313458]" dev="sockfs" ino=313458 ioctlcmd=8927 scontext=u:r:untrusted_app_25:s0:c512,c768 tcontext=u:r:untrusted_app_25:s0:c512,c768 tclass=udp_socket permissive=0 SEPF_SM-G950F_8.0.0_0013 audit_filtered ਍㄀ ⴀ 㔀 ㈀ 㨀㄀㈀㨀㌀㈀⸀㄀㌀㔀  㜀㈀㐀㌀  㜀㈀㐀㌀ 圀 儀琀 䄀㄀㄀夀 㨀 䄀挀挀攀猀猀椀戀椀氀椀琀礀一漀搀攀䤀渀昀漀 眀椀琀栀 攀洀瀀琀礀 挀漀渀琀攀渀琀䐀攀猀挀爀椀瀀琀椀漀渀㨀 ⴀ㈀㄀㐀㜀㐀㠀㌀㔀㘀㜀ഀഀ
10-05 20:12:32.156 7243 7243 I chatty : uid=11006(u0_a1006) identical 1 line ਍㄀ ⴀ 㔀 ㈀ 㨀㄀㈀㨀㌀㈀⸀㄀㜀㘀  㜀㈀㐀㌀  㜀㈀㐀㌀ 圀 儀琀 䄀㄀㄀夀 㨀 䄀挀挀攀猀猀椀戀椀氀椀琀礀一漀搀攀䤀渀昀漀 眀椀琀栀 攀洀瀀琀礀 挀漀渀琀攀渀琀䐀攀猀挀爀椀瀀琀椀漀渀㨀 ⴀ㈀㄀㐀㜀㐀㠀㌀㔀㘀㜀ഀഀ
10-05 20:12:32.191 3424 3650 D DnsProxyListener: DNSDBG::dns addrinfo af 2 ਍㄀ ⴀ 㔀 ㈀ 㨀㄀㈀㨀㌀㈀⸀㄀㤀㔀  ㌀㐀㈀㐀  ㌀㘀㔀  䐀 䐀渀猀倀爀漀砀礀䰀椀猀琀攀渀攀爀㨀 䐀一匀䐀䈀䜀㨀㨀搀渀猀 戀礀 渀愀洀攀 愀昀 ㈀ഀഀ
10-05 20:12:32.199 3424 3650 D DnsProxyListener: DNSDBG::dns by name af 2 ਍㄀ ⴀ 㔀 ㈀ 㨀㄀㈀㨀㌀㈀⸀㄀㤀㤀  㜀㈀㐀㌀  㜀㈀㐀㌀ 圀 儀琀 䄀㄀㄀夀 㨀 䄀挀挀攀猀猀椀戀椀氀椀琀礀一漀搀攀䤀渀昀漀 眀椀琀栀 攀洀瀀琀礀 挀漀渀琀攀渀琀䐀攀猀挀爀椀瀀琀椀漀渀㨀 ⴀ㈀㄀㐀㜀㐀㠀㌀㔀㘀㜀ഀഀ
10-05 20:12:32.220 7243 7243 W Qt A11Y : AccessibilityNodeInfo with empty contentDescription: -2147483567 ਍㄀ ⴀ 㔀 ㈀ 㨀㄀㈀㨀㌀㈀⸀㈀㈀㤀  㜀㈀㐀㌀  㜀㈀㜀㐀 䤀 圀椀渀䌀䌀开伀䄀㨀 圀䌀䌀伀䄀甀椀      ⠀㔀㜀⤀Ⰰ ㈀ ㄀㠀⸀㄀ ⸀ 㔀 ㈀ 㨀㄀㈀㨀㌀㈀⸀㈀ ㌀Ⰰ 倀䄀刀䄀䴀Ⰰ䤀一䘀伀Ⰰ         Ⰰ Ⰰ 匀攀琀琀椀渀最 洀攀猀猀愀最攀 挀漀洀瀀爀攀猀猀椀漀渀 昀漀爀 ⠀匀夀匀㨀   䐀愀琀愀 ⴀ渀甀洀   䌀伀一一㨀 ㄀⤀ 琀漀 稀氀椀戀ⴀ戀稀椀瀀㈀ഀഀ
10-05 20:12:32.241 7243 7243 W Qt A11Y : AccessibilityNodeInfo with empty contentDescription: -2147483567 ਍㄀ ⴀ 㔀 ㈀ 㨀㄀㈀㨀㌀㈀⸀㈀㐀㔀  㜀㈀㐀㌀  㜀㈀㜀㐀 䤀 圀椀渀䌀䌀开伀䄀㨀 圀䌀䌀伀䄀甀椀      ⠀㔀㜀⤀Ⰰ ㈀ ㄀㠀⸀㄀ ⸀ 㔀 ㈀ 㨀㄀㈀㨀㌀㈀⸀㈀㌀ Ⰰ 匀夀匀Ⰰ  䤀一䘀伀Ⰰ      ㄀㜀㌀Ⰰ 匀攀琀 琀栀攀 洀攀猀猀愀最攀 昀漀爀洀愀琀 漀昀 琀栀攀 挀漀渀渀攀挀琀椀漀渀 琀漀 ⠀匀夀匀㨀 ㄀ 䐀愀琀愀 ⴀ渀甀洀   䌀伀一一㨀 ㄀⤀ 琀漀 嘀攀爀猀⸀ ㌀ 䘀 ഀഀ
10-05 20:12:32.249 3424 3650 D DnsProxyListener: DNSDBG::dns addrinfo af 2 ਍㄀ ⴀ 㔀 ㈀ 㨀㄀㈀㨀㌀㈀⸀㈀㔀㘀  ㌀㐀㈀㐀  ㌀㘀㔀  䐀 䐀渀猀倀爀漀砀礀䰀椀猀琀攀渀攀爀㨀 䐀一匀䐀䈀䜀㨀㨀搀渀猀 愀搀搀爀椀渀昀漀 愀昀 ㈀ഀഀ
10-05 20:12:32.263 7243 7243 W Qt A11Y : AccessibilityNodeInfo with empty contentDescription: -2147483567 ਍㄀ ⴀ 㔀 ㈀ 㨀㄀㈀㨀㌀㈀⸀㈀㠀㐀  㜀㈀㐀㌀  㜀㈀㐀㌀ 圀 儀琀 䄀㄀㄀夀 㨀 䄀挀挀攀猀猀椀戀椀氀椀琀礀一漀搀攀䤀渀昀漀 眀椀琀栀 攀洀瀀琀礀 挀漀渀琀攀渀琀䐀攀猀挀爀椀瀀琀椀漀渀㨀 ⴀ㈀㄀㐀㜀㐀㠀㌀㔀㘀㜀ഀഀ
10-05 20:12:32.302 7243 7274 I WinCC_OA: WCCOAui (57), 2018.10.05 20:12:32.281, SYS, WARNING, 227, DpType Container file cache /data/user/0/com.siemens.winccoaui/cache/WinCCOA_Demo/data/ui_DpMsgTypeContainer.bin not found. Requesting the DpType Container from Data-Manager. ਍㄀ ⴀ 㔀 ㈀ 㨀㄀㈀㨀㌀㈀⸀㌀ 㔀  㜀㈀㐀㌀  㜀㈀㐀㌀ 圀 儀琀 䄀㄀㄀夀 㨀 䄀挀挀攀猀猀椀戀椀氀椀琀礀一漀搀攀䤀渀昀漀 眀椀琀栀 攀洀瀀琀礀 挀漀渀琀攀渀琀䐀攀猀挀爀椀瀀琀椀漀渀㨀 ⴀ㈀㄀㐀㜀㐀㠀㌀㔀㘀㜀ഀഀ
10-05 20:12:32.742 7243 7243 I chatty : uid=11006(u0_a1006) identical 19 lines ਍㄀ ⴀ 㔀 ㈀ 㨀㄀㈀㨀㌀㈀⸀㜀㘀㄀  㜀㈀㐀㌀  㜀㈀㐀㌀ 圀 儀琀 䄀㄀㄀夀 㨀 䄀挀挀攀猀猀椀戀椀氀椀琀礀一漀搀攀䤀渀昀漀 眀椀琀栀 攀洀瀀琀礀 挀漀渀琀攀渀琀䐀攀猀挀爀椀瀀琀椀漀渀㨀 ⴀ㈀㄀㐀㜀㐀㠀㌀㔀㘀㜀ഀഀ
10-05 20:12:32.774 7243 7274 I WinCC_OA: WCCOAui (57), 2018.10.05 20:12:32.753, SYS, INFO, 6, Initialization by Data Manager finished ਍㄀ ⴀ 㔀 ㈀ 㨀㄀㈀㨀㌀㈀⸀㜀㠀㄀  㜀㈀㐀㌀  㜀㈀㐀㌀ 圀 儀琀 䄀㄀㄀夀 㨀 䄀挀挀攀猀猀椀戀椀氀椀琀礀一漀搀攀䤀渀昀漀 眀椀琀栀 攀洀瀀琀礀 挀漀渀琀攀渀琀䐀攀猀挀爀椀瀀琀椀漀渀㨀 ⴀ㈀㄀㐀㜀㐀㠀㌀㔀㘀㜀ഀഀ
10-05 20:12:32.793 7243 7274 I WinCC_OA: WCCOAui (57), 2018.10.05 20:12:32.775, SYS, INFO, 3, Trying to connect to (SYS: 1 Event -num 0 CONN: 1) @ demo:4998 ਍㄀ ⴀ 㔀 ㈀ 㨀㄀㈀㨀㌀㈀⸀㜀㤀㐀  ㌀㐀㈀㐀  ㌀㘀㔀  䐀 䐀渀猀倀爀漀砀礀䰀椀猀琀攀渀攀爀㨀 䐀一匀䐀䈀䜀㨀㨀搀渀猀 愀搀搀爀椀渀昀漀 愀昀 ㈀ഀഀ
10-05 20:12:32.797 3424 3650 I chatty : uid=0(root) /system/bin/netd identical 1 line ਍㄀ ⴀ 㔀 ㈀ 㨀㄀㈀㨀㌀㈀⸀㠀    ㌀㐀㈀㐀  ㌀㘀㔀  䐀 䐀渀猀倀爀漀砀礀䰀椀猀琀攀渀攀爀㨀 䐀一匀䐀䈀䜀㨀㨀搀渀猀 愀搀搀爀椀渀昀漀 愀昀 ㈀ഀഀ
10-05 20:12:32.800 7243 7243 W Qt A11Y : AccessibilityNodeInfo with empty contentDescription: -2147483567 ਍㄀ ⴀ 㔀 ㈀ 㨀㄀㈀㨀㌀㈀⸀㠀 㔀  ㌀㐀㈀㐀  ㌀㘀㔀  䐀 䐀渀猀倀爀漀砀礀䰀椀猀琀攀渀攀爀㨀 䐀一匀䐀䈀䜀㨀㨀搀渀猀 愀搀搀爀椀渀昀漀 愀昀 ㈀ഀഀ
10-05 20:12:32.820 7243 7243 W Qt A11Y : AccessibilityNodeInfo with empty contentDescription: -2147483567 ਍㄀ ⴀ 㔀 ㈀ 㨀㄀㈀㨀㌀㈀⸀㤀㘀㈀  㜀㈀㐀㌀  㜀㈀㐀㌀ 䤀 挀栀愀琀琀礀  㨀 甀椀搀㴀㄀㄀  㘀⠀甀 开愀㄀  㘀⤀ 椀搀攀渀琀椀挀愀氀 㘀 氀椀渀攀猀ഀഀ
10-05 20:12:32.987 7243 7243 W Qt A11Y : AccessibilityNodeInfo with empty contentDescription: -2147483567 ਍㄀ ⴀ 㔀 ㈀ 㨀㄀㈀㨀㌀㌀⸀ ㄀㈀  ㌀㜀㜀㐀  ㌀㤀㘀㈀ 䐀 匀攀挀䌀漀渀琀攀渀琀倀爀漀瘀椀搀攀爀㈀㨀 焀甀攀爀礀⠀⤀Ⰰ 甀爀椀 㴀 ㈀  猀攀氀攀挀琀椀漀渀 㴀 最攀琀倀爀漀洀瀀琀䌀爀攀搀攀渀琀椀愀氀猀䔀渀愀戀氀攀搀ഀഀ
10-05 20:12:33.012 7243 7243 W Qt A11Y : AccessibilityNodeInfo with empty contentDescription: -2147483567 ਍㄀ ⴀ 㔀 ㈀ 㨀㄀㈀㨀㌀㌀⸀ ㄀㠀  㐀㐀㤀㔀  㐀㐀㤀㔀 䤀 眀瀀愀开猀甀瀀瀀氀椀挀愀渀琀㨀 圀倀䄀㨀 䜀爀漀甀瀀 爀攀欀攀礀椀渀最 挀漀洀瀀氀攀琀攀搀 眀椀琀栀 ㌀㠀⸀䔀㌀⸀㐀㄀ 嬀䜀吀䬀㴀䌀䌀䴀倀崀ഀഀ
10-05 20:12:33.030 3774 3962 D SecContentProvider2: query(), uri = 20 selection = getPromptCredentialsEnabled ਍㄀ ⴀ 㔀 ㈀ 㨀㄀㈀㨀㌀㌀⸀ ㌀㌀  㜀㈀㐀㌀  㜀㈀㐀㌀ 圀 儀琀 䄀㄀㄀夀 㨀 䄀挀挀攀猀猀椀戀椀氀椀琀礀一漀搀攀䤀渀昀漀 眀椀琀栀 攀洀瀀琀礀 挀漀渀琀攀渀琀䐀攀猀挀爀椀瀀琀椀漀渀㨀 ⴀ㈀㄀㐀㜀㐀㠀㌀㔀㘀㜀ഀഀ
10-05 20:12:33.275 7243 7243 I chatty : uid=11006(u0_a1006) identical 10 lines ਍㄀ ⴀ 㔀 ㈀ 㨀㄀㈀㨀㌀㌀⸀㈀㠀   ㌀㜀㜀㐀  㜀㈀㠀㌀ 䐀 䌀漀渀渀攀挀琀椀瘀椀琀礀匀攀爀瘀椀挀攀㨀 昀椀氀琀攀爀一攀琀眀漀爀欀匀琀愀琀攀䘀漀爀唀椀搀⠀⤀ 甀椀搀㨀 ㄀    渀攀琀眀漀爀欀䤀渀昀漀㨀 嬀琀礀瀀攀㨀 圀䤀䘀䤀嬀崀 ⴀ 圀䤀䘀䤀Ⰰ 猀琀愀琀攀㨀 䌀伀一一䔀䌀吀䔀䐀⼀䌀伀一一䔀䌀吀䔀䐀Ⰰ 爀攀愀猀漀渀㨀 ⠀甀渀猀瀀攀挀椀昀椀攀搀⤀Ⰰ 攀砀琀爀愀㨀 ∀䘀刀䤀吀娀℀䈀漀砀 䘀漀渀 圀䰀䄀一 㜀㌀㤀  ㈀Ⰰ㐀∀Ⰰ 昀愀椀氀漀瘀攀爀㨀 昀愀氀猀攀Ⰰ 愀瘀愀椀氀愀戀氀攀㨀 琀爀甀攀Ⰰ 爀漀愀洀椀渀最㨀 昀愀氀猀攀Ⰰ 洀攀琀攀爀攀搀㨀 昀愀氀猀攀崀ഀഀ
10-05 20:12:33.300 7243 7243 W Qt A11Y : AccessibilityNodeInfo with empty contentDescription: -2147483567 ਍㄀ ⴀ 㔀 ㈀ 㨀㄀㈀㨀㌀㌀⸀㌀ 㤀  ㌀㐀㄀㌀  ㌀㔀㘀㄀ 嘀 䄀倀䴀开䄀甀搀椀漀倀漀氀椀挀礀䴀愀渀愀最攀爀㨀 最攀琀䄀甀搀椀漀倀漀氀椀挀礀䌀漀渀昀椀最㨀 愀甀搀椀漀倀愀爀愀洀㬀愀挀琀椀瘀攀匀琀爀攀愀洀ഀഀ
10-05 20:12:33.311 3413 3561 V APM_AudioPolicyManager: ### active stream : 0 ਍㄀ ⴀ 㔀 ㈀ 㨀㄀㈀㨀㌀㌀⸀㌀㄀㈀  ㌀㜀㜀㐀  㜀㈀㠀㌀ 䐀 䄀甀搀椀漀匀攀爀瘀椀挀攀㨀 愀挀琀椀瘀攀 猀琀爀攀愀洀 椀猀  砀 ഀഀ
10-05 20:12:33.314 3413 3561 V APM_AudioPolicyManager: getAudioPolicyConfig: audioParam;outDevice ਍㄀ ⴀ 㔀 ㈀ 㨀㄀㈀㨀㌀㌀⸀㌀㄀㐀  ㌀㐀㄀㌀  ㌀㔀㘀㄀ 嘀 䄀倀䴀开䄀甀搀椀漀倀漀氀椀挀礀䴀愀渀愀最攀爀㨀 最攀琀一攀眀伀甀琀瀀甀琀䐀攀瘀椀挀攀⠀⤀ 猀攀氀攀挀琀攀搀 搀攀瘀椀挀攀  ഀഀ
10-05 20:12:33.314 3413 3561 V APM_AudioPolicyManager: ### curdevice : 2 ਍㄀ ⴀ 㔀 ㈀ 㨀㄀㈀㨀㌀㌀⸀㌀㈀㌀  ㌀㜀㜀㐀  㜀㈀㠀㌀ 䐀 匀匀刀䴀㨀欀  㨀 䄀吀䌀㨀 瀀漀眀攀爀 㴀 䄀倀开䌀倀 㴀 㘀㤀㘀Ⰰ 䐀椀猀瀀氀愀礀 㴀 㠀⠀倀愀渀攀氀㨀ⴀ㤀㤀㤀Ⰰ 䰀䐀䤀猀㨀ⴀ㤀㤀㤀⤀Ⰰ 圀䤀䘀䤀 㴀 ⴀ㤀㤀㤀Ⰰ 匀倀䬀 㴀  Ⰰ 刀䌀嘀 㴀  Ⰰ 䌀愀洀攀爀愀 㴀  Ⰰ 倀䄀䴀 㴀  ഀഀ
10-05 20:12:33.323 3774 7283 D SSRM:k : ATC: current = AP_CP = 174, Display = 3, WIFI = -249, SPK = 0,RCV = 0, Camera = 0, PAM = 0 ਍㄀ ⴀ 㔀 ㈀ 㨀㄀㈀㨀㌀㌀⸀㌀㈀㔀  㜀㈀㐀㌀  㜀㈀㐀㌀ 圀 儀琀 䄀㄀㄀夀 㨀 䄀挀挀攀猀猀椀戀椀氀椀琀礀一漀搀攀䤀渀昀漀 眀椀琀栀 攀洀瀀琀礀 挀漀渀琀攀渀琀䐀攀猀挀爀椀瀀琀椀漀渀㨀 ⴀ㈀㄀㐀㜀㐀㠀㌀㔀㘀㜀ഀഀ
10-05 20:12:33.339 3774 7283 D SSRM:k : ATC: Ambient Temperature = 26,49, Skin temperature = F_AP[28,40], F_RF[28,30], B_AP[28,50], B_RF[28,30], B_WIFI[27,80], B_SPK[27,60] ਍㄀ ⴀ 㔀 ㈀ 㨀㄀㈀㨀㌀㌀⸀㔀㄀   㜀㈀㐀㌀  㜀㈀㐀㌀ 䤀 挀栀愀琀琀礀  㨀 甀椀搀㴀㄀㄀  㘀⠀甀 开愀㄀  㘀⤀ 椀搀攀渀琀椀挀愀氀 㠀 氀椀渀攀猀ഀഀ
10-05 20:12:33.530 7243 7243 W Qt A11Y : AccessibilityNodeInfo with empty contentDescription: -2147483567 ਍㄀ ⴀ 㔀 ㈀ 㨀㄀㈀㨀㌀㌀⸀㔀㌀㜀  ㌀㐀㈀㐀  ㌀㘀㔀  䐀 䐀渀猀倀爀漀砀礀䰀椀猀琀攀渀攀爀㨀 䐀一匀䐀䈀䜀㨀㨀搀渀猀 愀搀搀爀椀渀昀漀 愀昀 ㈀ഀഀ
10-05 20:12:33.539 3424 3650 D DnsProxyListener: DNSDBG::dns by name af 2 ਍㄀ ⴀ 㔀 ㈀ 㨀㄀㈀㨀㌀㌀⸀㔀㐀㄀  ㌀㐀㈀㐀  ㌀㘀㔀  䐀 䐀渀猀倀爀漀砀礀䰀椀猀琀攀渀攀爀㨀 䐀一匀䐀䈀䜀㨀㨀搀渀猀 戀礀 渀愀洀攀 愀昀 ㈀ഀഀ
10-05 20:12:33.550 7243 7243 W Qt A11Y : AccessibilityNodeInfo with empty contentDescription: -2147483567 ਍㄀ ⴀ 㔀 ㈀ 㨀㄀㈀㨀㌀㌀⸀㔀㘀㤀  㜀㈀㐀㌀  㜀㈀㐀㌀ 圀 儀琀 䄀㄀㄀夀 㨀 䄀挀挀攀猀猀椀戀椀氀椀琀礀一漀搀攀䤀渀昀漀 眀椀琀栀 攀洀瀀琀礀 挀漀渀琀攀渀琀䐀攀猀挀爀椀瀀琀椀漀渀㨀 ⴀ㈀㄀㐀㜀㐀㠀㌀㔀㘀㜀ഀഀ
10-05 20:12:33.572 7243 7274 I WinCC_OA: WCCOAui (57), 2018.10.05 20:12:33.542, SYS, INFO, 4, Connected to (SYS: 1 Event -num 0 CONN: 1) @ 52.57.78.242 (52.57.78.242) ਍㄀ ⴀ 㔀 ㈀ 㨀㄀㈀㨀㌀㌀⸀㔀㜀㐀  ㌀㌀㤀㐀  ㌀㌀㤀㐀 䔀 愀甀搀椀琀   㨀 琀礀瀀攀㴀㄀㐀   愀甀搀椀琀⠀㄀㔀㌀㠀㜀㘀㌀㄀㔀㌀⸀㔀㘀㤀㨀㄀ 㘀㐀⤀㨀 愀瘀挀㨀  搀攀渀椀攀搀  笀 椀漀挀琀氀 紀 昀漀爀  瀀椀搀㴀㜀㈀㐀㌀ 挀漀洀洀㴀∀儀琀吀栀爀攀愀搀∀ 瀀愀琀栀㴀∀猀漀挀欀攀琀㨀嬀㌀㄀㌀㐀㜀㈀崀∀ 搀攀瘀㴀∀猀漀挀欀昀猀∀ 椀渀漀㴀㌀㄀㌀㐀㜀㈀ 椀漀挀琀氀挀洀搀㴀㠀㤀㈀㜀 猀挀漀渀琀攀砀琀㴀甀㨀爀㨀甀渀琀爀甀猀琀攀搀开愀瀀瀀开㈀㔀㨀猀 㨀挀㔀㄀㈀Ⰰ挀㜀㘀㠀 琀挀漀渀琀攀砀琀㴀甀㨀爀㨀甀渀琀爀甀猀琀攀搀开愀瀀瀀开㈀㔀㨀猀 㨀挀㔀㄀㈀Ⰰ挀㜀㘀㠀 琀挀氀愀猀猀㴀甀搀瀀开猀漀挀欀攀琀 瀀攀爀洀椀猀猀椀瘀攀㴀  匀䔀倀䘀开匀䴀ⴀ䜀㤀㔀 䘀开㠀⸀ ⸀ 开  ㄀㌀ 愀甀搀椀琀开昀椀氀琀攀爀攀搀ഀഀ
10-05 20:12:33.574 3394 3394 E audit : type=1400 audit(1538763153.569:1065): avc: denied { ioctl } for pid=7243 comm="QtThread" path="socket:[313473]" dev="sockfs" ino=313473 ioctlcmd=8927 scontext=u:r:untrusted_app_25:s0:c512,c768 tcontext=u:r:untrusted_app_25:s0:c512,c768 tclass=udp_socket permissive=0 SEPF_SM-G950F_8.0.0_0013 audit_filtered ਍㄀ ⴀ 㔀 ㈀ 㨀㄀㈀㨀㌀㌀⸀㔀㜀㐀  ㌀㌀㤀㐀  ㌀㌀㤀㐀 䔀 愀甀搀椀琀   㨀 琀礀瀀攀㴀㄀㐀   愀甀搀椀琀⠀㄀㔀㌀㠀㜀㘀㌀㄀㔀㌀⸀㔀㘀㤀㨀㄀ 㘀㘀⤀㨀 愀瘀挀㨀  搀攀渀椀攀搀  笀 椀漀挀琀氀 紀 昀漀爀  瀀椀搀㴀㜀㈀㐀㌀ 挀漀洀洀㴀∀儀琀吀栀爀攀愀搀∀ 瀀愀琀栀㴀∀猀漀挀欀攀琀㨀嬀㌀㄀㌀㐀㜀㐀崀∀ 搀攀瘀㴀∀猀漀挀欀昀猀∀ 椀渀漀㴀㌀㄀㌀㐀㜀㐀 椀漀挀琀氀挀洀搀㴀㠀㤀㈀㜀 猀挀漀渀琀攀砀琀㴀甀㨀爀㨀甀渀琀爀甀猀琀攀搀开愀瀀瀀开㈀㔀㨀猀 㨀挀㔀㄀㈀Ⰰ挀㜀㘀㠀 琀挀漀渀琀攀砀琀㴀甀㨀爀㨀甀渀琀爀甀猀琀攀搀开愀瀀瀀开㈀㔀㨀猀 㨀挀㔀㄀㈀Ⰰ挀㜀㘀㠀 琀挀氀愀猀猀㴀甀搀瀀开猀漀挀欀攀琀 瀀攀爀洀椀猀猀椀瘀攀㴀  匀䔀倀䘀开匀䴀ⴀ䜀㤀㔀 䘀开㠀⸀ ⸀ 开  ㄀㌀ 愀甀搀椀琀开昀椀氀琀攀爀攀搀ഀഀ
10-05 20:12:33.575 3394 3394 E audit : type=1400 audit(1538763153.569:1067): avc: denied { ioctl } for pid=7243 comm="QtThread" path="socket:[313475]" dev="sockfs" ino=313475 ioctlcmd=8927 scontext=u:r:untrusted_app_25:s0:c512,c768 tcontext=u:r:untrusted_app_25:s0:c512,c768 tclass=udp_socket permissive=0 SEPF_SM-G950F_8.0.0_0013 audit_filtered ਍㄀ ⴀ 㔀 ㈀ 㨀㄀㈀㨀㌀㌀⸀㔀㜀㔀  ㌀㌀㤀㐀  ㌀㌀㤀㐀 䔀 愀甀搀椀琀   㨀 琀礀瀀攀㴀㄀㐀   愀甀搀椀琀⠀㄀㔀㌀㠀㜀㘀㌀㄀㔀㌀⸀㔀㘀㤀㨀㄀ 㘀㠀⤀㨀 愀瘀挀㨀  搀攀渀椀攀搀  笀 椀漀挀琀氀 紀 昀漀爀  瀀椀搀㴀㜀㈀㐀㌀ 挀漀洀洀㴀∀儀琀吀栀爀攀愀搀∀ 瀀愀琀栀㴀∀猀漀挀欀攀琀㨀嬀㌀㄀㌀㐀㜀㘀崀∀ 搀攀瘀㴀∀猀漀挀欀昀猀∀ 椀渀漀㴀㌀㄀㌀㐀㜀㘀 椀漀挀琀氀挀洀搀㴀㠀㤀㈀㜀 猀挀漀渀琀攀砀琀㴀甀㨀爀㨀甀渀琀爀甀猀琀攀搀开愀瀀瀀开㈀㔀㨀猀 㨀挀㔀㄀㈀Ⰰ挀㜀㘀㠀 琀挀漀渀琀攀砀琀㴀甀㨀爀㨀甀渀琀爀甀猀琀攀搀开愀瀀瀀开㈀㔀㨀猀 㨀挀㔀㄀㈀Ⰰ挀㜀㘀㠀 琀挀氀愀猀猀㴀甀搀瀀开猀漀挀欀攀琀 瀀攀爀洀椀猀猀椀瘀攀㴀  匀䔀倀䘀开匀䴀ⴀ䜀㤀㔀 䘀开㠀⸀ ⸀ 开  ㄀㌀ 愀甀搀椀琀开昀椀氀琀攀爀攀搀ഀഀ
10-05 20:12:33.575 3394 3394 E audit : type=1400 audit(1538763153.569:1069): avc: denied { ioctl } for pid=7243 comm="QtThread" path="socket:[313477]" dev="sockfs" ino=313477 ioctlcmd=8927 scontext=u:r:untrusted_app_25:s0:c512,c768 tcontext=u:r:untrusted_app_25:s0:c512,c768 tclass=udp_socket permissive=0 SEPF_SM-G950F_8.0.0_0013 audit_filtered ਍㄀ ⴀ 㔀 ㈀ 㨀㄀㈀㨀㌀㌀⸀㔀㜀㔀  ㌀㌀㤀㐀  ㌀㌀㤀㐀 䔀 愀甀搀椀琀   㨀 琀礀瀀攀㴀㄀㐀   愀甀搀椀琀⠀㄀㔀㌀㠀㜀㘀㌀㄀㔀㌀⸀㔀㘀㤀㨀㄀ 㜀 ⤀㨀 愀瘀挀㨀  搀攀渀椀攀搀  笀 椀漀挀琀氀 紀 昀漀爀  瀀椀搀㴀㜀㈀㐀㌀ 挀漀洀洀㴀∀儀琀吀栀爀攀愀搀∀ 瀀愀琀栀㴀∀猀漀挀欀攀琀㨀嬀㌀㄀㌀㐀㜀㠀崀∀ 搀攀瘀㴀∀猀漀挀欀昀猀∀ 椀渀漀㴀㌀㄀㌀㐀㜀㠀 椀漀挀琀氀挀洀搀㴀㠀㤀㈀㜀 猀挀漀渀琀攀砀琀㴀甀㨀爀㨀甀渀琀爀甀猀琀攀搀开愀瀀瀀开㈀㔀㨀猀 㨀挀㔀㄀㈀Ⰰ挀㜀㘀㠀 琀挀漀渀琀攀砀琀㴀甀㨀爀㨀甀渀琀爀甀猀琀攀搀开愀瀀瀀开㈀㔀㨀猀 㨀挀㔀㄀㈀Ⰰ挀㜀㘀㠀 琀挀氀愀猀猀㴀甀搀瀀开猀漀挀欀攀琀 瀀攀爀洀椀猀猀椀瘀攀㴀  匀䔀倀䘀开匀䴀ⴀ䜀㤀㔀 䘀开㠀⸀ ⸀ 开  ㄀㌀ 愀甀搀椀琀开昀椀氀琀攀爀攀搀ഀഀ
10-05 20:12:33.575 3394 3394 E audit : type=1400 audit(1538763153.569:1071): avc: denied { ioctl } for pid=7243 comm="QtThread" path="socket:[313479]" dev="sockfs" ino=313479 ioctlcmd=8927 scontext=u:r:untrusted_app_25:s0:c512,c768 tcontext=u:r:untrusted_app_25:s0:c512,c768 tclass=udp_socket permissive=0 SEPF_SM-G950F_8.0.0_0013 audit_filtered ਍㄀ ⴀ 㔀 ㈀ 㨀㄀㈀㨀㌀㌀⸀㔀㜀㔀  ㌀㌀㤀㐀  ㌀㌀㤀㐀 䔀 愀甀搀椀琀   㨀 琀礀瀀攀㴀㄀㐀   愀甀搀椀琀⠀㄀㔀㌀㠀㜀㘀㌀㄀㔀㌀⸀㔀㘀㤀㨀㄀ 㜀㈀⤀㨀 愀瘀挀㨀  搀攀渀椀攀搀  笀 椀漀挀琀氀 紀 昀漀爀  瀀椀搀㴀㜀㈀㐀㌀ 挀漀洀洀㴀∀儀琀吀栀爀攀愀搀∀ 瀀愀琀栀㴀∀猀漀挀欀攀琀㨀嬀㌀㄀㌀㐀㠀 崀∀ 搀攀瘀㴀∀猀漀挀欀昀猀∀ 椀渀漀㴀㌀㄀㌀㐀㠀  椀漀挀琀氀挀洀搀㴀㠀㤀㈀㜀 猀挀漀渀琀攀砀琀㴀甀㨀爀㨀甀渀琀爀甀猀琀攀搀开愀瀀瀀开㈀㔀㨀猀 㨀挀㔀㄀㈀Ⰰ挀㜀㘀㠀 琀挀漀渀琀攀砀琀㴀甀㨀爀㨀甀渀琀爀甀猀琀攀搀开愀瀀瀀开㈀㔀㨀猀 㨀挀㔀㄀㈀Ⰰ挀㜀㘀㠀 琀挀氀愀猀猀㴀甀搀瀀开猀漀挀欀攀琀 瀀攀爀洀椀猀猀椀瘀攀㴀  匀䔀倀䘀开匀䴀ⴀ䜀㤀㔀 䘀开㠀⸀ ⸀ 开  ㄀㌀ 愀甀搀椀琀开昀椀氀琀攀爀攀搀ഀഀ
10-05 20:12:33.575 3394 3394 E audit : type=1400 audit(1538763153.573:1073): avc: denied { ioctl } for pid=7243 comm="QtThread" path="socket:[313481]" dev="sockfs" ino=313481 ioctlcmd=8927 scontext=u:r:untrusted_app_25:s0:c512,c768 tcontext=u:r:untrusted_app_25:s0:c512,c768 tclass=udp_socket permissive=0 SEPF_SM-G950F_8.0.0_0013 audit_filtered ਍㄀ ⴀ 㔀 ㈀ 㨀㄀㈀㨀㌀㌀⸀㔀㜀㔀  ㌀㌀㤀㐀  ㌀㌀㤀㐀 䔀 愀甀搀椀琀   㨀 琀礀瀀攀㴀㄀㐀   愀甀搀椀琀⠀㄀㔀㌀㠀㜀㘀㌀㄀㔀㌀⸀㔀㜀㌀㨀㄀ 㜀㐀⤀㨀 愀瘀挀㨀  搀攀渀椀攀搀  笀 椀漀挀琀氀 紀 昀漀爀  瀀椀搀㴀㜀㈀㐀㌀ 挀漀洀洀㴀∀儀琀吀栀爀攀愀搀∀ 瀀愀琀栀㴀∀猀漀挀欀攀琀㨀嬀㌀㄀㌀㐀㠀㈀崀∀ 搀攀瘀㴀∀猀漀挀欀昀猀∀ 椀渀漀㴀㌀㄀㌀㐀㠀㈀ 椀漀挀琀氀挀洀搀㴀㠀㤀㈀㜀 猀挀漀渀琀攀砀琀㴀甀㨀爀㨀甀渀琀爀甀猀琀攀搀开愀瀀瀀开㈀㔀㨀猀 㨀挀㔀㄀㈀Ⰰ挀㜀㘀㠀 琀挀漀渀琀攀砀琀㴀甀㨀爀㨀甀渀琀爀甀猀琀攀搀开愀瀀瀀开㈀㔀㨀猀 㨀挀㔀㄀㈀Ⰰ挀㜀㘀㠀 琀挀氀愀猀猀㴀甀搀瀀开猀漀挀欀攀琀 瀀攀爀洀椀猀猀椀瘀攀㴀  匀䔀倀䘀开匀䴀ⴀ䜀㤀㔀 䘀开㠀⸀ ⸀ 开  ㄀㌀ 愀甀搀椀琀开昀椀氀琀攀爀攀搀ഀഀ
10-05 20:12:33.575 3394 3394 E audit : type=1400 audit(1538763153.573:1075): avc: denied { ioctl } for pid=7243 comm="QtThread" path="socket:[313483]" dev="sockfs" ino=313483 ioctlcmd=8927 scontext=u:r:untrusted_app_25:s0:c512,c768 tcontext=u:r:untrusted_app_25:s0:c512,c768 tclass=udp_socket permissive=0 SEPF_SM-G950F_8.0.0_0013 audit_filtered ਍㄀ ⴀ 㔀 ㈀ 㨀㄀㈀㨀㌀㌀⸀㔀㜀㔀  ㌀㌀㤀㐀  ㌀㌀㤀㐀 䔀 愀甀搀椀琀   㨀 琀礀瀀攀㴀㄀㐀   愀甀搀椀琀⠀㄀㔀㌀㠀㜀㘀㌀㄀㔀㌀⸀㔀㜀㌀㨀㄀ 㜀㘀⤀㨀 愀瘀挀㨀  搀攀渀椀攀搀  笀 椀漀挀琀氀 紀 昀漀爀  瀀椀搀㴀㜀㈀㐀㌀ 挀漀洀洀㴀∀儀琀吀栀爀攀愀搀∀ 瀀愀琀栀㴀∀猀漀挀欀攀琀㨀嬀㌀㄀㌀㐀㠀㐀崀∀ 搀攀瘀㴀∀猀漀挀欀昀猀∀ 椀渀漀㴀㌀㄀㌀㐀㠀㐀 椀漀挀琀氀挀洀搀㴀㠀㤀㈀㜀 猀挀漀渀琀攀砀琀㴀甀㨀爀㨀甀渀琀爀甀猀琀攀搀开愀瀀瀀开㈀㔀㨀猀 㨀挀㔀㄀㈀Ⰰ挀㜀㘀㠀 琀挀漀渀琀攀砀琀㴀甀㨀爀㨀甀渀琀爀甀猀琀攀搀开愀瀀瀀开㈀㔀㨀猀 㨀挀㔀㄀㈀Ⰰ挀㜀㘀㠀 琀挀氀愀猀猀㴀甀搀瀀开猀漀挀欀攀琀 瀀攀爀洀椀猀猀椀瘀攀㴀  匀䔀倀䘀开匀䴀ⴀ䜀㤀㔀 䘀开㠀⸀ ⸀ 开  ㄀㌀ 愀甀搀椀琀开昀椀氀琀攀爀攀搀ഀഀ
10-05 20:12:33.575 3394 3394 E audit : type=1400 audit(1538763153.573:1077): avc: denied { ioctl } for pid=7243 comm="QtThread" path="socket:[313485]" dev="sockfs" ino=313485 ioctlcmd=8927 scontext=u:r:untrusted_app_25:s0:c512,c768 tcontext=u:r:untrusted_app_25:s0:c512,c768 tclass=udp_socket permissive=0 SEPF_SM-G950F_8.0.0_0013 audit_filtered ਍㄀ ⴀ 㔀 ㈀ 㨀㄀㈀㨀㌀㌀⸀㔀㜀㘀  ㌀㌀㤀㐀  ㌀㌀㤀㐀 䔀 愀甀搀椀琀   㨀 琀礀瀀攀㴀㄀㐀   愀甀搀椀琀⠀㄀㔀㌀㠀㜀㘀㌀㄀㔀㌀⸀㔀㜀㌀㨀㄀ 㜀㠀⤀㨀 愀瘀挀㨀  搀攀渀椀攀搀  笀 椀漀挀琀氀 紀 昀漀爀  瀀椀搀㴀㜀㈀㐀㌀ 挀漀洀洀㴀∀儀琀吀栀爀攀愀搀∀ 瀀愀琀栀㴀∀猀漀挀欀攀琀㨀嬀㌀㄀㌀㐀㠀㘀崀∀ 搀攀瘀㴀∀猀漀挀欀昀猀∀ 椀渀漀㴀㌀㄀㌀㐀㠀㘀 椀漀挀琀氀挀洀搀㴀㠀㤀㈀㜀 猀挀漀渀琀攀砀琀㴀甀㨀爀㨀甀渀琀爀甀猀琀攀搀开愀瀀瀀开㈀㔀㨀猀 㨀挀㔀㄀㈀Ⰰ挀㜀㘀㠀 琀挀漀渀琀攀砀琀㴀甀㨀爀㨀甀渀琀爀甀猀琀攀搀开愀瀀瀀开㈀㔀㨀猀 㨀挀㔀㄀㈀Ⰰ挀㜀㘀㠀 琀挀氀愀猀猀㴀甀搀瀀开猀漀挀欀攀琀 瀀攀爀洀椀猀猀椀瘀攀㴀  匀䔀倀䘀开匀䴀ⴀ䜀㤀㔀 䘀开㠀⸀ ⸀ 开  ㄀㌀ 愀甀搀椀琀开昀椀氀琀攀爀攀搀ഀഀ
10-05 20:12:33.576 3394 3394 E audit : type=1400 audit(1538763153.573:1079): avc: denied { ioctl } for pid=7243 comm="QtThread" path="socket:[313487]" dev="sockfs" ino=313487 ioctlcmd=8927 scontext=u:r:untrusted_app_25:s0:c512,c768 tcontext=u:r:untrusted_app_25:s0:c512,c768 tclass=udp_socket permissive=0 SEPF_SM-G950F_8.0.0_0013 audit_filtered ਍㄀ ⴀ 㔀 ㈀ 㨀㄀㈀㨀㌀㌀⸀㔀㜀㘀  ㌀㌀㤀㐀  ㌀㌀㤀㐀 䔀 愀甀搀椀琀   㨀 琀礀瀀攀㴀㄀㐀   愀甀搀椀琀⠀㄀㔀㌀㠀㜀㘀㌀㄀㔀㌀⸀㔀㜀㌀㨀㄀ 㠀 ⤀㨀 愀瘀挀㨀  搀攀渀椀攀搀  笀 椀漀挀琀氀 紀 昀漀爀  瀀椀搀㴀㜀㈀㐀㌀ 挀漀洀洀㴀∀儀琀吀栀爀攀愀搀∀ 瀀愀琀栀㴀∀猀漀挀欀攀琀㨀嬀㌀㄀㌀㐀㠀㠀崀∀ 搀攀瘀㴀∀猀漀挀欀昀猀∀ 椀渀漀㴀㌀㄀㌀㐀㠀㠀 椀漀挀琀氀挀洀搀㴀㠀㤀㈀㜀 猀挀漀渀琀攀砀琀㴀甀㨀爀㨀甀渀琀爀甀猀琀攀搀开愀瀀瀀开㈀㔀㨀猀 㨀挀㔀㄀㈀Ⰰ挀㜀㘀㠀 琀挀漀渀琀攀砀琀㴀甀㨀爀㨀甀渀琀爀甀猀琀攀搀开愀瀀瀀开㈀㔀㨀猀 㨀挀㔀㄀㈀Ⰰ挀㜀㘀㠀 琀挀氀愀猀猀㴀甀搀瀀开猀漀挀欀攀琀 瀀攀爀洀椀猀猀椀瘀攀㴀  匀䔀倀䘀开匀䴀ⴀ䜀㤀㔀 䘀开㠀⸀ ⸀ 开  ㄀㌀ 愀甀搀椀琀开昀椀氀琀攀爀攀搀ഀഀ
10-05 20:12:33.576 3394 3394 E audit : type=1400 audit(1538763153.573:1081): avc: denied { ioctl } for pid=7243 comm="QtThread" path="socket:[313489]" dev="sockfs" ino=313489 ioctlcmd=8927 scontext=u:r:untrusted_app_25:s0:c512,c768 tcontext=u:r:untrusted_app_25:s0:c512,c768 tclass=udp_socket permissive=0 SEPF_SM-G950F_8.0.0_0013 audit_filtered ਍㄀ ⴀ 㔀 ㈀ 㨀㄀㈀㨀㌀㌀⸀㔀㜀㘀  ㌀㌀㤀㐀  ㌀㌀㤀㐀 䔀 愀甀搀椀琀   㨀 琀礀瀀攀㴀㄀㐀   愀甀搀椀琀⠀㄀㔀㌀㠀㜀㘀㌀㄀㔀㌀⸀㔀㜀㌀㨀㄀ 㠀㈀⤀㨀 愀瘀挀㨀  搀攀渀椀攀搀  笀 椀漀挀琀氀 紀 昀漀爀  瀀椀搀㴀㜀㈀㐀㌀ 挀漀洀洀㴀∀儀琀吀栀爀攀愀搀∀ 瀀愀琀栀㴀∀猀漀挀欀攀琀㨀嬀㌀㄀㌀㐀㤀 崀∀ 搀攀瘀㴀∀猀漀挀欀昀猀∀ 椀渀漀㴀㌀㄀㌀㐀㤀  椀漀挀琀氀挀洀搀㴀㠀㤀㈀㜀 猀挀漀渀琀攀砀琀㴀甀㨀爀㨀甀渀琀爀甀猀琀攀搀开愀瀀瀀开㈀㔀㨀猀 㨀挀㔀㄀㈀Ⰰ挀㜀㘀㠀 琀挀漀渀琀攀砀琀㴀甀㨀爀㨀甀渀琀爀甀猀琀攀搀开愀瀀瀀开㈀㔀㨀猀 㨀挀㔀㄀㈀Ⰰ挀㜀㘀㠀 琀挀氀愀猀猀㴀甀搀瀀开猀漀挀欀攀琀 瀀攀爀洀椀猀猀椀瘀攀㴀  匀䔀倀䘀开匀䴀ⴀ䜀㤀㔀 䘀开㠀⸀ ⸀ 开  ㄀㌀ 愀甀搀椀琀开昀椀氀琀攀爀攀搀ഀഀ
10-05 20:12:33.589 7243 7243 W Qt A11Y : AccessibilityNodeInfo with empty contentDescription: -2147483567 ਍㄀ ⴀ 㔀 ㈀ 㨀㄀㈀㨀㌀㌀⸀㘀㈀㜀  㜀㈀㐀㌀  㜀㈀㐀㌀ 䤀 挀栀愀琀琀礀  㨀 甀椀搀㴀㄀㄀  㘀⠀甀 开愀㄀  㘀⤀ 椀搀攀渀琀椀挀愀氀 ㈀ 氀椀渀攀猀ഀഀ
10-05 20:12:33.649 7243 7243 W Qt A11Y : AccessibilityNodeInfo with empty contentDescription: -2147483567 ਍㄀ ⴀ 㔀 ㈀ 㨀㄀㈀㨀㌀㌀⸀㘀㘀㐀  ㌀㐀㈀㐀  ㌀㘀㔀  䐀 䐀渀猀倀爀漀砀礀䰀椀猀琀攀渀攀爀㨀 䐀一匀䐀䈀䜀㨀㨀搀渀猀 愀搀搀爀椀渀昀漀 愀昀 ㈀ഀഀ
10-05 20:12:33.670 3424 3650 D DnsProxyListener: DNSDBG::dns by name af 2 ਍㄀ ⴀ 㔀 ㈀ 㨀㄀㈀㨀㌀㌀⸀㘀㜀㄀  㜀㈀㐀㌀  㜀㈀㐀㌀ 圀 儀琀 䄀㄀㄀夀 㨀 䄀挀挀攀猀猀椀戀椀氀椀琀礀一漀搀攀䤀渀昀漀 眀椀琀栀 攀洀瀀琀礀 挀漀渀琀攀渀琀䐀攀猀挀爀椀瀀琀椀漀渀㨀 ⴀ㈀㄀㐀㜀㐀㠀㌀㔀㘀㜀ഀഀ
10-05 20:12:33.673 3424 3650 D DnsProxyListener: DNSDBG::dns by name af 2 ਍㄀ ⴀ 㔀 ㈀ 㨀㄀㈀㨀㌀㌀⸀㘀㤀㌀  㜀㈀㐀㌀  㜀㈀㐀㌀ 圀 儀琀 䄀㄀㄀夀 㨀 䄀挀挀攀猀猀椀戀椀氀椀琀礀一漀搀攀䤀渀昀漀 眀椀琀栀 攀洀瀀琀礀 挀漀渀琀攀渀琀䐀攀猀挀爀椀瀀琀椀漀渀㨀 ⴀ㈀㄀㐀㜀㐀㠀㌀㔀㘀㜀ഀഀ
10-05 20:12:33.704 7243 7274 I WinCC_OA: WCCOAui (57), 2018.10.05 20:12:33.677, PARAM,INFO, 0, , Setting message compression for (SYS: 1 Event -num 0 CONN: 1) to zlib-bzip2 ਍㄀ ⴀ 㔀 ㈀ 㨀㄀㈀㨀㌀㌀⸀㜀㄀㔀  㜀㈀㐀㌀  㜀㈀㐀㌀ 圀 儀琀 䄀㄀㄀夀 㨀 䄀挀挀攀猀猀椀戀椀氀椀琀礀一漀搀攀䤀渀昀漀 眀椀琀栀 攀洀瀀琀礀 挀漀渀琀攀渀琀䐀攀猀挀爀椀瀀琀椀漀渀㨀 ⴀ㈀㄀㐀㜀㐀㠀㌀㔀㘀㜀ഀഀ
10-05 20:12:33.718 7243 7274 I WinCC_OA: WCCOAui (57), 2018.10.05 20:12:33.705, SYS, INFO, 173, Set the message format of the connection to (SYS: 1 Event -num 0 CONN: 1) to Vers. 30F0 ਍㄀ ⴀ 㔀 ㈀ 㨀㄀㈀㨀㌀㌀⸀㜀㈀   ㌀㐀㈀㐀  ㌀㘀㔀  䐀 䐀渀猀倀爀漀砀礀䰀椀猀琀攀渀攀爀㨀 䐀一匀䐀䈀䜀㨀㨀搀渀猀 愀搀搀爀椀渀昀漀 愀昀 ㈀ഀഀ
10-05 20:12:33.727 3424 3650 D DnsProxyListener: DNSDBG::dns addrinfo af 2 ਍㄀ ⴀ 㔀 ㈀ 㨀㄀㈀㨀㌀㌀⸀㜀㌀㔀  㜀㈀㐀㌀  㜀㈀㐀㌀ 圀 儀琀 䄀㄀㄀夀 㨀 䄀挀挀攀猀猀椀戀椀氀椀琀礀一漀搀攀䤀渀昀漀 眀椀琀栀 攀洀瀀琀礀 挀漀渀琀攀渀琀䐀攀猀挀爀椀瀀琀椀漀渀㨀 ⴀ㈀㄀㐀㜀㐀㠀㌀㔀㘀㜀ഀഀ
10-05 20:12:33.756 7243 7243 W Qt A11Y : AccessibilityNodeInfo with empty contentDescription: -2147483567 ਍㄀ ⴀ 㔀 ㈀ 㨀㄀㈀㨀㌀㌀⸀㜀㘀㈀  㜀㈀㐀㌀  㜀㈀㜀㐀 䤀 圀椀渀䌀䌀开伀䄀㨀 圀䌀䌀伀䄀甀椀      ⠀㔀㜀⤀Ⰰ ㈀ ㄀㠀⸀㄀ ⸀ 㔀 ㈀ 㨀㄀㈀㨀㌀㌀⸀㜀㔀 Ⰰ 匀夀匀Ⰰ  䤀一䘀伀Ⰰ      ㄀ ㈀Ⰰ 圀愀椀琀椀渀最 昀漀爀 甀猀攀爀 渀愀洀攀猀⼀瀀愀猀猀眀漀爀搀猀ഀഀ
10-05 20:12:33.776 3774 7283 D SSRM:h : SIOP:: AP = 310, PST = 294 (W:15), BAT = 290, USB = 282, CHG = 305, CP = 292 ਍㄀ ⴀ 㔀 ㈀ 㨀㄀㈀㨀㌀㌀⸀㜀㜀㜀  㜀㈀㐀㌀  㜀㈀㐀㌀ 圀 儀琀 䄀㄀㄀夀 㨀 䄀挀挀攀猀猀椀戀椀氀椀琀礀一漀搀攀䤀渀昀漀 眀椀琀栀 攀洀瀀琀礀 挀漀渀琀攀渀琀䐀攀猀挀爀椀瀀琀椀漀渀㨀 ⴀ㈀㄀㐀㜀㐀㠀㌀㔀㘀㜀ഀഀ
10-05 20:12:33.819 7243 7243 I chatty : uid=11006(u0_a1006) identical 2 lines ਍㄀ ⴀ 㔀 ㈀ 㨀㄀㈀㨀㌀㌀⸀㠀㌀㤀  㜀㈀㐀㌀  㜀㈀㐀㌀ 圀 儀琀 䄀㄀㄀夀 㨀 䄀挀挀攀猀猀椀戀椀氀椀琀礀一漀搀攀䤀渀昀漀 眀椀琀栀 攀洀瀀琀礀 挀漀渀琀攀渀琀䐀攀猀挀爀椀瀀琀椀漀渀㨀 ⴀ㈀㄀㐀㜀㐀㠀㌀㔀㘀㜀ഀഀ
10-05 20:12:33.858 7243 7274 I WinCC_OA: WCCOAui (57), 2018.10.05 20:12:33.840, SYS, INFO, 103, User names/passwords initialized ਍㄀ ⴀ 㔀 ㈀ 㨀㄀㈀㨀㌀㌀⸀㠀㘀   㜀㈀㐀㌀  㜀㈀㐀㌀ 圀 儀琀 䄀㄀㄀夀 㨀 䄀挀挀攀猀猀椀戀椀氀椀琀礀一漀搀攀䤀渀昀漀 眀椀琀栀 攀洀瀀琀礀 挀漀渀琀攀渀琀䐀攀猀挀爀椀瀀琀椀漀渀㨀 ⴀ㈀㄀㐀㜀㐀㠀㌀㔀㘀㜀ഀഀ
10-05 20:12:34.063 7243 7243 I chatty : uid=11006(u0_a1006) identical 9 lines ਍㄀ ⴀ 㔀 ㈀ 㨀㄀㈀㨀㌀㐀⸀ 㠀㌀  㜀㈀㐀㌀  㜀㈀㐀㌀ 圀 儀琀 䄀㄀㄀夀 㨀 䄀挀挀攀猀猀椀戀椀氀椀琀礀一漀搀攀䤀渀昀漀 眀椀琀栀 攀洀瀀琀礀 挀漀渀琀攀渀琀䐀攀猀挀爀椀瀀琀椀漀渀㨀 ⴀ㈀㄀㐀㜀㐀㠀㌀㔀㘀㜀ഀഀ
10-05 20:12:34.104 7243 7274 W linker : /data/app/com.siemens.winccoaui-AbxF_S47O_ndaJ9hK4XFlA==/lib/arm/libCtrlCNS.so: is missing DT_SONAME will use basename as a replacement: "libCtrlCNS.so" ਍㄀ ⴀ 㔀 ㈀ 㨀㄀㈀㨀㌀㐀⸀㄀ 㐀  㜀㈀㐀㌀  㜀㈀㐀㌀ 圀 儀琀 䄀㄀㄀夀 㨀 䄀挀挀攀猀猀椀戀椀氀椀琀礀一漀搀攀䤀渀昀漀 眀椀琀栀 攀洀瀀琀礀 挀漀渀琀攀渀琀䐀攀猀挀爀椀瀀琀椀漀渀㨀 ⴀ㈀㄀㐀㜀㐀㠀㌀㔀㘀㜀ഀഀ
10-05 20:12:34.117 7243 7274 W linker : /data/app/com.siemens.winccoaui-AbxF_S47O_ndaJ9hK4XFlA==/lib/arm/libTabUtil.so: is missing DT_SONAME will use basename as a replacement: "libTabUtil.so" ਍㄀ ⴀ 㔀 ㈀ 㨀㄀㈀㨀㌀㐀⸀㄀㈀㔀  㜀㈀㐀㌀  㜀㈀㐀㌀ 圀 儀琀 䄀㄀㄀夀 㨀 䄀挀挀攀猀猀椀戀椀氀椀琀礀一漀搀攀䤀渀昀漀 眀椀琀栀 攀洀瀀琀礀 挀漀渀琀攀渀琀䐀攀猀挀爀椀瀀琀椀漀渀㨀 ⴀ㈀㄀㐀㜀㐀㠀㌀㔀㘀㜀ഀഀ
10-05 20:12:34.672 3237 3237 I android.hardware.wifi@1.0-service: getLinkLayerStats ਍㄀ ⴀ 㔀 ㈀ 㨀㄀㈀㨀㌀㘀⸀㔀㐀㤀  㜀㈀㐀㌀  㜀㈀㐀㌀ 䤀 挀栀愀琀琀礀  㨀 甀椀搀㴀㄀㄀  㘀⠀甀 开愀㄀  㘀⤀ 椀搀攀渀琀椀挀愀氀 ㄀㄀㄀ 氀椀渀攀猀ഀഀ
10-05 20:12:36.572 7243 7243 W Qt A11Y : AccessibilityNodeInfo with empty contentDescription: -2147483567 ਍㄀ ⴀ 㔀 ㈀ 㨀㄀㈀㨀㌀㘀⸀㔀㜀㜀  㜀㈀㐀㌀  㜀㈀㜀㐀 圀 氀椀渀欀攀爀  㨀 ⼀搀愀琀愀⼀愀瀀瀀⼀挀漀洀⸀猀椀攀洀攀渀猀⸀眀椀渀挀挀漀愀甀椀ⴀ䄀戀砀䘀开匀㐀㜀伀开渀搀愀䨀㤀栀䬀㐀堀䘀氀䄀㴀㴀⼀氀椀戀⼀愀爀洀⼀氀椀戀䌀琀爀氀倀瘀㈀䄀搀洀椀渀⸀猀漀㨀 椀猀 洀椀猀猀椀渀最 䐀吀开匀伀一䄀䴀䔀 眀椀氀氀 甀猀攀 戀愀猀攀渀愀洀攀 愀猀 愀 爀攀瀀氀愀挀攀洀攀渀琀㨀 ∀氀椀戀䌀琀爀氀倀瘀㈀䄀搀洀椀渀⸀猀漀∀ഀഀ
10-05 20:12:36.595 7243 7243 W Qt A11Y : AccessibilityNodeInfo with empty contentDescription: -2147483567 ਍㄀ ⴀ 㔀 ㈀ 㨀㄀㈀㨀㌀㘀⸀㘀㤀㄀  㐀㤀㤀㘀  㐀㤀㤀㘀 䐀 椀漀开猀琀愀琀猀㨀 ℀䀀   㠀Ⰰ  爀 ㄀㔀㈀㄀㠀㈀ 㜀  㐀㘀㈀㐀 眀 ㄀  㤀㌀  ㄀㠀㠀㘀㤀㜀㘀 搀 㜀㤀㐀㐀 㜀㠀㘀㐀㤀㈀ 昀 ㈀㔀㤀㘀㐀 ㈀㤀㈀㐀  椀漀琀 ㄀㄀㄀㤀㈀㠀 㠀㄀㌀㤀  琀栀 ㌀ 㜀㈀       瀀琀   椀渀瀀     㤀㘀㌀㜀⸀㠀 㘀ഀഀ
10-05 20:12:37.719 3237 3237 I android.hardware.wifi@1.0-service: getLinkLayerStats ਍㄀ ⴀ 㔀 ㈀ 㨀㄀㈀㨀㌀㜀⸀㠀㐀㈀  㜀㈀㐀㌀  㜀㈀㐀㌀ 䤀 挀栀愀琀琀礀  㨀 甀椀搀㴀㄀㄀  㘀⠀甀 开愀㄀  㘀⤀ 椀搀攀渀琀椀挀愀氀 㔀㠀 氀椀渀攀猀ഀഀ
10-05 20:12:37.867 7243 7243 W Qt A11Y : AccessibilityNodeInfo with empty contentDescription: -2147483567 ਍㄀ ⴀ 㔀 ㈀ 㨀㄀㈀㨀㌀㜀⸀㠀㜀㠀  㜀㈀㐀㌀  㜀㈀㜀㐀 圀 氀椀渀欀攀爀  㨀 ⼀搀愀琀愀⼀愀瀀瀀⼀挀漀洀⸀猀椀攀洀攀渀猀⸀眀椀渀挀挀漀愀甀椀ⴀ䄀戀砀䘀开匀㐀㜀伀开渀搀愀䨀㤀栀䬀㐀堀䘀氀䄀㴀㴀⼀氀椀戀⼀愀爀洀⼀氀椀戀䌀琀爀氀䌀爀礀瀀琀⸀猀漀㨀 椀猀 洀椀猀猀椀渀最 䐀吀开匀伀一䄀䴀䔀 眀椀氀氀 甀猀攀 戀愀猀攀渀愀洀攀 愀猀 愀 爀攀瀀氀愀挀攀洀攀渀琀㨀 ∀氀椀戀䌀琀爀氀䌀爀礀瀀琀⸀猀漀∀ഀഀ
10-05 20:12:37.891 7243 7243 W Qt A11Y : AccessibilityNodeInfo with empty contentDescription: -2147483567 ਍㄀ ⴀ 㔀 ㈀ 㨀㄀㈀㨀㌀㠀⸀㈀㠀㔀  㜀㈀㐀㌀  㜀㈀㐀㌀ 䤀 挀栀愀琀琀礀  㨀 甀椀搀㴀㄀㄀  㘀⠀甀 开愀㄀  㘀⤀ 椀搀攀渀琀椀挀愀氀 ㄀㤀 氀椀渀攀猀ഀഀ
10-05 20:12:38.307 7243 7243 W Qt A11Y : AccessibilityNodeInfo with empty contentDescription: -2147483567 ਍㄀ ⴀ 㔀 ㈀ 㨀㄀㈀㨀㌀㠀⸀㌀㈀   㜀㈀㐀㌀  㜀㈀㜀㐀 圀 氀椀渀欀攀爀  㨀 ⼀搀愀琀愀⼀愀瀀瀀⼀挀漀洀⸀猀椀攀洀攀渀猀⸀眀椀渀挀挀漀愀甀椀ⴀ䄀戀砀䘀开匀㐀㜀伀开渀搀愀䨀㤀栀䬀㐀堀䘀氀䄀㴀㴀⼀氀椀戀⼀愀爀洀⼀氀椀戀䌀琀爀氀堀洀氀⸀猀漀㨀 椀猀 洀椀猀猀椀渀最 䐀吀开匀伀一䄀䴀䔀 眀椀氀氀 甀猀攀 戀愀猀攀渀愀洀攀 愀猀 愀 爀攀瀀氀愀挀攀洀攀渀琀㨀 ∀氀椀戀䌀琀爀氀堀洀氀⸀猀漀∀ഀഀ
10-05 20:12:38.330 7243 7243 W Qt A11Y : AccessibilityNodeInfo with empty contentDescription: -2147483567 ਍㄀ ⴀ 㔀 ㈀ 㨀㄀㈀㨀㌀㤀⸀㔀㈀㄀  㜀㈀㐀㌀  㜀㈀㐀㌀ 䤀 挀栀愀琀琀礀  㨀 甀椀搀㴀㄀㄀  㘀⠀甀 开愀㄀  㘀⤀ 椀搀攀渀琀椀挀愀氀 㔀㜀 氀椀渀攀猀ഀഀ
10-05 20:12:39.540 7243 7243 W Qt A11Y : AccessibilityNodeInfo with empty contentDescription: -2147483567 ਍㄀ ⴀ 㔀 ㈀ 㨀㄀㈀㨀㌀㤀⸀㔀㐀㤀  ㌀㜀㜀㐀  㐀㈀㜀㔀 䐀 䈀愀琀琀攀爀礀匀攀爀瘀椀挀攀㨀 ℀䀀䈀愀琀琀攀爀礀䰀椀猀琀攀渀攀爀 㨀 戀愀琀琀攀爀礀倀爀漀瀀攀爀琀椀攀猀䌀栀愀渀最攀搀℀ഀഀ
10-05 20:12:39.549 3774 4275 D BatteryService: level:33, scale:100, status:2, health:2, present:true, voltage: 3862, temperature: 291, technology: Li-ion, AC powered:false, USB powered:true, POGO powered:false, Wireless powered:false, icon:17303841, invalid charger:0, maxChargingCurrent:0, maxChargingVoltage:0, chargeCounter:945000 ਍㄀ ⴀ 㔀 ㈀ 㨀㄀㈀㨀㌀㤀⸀㔀㐀㤀  ㌀㜀㜀㐀  㐀㈀㜀㔀 䐀 䈀愀琀琀攀爀礀匀攀爀瘀椀挀攀㨀 漀渀氀椀渀攀㨀㐀Ⰰ 挀甀爀爀攀渀琀 愀瘀最㨀㌀㈀㐀Ⰰ 挀栀愀爀最攀 琀礀瀀攀㨀㄀Ⰰ 瀀漀眀攀爀 猀栀愀爀椀渀最㨀昀愀氀猀攀Ⰰ 栀椀最栀 瘀漀氀琀愀最攀 挀栀愀爀最攀爀㨀昀愀氀猀攀Ⰰ 挀愀瀀愀挀椀琀礀㨀㈀㠀    Ⰰ 戀愀琀琀攀爀礀匀圀匀攀氀昀䐀椀猀挀栀愀爀最椀渀最㨀昀愀氀猀攀Ⰰ 洀椀猀挀开攀瘀攀渀琀㨀 Ⰰ 挀甀爀爀攀渀琀开攀瘀攀渀琀㨀 Ⰰ 挀甀爀爀攀渀琀开渀漀眀㨀㌀㄀ ഀഀ
10-05 20:12:39.550 3774 3774 D BatteryService: Sending ACTION_BATTERY_CHANGED. ਍㄀ ⴀ 㔀 ㈀ 㨀㄀㈀㨀㌀㤀⸀㔀㔀㈀  ㌀㜀㜀㐀  ㌀㜀㜀㐀 䤀 䴀漀琀椀漀渀刀攀挀漀最渀椀琀椀漀渀匀攀爀瘀椀挀攀㨀 倀氀甀最最攀搀ഀഀ
10-05 20:12:39.552 3774 3774 D MotionRecognitionService: mCableConnection= 1 ਍㄀ ⴀ 㔀 ㈀ 㨀㄀㈀㨀㌀㤀⸀㔀㔀㈀  ㌀㜀㜀㐀  ㌀㜀㜀㐀 䐀 䴀漀琀椀漀渀刀攀挀漀最渀椀琀椀漀渀匀攀爀瘀椀挀攀㨀 猀攀琀倀漀眀攀爀䌀漀渀渀攀挀琀攀搀 㨀 洀䜀爀椀瀀䔀渀愀戀氀攀搀 㴀 昀愀氀猀攀ഀഀ
10-05 20:12:39.552 3774 3774 D SamsungPhoneWindowManager: ACTION_BATTERY_CHANGED - Level :: 33, battStatus :: 2 ਍㄀ ⴀ 㔀 ㈀ 㨀㄀㈀㨀㌀㤀⸀㔀㔀㐀  ㌀㜀㜀㐀  ㌀㠀 ㌀ 䐀 唀猀戀䐀攀瘀椀挀攀䴀愀渀愀最攀爀㨀 栀愀渀搀氀攀䴀攀猀猀愀最攀 ⴀ㸀 䴀匀䜀开唀倀䐀䄀吀䔀开䌀䠀䄀刀䜀䤀一䜀开匀吀䄀吀䔀 㴀 ㄀ഀഀ
10-05 20:12:39.554 4284 4284 D KeyguardUpdateMonitor: received broadcast android.intent.action.BATTERY_CHANGED ਍㄀ ⴀ 㔀 ㈀ 㨀㄀㈀㨀㌀㤀⸀㔀㔀㤀  㐀㈀㠀㐀  㐀㈀㠀㐀 䐀 䈀愀琀琀攀爀礀䌀漀渀琀爀漀氀氀攀爀㨀 漀渀刀攀挀攀椀瘀攀ⴀ䄀䌀吀䤀伀一开䈀䄀吀吀䔀刀夀开䌀䠀䄀一䜀䔀䐀 㨀 洀䰀攀瘀攀氀㴀㌀㌀Ⰰ 洀䈀愀琀琀攀爀礀匀琀愀琀甀猀㴀㈀ഀഀ
10-05 20:12:39.559 7243 7243 W Qt A11Y : AccessibilityNodeInfo with empty contentDescription: -2147483567 ਍㄀ ⴀ 㔀 ㈀ 㨀㄀㈀㨀㌀㤀⸀㔀㘀㘀  㐀㈀㐀㌀  㐀㈀㐀㌀ 嘀 䠀攀愀搀猀攀琀匀攀爀瘀椀挀攀㨀 刀攀挀攀椀瘀攀搀 䤀渀琀攀渀琀⸀䄀䌀吀䤀伀一开䈀䄀吀吀䔀刀夀开䌀䠀䄀一䜀䔀䐀ഀഀ
10-05 20:12:39.566 4243 4928 D HeadsetStateMachine: Disconnected process message: 10, size: 0 ਍㄀ ⴀ 㔀 ㈀ 㨀㄀㈀㨀㌀㤀⸀㔀㘀㠀  㐀㘀㌀㤀  㐀㠀 㐀 䐀 䔀倀䐀䜀 ⴀⴀ 匀䤀䴀  嬀䔀瀀搀最匀甀戀匀挀爀椀瀀琀椀漀渀崀㨀 愀渀搀爀漀椀搀⸀椀渀琀攀渀琀⸀愀挀琀椀漀渀⸀䈀䄀吀吀䔀刀夀开䌀䠀䄀一䜀䔀䐀 椀渀琀攀渀琀 爀攀挀攀椀瘀攀搀⸀ഀഀ
10-05 20:12:39.573 4284 4284 D PowerUI : priorPlugType = 2 mPlugType = 2 ਍㄀ ⴀ 㔀 ㈀ 㨀㄀㈀㨀㌀㤀⸀㔀㜀㐀  㐀㈀㠀㐀  㐀㈀㠀㐀 䐀 倀漀眀攀爀唀䤀⸀一漀琀椀昀椀挀愀琀椀漀渀㨀 猀栀漀眀䌀栀愀爀最椀渀最一漀琀椀挀攀 漀氀搀䌀栀愀爀最椀渀最吀礀瀀攀 㨀 ㄀ 挀甀爀爀攀渀琀䌀栀愀爀最椀渀最吀礀瀀攀 㨀 ㄀ 漀氀搀䌀栀愀爀最椀渀最吀椀洀攀 㨀 ㄀㐀㌀㈀㘀    洀䌀栀愀爀最椀渀最吀椀洀攀 㨀 ㄀㐀㌀㈀㘀   ഀഀ
10-05 20:12:39.574 4284 4284 D PowerUI.Notification: There is no change about charging status, so return! ਍㄀ ⴀ 㔀 ㈀ 㨀㄀㈀㨀㌀㤀⸀㔀㜀㠀  㜀㈀㐀㌀  㜀㈀㐀㌀ 圀 儀琀 䄀㄀㄀夀 㨀 䄀挀挀攀猀猀椀戀椀氀椀琀礀一漀搀攀䤀渀昀漀 眀椀琀栀 攀洀瀀琀礀 挀漀渀琀攀渀琀䐀攀猀挀爀椀瀀琀椀漀渀㨀 ⴀ㈀㄀㐀㜀㐀㠀㌀㔀㘀㜀ഀഀ
10-05 20:12:39.948 7243 7243 I chatty : uid=11006(u0_a1006) identical 18 lines ਍㄀ ⴀ 㔀 ㈀ 㨀㄀㈀㨀㌀㤀⸀㤀㘀㜀  㜀㈀㐀㌀  㜀㈀㐀㌀ 圀 儀琀 䄀㄀㄀夀 㨀 䄀挀挀攀猀猀椀戀椀氀椀琀礀一漀搀攀䤀渀昀漀 眀椀琀栀 攀洀瀀琀礀 挀漀渀琀攀渀琀䐀攀猀挀爀椀瀀琀椀漀渀㨀 ⴀ㈀㄀㐀㜀㐀㠀㌀㔀㘀㜀ഀഀ
10-05 20:12:39.974 5566 5670 D ContactsProvider_EventLog: contents_sample_state: [CONTACT contacts(1081) data(5176) accounts({com.google (2)=1, vnd.sec.contact.phone (1)=7, com.samsung.android.exchange (8)=1134, vnd.sec.contact.sim (3)=25}) accounts deleted({}) calls([logtype:100 cnt:500, logtype:200 cnt:12, logtype:300 cnt:488]) countryIso(DE) userId(0) ] ਍ഀഀ
10-05 20:12:39.974 5566 5670 D ContactsProvider_EventLog: contents_sample_state: [ agr({[2 ,8]=1, [8]=970, [8 ,8]=77, [1 ,1]=1, [3]=22, [1]=5, [8 ,8 ,8]=2, [8 ,3]=3}) ] ਍ഀഀ
10-05 20:12:39.974 5566 5670 D ContactsProvider_EventLog: contents_sample_state: [ actCnt({android.process.acore(5566)=1}) ] ਍ഀഀ
10-05 20:12:39.974 5566 5670 D ContactsProvider_EventLog: contents_sample_state: [PROFILE contacts(1) data(5) accounts({vnd.sec.contact.phone (1)=1}) ] ਍ഀഀ
10-05 20:12:39.974 5566 5670 D ContactsProvider_EventLog: contents_sample_state: [SAPROFILE contacts(1) data(5) accounts({vnd.sec.contact.phone (1)=1}) ] ਍㄀ ⴀ 㔀 ㈀ 㨀㄀㈀㨀㌀㤀⸀㤀㜀㜀  㔀㔀㘀㘀  㔀㘀㜀  䔀 䌀漀渀琀愀挀琀猀倀爀漀瘀椀搀攀爀开䔀瘀攀渀琀䰀漀最㨀 䘀氀甀猀栀 戀甀昀昀攀爀 琀漀 昀椀氀攀 挀渀琀 㨀 ㄀ 猀椀稀攀 㨀 ㄀䬀戀 搀甀爀愀琀椀漀渀 㨀 ㈀洀猀 氀愀猀琀唀瀀搀愀琀攀搀䄀昀琀攀爀 㨀 㘀 ㄀㘀  洀猀 洀䘀氀甀猀栀开琀椀洀攀开琀栀爀攀愀猀漀氀搀 㨀 ㈀    洀䌀甀爀爀攀渀琀匀椀稀攀 㨀 㜀㄀㠀ഀഀ
10-05 20:12:39.986 7243 7243 W Qt A11Y : AccessibilityNodeInfo with empty contentDescription: -2147483567 ਍㄀ ⴀ 㔀 ㈀ 㨀㄀㈀㨀㐀 ⸀㈀㜀㤀  㜀㈀㐀㌀  㜀㈀㐀㌀ 䤀 挀栀愀琀琀礀  㨀 甀椀搀㴀㄀㄀  㘀⠀甀 开愀㄀  㘀⤀ 椀搀攀渀琀椀挀愀氀 ㄀㐀 氀椀渀攀猀ഀഀ
10-05 20:12:40.302 7243 7243 W Qt A11Y : AccessibilityNodeInfo with empty contentDescription: -2147483567 ਍㄀ ⴀ 㔀 ㈀ 㨀㄀㈀㨀㐀 ⸀㌀ 㐀  㜀㈀㐀㌀  㜀㈀㐀㌀ 䐀 䤀渀瀀甀琀䴀攀琀栀漀搀䴀愀渀愀最攀爀㨀 䠀匀䤀䘀圀 ⴀ 昀氀愀最 㨀   倀椀搀 㨀 㜀㈀㐀㌀ഀഀ
10-05 20:12:40.304 7243 7243 I InputMethodManager: hideSoftInputFromWindow ignore mServedView == null or mServedView.getWindowToken() != windowToken, mServedView :DecorView@12d71ec[NotificationClient] ਍㄀ ⴀ 㔀 ㈀ 㨀㄀㈀㨀㐀 ⸀㌀㈀㌀  㜀㈀㐀㌀  㜀㈀㐀㌀ 圀 儀琀 䄀㄀㄀夀 㨀 䄀挀挀攀猀猀椀戀椀氀椀琀礀一漀搀攀䤀渀昀漀 眀椀琀栀 攀洀瀀琀礀 挀漀渀琀攀渀琀䐀攀猀挀爀椀瀀琀椀漀渀㨀 ⴀ㈀㄀㐀㜀㐀㠀㌀㔀㘀㄀ഀഀ
10-05 20:12:40.323 7243 7243 W Qt A11Y : AccessibilityNodeInfo with empty contentDescription: -2147483560 ਍㄀ ⴀ 㔀 ㈀ 㨀㄀㈀㨀㐀 ⸀㌀㈀㌀  㜀㈀㐀㌀  㜀㈀㐀㌀ 圀 儀琀 䄀㄀㄀夀 㨀 䄀挀挀攀猀猀椀戀椀氀椀琀礀一漀搀攀䤀渀昀漀 眀椀琀栀 攀洀瀀琀礀 挀漀渀琀攀渀琀䐀攀猀挀爀椀瀀琀椀漀渀㨀 ⴀ㈀㄀㐀㜀㐀㠀㌀㔀㘀㌀ഀഀ
10-05 20:12:40.323 7243 7243 W Qt A11Y : AccessibilityNodeInfo with empty contentDescription: -2147483559 ਍㄀ ⴀ 㔀 ㈀ 㨀㄀㈀㨀㐀 ⸀㌀㈀㌀  㜀㈀㐀㌀  㜀㈀㐀㌀ 圀 儀琀 䄀㄀㄀夀 㨀 䄀挀挀攀猀猀椀戀椀氀椀琀礀一漀搀攀䤀渀昀漀 眀椀琀栀 攀洀瀀琀礀 挀漀渀琀攀渀琀䐀攀猀挀爀椀瀀琀椀漀渀㨀 ⴀ㈀㄀㐀㜀㐀㠀㌀㔀㘀㐀ഀഀ
10-05 20:12:40.323 7243 7243 W Qt A11Y : AccessibilityNodeInfo with empty contentDescription: -2147483565 ਍㄀ ⴀ 㔀 ㈀ 㨀㄀㈀㨀㐀 ⸀㌀㐀㔀  㜀㈀㐀㌀  㜀㈀㐀㌀ 圀 儀琀 䄀㄀㄀夀 㨀 䄀挀挀攀猀猀椀戀椀氀椀琀礀一漀搀攀䤀渀昀漀 眀椀琀栀 攀洀瀀琀礀 挀漀渀琀攀渀琀䐀攀猀挀爀椀瀀琀椀漀渀㨀 ⴀ㈀㄀㐀㜀㐀㠀㌀㔀㘀㄀ഀഀ
10-05 20:12:40.346 7243 7243 W Qt A11Y : AccessibilityNodeInfo with empty contentDescription: -2147483560 ਍㄀ ⴀ 㔀 ㈀ 㨀㄀㈀㨀㐀 ⸀㌀㐀㘀  㜀㈀㐀㌀  㜀㈀㐀㌀ 圀 儀琀 䄀㄀㄀夀 㨀 䄀挀挀攀猀猀椀戀椀氀椀琀礀一漀搀攀䤀渀昀漀 眀椀琀栀 攀洀瀀琀礀 挀漀渀琀攀渀琀䐀攀猀挀爀椀瀀琀椀漀渀㨀 ⴀ㈀㄀㐀㜀㐀㠀㌀㔀㘀㌀ഀഀ
10-05 20:12:40.346 7243 7243 W Qt A11Y : AccessibilityNodeInfo with empty contentDescription: -2147483559 ਍㄀ ⴀ 㔀 ㈀ 㨀㄀㈀㨀㐀 ⸀㌀㐀㘀  㜀㈀㐀㌀  㜀㈀㐀㌀ 圀 儀琀 䄀㄀㄀夀 㨀 䄀挀挀攀猀猀椀戀椀氀椀琀礀一漀搀攀䤀渀昀漀 眀椀琀栀 攀洀瀀琀礀 挀漀渀琀攀渀琀䐀攀猀挀爀椀瀀琀椀漀渀㨀 ⴀ㈀㄀㐀㜀㐀㠀㌀㔀㘀㐀ഀഀ
10-05 20:12:40.346 7243 7243 W Qt A11Y : AccessibilityNodeInfo with empty contentDescription: -2147483565 ਍㄀ ⴀ 㔀 ㈀ 㨀㄀㈀㨀㐀 ⸀㌀㘀㠀  㜀㈀㐀㌀  㜀㈀㐀㌀ 圀 儀琀 䄀㄀㄀夀 㨀 䄀挀挀攀猀猀椀戀椀氀椀琀礀一漀搀攀䤀渀昀漀 眀椀琀栀 攀洀瀀琀礀 挀漀渀琀攀渀琀䐀攀猀挀爀椀瀀琀椀漀渀㨀 ⴀ㈀㄀㐀㜀㐀㠀㌀㔀㘀㄀ഀഀ
10-05 20:12:40.368 7243 7243 W Qt A11Y : AccessibilityNodeInfo with empty contentDescription: -2147483560 ਍㄀ ⴀ 㔀 ㈀ 㨀㄀㈀㨀㐀 ⸀㌀㘀㠀  㜀㈀㐀㌀  㜀㈀㐀㌀ 圀 儀琀 䄀㄀㄀夀 㨀 䄀挀挀攀猀猀椀戀椀氀椀琀礀一漀搀攀䤀渀昀漀 眀椀琀栀 攀洀瀀琀礀 挀漀渀琀攀渀琀䐀攀猀挀爀椀瀀琀椀漀渀㨀 ⴀ㈀㄀㐀㜀㐀㠀㌀㔀㘀㌀ഀഀ
10-05 20:12:40.369 7243 7243 W Qt A11Y : AccessibilityNodeInfo with empty contentDescription: -2147483559 ਍㄀ ⴀ 㔀 ㈀ 㨀㄀㈀㨀㐀 ⸀㌀㘀㤀  㜀㈀㐀㌀  㜀㈀㐀㌀ 圀 儀琀 䄀㄀㄀夀 㨀 䄀挀挀攀猀猀椀戀椀氀椀琀礀一漀搀攀䤀渀昀漀 眀椀琀栀 攀洀瀀琀礀 挀漀渀琀攀渀琀䐀攀猀挀爀椀瀀琀椀漀渀㨀 ⴀ㈀㄀㐀㜀㐀㠀㌀㔀㘀㐀ഀഀ
10-05 20:12:40.369 7243 7243 W Qt A11Y : AccessibilityNodeInfo with empty contentDescription: -2147483565 ਍㄀ ⴀ 㔀 ㈀ 㨀㄀㈀㨀㐀 ⸀㌀㤀㄀  㜀㈀㐀㌀  㜀㈀㐀㌀ 圀 儀琀 䄀㄀㄀夀 㨀 䄀挀挀攀猀猀椀戀椀氀椀琀礀一漀搀攀䤀渀昀漀 眀椀琀栀 攀洀瀀琀礀 挀漀渀琀攀渀琀䐀攀猀挀爀椀瀀琀椀漀渀㨀 ⴀ㈀㄀㐀㜀㐀㠀㌀㔀㘀㄀ഀഀ
10-05 20:12:40.391 7243 7243 W Qt A11Y : AccessibilityNodeInfo with empty contentDescription: -2147483560 ਍㄀ ⴀ 㔀 ㈀ 㨀㄀㈀㨀㐀 ⸀㌀㤀㄀  㜀㈀㐀㌀  㜀㈀㐀㌀ 圀 儀琀 䄀㄀㄀夀 㨀 䄀挀挀攀猀猀椀戀椀氀椀琀礀一漀搀攀䤀渀昀漀 眀椀琀栀 攀洀瀀琀礀 挀漀渀琀攀渀琀䐀攀猀挀爀椀瀀琀椀漀渀㨀 ⴀ㈀㄀㐀㜀㐀㠀㌀㔀㘀㌀ഀഀ
10-05 20:12:40.391 7243 7243 W Qt A11Y : AccessibilityNodeInfo with empty contentDescription: -2147483559 ਍㄀ ⴀ 㔀 ㈀ 㨀㄀㈀㨀㐀 ⸀㌀㤀㄀  㜀㈀㐀㌀  㜀㈀㐀㌀ 圀 儀琀 䄀㄀㄀夀 㨀 䄀挀挀攀猀猀椀戀椀氀椀琀礀一漀搀攀䤀渀昀漀 眀椀琀栀 攀洀瀀琀礀 挀漀渀琀攀渀琀䐀攀猀挀爀椀瀀琀椀漀渀㨀 ⴀ㈀㄀㐀㜀㐀㠀㌀㔀㘀㐀ഀഀ
10-05 20:12:40.391 7243 7243 W Qt A11Y : AccessibilityNodeInfo with empty contentDescription: -2147483565 ਍㄀ ⴀ 㔀 ㈀ 㨀㄀㈀㨀㐀 ⸀㐀㄀㐀  㜀㈀㐀㌀  㜀㈀㐀㌀ 圀 儀琀 䄀㄀㄀夀 㨀 䄀挀挀攀猀猀椀戀椀氀椀琀礀一漀搀攀䤀渀昀漀 眀椀琀栀 攀洀瀀琀礀 挀漀渀琀攀渀琀䐀攀猀挀爀椀瀀琀椀漀渀㨀 ⴀ㈀㄀㐀㜀㐀㠀㌀㔀㘀㄀ഀഀ
10-05 20:12:40.414 7243 7243 W Qt A11Y : AccessibilityNodeInfo with empty contentDescription: -2147483560 ਍㄀ ⴀ 㔀 ㈀ 㨀㄀㈀㨀㐀 ⸀㐀㄀㔀  㜀㈀㐀㌀  㜀㈀㐀㌀ 圀 儀琀 䄀㄀㄀夀 㨀 䄀挀挀攀猀猀椀戀椀氀椀琀礀一漀搀攀䤀渀昀漀 眀椀琀栀 攀洀瀀琀礀 挀漀渀琀攀渀琀䐀攀猀挀爀椀瀀琀椀漀渀㨀 ⴀ㈀㄀㐀㜀㐀㠀㌀㔀㘀㌀ഀഀ
10-05 20:12:40.415 7243 7243 W Qt A11Y : AccessibilityNodeInfo with empty contentDescription: -2147483559 ਍㄀ ⴀ 㔀 ㈀ 㨀㄀㈀㨀㐀 ⸀㐀㄀㔀  㜀㈀㐀㌀  㜀㈀㐀㌀ 圀 儀琀 䄀㄀㄀夀 㨀 䄀挀挀攀猀猀椀戀椀氀椀琀礀一漀搀攀䤀渀昀漀 眀椀琀栀 攀洀瀀琀礀 挀漀渀琀攀渀琀䐀攀猀挀爀椀瀀琀椀漀渀㨀 ⴀ㈀㄀㐀㜀㐀㠀㌀㔀㘀㐀ഀഀ
10-05 20:12:40.415 7243 7243 W Qt A11Y : AccessibilityNodeInfo with empty contentDescription: -2147483565 ਍㄀ ⴀ 㔀 ㈀ 㨀㄀㈀㨀㐀 ⸀㐀㌀㜀  㜀㈀㐀㌀  㜀㈀㐀㌀ 圀 儀琀 䄀㄀㄀夀 㨀 䄀挀挀攀猀猀椀戀椀氀椀琀礀一漀搀攀䤀渀昀漀 眀椀琀栀 攀洀瀀琀礀 挀漀渀琀攀渀琀䐀攀猀挀爀椀瀀琀椀漀渀㨀 ⴀ㈀㄀㐀㜀㐀㠀㌀㔀㘀㄀ഀഀ
10-05 20:12:40.438 7243 7243 W Qt A11Y : AccessibilityNodeInfo with empty contentDescription: -2147483560 ਍㄀ ⴀ 㔀 ㈀ 㨀㄀㈀㨀㐀 ⸀㐀㌀㠀  㜀㈀㐀㌀  㜀㈀㐀㌀ 圀 儀琀 䄀㄀㄀夀 㨀 䄀挀挀攀猀猀椀戀椀氀椀琀礀一漀搀攀䤀渀昀漀 眀椀琀栀 攀洀瀀琀礀 挀漀渀琀攀渀琀䐀攀猀挀爀椀瀀琀椀漀渀㨀 ⴀ㈀㄀㐀㜀㐀㠀㌀㔀㘀㌀ഀഀ
10-05 20:12:40.438 7243 7243 W Qt A11Y : AccessibilityNodeInfo with empty contentDescription: -2147483559 ਍㄀ ⴀ 㔀 ㈀ 㨀㄀㈀㨀㐀 ⸀㐀㌀㠀  㜀㈀㐀㌀  㜀㈀㐀㌀ 圀 儀琀 䄀㄀㄀夀 㨀 䄀挀挀攀猀猀椀戀椀氀椀琀礀一漀搀攀䤀渀昀漀 眀椀琀栀 攀洀瀀琀礀 挀漀渀琀攀渀琀䐀攀猀挀爀椀瀀琀椀漀渀㨀 ⴀ㈀㄀㐀㜀㐀㠀㌀㔀㘀㐀ഀഀ
10-05 20:12:40.438 7243 7243 W Qt A11Y : AccessibilityNodeInfo with empty contentDescription: -2147483565 ਍㄀ ⴀ 㔀 ㈀ 㨀㄀㈀㨀㐀 ⸀㐀㔀㤀  㜀㈀㐀㌀  㜀㈀㐀㌀ 圀 儀琀 䄀㄀㄀夀 㨀 䄀挀挀攀猀猀椀戀椀氀椀琀礀一漀搀攀䤀渀昀漀 眀椀琀栀 攀洀瀀琀礀 挀漀渀琀攀渀琀䐀攀猀挀爀椀瀀琀椀漀渀㨀 ⴀ㈀㄀㐀㜀㐀㠀㌀㔀㘀㄀ഀഀ
10-05 20:12:40.459 7243 7243 W Qt A11Y : AccessibilityNodeInfo with empty contentDescription: -2147483560 ਍㄀ ⴀ 㔀 ㈀ 㨀㄀㈀㨀㐀 ⸀㐀㘀   㜀㈀㐀㌀  㜀㈀㐀㌀ 圀 儀琀 䄀㄀㄀夀 㨀 䄀挀挀攀猀猀椀戀椀氀椀琀礀一漀搀攀䤀渀昀漀 眀椀琀栀 攀洀瀀琀礀 挀漀渀琀攀渀琀䐀攀猀挀爀椀瀀琀椀漀渀㨀 ⴀ㈀㄀㐀㜀㐀㠀㌀㔀㘀㌀ഀഀ
10-05 20:12:40.460 7243 7243 W Qt A11Y : AccessibilityNodeInfo with empty contentDescription: -2147483559 ਍㄀ ⴀ 㔀 ㈀ 㨀㄀㈀㨀㐀 ⸀㐀㘀㄀  㜀㈀㐀㌀  㜀㈀㐀㌀ 圀 儀琀 䄀㄀㄀夀 㨀 䄀挀挀攀猀猀椀戀椀氀椀琀礀一漀搀攀䤀渀昀漀 眀椀琀栀 攀洀瀀琀礀 挀漀渀琀攀渀琀䐀攀猀挀爀椀瀀琀椀漀渀㨀 ⴀ㈀㄀㐀㜀㐀㠀㌀㔀㘀㐀ഀഀ
10-05 20:12:40.461 7243 7243 W Qt A11Y : AccessibilityNodeInfo with empty contentDescription: -2147483565 ਍㄀ ⴀ 㔀 ㈀ 㨀㄀㈀㨀㐀 ⸀㐀㠀㈀  㜀㈀㐀㌀  㜀㈀㐀㌀ 圀 儀琀 䄀㄀㄀夀 㨀 䄀挀挀攀猀猀椀戀椀氀椀琀礀一漀搀攀䤀渀昀漀 眀椀琀栀 攀洀瀀琀礀 挀漀渀琀攀渀琀䐀攀猀挀爀椀瀀琀椀漀渀㨀 ⴀ㈀㄀㐀㜀㐀㠀㌀㔀㘀㄀ഀഀ
10-05 20:12:40.482 7243 7243 W Qt A11Y : AccessibilityNodeInfo with empty contentDescription: -2147483560 ਍㄀ ⴀ 㔀 ㈀ 㨀㄀㈀㨀㐀 ⸀㐀㠀㌀  㜀㈀㐀㌀  㜀㈀㐀㌀ 圀 儀琀 䄀㄀㄀夀 㨀 䄀挀挀攀猀猀椀戀椀氀椀琀礀一漀搀攀䤀渀昀漀 眀椀琀栀 攀洀瀀琀礀 挀漀渀琀攀渀琀䐀攀猀挀爀椀瀀琀椀漀渀㨀 ⴀ㈀㄀㐀㜀㐀㠀㌀㔀㘀㌀ഀഀ
10-05 20:12:40.483 7243 7243 W Qt A11Y : AccessibilityNodeInfo with empty contentDescription: -2147483559 ਍㄀ ⴀ 㔀 ㈀ 㨀㄀㈀㨀㐀 ⸀㐀㠀㌀  㜀㈀㐀㌀  㜀㈀㐀㌀ 圀 儀琀 䄀㄀㄀夀 㨀 䄀挀挀攀猀猀椀戀椀氀椀琀礀一漀搀攀䤀渀昀漀 眀椀琀栀 攀洀瀀琀礀 挀漀渀琀攀渀琀䐀攀猀挀爀椀瀀琀椀漀渀㨀 ⴀ㈀㄀㐀㜀㐀㠀㌀㔀㘀㐀ഀഀ
10-05 20:12:40.484 7243 7243 W Qt A11Y : AccessibilityNodeInfo with empty contentDescription: -2147483565 ਍㄀ ⴀ 㔀 ㈀ 㨀㄀㈀㨀㐀 ⸀㔀 㔀  㜀㈀㐀㌀  㜀㈀㐀㌀ 圀 儀琀 䄀㄀㄀夀 㨀 䄀挀挀攀猀猀椀戀椀氀椀琀礀一漀搀攀䤀渀昀漀 眀椀琀栀 攀洀瀀琀礀 挀漀渀琀攀渀琀䐀攀猀挀爀椀瀀琀椀漀渀㨀 ⴀ㈀㄀㐀㜀㐀㠀㌀㔀㘀㄀ഀഀ
10-05 20:12:40.507 7243 7243 W Qt A11Y : AccessibilityNodeInfo with empty contentDescription: -2147483560 ਍㄀ ⴀ 㔀 ㈀ 㨀㄀㈀㨀㐀 ⸀㔀 㜀  㜀㈀㐀㌀  㜀㈀㐀㌀ 圀 儀琀 䄀㄀㄀夀 㨀 䄀挀挀攀猀猀椀戀椀氀椀琀礀一漀搀攀䤀渀昀漀 眀椀琀栀 攀洀瀀琀礀 挀漀渀琀攀渀琀䐀攀猀挀爀椀瀀琀椀漀渀㨀 ⴀ㈀㄀㐀㜀㐀㠀㌀㔀㘀㌀ഀഀ
10-05 20:12:40.508 7243 7243 W Qt A11Y : AccessibilityNodeInfo with empty contentDescription: -2147483559 ਍㄀ ⴀ 㔀 ㈀ 㨀㄀㈀㨀㐀 ⸀㔀 㤀  㜀㈀㐀㌀  㜀㈀㐀㌀ 圀 儀琀 䄀㄀㄀夀 㨀 䄀挀挀攀猀猀椀戀椀氀椀琀礀一漀搀攀䤀渀昀漀 眀椀琀栀 攀洀瀀琀礀 挀漀渀琀攀渀琀䐀攀猀挀爀椀瀀琀椀漀渀㨀 ⴀ㈀㄀㐀㜀㐀㠀㌀㔀㘀㐀ഀഀ
10-05 20:12:40.509 7243 7243 W Qt A11Y : AccessibilityNodeInfo with empty contentDescription: -2147483565 ਍㄀ ⴀ 㔀 ㈀ 㨀㄀㈀㨀㐀 ⸀㔀㌀㔀  㜀㈀㐀㌀  㜀㈀㐀㌀ 圀 儀琀 䄀㄀㄀夀 㨀 䄀挀挀攀猀猀椀戀椀氀椀琀礀一漀搀攀䤀渀昀漀 眀椀琀栀 攀洀瀀琀礀 挀漀渀琀攀渀琀䐀攀猀挀爀椀瀀琀椀漀渀㨀 ⴀ㈀㄀㐀㜀㐀㠀㌀㔀㘀㄀ഀഀ
10-05 20:12:40.536 7243 7243 W Qt A11Y : AccessibilityNodeInfo with empty contentDescription: -2147483560 ਍㄀ ⴀ 㔀 ㈀ 㨀㄀㈀㨀㐀 ⸀㔀㌀㜀  㜀㈀㐀㌀  㜀㈀㐀㌀ 圀 儀琀 䄀㄀㄀夀 㨀 䄀挀挀攀猀猀椀戀椀氀椀琀礀一漀搀攀䤀渀昀漀 眀椀琀栀 攀洀瀀琀礀 挀漀渀琀攀渀琀䐀攀猀挀爀椀瀀琀椀漀渀㨀 ⴀ㈀㄀㐀㜀㐀㠀㌀㔀㘀㌀ഀഀ
10-05 20:12:40.537 7243 7243 W Qt A11Y : AccessibilityNodeInfo with empty contentDescription: -2147483559 ਍㄀ ⴀ 㔀 ㈀ 㨀㄀㈀㨀㐀 ⸀㔀㌀㠀  㜀㈀㐀㌀  㜀㈀㐀㌀ 圀 儀琀 䄀㄀㄀夀 㨀 䄀挀挀攀猀猀椀戀椀氀椀琀礀一漀搀攀䤀渀昀漀 眀椀琀栀 攀洀瀀琀礀 挀漀渀琀攀渀琀䐀攀猀挀爀椀瀀琀椀漀渀㨀 ⴀ㈀㄀㐀㜀㐀㠀㌀㔀㘀㐀ഀഀ
10-05 20:12:40.538 7243 7243 W Qt A11Y : AccessibilityNodeInfo with empty contentDescription: -2147483565 ਍㄀ ⴀ 㔀 ㈀ 㨀㄀㈀㨀㐀 ⸀㔀㘀㐀  㜀㈀㐀㌀  㜀㈀㐀㌀ 圀 儀琀 䄀㄀㄀夀 㨀 䄀挀挀攀猀猀椀戀椀氀椀琀礀一漀搀攀䤀渀昀漀 眀椀琀栀 攀洀瀀琀礀 挀漀渀琀攀渀琀䐀攀猀挀爀椀瀀琀椀漀渀㨀 ⴀ㈀㄀㐀㜀㐀㠀㌀㔀㘀㄀ഀഀ
10-05 20:12:40.565 7243 7243 W Qt A11Y : AccessibilityNodeInfo with empty contentDescription: -2147483560 ਍㄀ ⴀ 㔀 ㈀ 㨀㄀㈀㨀㐀 ⸀㔀㘀㔀  㜀㈀㐀㌀  㜀㈀㐀㌀ 圀 儀琀 䄀㄀㄀夀 㨀 䄀挀挀攀猀猀椀戀椀氀椀琀礀一漀搀攀䤀渀昀漀 眀椀琀栀 攀洀瀀琀礀 挀漀渀琀攀渀琀䐀攀猀挀爀椀瀀琀椀漀渀㨀 ⴀ㈀㄀㐀㜀㐀㠀㌀㔀㘀㌀ഀഀ
10-05 20:12:40.566 7243 7243 W Qt A11Y : AccessibilityNodeInfo with empty contentDescription: -2147483559 ਍㄀ ⴀ 㔀 ㈀ 㨀㄀㈀㨀㐀 ⸀㔀㘀㜀  㜀㈀㐀㌀  㜀㈀㐀㌀ 圀 儀琀 䄀㄀㄀夀 㨀 䄀挀挀攀猀猀椀戀椀氀椀琀礀一漀搀攀䤀渀昀漀 眀椀琀栀 攀洀瀀琀礀 挀漀渀琀攀渀琀䐀攀猀挀爀椀瀀琀椀漀渀㨀 ⴀ㈀㄀㐀㜀㐀㠀㌀㔀㘀㐀ഀഀ
10-05 20:12:40.567 7243 7243 W Qt A11Y : AccessibilityNodeInfo with empty contentDescription: -2147483565 ਍㄀ ⴀ 㔀 ㈀ 㨀㄀㈀㨀㐀 ⸀㔀㤀㌀  㜀㈀㐀㌀  㜀㈀㐀㌀ 圀 儀琀 䄀㄀㄀夀 㨀 䄀挀挀攀猀猀椀戀椀氀椀琀礀一漀搀攀䤀渀昀漀 眀椀琀栀 攀洀瀀琀礀 挀漀渀琀攀渀琀䐀攀猀挀爀椀瀀琀椀漀渀㨀 ⴀ㈀㄀㐀㜀㐀㠀㌀㔀㘀㄀ഀഀ
10-05 20:12:40.593 7243 7243 W Qt A11Y : AccessibilityNodeInfo with empty contentDescription: -2147483560 ਍㄀ ⴀ 㔀 ㈀ 㨀㄀㈀㨀㐀 ⸀㔀㤀㔀  㜀㈀㐀㌀  㜀㈀㐀㌀ 圀 儀琀 䄀㄀㄀夀 㨀 䄀挀挀攀猀猀椀戀椀氀椀琀礀一漀搀攀䤀渀昀漀 眀椀琀栀 攀洀瀀琀礀 挀漀渀琀攀渀琀䐀攀猀挀爀椀瀀琀椀漀渀㨀 ⴀ㈀㄀㐀㜀㐀㠀㌀㔀㘀㌀ഀഀ
10-05 20:12:40.595 7243 7243 W Qt A11Y : AccessibilityNodeInfo with empty contentDescription: -2147483559 ਍㄀ ⴀ 㔀 ㈀ 㨀㄀㈀㨀㐀 ⸀㔀㤀㘀  㜀㈀㐀㌀  㜀㈀㐀㌀ 圀 儀琀 䄀㄀㄀夀 㨀 䄀挀挀攀猀猀椀戀椀氀椀琀礀一漀搀攀䤀渀昀漀 眀椀琀栀 攀洀瀀琀礀 挀漀渀琀攀渀琀䐀攀猀挀爀椀瀀琀椀漀渀㨀 ⴀ㈀㄀㐀㜀㐀㠀㌀㔀㘀㐀ഀഀ
10-05 20:12:40.597 7243 7243 W Qt A11Y : AccessibilityNodeInfo with empty contentDescription: -2147483565 ਍㄀ ⴀ 㔀 ㈀ 㨀㄀㈀㨀㐀 ⸀㘀㈀㄀  㜀㈀㐀㌀  㜀㈀㐀㌀ 圀 儀琀 䄀㄀㄀夀 㨀 䄀挀挀攀猀猀椀戀椀氀椀琀礀一漀搀攀䤀渀昀漀 眀椀琀栀 攀洀瀀琀礀 挀漀渀琀攀渀琀䐀攀猀挀爀椀瀀琀椀漀渀㨀 ⴀ㈀㄀㐀㜀㐀㠀㌀㔀㘀㄀ഀഀ
10-05 20:12:40.622 7243 7243 W Qt A11Y : AccessibilityNodeInfo with empty contentDescription: -2147483560 ਍㄀ ⴀ 㔀 ㈀ 㨀㄀㈀㨀㐀 ⸀㘀㈀㌀  㜀㈀㐀㌀  㜀㈀㐀㌀ 圀 儀琀 䄀㄀㄀夀 㨀 䄀挀挀攀猀猀椀戀椀氀椀琀礀一漀搀攀䤀渀昀漀 眀椀琀栀 攀洀瀀琀礀 挀漀渀琀攀渀琀䐀攀猀挀爀椀瀀琀椀漀渀㨀 ⴀ㈀㄀㐀㜀㐀㠀㌀㔀㘀㌀ഀഀ
10-05 20:12:40.624 7243 7243 W Qt A11Y : AccessibilityNodeInfo with empty contentDescription: -2147483559 ਍㄀ ⴀ 㔀 ㈀ 㨀㄀㈀㨀㐀 ⸀㘀㈀㔀  㜀㈀㐀㌀  㜀㈀㐀㌀ 圀 儀琀 䄀㄀㄀夀 㨀 䄀挀挀攀猀猀椀戀椀氀椀琀礀一漀搀攀䤀渀昀漀 眀椀琀栀 攀洀瀀琀礀 挀漀渀琀攀渀琀䐀攀猀挀爀椀瀀琀椀漀渀㨀 ⴀ㈀㄀㐀㜀㐀㠀㌀㔀㘀㐀ഀഀ
10-05 20:12:40.625 7243 7243 W Qt A11Y : AccessibilityNodeInfo with empty contentDescription: -2147483565 ਍㄀ ⴀ 㔀 ㈀ 㨀㄀㈀㨀㐀 ⸀㘀㔀㄀  㜀㈀㐀㌀  㜀㈀㐀㌀ 圀 儀琀 䄀㄀㄀夀 㨀 䄀挀挀攀猀猀椀戀椀氀椀琀礀一漀搀攀䤀渀昀漀 眀椀琀栀 攀洀瀀琀礀 挀漀渀琀攀渀琀䐀攀猀挀爀椀瀀琀椀漀渀㨀 ⴀ㈀㄀㐀㜀㐀㠀㌀㔀㘀㄀ഀഀ
10-05 20:12:40.652 7243 7243 W Qt A11Y : AccessibilityNodeInfo with empty contentDescription: -2147483560 ਍㄀ ⴀ 㔀 ㈀ 㨀㄀㈀㨀㐀 ⸀㘀㔀㈀  㜀㈀㐀㌀  㜀㈀㐀㌀ 圀 儀琀 䄀㄀㄀夀 㨀 䄀挀挀攀猀猀椀戀椀氀椀琀礀一漀搀攀䤀渀昀漀 眀椀琀栀 攀洀瀀琀礀 挀漀渀琀攀渀琀䐀攀猀挀爀椀瀀琀椀漀渀㨀 ⴀ㈀㄀㐀㜀㐀㠀㌀㔀㘀㌀ഀഀ
10-05 20:12:40.653 7243 7243 W Qt A11Y : AccessibilityNodeInfo with empty contentDescription: -2147483559 ਍㄀ ⴀ 㔀 ㈀ 㨀㄀㈀㨀㐀 ⸀㘀㔀㌀  㜀㈀㐀㌀  㜀㈀㐀㌀ 圀 儀琀 䄀㄀㄀夀 㨀 䄀挀挀攀猀猀椀戀椀氀椀琀礀一漀搀攀䤀渀昀漀 眀椀琀栀 攀洀瀀琀礀 挀漀渀琀攀渀琀䐀攀猀挀爀椀瀀琀椀漀渀㨀 ⴀ㈀㄀㐀㜀㐀㠀㌀㔀㘀㐀ഀഀ
10-05 20:12:40.654 7243 7243 W Qt A11Y : AccessibilityNodeInfo with empty contentDescription: -2147483565 ਍㄀ ⴀ 㔀 ㈀ 㨀㄀㈀㨀㐀 ⸀㘀㜀㤀  㜀㈀㐀㌀  㜀㈀㐀㌀ 圀 儀琀 䄀㄀㄀夀 㨀 䄀挀挀攀猀猀椀戀椀氀椀琀礀一漀搀攀䤀渀昀漀 眀椀琀栀 攀洀瀀琀礀 挀漀渀琀攀渀琀䐀攀猀挀爀椀瀀琀椀漀渀㨀 ⴀ㈀㄀㐀㜀㐀㠀㌀㔀㘀㄀ഀഀ
10-05 20:12:40.680 7243 7243 W Qt A11Y : AccessibilityNodeInfo with empty contentDescription: -2147483560 ਍㄀ ⴀ 㔀 ㈀ 㨀㄀㈀㨀㐀 ⸀㘀㠀   㜀㈀㐀㌀  㜀㈀㐀㌀ 圀 儀琀 䄀㄀㄀夀 㨀 䄀挀挀攀猀猀椀戀椀氀椀琀礀一漀搀攀䤀渀昀漀 眀椀琀栀 攀洀瀀琀礀 挀漀渀琀攀渀琀䐀攀猀挀爀椀瀀琀椀漀渀㨀 ⴀ㈀㄀㐀㜀㐀㠀㌀㔀㘀㌀ഀഀ
10-05 20:12:40.681 7243 7243 W Qt A11Y : AccessibilityNodeInfo with empty contentDescription: -2147483559 ਍㄀ ⴀ 㔀 ㈀ 㨀㄀㈀㨀㐀 ⸀㘀㠀㄀  㜀㈀㐀㌀  㜀㈀㐀㌀ 圀 儀琀 䄀㄀㄀夀 㨀 䄀挀挀攀猀猀椀戀椀氀椀琀礀一漀搀攀䤀渀昀漀 眀椀琀栀 攀洀瀀琀礀 挀漀渀琀攀渀琀䐀攀猀挀爀椀瀀琀椀漀渀㨀 ⴀ㈀㄀㐀㜀㐀㠀㌀㔀㘀㐀ഀഀ
10-05 20:12:40.682 7243 7243 W Qt A11Y : AccessibilityNodeInfo with empty contentDescription: -2147483565 ਍㄀ ⴀ 㔀 ㈀ 㨀㄀㈀㨀㐀 ⸀㜀 㜀  㜀㈀㐀㌀  㜀㈀㐀㌀ 圀 儀琀 䄀㄀㄀夀 㨀 䄀挀挀攀猀猀椀戀椀氀椀琀礀一漀搀攀䤀渀昀漀 眀椀琀栀 攀洀瀀琀礀 挀漀渀琀攀渀琀䐀攀猀挀爀椀瀀琀椀漀渀㨀 ⴀ㈀㄀㐀㜀㐀㠀㌀㔀㘀㄀ഀഀ
10-05 20:12:40.708 7243 7243 W Qt A11Y : AccessibilityNodeInfo with empty contentDescription: -2147483560 ਍㄀ ⴀ 㔀 ㈀ 㨀㄀㈀㨀㐀 ⸀㜀 㤀  㜀㈀㐀㌀  㜀㈀㐀㌀ 圀 儀琀 䄀㄀㄀夀 㨀 䄀挀挀攀猀猀椀戀椀氀椀琀礀一漀搀攀䤀渀昀漀 眀椀琀栀 攀洀瀀琀礀 挀漀渀琀攀渀琀䐀攀猀挀爀椀瀀琀椀漀渀㨀 ⴀ㈀㄀㐀㜀㐀㠀㌀㔀㘀㌀ഀഀ
10-05 20:12:40.710 7243 7243 W Qt A11Y : AccessibilityNodeInfo with empty contentDescription: -2147483559 ਍㄀ ⴀ 㔀 ㈀ 㨀㄀㈀㨀㐀 ⸀㜀㄀   㜀㈀㐀㌀  㜀㈀㐀㌀ 圀 儀琀 䄀㄀㄀夀 㨀 䄀挀挀攀猀猀椀戀椀氀椀琀礀一漀搀攀䤀渀昀漀 眀椀琀栀 攀洀瀀琀礀 挀漀渀琀攀渀琀䐀攀猀挀爀椀瀀琀椀漀渀㨀 ⴀ㈀㄀㐀㜀㐀㠀㌀㔀㘀㐀ഀഀ
10-05 20:12:40.711 7243 7243 W Qt A11Y : AccessibilityNodeInfo with empty contentDescription: -2147483565 ਍㄀ ⴀ 㔀 ㈀ 㨀㄀㈀㨀㐀 ⸀㜀㌀㘀  㜀㈀㐀㌀  㜀㈀㐀㌀ 圀 儀琀 䄀㄀㄀夀 㨀 䄀挀挀攀猀猀椀戀椀氀椀琀礀一漀搀攀䤀渀昀漀 眀椀琀栀 攀洀瀀琀礀 挀漀渀琀攀渀琀䐀攀猀挀爀椀瀀琀椀漀渀㨀 ⴀ㈀㄀㐀㜀㐀㠀㌀㔀㘀㄀ഀഀ
10-05 20:12:40.737 7243 7243 W Qt A11Y : AccessibilityNodeInfo with empty contentDescription: -2147483560 ਍㄀ ⴀ 㔀 ㈀ 㨀㄀㈀㨀㐀 ⸀㜀㌀㠀  㜀㈀㐀㌀  㜀㈀㐀㌀ 圀 儀琀 䄀㄀㄀夀 㨀 䄀挀挀攀猀猀椀戀椀氀椀琀礀一漀搀攀䤀渀昀漀 眀椀琀栀 攀洀瀀琀礀 挀漀渀琀攀渀琀䐀攀猀挀爀椀瀀琀椀漀渀㨀 ⴀ㈀㄀㐀㜀㐀㠀㌀㔀㘀㌀ഀഀ
10-05 20:12:40.739 7243 7243 W Qt A11Y : AccessibilityNodeInfo with empty contentDescription: -2147483559 ਍㄀ ⴀ 㔀 ㈀ 㨀㄀㈀㨀㐀 ⸀㜀㐀   㜀㈀㐀㌀  㜀㈀㐀㌀ 圀 儀琀 䄀㄀㄀夀 㨀 䄀挀挀攀猀猀椀戀椀氀椀琀礀一漀搀攀䤀渀昀漀 眀椀琀栀 攀洀瀀琀礀 挀漀渀琀攀渀琀䐀攀猀挀爀椀瀀琀椀漀渀㨀 ⴀ㈀㄀㐀㜀㐀㠀㌀㔀㘀㐀ഀഀ
10-05 20:12:40.740 7243 7243 W Qt A11Y : AccessibilityNodeInfo with empty contentDescription: -2147483565 ਍㄀ ⴀ 㔀 ㈀ 㨀㄀㈀㨀㐀 ⸀㜀㘀   ㌀㈀㌀㜀  ㌀㈀㌀㜀 䤀 愀渀搀爀漀椀搀⸀栀愀爀搀眀愀爀攀⸀眀椀昀椀䀀㄀⸀ ⴀ猀攀爀瘀椀挀攀㨀 最攀琀䰀椀渀欀䰀愀礀攀爀匀琀愀琀猀ഀഀ
10-05 20:12:40.765 7243 7243 W Qt A11Y : AccessibilityNodeInfo with empty contentDescription: -2147483561 ਍㄀ ⴀ 㔀 ㈀ 㨀㄀㈀㨀㐀 ⸀㜀㘀㘀  㜀㈀㐀㌀  㜀㈀㐀㌀ 圀 儀琀 䄀㄀㄀夀 㨀 䄀挀挀攀猀猀椀戀椀氀椀琀礀一漀搀攀䤀渀昀漀 眀椀琀栀 攀洀瀀琀礀 挀漀渀琀攀渀琀䐀攀猀挀爀椀瀀琀椀漀渀㨀 ⴀ㈀㄀㐀㜀㐀㠀㌀㔀㘀 ഀഀ
10-05 20:12:40.767 7243 7243 W Qt A11Y : AccessibilityNodeInfo with empty contentDescription: -2147483563 ਍㄀ ⴀ 㔀 ㈀ 㨀㄀㈀㨀㐀 ⸀㜀㘀㠀  㜀㈀㐀㌀  㜀㈀㐀㌀ 圀 儀琀 䄀㄀㄀夀 㨀 䄀挀挀攀猀猀椀戀椀氀椀琀礀一漀搀攀䤀渀昀漀 眀椀琀栀 攀洀瀀琀礀 挀漀渀琀攀渀琀䐀攀猀挀爀椀瀀琀椀漀渀㨀 ⴀ㈀㄀㐀㜀㐀㠀㌀㔀㔀㤀ഀഀ
10-05 20:12:40.768 7243 7243 W Qt A11Y : AccessibilityNodeInfo with empty contentDescription: -2147483564 ਍㄀ ⴀ 㔀 ㈀ 㨀㄀㈀㨀㐀 ⸀㜀㘀㤀  㜀㈀㐀㌀  㜀㈀㐀㌀ 圀 儀琀 䄀㄀㄀夀 㨀 䄀挀挀攀猀猀椀戀椀氀椀琀礀一漀搀攀䤀渀昀漀 眀椀琀栀 攀洀瀀琀礀 挀漀渀琀攀渀琀䐀攀猀挀爀椀瀀琀椀漀渀㨀 ⴀ㈀㄀㐀㜀㐀㠀㌀㔀㘀㔀ഀഀ
10-05 20:12:40.793 7243 7243 W Qt A11Y : AccessibilityNodeInfo with empty contentDescription: -2147483561 ਍㄀ ⴀ 㔀 ㈀ 㨀㄀㈀㨀㐀 ⸀㜀㤀㐀  㜀㈀㐀㌀  㜀㈀㐀㌀ 圀 儀琀 䄀㄀㄀夀 㨀 䄀挀挀攀猀猀椀戀椀氀椀琀礀一漀搀攀䤀渀昀漀 眀椀琀栀 攀洀瀀琀礀 挀漀渀琀攀渀琀䐀攀猀挀爀椀瀀琀椀漀渀㨀 ⴀ㈀㄀㐀㜀㐀㠀㌀㔀㘀 ഀഀ
10-05 20:12:40.795 7243 7243 W Qt A11Y : AccessibilityNodeInfo with empty contentDescription: -2147483563 ਍㄀ ⴀ 㔀 ㈀ 㨀㄀㈀㨀㐀 ⸀㜀㤀㘀  㜀㈀㐀㌀  㜀㈀㐀㌀ 圀 儀琀 䄀㄀㄀夀 㨀 䄀挀挀攀猀猀椀戀椀氀椀琀礀一漀搀攀䤀渀昀漀 眀椀琀栀 攀洀瀀琀礀 挀漀渀琀攀渀琀䐀攀猀挀爀椀瀀琀椀漀渀㨀 ⴀ㈀㄀㐀㜀㐀㠀㌀㔀㔀㤀ഀഀ
10-05 20:12:40.797 7243 7243 W Qt A11Y : AccessibilityNodeInfo with empty contentDescription: -2147483564 ਍㄀ ⴀ 㔀 ㈀ 㨀㄀㈀㨀㐀 ⸀㜀㤀㜀  㜀㈀㐀㌀  㜀㈀㐀㌀ 圀 儀琀 䄀㄀㄀夀 㨀 䄀挀挀攀猀猀椀戀椀氀椀琀礀一漀搀攀䤀渀昀漀 眀椀琀栀 攀洀瀀琀礀 挀漀渀琀攀渀琀䐀攀猀挀爀椀瀀琀椀漀渀㨀 ⴀ㈀㄀㐀㜀㐀㠀㌀㔀㘀㔀ഀഀ
10-05 20:12:40.825 7243 7243 W Qt A11Y : AccessibilityNodeInfo with empty contentDescription: -2147483561 ਍㄀ ⴀ 㔀 ㈀ 㨀㄀㈀㨀㐀 ⸀㠀㈀㘀  㜀㈀㐀㌀  㜀㈀㐀㌀ 圀 儀琀 䄀㄀㄀夀 㨀 䄀挀挀攀猀猀椀戀椀氀椀琀礀一漀搀攀䤀渀昀漀 眀椀琀栀 攀洀瀀琀礀 挀漀渀琀攀渀琀䐀攀猀挀爀椀瀀琀椀漀渀㨀 ⴀ㈀㄀㐀㜀㐀㠀㌀㔀㘀 ഀഀ
10-05 20:12:40.827 7243 7243 W Qt A11Y : AccessibilityNodeInfo with empty contentDescription: -2147483563 ਍㄀ ⴀ 㔀 ㈀ 㨀㄀㈀㨀㐀 ⸀㠀㈀㜀  㜀㈀㐀㌀  㜀㈀㐀㌀ 圀 儀琀 䄀㄀㄀夀 㨀 䄀挀挀攀猀猀椀戀椀氀椀琀礀一漀搀攀䤀渀昀漀 眀椀琀栀 攀洀瀀琀礀 挀漀渀琀攀渀琀䐀攀猀挀爀椀瀀琀椀漀渀㨀 ⴀ㈀㄀㐀㜀㐀㠀㌀㔀㔀㤀ഀഀ
10-05 20:12:40.828 7243 7243 W Qt A11Y : AccessibilityNodeInfo with empty contentDescription: -2147483564 ਍㄀ ⴀ 㔀 ㈀ 㨀㄀㈀㨀㐀 ⸀㠀㈀㤀  㜀㈀㐀㌀  㜀㈀㐀㌀ 圀 儀琀 䄀㄀㄀夀 㨀 䄀挀挀攀猀猀椀戀椀氀椀琀礀一漀搀攀䤀渀昀漀 眀椀琀栀 攀洀瀀琀礀 挀漀渀琀攀渀琀䐀攀猀挀爀椀瀀琀椀漀渀㨀 ⴀ㈀㄀㐀㜀㐀㠀㌀㔀㘀㔀ഀഀ
10-05 20:12:40.855 7243 7243 W Qt A11Y : AccessibilityNodeInfo with empty contentDescription: -2147483561 ਍㄀ ⴀ 㔀 ㈀ 㨀㄀㈀㨀㐀 ⸀㠀㔀㘀  㜀㈀㐀㌀  㜀㈀㐀㌀ 圀 儀琀 䄀㄀㄀夀 㨀 䄀挀挀攀猀猀椀戀椀氀椀琀礀一漀搀攀䤀渀昀漀 眀椀琀栀 攀洀瀀琀礀 挀漀渀琀攀渀琀䐀攀猀挀爀椀瀀琀椀漀渀㨀 ⴀ㈀㄀㐀㜀㐀㠀㌀㔀㘀 ഀഀ
10-05 20:12:40.856 7243 7243 W Qt A11Y : AccessibilityNodeInfo with empty contentDescription: -2147483563 ਍㄀ ⴀ 㔀 ㈀ 㨀㄀㈀㨀㐀 ⸀㠀㔀㜀  㜀㈀㐀㌀  㜀㈀㐀㌀ 圀 儀琀 䄀㄀㄀夀 㨀 䄀挀挀攀猀猀椀戀椀氀椀琀礀一漀搀攀䤀渀昀漀 眀椀琀栀 攀洀瀀琀礀 挀漀渀琀攀渀琀䐀攀猀挀爀椀瀀琀椀漀渀㨀 ⴀ㈀㄀㐀㜀㐀㠀㌀㔀㔀㤀ഀഀ
10-05 20:12:40.858 7243 7243 W Qt A11Y : AccessibilityNodeInfo with empty contentDescription: -2147483564 ਍㄀ ⴀ 㔀 ㈀ 㨀㄀㈀㨀㐀 ⸀㠀㔀㤀  㜀㈀㐀㌀  㜀㈀㐀㌀ 圀 儀琀 䄀㄀㄀夀 㨀 䄀挀挀攀猀猀椀戀椀氀椀琀礀一漀搀攀䤀渀昀漀 眀椀琀栀 攀洀瀀琀礀 挀漀渀琀攀渀琀䐀攀猀挀爀椀瀀琀椀漀渀㨀 ⴀ㈀㄀㐀㜀㐀㠀㌀㔀㘀㔀ഀഀ
10-05 20:12:40.883 7243 7243 W Qt A11Y : AccessibilityNodeInfo with empty contentDescription: -2147483561 ਍㄀ ⴀ 㔀 ㈀ 㨀㄀㈀㨀㐀 ⸀㠀㠀㐀  㜀㈀㐀㌀  㜀㈀㐀㌀ 圀 儀琀 䄀㄀㄀夀 㨀 䄀挀挀攀猀猀椀戀椀氀椀琀礀一漀搀攀䤀渀昀漀 眀椀琀栀 攀洀瀀琀礀 挀漀渀琀攀渀琀䐀攀猀挀爀椀瀀琀椀漀渀㨀 ⴀ㈀㄀㐀㜀㐀㠀㌀㔀㘀 ഀഀ
10-05 20:12:40.885 7243 7243 W Qt A11Y : AccessibilityNodeInfo with empty contentDescription: -2147483563 ਍㄀ ⴀ 㔀 ㈀ 㨀㄀㈀㨀㐀 ⸀㠀㠀㔀  㜀㈀㐀㌀  㜀㈀㐀㌀ 圀 儀琀 䄀㄀㄀夀 㨀 䄀挀挀攀猀猀椀戀椀氀椀琀礀一漀搀攀䤀渀昀漀 眀椀琀栀 攀洀瀀琀礀 挀漀渀琀攀渀琀䐀攀猀挀爀椀瀀琀椀漀渀㨀 ⴀ㈀㄀㐀㜀㐀㠀㌀㔀㔀㤀ഀഀ
10-05 20:12:40.886 7243 7243 W Qt A11Y : AccessibilityNodeInfo with empty contentDescription: -2147483564 ਍㄀ ⴀ 㔀 ㈀ 㨀㄀㈀㨀㐀 ⸀㠀㠀㘀  㜀㈀㐀㌀  㜀㈀㐀㌀ 圀 儀琀 䄀㄀㄀夀 㨀 䄀挀挀攀猀猀椀戀椀氀椀琀礀一漀搀攀䤀渀昀漀 眀椀琀栀 攀洀瀀琀礀 挀漀渀琀攀渀琀䐀攀猀挀爀椀瀀琀椀漀渀㨀 ⴀ㈀㄀㐀㜀㐀㠀㌀㔀㘀㔀ഀഀ
10-05 20:12:40.911 7243 7243 W Qt A11Y : AccessibilityNodeInfo with empty contentDescription: -2147483561 ਍㄀ ⴀ 㔀 ㈀ 㨀㄀㈀㨀㐀 ⸀㤀㄀㈀  㜀㈀㐀㌀  㜀㈀㐀㌀ 圀 儀琀 䄀㄀㄀夀 㨀 䄀挀挀攀猀猀椀戀椀氀椀琀礀一漀搀攀䤀渀昀漀 眀椀琀栀 攀洀瀀琀礀 挀漀渀琀攀渀琀䐀攀猀挀爀椀瀀琀椀漀渀㨀 ⴀ㈀㄀㐀㜀㐀㠀㌀㔀㘀 ഀഀ
10-05 20:12:40.913 7243 7243 W Qt A11Y : AccessibilityNodeInfo with empty contentDescription: -2147483563 ਍㄀ ⴀ 㔀 ㈀ 㨀㄀㈀㨀㐀 ⸀㤀㄀㐀  㜀㈀㐀㌀  㜀㈀㐀㌀ 圀 儀琀 䄀㄀㄀夀 㨀 䄀挀挀攀猀猀椀戀椀氀椀琀礀一漀搀攀䤀渀昀漀 眀椀琀栀 攀洀瀀琀礀 挀漀渀琀攀渀琀䐀攀猀挀爀椀瀀琀椀漀渀㨀 ⴀ㈀㄀㐀㜀㐀㠀㌀㔀㔀㤀ഀഀ
10-05 20:12:40.914 7243 7243 W Qt A11Y : AccessibilityNodeInfo with empty contentDescription: -2147483564 ਍㄀ ⴀ 㔀 ㈀ 㨀㄀㈀㨀㐀 ⸀㤀㄀㔀  㜀㈀㐀㌀  㜀㈀㐀㌀ 圀 儀琀 䄀㄀㄀夀 㨀 䄀挀挀攀猀猀椀戀椀氀椀琀礀一漀搀攀䤀渀昀漀 眀椀琀栀 攀洀瀀琀礀 挀漀渀琀攀渀琀䐀攀猀挀爀椀瀀琀椀漀渀㨀 ⴀ㈀㄀㐀㜀㐀㠀㌀㔀㘀㔀ഀഀ
10-05 20:12:40.940 7243 7243 W Qt A11Y : AccessibilityNodeInfo with empty contentDescription: -2147483561 ਍㄀ ⴀ 㔀 ㈀ 㨀㄀㈀㨀㐀 ⸀㤀㐀㄀  㜀㈀㐀㌀  㜀㈀㐀㌀ 圀 儀琀 䄀㄀㄀夀 㨀 䄀挀挀攀猀猀椀戀椀氀椀琀礀一漀搀攀䤀渀昀漀 眀椀琀栀 攀洀瀀琀礀 挀漀渀琀攀渀琀䐀攀猀挀爀椀瀀琀椀漀渀㨀 ⴀ㈀㄀㐀㜀㐀㠀㌀㔀㘀 ഀഀ
10-05 20:12:40.941 7243 7243 W Qt A11Y : AccessibilityNodeInfo with empty contentDescription: -2147483563 ਍㄀ ⴀ 㔀 ㈀ 㨀㄀㈀㨀㐀 ⸀㤀㐀㈀  㜀㈀㐀㌀  㜀㈀㐀㌀ 圀 儀琀 䄀㄀㄀夀 㨀 䄀挀挀攀猀猀椀戀椀氀椀琀礀一漀搀攀䤀渀昀漀 眀椀琀栀 攀洀瀀琀礀 挀漀渀琀攀渀琀䐀攀猀挀爀椀瀀琀椀漀渀㨀 ⴀ㈀㄀㐀㜀㐀㠀㌀㔀㔀㤀ഀഀ
10-05 20:12:40.943 7243 7243 W Qt A11Y : AccessibilityNodeInfo with empty contentDescription: -2147483564 ਍㄀ ⴀ 㔀 ㈀ 㨀㄀㈀㨀㐀 ⸀㤀㐀㌀  㜀㈀㐀㌀  㜀㈀㐀㌀ 圀 儀琀 䄀㄀㄀夀 㨀 䄀挀挀攀猀猀椀戀椀氀椀琀礀一漀搀攀䤀渀昀漀 眀椀琀栀 攀洀瀀琀礀 挀漀渀琀攀渀琀䐀攀猀挀爀椀瀀琀椀漀渀㨀 ⴀ㈀㄀㐀㜀㐀㠀㌀㔀㘀㔀ഀഀ
10-05 20:12:40.969 7243 7243 W Qt A11Y : AccessibilityNodeInfo with empty contentDescription: -2147483561 ਍㄀ ⴀ 㔀 ㈀ 㨀㄀㈀㨀㐀 ⸀㤀㘀㤀  㜀㈀㐀㌀  㜀㈀㐀㌀ 圀 儀琀 䄀㄀㄀夀 㨀 䄀挀挀攀猀猀椀戀椀氀椀琀礀一漀搀攀䤀渀昀漀 眀椀琀栀 攀洀瀀琀礀 挀漀渀琀攀渀琀䐀攀猀挀爀椀瀀琀椀漀渀㨀 ⴀ㈀㄀㐀㜀㐀㠀㌀㔀㘀 ഀഀ
10-05 20:12:40.970 7243 7243 W Qt A11Y : AccessibilityNodeInfo with empty contentDescription: -2147483563 ਍㄀ ⴀ 㔀 ㈀ 㨀㄀㈀㨀㐀 ⸀㤀㜀㄀  㜀㈀㐀㌀  㜀㈀㐀㌀ 圀 儀琀 䄀㄀㄀夀 㨀 䄀挀挀攀猀猀椀戀椀氀椀琀礀一漀搀攀䤀渀昀漀 眀椀琀栀 攀洀瀀琀礀 挀漀渀琀攀渀琀䐀攀猀挀爀椀瀀琀椀漀渀㨀 ⴀ㈀㄀㐀㜀㐀㠀㌀㔀㔀㤀ഀഀ
10-05 20:12:40.972 7243 7243 W Qt A11Y : AccessibilityNodeInfo with empty contentDescription: -2147483564 ਍㄀ ⴀ 㔀 ㈀ 㨀㄀㈀㨀㐀 ⸀㤀㜀㈀  㜀㈀㐀㌀  㜀㈀㐀㌀ 圀 儀琀 䄀㄀㄀夀 㨀 䄀挀挀攀猀猀椀戀椀氀椀琀礀一漀搀攀䤀渀昀漀 眀椀琀栀 攀洀瀀琀礀 挀漀渀琀攀渀琀䐀攀猀挀爀椀瀀琀椀漀渀㨀 ⴀ㈀㄀㐀㜀㐀㠀㌀㔀㘀㔀ഀഀ
10-05 20:12:40.997 7243 7243 W Qt A11Y : AccessibilityNodeInfo with empty contentDescription: -2147483561 ਍㄀ ⴀ 㔀 ㈀ 㨀㄀㈀㨀㐀 ⸀㤀㤀㠀  㜀㈀㐀㌀  㜀㈀㐀㌀ 圀 儀琀 䄀㄀㄀夀 㨀 䄀挀挀攀猀猀椀戀椀氀椀琀礀一漀搀攀䤀渀昀漀 眀椀琀栀 攀洀瀀琀礀 挀漀渀琀攀渀琀䐀攀猀挀爀椀瀀琀椀漀渀㨀 ⴀ㈀㄀㐀㜀㐀㠀㌀㔀㘀 ഀഀ
10-05 20:12:40.999 7243 7243 W Qt A11Y : AccessibilityNodeInfo with empty contentDescription: -2147483563 ਍㄀ ⴀ 㔀 ㈀ 㨀㄀㈀㨀㐀 ⸀㤀㤀㤀  㜀㈀㐀㌀  㜀㈀㐀㌀ 圀 儀琀 䄀㄀㄀夀 㨀 䄀挀挀攀猀猀椀戀椀氀椀琀礀一漀搀攀䤀渀昀漀 眀椀琀栀 攀洀瀀琀礀 挀漀渀琀攀渀琀䐀攀猀挀爀椀瀀琀椀漀渀㨀 ⴀ㈀㄀㐀㜀㐀㠀㌀㔀㔀㤀ഀഀ
10-05 20:12:41.000 7243 7243 W Qt A11Y : AccessibilityNodeInfo with empty contentDescription: -2147483564 ਍㄀ ⴀ 㔀 ㈀ 㨀㄀㈀㨀㐀㄀⸀  ㄀  㜀㈀㐀㌀  㜀㈀㐀㌀ 圀 儀琀 䄀㄀㄀夀 㨀 䄀挀挀攀猀猀椀戀椀氀椀琀礀一漀搀攀䤀渀昀漀 眀椀琀栀 攀洀瀀琀礀 挀漀渀琀攀渀琀䐀攀猀挀爀椀瀀琀椀漀渀㨀 ⴀ㈀㄀㐀㜀㐀㠀㌀㔀㘀㔀ഀഀ
10-05 20:12:41.026 7243 7243 W Qt A11Y : AccessibilityNodeInfo with empty contentDescription: -2147483561 ਍㄀ ⴀ 㔀 ㈀ 㨀㄀㈀㨀㐀㄀⸀ ㈀㜀  㜀㈀㐀㌀  㜀㈀㐀㌀ 圀 儀琀 䄀㄀㄀夀 㨀 䄀挀挀攀猀猀椀戀椀氀椀琀礀一漀搀攀䤀渀昀漀 眀椀琀栀 攀洀瀀琀礀 挀漀渀琀攀渀琀䐀攀猀挀爀椀瀀琀椀漀渀㨀 ⴀ㈀㄀㐀㜀㐀㠀㌀㔀㘀 ഀഀ
10-05 20:12:41.028 7243 7243 W Qt A11Y : AccessibilityNodeInfo with empty contentDescription: -2147483563 ਍㄀ ⴀ 㔀 ㈀ 㨀㄀㈀㨀㐀㄀⸀ ㈀㠀  㜀㈀㐀㌀  㜀㈀㐀㌀ 圀 儀琀 䄀㄀㄀夀 㨀 䄀挀挀攀猀猀椀戀椀氀椀琀礀一漀搀攀䤀渀昀漀 眀椀琀栀 攀洀瀀琀礀 挀漀渀琀攀渀琀䐀攀猀挀爀椀瀀琀椀漀渀㨀 ⴀ㈀㄀㐀㜀㐀㠀㌀㔀㔀㤀ഀഀ
10-05 20:12:41.029 7243 7243 W Qt A11Y : AccessibilityNodeInfo with empty contentDescription: -2147483564 ਍㄀ ⴀ 㔀 ㈀ 㨀㄀㈀㨀㐀㄀⸀ ㈀㤀  㜀㈀㐀㌀  㜀㈀㐀㌀ 圀 儀琀 䄀㄀㄀夀 㨀 䄀挀挀攀猀猀椀戀椀氀椀琀礀一漀搀攀䤀渀昀漀 眀椀琀栀 攀洀瀀琀礀 挀漀渀琀攀渀琀䐀攀猀挀爀椀瀀琀椀漀渀㨀 ⴀ㈀㄀㐀㜀㐀㠀㌀㔀㘀㔀ഀഀ
10-05 20:12:41.055 7243 7243 W Qt A11Y : AccessibilityNodeInfo with empty contentDescription: -2147483561 ਍㄀ ⴀ 㔀 ㈀ 㨀㄀㈀㨀㐀㄀⸀ 㔀㘀  㜀㈀㐀㌀  㜀㈀㐀㌀ 圀 儀琀 䄀㄀㄀夀 㨀 䄀挀挀攀猀猀椀戀椀氀椀琀礀一漀搀攀䤀渀昀漀 眀椀琀栀 攀洀瀀琀礀 挀漀渀琀攀渀琀䐀攀猀挀爀椀瀀琀椀漀渀㨀 ⴀ㈀㄀㐀㜀㐀㠀㌀㔀㘀 ഀഀ
10-05 20:12:41.056 7243 7243 W Qt A11Y : AccessibilityNodeInfo with empty contentDescription: -2147483563 ਍㄀ ⴀ 㔀 ㈀ 㨀㄀㈀㨀㐀㄀⸀ 㔀㜀  㜀㈀㐀㌀  㜀㈀㐀㌀ 圀 儀琀 䄀㄀㄀夀 㨀 䄀挀挀攀猀猀椀戀椀氀椀琀礀一漀搀攀䤀渀昀漀 眀椀琀栀 攀洀瀀琀礀 挀漀渀琀攀渀琀䐀攀猀挀爀椀瀀琀椀漀渀㨀 ⴀ㈀㄀㐀㜀㐀㠀㌀㔀㔀㤀ഀഀ
10-05 20:12:41.057 7243 7243 W Qt A11Y : AccessibilityNodeInfo with empty contentDescription: -2147483564 ਍㄀ ⴀ 㔀 ㈀ 㨀㄀㈀㨀㐀㄀⸀ 㔀㠀  㜀㈀㐀㌀  㜀㈀㐀㌀ 圀 儀琀 䄀㄀㄀夀 㨀 䄀挀挀攀猀猀椀戀椀氀椀琀礀一漀搀攀䤀渀昀漀 眀椀琀栀 攀洀瀀琀礀 挀漀渀琀攀渀琀䐀攀猀挀爀椀瀀琀椀漀渀㨀 ⴀ㈀㄀㐀㜀㐀㠀㌀㔀㘀㔀ഀഀ
10-05 20:12:41.083 7243 7243 W Qt A11Y : AccessibilityNodeInfo with empty contentDescription: -2147483561 ਍㄀ ⴀ 㔀 ㈀ 㨀㄀㈀㨀㐀㄀⸀ 㠀㌀  㜀㈀㐀㌀  㜀㈀㐀㌀ 圀 儀琀 䄀㄀㄀夀 㨀 䄀挀挀攀猀猀椀戀椀氀椀琀礀一漀搀攀䤀渀昀漀 眀椀琀栀 攀洀瀀琀礀 挀漀渀琀攀渀琀䐀攀猀挀爀椀瀀琀椀漀渀㨀 ⴀ㈀㄀㐀㜀㐀㠀㌀㔀㘀 ഀഀ
10-05 20:12:41.084 7243 7243 W Qt A11Y : AccessibilityNodeInfo with empty contentDescription: -2147483563 ਍㄀ ⴀ 㔀 ㈀ 㨀㄀㈀㨀㐀㄀⸀ 㠀㔀  㜀㈀㐀㌀  㜀㈀㐀㌀ 圀 儀琀 䄀㄀㄀夀 㨀 䄀挀挀攀猀猀椀戀椀氀椀琀礀一漀搀攀䤀渀昀漀 眀椀琀栀 攀洀瀀琀礀 挀漀渀琀攀渀琀䐀攀猀挀爀椀瀀琀椀漀渀㨀 ⴀ㈀㄀㐀㜀㐀㠀㌀㔀㔀㤀ഀഀ
