10-05 20:12:46.814 3774 3997 D ConnectivityService: sending notification CAP_CHANGED for NetworkRequest [ TRACK_DEFAULT id=3, [ Capabilities: INTERNET&NOT_RESTRICTED&TRUSTED&NOT_VPN] ] ਍㄀ ⴀ 㔀 ㈀ 㨀㄀㈀㨀㐀㘀⸀㠀㄀㐀  ㌀㜀㜀㐀  ㌀㤀㤀㜀 䐀 䌀漀渀渀攀挀琀椀瘀椀琀礀匀攀爀瘀椀挀攀㨀  猀攀渀搀椀渀最 渀漀琀椀昀椀挀愀琀椀漀渀 昀漀爀 一攀琀眀漀爀欀刀攀焀甀攀猀琀 嬀 䰀䤀匀吀䔀一 椀搀㴀㔀Ⰰ 嬀 吀爀愀渀猀瀀漀爀琀猀㨀 圀䤀䘀䤀 䌀愀瀀愀戀椀氀椀琀椀攀猀㨀 䤀一吀䔀刀一䔀吀☀一伀吀开刀䔀匀吀刀䤀䌀吀䔀䐀☀吀刀唀匀吀䔀䐀☀一伀吀开嘀倀一崀 崀ഀഀ
10-05 20:12:46.814 3774 3997 D ConnectivityService: sending notification CAP_CHANGED for NetworkRequest [ LISTEN id=5, [ Transports: WIFI Capabilities: INTERNET&NOT_RESTRICTED&TRUSTED&NOT_VPN] ] ਍㄀ ⴀ 㔀 ㈀ 㨀㄀㈀㨀㐀㘀⸀㠀㄀㔀  ㌀㜀㜀㐀  ㌀㤀㤀㜀 䐀 䌀漀渀渀攀挀琀椀瘀椀琀礀匀攀爀瘀椀挀攀㨀  猀攀渀搀椀渀最 渀漀琀椀昀椀挀愀琀椀漀渀 昀漀爀 一攀琀眀漀爀欀刀攀焀甀攀猀琀 嬀 䰀䤀匀吀䔀一 椀搀㴀㘀Ⰰ 嬀 吀爀愀渀猀瀀漀爀琀猀㨀 䌀䔀䰀䰀唀䰀䄀刀簀圀䤀䘀䤀 䌀愀瀀愀戀椀氀椀琀椀攀猀㨀 一伀吀开刀䔀匀吀刀䤀䌀吀䔀䐀☀吀刀唀匀吀䔀䐀☀一伀吀开嘀倀一崀 崀ഀഀ
10-05 20:12:46.815 3774 3997 D ConnectivityService: sending notification CAP_CHANGED for NetworkRequest [ LISTEN id=6, [ Transports: CELLULAR|WIFI Capabilities: NOT_RESTRICTED&TRUSTED&NOT_VPN] ] ਍㄀ ⴀ 㔀 ㈀ 㨀㄀㈀㨀㐀㘀⸀㠀㄀㔀  ㌀㜀㜀㐀  ㌀㤀㤀㜀 䐀 䌀漀渀渀攀挀琀椀瘀椀琀礀匀攀爀瘀椀挀攀㨀  猀攀渀搀椀渀最 渀漀琀椀昀椀挀愀琀椀漀渀 昀漀爀 一攀琀眀漀爀欀刀攀焀甀攀猀琀 嬀 䰀䤀匀吀䔀一 椀搀㴀㜀Ⰰ 嬀崀 崀ഀഀ
10-05 20:12:46.815 3774 3997 D ConnectivityService: sending notification CAP_CHANGED for NetworkRequest [ LISTEN id=7, [] ] ਍㄀ ⴀ 㔀 ㈀ 㨀㄀㈀㨀㐀㘀⸀㠀㄀㔀  ㌀㜀㜀㐀  ㌀㤀㤀  䐀 䌀漀渀渀攀挀琀椀瘀椀琀礀匀攀爀瘀椀挀攀㨀 昀椀氀琀攀爀一攀琀眀漀爀欀匀琀愀琀攀䘀漀爀唀椀搀⠀⤀ 甀椀搀㨀 ㄀  㤀㔀 渀攀琀眀漀爀欀䤀渀昀漀㨀 嬀琀礀瀀攀㨀 圀䤀䘀䤀嬀崀 ⴀ 圀䤀䘀䤀Ⰰ 猀琀愀琀攀㨀 䌀伀一一䔀䌀吀䔀䐀⼀䌀伀一一䔀䌀吀䔀䐀Ⰰ 爀攀愀猀漀渀㨀 ⠀甀渀猀瀀攀挀椀昀椀攀搀⤀Ⰰ 攀砀琀爀愀㨀 ∀䘀刀䤀吀娀℀䈀漀砀 䘀漀渀 圀䰀䄀一 㜀㌀㤀  ㈀Ⰰ㐀∀Ⰰ 昀愀椀氀漀瘀攀爀㨀 昀愀氀猀攀Ⰰ 愀瘀愀椀氀愀戀氀攀㨀 琀爀甀攀Ⰰ 爀漀愀洀椀渀最㨀 昀愀氀猀攀Ⰰ 洀攀琀攀爀攀搀㨀 昀愀氀猀攀崀ഀഀ
10-05 20:12:46.816 3774 3990 D ConnectivityService: filterNetworkStateForUid() uid: 10235 networkInfo: [type: WIFI[] - WIFI, state: CONNECTED/CONNECTED, reason: (unspecified), extra: "FRITZ!Box Fon WLAN 7390 2,4", failover: false, available: true, roaming: false, metered: false] ਍㄀ ⴀ 㔀 ㈀ 㨀㄀㈀㨀㐀㘀⸀㠀㄀㘀  ㌀㜀㜀㐀  ㌀㤀㤀  䐀 䌀漀渀渀攀挀琀椀瘀椀琀礀匀攀爀瘀椀挀攀㨀 昀椀氀琀攀爀一攀琀眀漀爀欀匀琀愀琀攀䘀漀爀唀椀搀⠀⤀ 甀椀搀㨀 ㄀  㤀㔀 渀攀琀眀漀爀欀䤀渀昀漀㨀 嬀琀礀瀀攀㨀 圀䤀䘀䤀嬀崀 ⴀ 圀䤀䘀䤀Ⰰ 猀琀愀琀攀㨀 䌀伀一一䔀䌀吀䔀䐀⼀䌀伀一一䔀䌀吀䔀䐀Ⰰ 爀攀愀猀漀渀㨀 ⠀甀渀猀瀀攀挀椀昀椀攀搀⤀Ⰰ 攀砀琀爀愀㨀 ∀䘀刀䤀吀娀℀䈀漀砀 䘀漀渀 圀䰀䄀一 㜀㌀㤀  ㈀Ⰰ㐀∀Ⰰ 昀愀椀氀漀瘀攀爀㨀 昀愀氀猀攀Ⰰ 愀瘀愀椀氀愀戀氀攀㨀 琀爀甀攀Ⰰ 爀漀愀洀椀渀最㨀 昀愀氀猀攀Ⰰ 洀攀琀攀爀攀搀㨀 昀愀氀猀攀崀ഀഀ
10-05 20:12:46.816 3774 3990 I chatty : uid=1000(system) ConnectivityThr identical 1 line ਍㄀ ⴀ 㔀 ㈀ 㨀㄀㈀㨀㐀㘀⸀㠀㄀㘀  ㌀㜀㜀㐀  ㌀㤀㤀  䐀 䌀漀渀渀攀挀琀椀瘀椀琀礀匀攀爀瘀椀挀攀㨀 昀椀氀琀攀爀一攀琀眀漀爀欀匀琀愀琀攀䘀漀爀唀椀搀⠀⤀ 甀椀搀㨀 ㄀  㤀㔀 渀攀琀眀漀爀欀䤀渀昀漀㨀 嬀琀礀瀀攀㨀 圀䤀䘀䤀嬀崀 ⴀ 圀䤀䘀䤀Ⰰ 猀琀愀琀攀㨀 䌀伀一一䔀䌀吀䔀䐀⼀䌀伀一一䔀䌀吀䔀䐀Ⰰ 爀攀愀猀漀渀㨀 ⠀甀渀猀瀀攀挀椀昀椀攀搀⤀Ⰰ 攀砀琀爀愀㨀 ∀䘀刀䤀吀娀℀䈀漀砀 䘀漀渀 圀䰀䄀一 㜀㌀㤀  ㈀Ⰰ㐀∀Ⰰ 昀愀椀氀漀瘀攀爀㨀 昀愀氀猀攀Ⰰ 愀瘀愀椀氀愀戀氀攀㨀 琀爀甀攀Ⰰ 爀漀愀洀椀渀最㨀 昀愀氀猀攀Ⰰ 洀攀琀攀爀攀搀㨀 昀愀氀猀攀崀ഀഀ
10-05 20:12:46.816 3774 3990 D ConnectivityService: filterNetworkStateForUid() uid: 10190 networkInfo: [type: WIFI[] - WIFI, state: CONNECTED/CONNECTED, reason: (unspecified), extra: "FRITZ!Box Fon WLAN 7390 2,4", failover: false, available: true, roaming: false, metered: false] ਍㄀ ⴀ 㔀 ㈀ 㨀㄀㈀㨀㐀㘀⸀㠀㄀㜀  ㌀㜀㜀㐀  ㌀㤀㤀  䐀 䌀漀渀渀攀挀琀椀瘀椀琀礀匀攀爀瘀椀挀攀㨀 昀椀氀琀攀爀一攀琀眀漀爀欀匀琀愀琀攀䘀漀爀唀椀搀⠀⤀ 甀椀搀㨀 ㄀ ㄀㌀㔀 渀攀琀眀漀爀欀䤀渀昀漀㨀 嬀琀礀瀀攀㨀 圀䤀䘀䤀嬀崀 ⴀ 圀䤀䘀䤀Ⰰ 猀琀愀琀攀㨀 䌀伀一一䔀䌀吀䔀䐀⼀䌀伀一一䔀䌀吀䔀䐀Ⰰ 爀攀愀猀漀渀㨀 ⠀甀渀猀瀀攀挀椀昀椀攀搀⤀Ⰰ 攀砀琀爀愀㨀 ∀䘀刀䤀吀娀℀䈀漀砀 䘀漀渀 圀䰀䄀一 㜀㌀㤀  ㈀Ⰰ㐀∀Ⰰ 昀愀椀氀漀瘀攀爀㨀 昀愀氀猀攀Ⰰ 愀瘀愀椀氀愀戀氀攀㨀 琀爀甀攀Ⰰ 爀漀愀洀椀渀最㨀 昀愀氀猀攀Ⰰ 洀攀琀攀爀攀搀㨀 昀愀氀猀攀崀ഀഀ
10-05 20:12:46.817 3774 3990 D ConnectivityService: filterNetworkStateForUid() uid: 5009 networkInfo: [type: WIFI[] - WIFI, state: CONNECTED/CONNECTED, reason: (unspecified), extra: "FRITZ!Box Fon WLAN 7390 2,4", failover: false, available: true, roaming: false, metered: false] ਍㄀ ⴀ 㔀 ㈀ 㨀㄀㈀㨀㐀㘀⸀㠀㄀㜀  ㌀㜀㜀㐀  ㌀㤀㤀  䐀 䌀漀渀渀攀挀琀椀瘀椀琀礀匀攀爀瘀椀挀攀㨀 昀椀氀琀攀爀一攀琀眀漀爀欀匀琀愀琀攀䘀漀爀唀椀搀⠀⤀ 甀椀搀㨀 ㄀ ㄀㐀㜀 渀攀琀眀漀爀欀䤀渀昀漀㨀 嬀琀礀瀀攀㨀 圀䤀䘀䤀嬀崀 ⴀ 圀䤀䘀䤀Ⰰ 猀琀愀琀攀㨀 䌀伀一一䔀䌀吀䔀䐀⼀䌀伀一一䔀䌀吀䔀䐀Ⰰ 爀攀愀猀漀渀㨀 ⠀甀渀猀瀀攀挀椀昀椀攀搀⤀Ⰰ 攀砀琀爀愀㨀 ∀䘀刀䤀吀娀℀䈀漀砀 䘀漀渀 圀䰀䄀一 㜀㌀㤀  ㈀Ⰰ㐀∀Ⰰ 昀愀椀氀漀瘀攀爀㨀 昀愀氀猀攀Ⰰ 愀瘀愀椀氀愀戀氀攀㨀 琀爀甀攀Ⰰ 爀漀愀洀椀渀最㨀 昀愀氀猀攀Ⰰ 洀攀琀攀爀攀搀㨀 昀愀氀猀攀崀ഀഀ
10-05 20:12:46.817 3774 3990 D ConnectivityService: filterNetworkStateForUid() uid: 10028 networkInfo: [type: WIFI[] - WIFI, state: CONNECTED/CONNECTED, reason: (unspecified), extra: "FRITZ!Box Fon WLAN 7390 2,4", failover: false, available: true, roaming: false, metered: false] ਍㄀ ⴀ 㔀 ㈀ 㨀㄀㈀㨀㐀㘀⸀㠀㄀㜀  ㌀㜀㜀㐀  ㌀㤀㤀  䐀 䌀漀渀渀攀挀琀椀瘀椀琀礀匀攀爀瘀椀挀攀㨀 昀椀氀琀攀爀一攀琀眀漀爀欀匀琀愀琀攀䘀漀爀唀椀搀⠀⤀ 甀椀搀㨀 ㄀  㘀㔀 渀攀琀眀漀爀欀䤀渀昀漀㨀 嬀琀礀瀀攀㨀 圀䤀䘀䤀嬀崀 ⴀ 圀䤀䘀䤀Ⰰ 猀琀愀琀攀㨀 䌀伀一一䔀䌀吀䔀䐀⼀䌀伀一一䔀䌀吀䔀䐀Ⰰ 爀攀愀猀漀渀㨀 ⠀甀渀猀瀀攀挀椀昀椀攀搀⤀Ⰰ 攀砀琀爀愀㨀 ∀䘀刀䤀吀娀℀䈀漀砀 䘀漀渀 圀䰀䄀一 㜀㌀㤀  ㈀Ⰰ㐀∀Ⰰ 昀愀椀氀漀瘀攀爀㨀 昀愀氀猀攀Ⰰ 愀瘀愀椀氀愀戀氀攀㨀 琀爀甀攀Ⰰ 爀漀愀洀椀渀最㨀 昀愀氀猀攀Ⰰ 洀攀琀攀爀攀搀㨀 昀愀氀猀攀崀ഀഀ
10-05 20:12:46.817 3774 3990 D ConnectivityService: filterNetworkStateForUid() uid: 10095 networkInfo: [type: WIFI[] - WIFI, state: CONNECTED/CONNECTED, reason: (unspecified), extra: "FRITZ!Box Fon WLAN 7390 2,4", failover: false, available: true, roaming: false, metered: false] ਍㄀ ⴀ 㔀 ㈀ 㨀㄀㈀㨀㐀㘀⸀㠀㄀㠀  ㌀㜀㜀㐀  ㌀㤀㤀  䐀 䌀漀渀渀攀挀琀椀瘀椀琀礀匀攀爀瘀椀挀攀㨀 昀椀氀琀攀爀一攀琀眀漀爀欀匀琀愀琀攀䘀漀爀唀椀搀⠀⤀ 甀椀搀㨀 ㄀ ㄀㤀㈀ 渀攀琀眀漀爀欀䤀渀昀漀㨀 嬀琀礀瀀攀㨀 圀䤀䘀䤀嬀崀 ⴀ 圀䤀䘀䤀Ⰰ 猀琀愀琀攀㨀 䐀䤀匀䌀伀一一䔀䌀吀䔀䐀⼀䈀䰀伀䌀䬀䔀䐀Ⰰ 爀攀愀猀漀渀㨀 ⠀甀渀猀瀀攀挀椀昀椀攀搀⤀Ⰰ 攀砀琀爀愀㨀 ⠀渀漀渀攀⤀Ⰰ 昀愀椀氀漀瘀攀爀㨀 昀愀氀猀攀Ⰰ 愀瘀愀椀氀愀戀氀攀㨀 琀爀甀攀Ⰰ 爀漀愀洀椀渀最㨀 昀愀氀猀攀Ⰰ 洀攀琀攀爀攀搀㨀 昀愀氀猀攀崀ഀഀ
10-05 20:12:46.818 3774 3990 D ConnectivityService: filterNetworkStateForUid() uid: 10050 networkInfo: [type: WIFI[] - WIFI, state: CONNECTED/CONNECTED, reason: (unspecified), extra: "FRITZ!Box Fon WLAN 7390 2,4", failover: false, available: true, roaming: false, metered: false] ਍㄀ ⴀ 㔀 ㈀ 㨀㄀㈀㨀㐀㘀⸀㠀㄀㠀  ㌀㜀㜀㐀  ㌀㤀㤀  䐀 䌀漀渀渀攀挀琀椀瘀椀琀礀匀攀爀瘀椀挀攀㨀 昀椀氀琀攀爀一攀琀眀漀爀欀匀琀愀琀攀䘀漀爀唀椀搀⠀⤀ 甀椀搀㨀 ㄀  㐀㔀 渀攀琀眀漀爀欀䤀渀昀漀㨀 嬀琀礀瀀攀㨀 圀䤀䘀䤀嬀崀 ⴀ 圀䤀䘀䤀Ⰰ 猀琀愀琀攀㨀 䌀伀一一䔀䌀吀䔀䐀⼀䌀伀一一䔀䌀吀䔀䐀Ⰰ 爀攀愀猀漀渀㨀 ⠀甀渀猀瀀攀挀椀昀椀攀搀⤀Ⰰ 攀砀琀爀愀㨀 ∀䘀刀䤀吀娀℀䈀漀砀 䘀漀渀 圀䰀䄀一 㜀㌀㤀  ㈀Ⰰ㐀∀Ⰰ 昀愀椀氀漀瘀攀爀㨀 昀愀氀猀攀Ⰰ 愀瘀愀椀氀愀戀氀攀㨀 琀爀甀攀Ⰰ 爀漀愀洀椀渀最㨀 昀愀氀猀攀Ⰰ 洀攀琀攀爀攀搀㨀 昀愀氀猀攀崀ഀഀ
10-05 20:12:46.818 3774 3990 D ConnectivityService: filterNetworkStateForUid() uid: 1000 networkInfo: [type: WIFI[] - WIFI, state: CONNECTED/CONNECTED, reason: (unspecified), extra: "FRITZ!Box Fon WLAN 7390 2,4", failover: false, available: true, roaming: false, metered: false] ਍㄀ ⴀ 㔀 ㈀ 㨀㄀㈀㨀㐀㘀⸀㠀㄀㤀  ㌀㜀㜀㐀  ㌀㤀㤀  䐀 䌀漀渀渀攀挀琀椀瘀椀琀礀匀攀爀瘀椀挀攀㨀 昀椀氀琀攀爀一攀琀眀漀爀欀匀琀愀琀攀䘀漀爀唀椀搀⠀⤀ 甀椀搀㨀 ㄀  㤀㌀ 渀攀琀眀漀爀欀䤀渀昀漀㨀 嬀琀礀瀀攀㨀 圀䤀䘀䤀嬀崀 ⴀ 圀䤀䘀䤀Ⰰ 猀琀愀琀攀㨀 䌀伀一一䔀䌀吀䔀䐀⼀䌀伀一一䔀䌀吀䔀䐀Ⰰ 爀攀愀猀漀渀㨀 ⠀甀渀猀瀀攀挀椀昀椀攀搀⤀Ⰰ 攀砀琀爀愀㨀 ∀䘀刀䤀吀娀℀䈀漀砀 䘀漀渀 圀䰀䄀一 㜀㌀㤀  ㈀Ⰰ㐀∀Ⰰ 昀愀椀氀漀瘀攀爀㨀 昀愀氀猀攀Ⰰ 愀瘀愀椀氀愀戀氀攀㨀 琀爀甀攀Ⰰ 爀漀愀洀椀渀最㨀 昀愀氀猀攀Ⰰ 洀攀琀攀爀攀搀㨀 昀愀氀猀攀崀ഀഀ
10-05 20:12:46.819 3774 3990 D ConnectivityService: filterNetworkStateForUid() uid: 10154 networkInfo: [type: WIFI[] - WIFI, state: CONNECTED/CONNECTED, reason: (unspecified), extra: "FRITZ!Box Fon WLAN 7390 2,4", failover: false, available: true, roaming: false, metered: false] ਍㄀ ⴀ 㔀 ㈀ 㨀㄀㈀㨀㐀㘀⸀㠀㄀㤀  㐀㐀㔀   㐀㐀㔀  䐀 䜀䰀䄀渀椀洀愀琀漀爀䴀愀渀愀最攀爀㨀 搀漀䘀爀愀洀攀ഀഀ
10-05 20:12:46.819 3774 3990 D ConnectivityService: filterNetworkStateForUid() uid: 10095 networkInfo: [type: WIFI[] - WIFI, state: CONNECTED/CONNECTED, reason: (unspecified), extra: "FRITZ!Box Fon WLAN 7390 2,4", failover: false, available: true, roaming: false, metered: false] ਍㄀ ⴀ 㔀 ㈀ 㨀㄀㈀㨀㐀㘀⸀㠀㄀㤀  ㌀㜀㜀㐀  ㌀㤀㤀  䐀 䌀漀渀渀攀挀琀椀瘀椀琀礀匀攀爀瘀椀挀攀㨀 昀椀氀琀攀爀一攀琀眀漀爀欀匀琀愀琀攀䘀漀爀唀椀搀⠀⤀ 甀椀搀㨀 ㄀  㤀㔀 渀攀琀眀漀爀欀䤀渀昀漀㨀 嬀琀礀瀀攀㨀 圀䤀䘀䤀嬀崀 ⴀ 圀䤀䘀䤀Ⰰ 猀琀愀琀攀㨀 䌀伀一一䔀䌀吀䔀䐀⼀䌀伀一一䔀䌀吀䔀䐀Ⰰ 爀攀愀猀漀渀㨀 ⠀甀渀猀瀀攀挀椀昀椀攀搀⤀Ⰰ 攀砀琀爀愀㨀 ∀䘀刀䤀吀娀℀䈀漀砀 䘀漀渀 圀䰀䄀一 㜀㌀㤀  ㈀Ⰰ㐀∀Ⰰ 昀愀椀氀漀瘀攀爀㨀 昀愀氀猀攀Ⰰ 愀瘀愀椀氀愀戀氀攀㨀 琀爀甀攀Ⰰ 爀漀愀洀椀渀最㨀 昀愀氀猀攀Ⰰ 洀攀琀攀爀攀搀㨀 昀愀氀猀攀崀ഀഀ
10-05 20:12:46.819 3774 3990 D ConnectivityService: filterNetworkStateForUid() uid: 10028 networkInfo: [type: WIFI[] - WIFI, state: CONNECTED/CONNECTED, reason: (unspecified), extra: "FRITZ!Box Fon WLAN 7390 2,4", failover: false, available: true, roaming: false, metered: false] ਍㄀ ⴀ 㔀 ㈀ 㨀㄀㈀㨀㐀㘀⸀㠀㄀㤀  㐀㐀㔀   㐀㐀㔀  䐀 䜀礀爀漀刀攀渀搀攀爀㨀 漀渀匀攀渀猀漀爀䌀栀愀渀最攀搀 攀瘀攀渀琀⸀猀攀渀猀漀爀⸀最攀琀吀礀瀀攀⠀⤀ 㴀 㘀㔀㔀㜀㤀ഀഀ
10-05 20:12:46.820 3774 3990 D ConnectivityService: filterNetworkStateForUid() uid: 10095 networkInfo: [type: WIFI[] - WIFI, state: CONNECTED/CONNECTED, reason: (unspecified), extra: "FRITZ!Box Fon WLAN 7390 2,4", failover: false, available: true, roaming: false, metered: false] ਍㄀ ⴀ 㔀 ㈀ 㨀㄀㈀㨀㐀㘀⸀㠀㈀   㐀㐀㔀   㐀㐀㔀  䐀 䜀䰀䄀渀椀洀愀琀漀爀䴀愀渀愀最攀爀㨀 搀漀䘀爀愀洀攀ഀഀ
10-05 20:12:46.820 3774 3990 D ConnectivityService: filterNetworkStateForUid() uid: 10235 networkInfo: [type: WIFI[] - WIFI, state: CONNECTED/CONNECTED, reason: (unspecified), extra: "FRITZ!Box Fon WLAN 7390 2,4", failover: false, available: true, roaming: false, metered: false] ਍㄀ ⴀ 㔀 ㈀ 㨀㄀㈀㨀㐀㘀⸀㠀㈀   ㌀㜀㜀㐀  ㌀㤀㤀  䐀 䌀漀渀渀攀挀琀椀瘀椀琀礀匀攀爀瘀椀挀攀㨀 昀椀氀琀攀爀一攀琀眀漀爀欀匀琀愀琀攀䘀漀爀唀椀搀⠀⤀ 甀椀搀㨀 ㄀ ㄀㤀㤀 渀攀琀眀漀爀欀䤀渀昀漀㨀 嬀琀礀瀀攀㨀 圀䤀䘀䤀嬀崀 ⴀ 圀䤀䘀䤀Ⰰ 猀琀愀琀攀㨀 䌀伀一一䔀䌀吀䔀䐀⼀䌀伀一一䔀䌀吀䔀䐀Ⰰ 爀攀愀猀漀渀㨀 ⠀甀渀猀瀀攀挀椀昀椀攀搀⤀Ⰰ 攀砀琀爀愀㨀 ∀䘀刀䤀吀娀℀䈀漀砀 䘀漀渀 圀䰀䄀一 㜀㌀㤀  ㈀Ⰰ㐀∀Ⰰ 昀愀椀氀漀瘀攀爀㨀 昀愀氀猀攀Ⰰ 愀瘀愀椀氀愀戀氀攀㨀 琀爀甀攀Ⰰ 爀漀愀洀椀渀最㨀 昀愀氀猀攀Ⰰ 洀攀琀攀爀攀搀㨀 昀愀氀猀攀崀ഀഀ
10-05 20:12:46.820 3774 3990 D ConnectivityService: filterNetworkStateForUid() uid: 10093 networkInfo: [type: WIFI[] - WIFI, state: CONNECTED/CONNECTED, reason: (unspecified), extra: "FRITZ!Box Fon WLAN 7390 2,4", failover: false, available: true, roaming: false, metered: false] ਍㄀ ⴀ 㔀 ㈀ 㨀㄀㈀㨀㐀㘀⸀㠀㈀   ㌀㜀㜀㐀  ㌀㤀㤀  䐀 䌀漀渀渀攀挀琀椀瘀椀琀礀匀攀爀瘀椀挀攀㨀 昀椀氀琀攀爀一攀琀眀漀爀欀匀琀愀琀攀䘀漀爀唀椀搀⠀⤀ 甀椀搀㨀 ㄀  㤀㔀 渀攀琀眀漀爀欀䤀渀昀漀㨀 嬀琀礀瀀攀㨀 圀䤀䘀䤀嬀崀 ⴀ 圀䤀䘀䤀Ⰰ 猀琀愀琀攀㨀 䌀伀一一䔀䌀吀䔀䐀⼀䌀伀一一䔀䌀吀䔀䐀Ⰰ 爀攀愀猀漀渀㨀 ⠀甀渀猀瀀攀挀椀昀椀攀搀⤀Ⰰ 攀砀琀爀愀㨀 ∀䘀刀䤀吀娀℀䈀漀砀 䘀漀渀 圀䰀䄀一 㜀㌀㤀  ㈀Ⰰ㐀∀Ⰰ 昀愀椀氀漀瘀攀爀㨀 昀愀氀猀攀Ⰰ 愀瘀愀椀氀愀戀氀攀㨀 琀爀甀攀Ⰰ 爀漀愀洀椀渀最㨀 昀愀氀猀攀Ⰰ 洀攀琀攀爀攀搀㨀 昀愀氀猀攀崀ഀഀ
10-05 20:12:46.820 3774 3990 D ConnectivityService: filterNetworkStateForUid() uid: 10190 networkInfo: [type: WIFI[] - WIFI, state: CONNECTED/CONNECTED, reason: (unspecified), extra: "FRITZ!Box Fon WLAN 7390 2,4", failover: false, available: true, roaming: false, metered: false] ਍㄀ ⴀ 㔀 ㈀ 㨀㄀㈀㨀㐀㘀⸀㠀㈀㄀  ㌀㜀㜀㐀  ㌀㤀㤀  䐀 䌀漀渀渀攀挀琀椀瘀椀琀礀匀攀爀瘀椀挀攀㨀 昀椀氀琀攀爀一攀琀眀漀爀欀匀琀愀琀攀䘀漀爀唀椀搀⠀⤀ 甀椀搀㨀 ㄀  㤀㔀 渀攀琀眀漀爀欀䤀渀昀漀㨀 嬀琀礀瀀攀㨀 圀䤀䘀䤀嬀崀 ⴀ 圀䤀䘀䤀Ⰰ 猀琀愀琀攀㨀 䌀伀一一䔀䌀吀䔀䐀⼀䌀伀一一䔀䌀吀䔀䐀Ⰰ 爀攀愀猀漀渀㨀 ⠀甀渀猀瀀攀挀椀昀椀攀搀⤀Ⰰ 攀砀琀爀愀㨀 ∀䘀刀䤀吀娀℀䈀漀砀 䘀漀渀 圀䰀䄀一 㜀㌀㤀  ㈀Ⰰ㐀∀Ⰰ 昀愀椀氀漀瘀攀爀㨀 昀愀氀猀攀Ⰰ 愀瘀愀椀氀愀戀氀攀㨀 琀爀甀攀Ⰰ 爀漀愀洀椀渀最㨀 昀愀氀猀攀Ⰰ 洀攀琀攀爀攀搀㨀 昀愀氀猀攀崀ഀഀ
10-05 20:12:46.821 3774 3990 D ConnectivityService: filterNetworkStateForUid() uid: 10095 networkInfo: [type: WIFI[] - WIFI, state: CONNECTED/CONNECTED, reason: (unspecified), extra: "FRITZ!Box Fon WLAN 7390 2,4", failover: false, available: true, roaming: false, metered: false] ਍㄀ ⴀ 㔀 ㈀ 㨀㄀㈀㨀㐀㘀⸀㠀㈀㄀  ㌀㜀㜀㐀  ㌀㤀㤀  䐀 䌀漀渀渀攀挀琀椀瘀椀琀礀匀攀爀瘀椀挀攀㨀 昀椀氀琀攀爀一攀琀眀漀爀欀匀琀愀琀攀䘀漀爀唀椀搀⠀⤀ 甀椀搀㨀 ㄀ ㄀㜀㄀ 渀攀琀眀漀爀欀䤀渀昀漀㨀 嬀琀礀瀀攀㨀 圀䤀䘀䤀嬀崀 ⴀ 圀䤀䘀䤀Ⰰ 猀琀愀琀攀㨀 䌀伀一一䔀䌀吀䔀䐀⼀䌀伀一一䔀䌀吀䔀䐀Ⰰ 爀攀愀猀漀渀㨀 ⠀甀渀猀瀀攀挀椀昀椀攀搀⤀Ⰰ 攀砀琀爀愀㨀 ∀䘀刀䤀吀娀℀䈀漀砀 䘀漀渀 圀䰀䄀一 㜀㌀㤀  ㈀Ⰰ㐀∀Ⰰ 昀愀椀氀漀瘀攀爀㨀 昀愀氀猀攀Ⰰ 愀瘀愀椀氀愀戀氀攀㨀 琀爀甀攀Ⰰ 爀漀愀洀椀渀最㨀 昀愀氀猀攀Ⰰ 洀攀琀攀爀攀搀㨀 昀愀氀猀攀崀ഀഀ
10-05 20:12:46.821 3774 3990 D ConnectivityService: filterNetworkStateForUid() uid: 1000 networkInfo: [type: WIFI[] - WIFI, state: CONNECTED/CONNECTED, reason: (unspecified), extra: "FRITZ!Box Fon WLAN 7390 2,4", failover: false, available: true, roaming: false, metered: false] ਍㄀ ⴀ 㔀 ㈀ 㨀㄀㈀㨀㐀㘀⸀㠀㈀㄀  ㌀㜀㜀㐀  ㌀㤀㤀  䐀 䌀漀渀渀攀挀琀椀瘀椀琀礀匀攀爀瘀椀挀攀㨀 昀椀氀琀攀爀一攀琀眀漀爀欀匀琀愀琀攀䘀漀爀唀椀搀⠀⤀ 甀椀搀㨀 ㄀ ㈀㌀㄀ 渀攀琀眀漀爀欀䤀渀昀漀㨀 嬀琀礀瀀攀㨀 圀䤀䘀䤀嬀崀 ⴀ 圀䤀䘀䤀Ⰰ 猀琀愀琀攀㨀 䌀伀一一䔀䌀吀䔀䐀⼀䌀伀一一䔀䌀吀䔀䐀Ⰰ 爀攀愀猀漀渀㨀 ⠀甀渀猀瀀攀挀椀昀椀攀搀⤀Ⰰ 攀砀琀爀愀㨀 ∀䘀刀䤀吀娀℀䈀漀砀 䘀漀渀 圀䰀䄀一 㜀㌀㤀  ㈀Ⰰ㐀∀Ⰰ 昀愀椀氀漀瘀攀爀㨀 昀愀氀猀攀Ⰰ 愀瘀愀椀氀愀戀氀攀㨀 琀爀甀攀Ⰰ 爀漀愀洀椀渀最㨀 昀愀氀猀攀Ⰰ 洀攀琀攀爀攀搀㨀 昀愀氀猀攀崀ഀഀ
10-05 20:12:46.822 3774 3990 D ConnectivityService: filterNetworkStateForUid() uid: 10095 networkInfo: [type: WIFI[] - WIFI, state: CONNECTED/CONNECTED, reason: (unspecified), extra: "FRITZ!Box Fon WLAN 7390 2,4", failover: false, available: true, roaming: false, metered: false] ਍㄀ ⴀ 㔀 ㈀ 㨀㄀㈀㨀㐀㘀⸀㠀㈀㈀  ㌀㜀㜀㐀  ㌀㤀㤀  䐀 䌀漀渀渀攀挀琀椀瘀椀琀礀匀攀爀瘀椀挀攀㨀 昀椀氀琀攀爀一攀琀眀漀爀欀匀琀愀琀攀䘀漀爀唀椀搀⠀⤀ 甀椀搀㨀 ㄀  ㈀㠀 渀攀琀眀漀爀欀䤀渀昀漀㨀 嬀琀礀瀀攀㨀 圀䤀䘀䤀嬀崀 ⴀ 圀䤀䘀䤀Ⰰ 猀琀愀琀攀㨀 䌀伀一一䔀䌀吀䔀䐀⼀䌀伀一一䔀䌀吀䔀䐀Ⰰ 爀攀愀猀漀渀㨀 ⠀甀渀猀瀀攀挀椀昀椀攀搀⤀Ⰰ 攀砀琀爀愀㨀 ∀䘀刀䤀吀娀℀䈀漀砀 䘀漀渀 圀䰀䄀一 㜀㌀㤀  ㈀Ⰰ㐀∀Ⰰ 昀愀椀氀漀瘀攀爀㨀 昀愀氀猀攀Ⰰ 愀瘀愀椀氀愀戀氀攀㨀 琀爀甀攀Ⰰ 爀漀愀洀椀渀最㨀 昀愀氀猀攀Ⰰ 洀攀琀攀爀攀搀㨀 昀愀氀猀攀崀ഀഀ
10-05 20:12:46.822 4639 4639 D EPDG -- SIM0 [SMARTWIFI]: Wifi RSSI intent received -- newRssi : -66intent Intent { act=android.net.wifi.RSSI_CHANGED flg=0x4000010 (has extras) } ਍㄀ ⴀ 㔀 ㈀ 㨀㄀㈀㨀㐀㘀⸀㠀㈀㈀  ㌀㜀㜀㐀  ㌀㤀㤀  䐀 䌀漀渀渀攀挀琀椀瘀椀琀礀匀攀爀瘀椀挀攀㨀 昀椀氀琀攀爀一攀琀眀漀爀欀匀琀愀琀攀䘀漀爀唀椀搀⠀⤀ 甀椀搀㨀 ㄀ ㄀㌀㔀 渀攀琀眀漀爀欀䤀渀昀漀㨀 嬀琀礀瀀攀㨀 圀䤀䘀䤀嬀崀 ⴀ 圀䤀䘀䤀Ⰰ 猀琀愀琀攀㨀 䌀伀一一䔀䌀吀䔀䐀⼀䌀伀一一䔀䌀吀䔀䐀Ⰰ 爀攀愀猀漀渀㨀 ⠀甀渀猀瀀攀挀椀昀椀攀搀⤀Ⰰ 攀砀琀爀愀㨀 ∀䘀刀䤀吀娀℀䈀漀砀 䘀漀渀 圀䰀䄀一 㜀㌀㤀  ㈀Ⰰ㐀∀Ⰰ 昀愀椀氀漀瘀攀爀㨀 昀愀氀猀攀Ⰰ 愀瘀愀椀氀愀戀氀攀㨀 琀爀甀攀Ⰰ 爀漀愀洀椀渀最㨀 昀愀氀猀攀Ⰰ 洀攀琀攀爀攀搀㨀 昀愀氀猀攀崀ഀഀ
10-05 20:12:46.822 3774 3990 D ConnectivityService: filterNetworkStateForUid() uid: 10028 networkInfo: [type: WIFI[] - WIFI, state: CONNECTED/CONNECTED, reason: (unspecified), extra: "FRITZ!Box Fon WLAN 7390 2,4", failover: false, available: true, roaming: false, metered: false] ਍㄀ ⴀ 㔀 ㈀ 㨀㄀㈀㨀㐀㘀⸀㠀㈀㈀  ㌀㜀㜀㐀  ㌀㤀㤀  䐀 䌀漀渀渀攀挀琀椀瘀椀琀礀匀攀爀瘀椀挀攀㨀 昀椀氀琀攀爀一攀琀眀漀爀欀匀琀愀琀攀䘀漀爀唀椀搀⠀⤀ 甀椀搀㨀 ㄀  㐀㔀 渀攀琀眀漀爀欀䤀渀昀漀㨀 嬀琀礀瀀攀㨀 圀䤀䘀䤀嬀崀 ⴀ 圀䤀䘀䤀Ⰰ 猀琀愀琀攀㨀 䌀伀一一䔀䌀吀䔀䐀⼀䌀伀一一䔀䌀吀䔀䐀Ⰰ 爀攀愀猀漀渀㨀 ⠀甀渀猀瀀攀挀椀昀椀攀搀⤀Ⰰ 攀砀琀爀愀㨀 ∀䘀刀䤀吀娀℀䈀漀砀 䘀漀渀 圀䰀䄀一 㜀㌀㤀  ㈀Ⰰ㐀∀Ⰰ 昀愀椀氀漀瘀攀爀㨀 昀愀氀猀攀Ⰰ 愀瘀愀椀氀愀戀氀攀㨀 琀爀甀攀Ⰰ 爀漀愀洀椀渀最㨀 昀愀氀猀攀Ⰰ 洀攀琀攀爀攀搀㨀 昀愀氀猀攀崀ഀഀ
10-05 20:12:46.823 3774 3990 D ConnectivityService: filterNetworkStateForUid() uid: 10095 networkInfo: [type: WIFI[] - WIFI, state: CONNECTED/CONNECTED, reason: (unspecified), extra: "FRITZ!Box Fon WLAN 7390 2,4", failover: false, available: true, roaming: false, metered: false] ਍㄀ ⴀ 㔀 ㈀ 㨀㄀㈀㨀㐀㘀⸀㠀㈀㌀  ㌀㜀㜀㐀  ㌀㤀㤀  䐀 䌀漀渀渀攀挀琀椀瘀椀琀礀匀攀爀瘀椀挀攀㨀 昀椀氀琀攀爀一攀琀眀漀爀欀匀琀愀琀攀䘀漀爀唀椀搀⠀⤀ 甀椀搀㨀 ㄀  ㈀㠀 渀攀琀眀漀爀欀䤀渀昀漀㨀 嬀琀礀瀀攀㨀 圀䤀䘀䤀嬀崀 ⴀ 圀䤀䘀䤀Ⰰ 猀琀愀琀攀㨀 䌀伀一一䔀䌀吀䔀䐀⼀䌀伀一一䔀䌀吀䔀䐀Ⰰ 爀攀愀猀漀渀㨀 ⠀甀渀猀瀀攀挀椀昀椀攀搀⤀Ⰰ 攀砀琀爀愀㨀 ∀䘀刀䤀吀娀℀䈀漀砀 䘀漀渀 圀䰀䄀一 㜀㌀㤀  ㈀Ⰰ㐀∀Ⰰ 昀愀椀氀漀瘀攀爀㨀 昀愀氀猀攀Ⰰ 愀瘀愀椀氀愀戀氀攀㨀 琀爀甀攀Ⰰ 爀漀愀洀椀渀最㨀 昀愀氀猀攀Ⰰ 洀攀琀攀爀攀搀㨀 昀愀氀猀攀崀ഀഀ
10-05 20:12:46.823 3774 3997 D ConnectivityService: sending notification for NetworkRequest [ LISTEN id=8, [ Transports: WIFI Capabilities: INTERNET&NOT_RESTRICTED&TRUSTED&NOT_VPN] ] ਍㄀ ⴀ 㔀 ㈀ 㨀㄀㈀㨀㐀㘀⸀㠀㈀㌀  ㌀㜀㜀㐀  ㌀㤀㤀  䐀 䌀漀渀渀攀挀琀椀瘀椀琀礀匀攀爀瘀椀挀攀㨀 昀椀氀琀攀爀一攀琀眀漀爀欀匀琀愀琀攀䘀漀爀唀椀搀⠀⤀ 甀椀搀㨀 ㄀ ㈀㄀㜀 渀攀琀眀漀爀欀䤀渀昀漀㨀 嬀琀礀瀀攀㨀 圀䤀䘀䤀嬀崀 ⴀ 圀䤀䘀䤀Ⰰ 猀琀愀琀攀㨀 䌀伀一一䔀䌀吀䔀䐀⼀䌀伀一一䔀䌀吀䔀䐀Ⰰ 爀攀愀猀漀渀㨀 ⠀甀渀猀瀀攀挀椀昀椀攀搀⤀Ⰰ 攀砀琀爀愀㨀 ∀䘀刀䤀吀娀℀䈀漀砀 䘀漀渀 圀䰀䄀一 㜀㌀㤀  ㈀Ⰰ㐀∀Ⰰ 昀愀椀氀漀瘀攀爀㨀 昀愀氀猀攀Ⰰ 愀瘀愀椀氀愀戀氀攀㨀 琀爀甀攀Ⰰ 爀漀愀洀椀渀最㨀 昀愀氀猀攀Ⰰ 洀攀琀攀爀攀搀㨀 昀愀氀猀攀崀ഀഀ
10-05 20:12:46.823 3774 3997 D ConnectivityService: sending notification CAP_CHANGED for NetworkRequest [ LISTEN id=8, [ Transports: WIFI Capabilities: INTERNET&NOT_RESTRICTED&TRUSTED&NOT_VPN] ] ਍㄀ ⴀ 㔀 ㈀ 㨀㄀㈀㨀㐀㘀⸀㠀㈀㌀  ㌀㜀㜀㐀  ㌀㤀㤀  䐀 䌀漀渀渀攀挀琀椀瘀椀琀礀匀攀爀瘀椀挀攀㨀 昀椀氀琀攀爀一攀琀眀漀爀欀匀琀愀琀攀䘀漀爀唀椀搀⠀⤀ 甀椀搀㨀 ㄀  ㈀㠀 渀攀琀眀漀爀欀䤀渀昀漀㨀 嬀琀礀瀀攀㨀 圀䤀䘀䤀嬀崀 ⴀ 圀䤀䘀䤀Ⰰ 猀琀愀琀攀㨀 䌀伀一一䔀䌀吀䔀䐀⼀䌀伀一一䔀䌀吀䔀䐀Ⰰ 爀攀愀猀漀渀㨀 ⠀甀渀猀瀀攀挀椀昀椀攀搀⤀Ⰰ 攀砀琀爀愀㨀 ∀䘀刀䤀吀娀℀䈀漀砀 䘀漀渀 圀䰀䄀一 㜀㌀㤀  ㈀Ⰰ㐀∀Ⰰ 昀愀椀氀漀瘀攀爀㨀 昀愀氀猀攀Ⰰ 愀瘀愀椀氀愀戀氀攀㨀 琀爀甀攀Ⰰ 爀漀愀洀椀渀最㨀 昀愀氀猀攀Ⰰ 洀攀琀攀爀攀搀㨀 昀愀氀猀攀崀ഀഀ
10-05 20:12:46.823 3774 3990 D ConnectivityService: filterNetworkStateForUid() uid: 10190 networkInfo: [type: WIFI[] - WIFI, state: CONNECTED/CONNECTED, reason: (unspecified), extra: "FRITZ!Box Fon WLAN 7390 2,4", failover: false, available: true, roaming: false, metered: false] ਍㄀ ⴀ 㔀 ㈀ 㨀㄀㈀㨀㐀㘀⸀㠀㈀㌀  ㌀㜀㜀㐀  ㌀㤀㤀㜀 䐀 䌀漀渀渀攀挀琀椀瘀椀琀礀匀攀爀瘀椀挀攀㨀  猀攀渀搀椀渀最 渀漀琀椀昀椀挀愀琀椀漀渀 昀漀爀 一攀琀眀漀爀欀刀攀焀甀攀猀琀 嬀 䰀䤀匀吀䔀一 椀搀㴀㤀Ⰰ 嬀 吀爀愀渀猀瀀漀爀琀猀㨀 圀䤀䘀䤀 䌀愀瀀愀戀椀氀椀琀椀攀猀㨀 䤀一吀䔀刀一䔀吀☀一伀吀开刀䔀匀吀刀䤀䌀吀䔀䐀☀吀刀唀匀吀䔀䐀☀一伀吀开嘀倀一崀 崀ഀഀ
10-05 20:12:46.824 3774 3990 D ConnectivityService: filterNetworkStateForUid() uid: 1000 networkInfo: [type: WIFI[] - WIFI, state: CONNECTED/CONNECTED, reason: (unspecified), extra: "FRITZ!Box Fon WLAN 7390 2,4", failover: false, available: true, roaming: false, metered: false] ਍㄀ ⴀ 㔀 ㈀ 㨀㄀㈀㨀㐀㘀⸀㠀㈀㐀  ㌀㜀㜀㐀  ㌀㤀㤀㜀 䐀 䌀漀渀渀攀挀琀椀瘀椀琀礀匀攀爀瘀椀挀攀㨀 猀攀渀搀椀渀最 渀漀琀椀昀椀挀愀琀椀漀渀 䌀䄀倀开䌀䠀䄀一䜀䔀䐀 昀漀爀 一攀琀眀漀爀欀刀攀焀甀攀猀琀 嬀 䰀䤀匀吀䔀一 椀搀㴀㤀Ⰰ 嬀 吀爀愀渀猀瀀漀爀琀猀㨀 圀䤀䘀䤀 䌀愀瀀愀戀椀氀椀琀椀攀猀㨀 䤀一吀䔀刀一䔀吀☀一伀吀开刀䔀匀吀刀䤀䌀吀䔀䐀☀吀刀唀匀吀䔀䐀☀一伀吀开嘀倀一崀 崀ഀഀ
10-05 20:12:46.824 3774 3990 D ConnectivityService: filterNetworkStateForUid() uid: 1001 networkInfo: [type: WIFI[] - WIFI, state: CONNECTED/CONNECTED, reason: (unspecified), extra: "FRITZ!Box Fon WLAN 7390 2,4", failover: false, available: true, roaming: false, metered: false] ਍㄀ ⴀ 㔀 ㈀ 㨀㄀㈀㨀㐀㘀⸀㠀㈀㐀  ㌀㜀㜀㐀  ㌀㤀㤀  䐀 䌀漀渀渀攀挀琀椀瘀椀琀礀匀攀爀瘀椀挀攀㨀 昀椀氀琀攀爀一攀琀眀漀爀欀匀琀愀琀攀䘀漀爀唀椀搀⠀⤀ 甀椀搀㨀 ㄀ ㄀㤀  渀攀琀眀漀爀欀䤀渀昀漀㨀 嬀琀礀瀀攀㨀 圀䤀䘀䤀嬀崀 ⴀ 圀䤀䘀䤀Ⰰ 猀琀愀琀攀㨀 䌀伀一一䔀䌀吀䔀䐀⼀䌀伀一一䔀䌀吀䔀䐀Ⰰ 爀攀愀猀漀渀㨀 ⠀甀渀猀瀀攀挀椀昀椀攀搀⤀Ⰰ 攀砀琀爀愀㨀 ∀䘀刀䤀吀娀℀䈀漀砀 䘀漀渀 圀䰀䄀一 㜀㌀㤀  ㈀Ⰰ㐀∀Ⰰ 昀愀椀氀漀瘀攀爀㨀 昀愀氀猀攀Ⰰ 愀瘀愀椀氀愀戀氀攀㨀 琀爀甀攀Ⰰ 爀漀愀洀椀渀最㨀 昀愀氀猀攀Ⰰ 洀攀琀攀爀攀搀㨀 昀愀氀猀攀崀ഀഀ
10-05 20:12:46.824 3774 3990 D ConnectivityService: filterNetworkStateForUid() uid: 10192 networkInfo: [type: WIFI[] - WIFI, state: DISCONNECTED/BLOCKED, reason: (unspecified), extra: (none), failover: false, available: true, roaming: false, metered: false] ਍㄀ ⴀ 㔀 ㈀ 㨀㄀㈀㨀㐀㘀⸀㠀㈀㐀  ㌀㜀㜀㐀  ㌀㤀㤀  䐀 䌀漀渀渀攀挀琀椀瘀椀琀礀匀攀爀瘀椀挀攀㨀 昀椀氀琀攀爀一攀琀眀漀爀欀匀琀愀琀攀䘀漀爀唀椀搀⠀⤀ 甀椀搀㨀 ㄀  㔀  渀攀琀眀漀爀欀䤀渀昀漀㨀 嬀琀礀瀀攀㨀 圀䤀䘀䤀嬀崀 ⴀ 圀䤀䘀䤀Ⰰ 猀琀愀琀攀㨀 䌀伀一一䔀䌀吀䔀䐀⼀䌀伀一一䔀䌀吀䔀䐀Ⰰ 爀攀愀猀漀渀㨀 ⠀甀渀猀瀀攀挀椀昀椀攀搀⤀Ⰰ 攀砀琀爀愀㨀 ∀䘀刀䤀吀娀℀䈀漀砀 䘀漀渀 圀䰀䄀一 㜀㌀㤀  ㈀Ⰰ㐀∀Ⰰ 昀愀椀氀漀瘀攀爀㨀 昀愀氀猀攀Ⰰ 愀瘀愀椀氀愀戀氀攀㨀 琀爀甀攀Ⰰ 爀漀愀洀椀渀最㨀 昀愀氀猀攀Ⰰ 洀攀琀攀爀攀搀㨀 昀愀氀猀攀崀ഀഀ
10-05 20:12:46.824 3774 3990 D ConnectivityService: filterNetworkStateForUid() uid: 10226 networkInfo: [type: WIFI[] - WIFI, state: CONNECTED/CONNECTED, reason: (unspecified), extra: "FRITZ!Box Fon WLAN 7390 2,4", failover: false, available: true, roaming: false, metered: false] ਍㄀ ⴀ 㔀 ㈀ 㨀㄀㈀㨀㐀㘀⸀㠀㈀㔀  ㌀㜀㜀㐀  ㌀㤀㤀  䐀 䌀漀渀渀攀挀琀椀瘀椀琀礀匀攀爀瘀椀挀攀㨀 昀椀氀琀攀爀一攀琀眀漀爀欀匀琀愀琀攀䘀漀爀唀椀搀⠀⤀ 甀椀搀㨀 ㄀ ㄀㈀㘀 渀攀琀眀漀爀欀䤀渀昀漀㨀 嬀琀礀瀀攀㨀 圀䤀䘀䤀嬀崀 ⴀ 圀䤀䘀䤀Ⰰ 猀琀愀琀攀㨀 䌀伀一一䔀䌀吀䔀䐀⼀䌀伀一一䔀䌀吀䔀䐀Ⰰ 爀攀愀猀漀渀㨀 ⠀甀渀猀瀀攀挀椀昀椀攀搀⤀Ⰰ 攀砀琀爀愀㨀 ∀䘀刀䤀吀娀℀䈀漀砀 䘀漀渀 圀䰀䄀一 㜀㌀㤀  ㈀Ⰰ㐀∀Ⰰ 昀愀椀氀漀瘀攀爀㨀 昀愀氀猀攀Ⰰ 愀瘀愀椀氀愀戀氀攀㨀 琀爀甀攀Ⰰ 爀漀愀洀椀渀最㨀 昀愀氀猀攀Ⰰ 洀攀琀攀爀攀搀㨀 昀愀氀猀攀崀ഀഀ
10-05 20:12:46.825 3774 3990 D ConnectivityService: filterNetworkStateForUid() uid: 1000 networkInfo: [type: WIFI[] - WIFI, state: CONNECTED/CONNECTED, reason: (unspecified), extra: "FRITZ!Box Fon WLAN 7390 2,4", failover: false, available: true, roaming: false, metered: false] ਍㄀ ⴀ 㔀 ㈀ 㨀㄀㈀㨀㐀㘀⸀㠀㈀㠀  㐀㘀㌀㤀  㘀㈀㘀㌀ 䐀 䔀倀䐀䜀 ⴀⴀ 匀䤀䴀  嬀匀䴀䄀刀吀圀䤀䘀䤀崀㨀 刀猀猀椀 㨀 ⴀ㘀㘀 栀椀最栀爀愀渀最攀 㨀 ⴀ㜀㔀 氀漀眀爀愀渀最攀 㨀 ⴀ㠀㔀 洀䤀猀刀猀猀椀䤀渀䠀礀猀琀攀爀猀椀猀 㨀 昀愀氀猀攀ഀഀ
10-05 20:12:46.828 4639 6263 V EPDG -- SIM0 [SMARTWIFI]: wifi oldest entry removed ਍㄀ ⴀ 㔀 ㈀ 㨀㄀㈀㨀㐀㘀⸀㠀㈀㠀  㐀㘀㌀㤀  㘀㈀㘀㌀ 嘀 䔀倀䐀䜀 ⴀⴀ 匀䤀䴀  嬀匀䴀䄀刀吀圀䤀䘀䤀崀㨀 眀椀昀椀 攀渀琀爀礀 愀搀搀攀搀ഀഀ
10-05 20:12:46.828 4639 6263 V EPDG -- SIM0 [SMARTWIFI]: New entry : (-66 : 0 ) ਍㄀ ⴀ 㔀 ㈀ 㨀㄀㈀㨀㐀㘀⸀㠀㈀㠀  㐀㘀㌀㤀  㘀㈀㘀㌀ 䐀 䔀倀䐀䜀 ⴀⴀ 匀䤀䴀  嬀匀䴀䄀刀吀圀䤀䘀䤀崀㨀 椀猀圀椀昀椀匀椀最渀愀氀唀瀀最爀愀搀攀搀㨀 氀愀猀琀匀琀爀攀渀最琀栀㨀 ⴀ㘀㌀ 挀甀爀爀攀渀琀匀琀爀攀渀最琀栀㨀 ⴀ㘀㘀ഀഀ
10-05 20:12:46.828 4639 6263 D EPDG -- SIM0 [SMARTWIFI]: Wifi threshold based handovers are disabled ਍㄀ ⴀ 㔀 ㈀ 㨀㄀㈀㨀㐀㘀⸀㠀㈀㠀  㐀㘀㌀㤀  㘀㈀㘀㌀ 䐀 䔀倀䐀䜀 ⴀⴀ 匀䤀䴀  嬀匀䴀䄀刀吀圀䤀䘀䤀崀㨀 一漀 渀攀攀搀 琀漀 爀甀渀 瀀椀渀最 㨀 ⠀氀愀猀琀匀琀爀攀渀最琀栀ⴀ㘀㌀ 㨀 洀圀攀愀欀圀椀昀椀䰀攀瘀攀氀㈀ 㨀 洀圀椀昀椀䜀漀漀搀䐀戀嘀愀氀甀攀ⴀ㜀㐀 㨀 洀圀椀昀椀䈀愀搀䐀戀嘀愀氀甀攀ⴀ㠀㔀 㨀 挀甀爀爀攀渀琀匀琀爀攀渀最琀栀⤀ⴀ㘀㘀ഀഀ
10-05 20:12:46.828 3774 3997 D ConnectivityService: sending notification for NetworkRequest [ TRACK_DEFAULT id=12, [ Capabilities: INTERNET&NOT_RESTRICTED&TRUSTED&NOT_VPN] ] ਍㄀ ⴀ 㔀 ㈀ 㨀㄀㈀㨀㐀㘀⸀㠀㈀㠀  㐀㘀㌀㤀  㘀㈀㘀㌀ 䐀 䔀倀䐀䜀 ⴀⴀ 匀䤀䴀  嬀匀䴀䄀刀吀圀䤀䘀䤀崀㨀 椀猀圀椀昀椀匀椀最渀愀氀䐀攀最爀愀搀攀搀㨀 氀愀猀琀匀琀爀攀渀最琀栀㨀 ⴀ㘀㌀ 挀甀爀爀攀渀琀匀琀爀攀渀最琀栀㨀 ⴀ㘀㘀ഀഀ
10-05 20:12:46.828 4639 6263 D EPDG -- SIM0 [SMARTWIFI]: getHandoverThresholdMet: value is: false ਍㄀ ⴀ 㔀 ㈀ 㨀㄀㈀㨀㐀㘀⸀㠀㈀㠀  ㌀㜀㜀㐀  ㌀㤀㤀㜀 䐀 䌀漀渀渀攀挀琀椀瘀椀琀礀匀攀爀瘀椀挀攀㨀 猀攀渀搀椀渀最 渀漀琀椀昀椀挀愀琀椀漀渀 䌀䄀倀开䌀䠀䄀一䜀䔀䐀 昀漀爀 一攀琀眀漀爀欀刀攀焀甀攀猀琀 嬀 吀刀䄀䌀䬀开䐀䔀䘀䄀唀䰀吀 椀搀㴀㄀㈀Ⰰ 嬀 䌀愀瀀愀戀椀氀椀琀椀攀猀㨀 䤀一吀䔀刀一䔀吀☀一伀吀开刀䔀匀吀刀䤀䌀吀䔀䐀☀吀刀唀匀吀䔀䐀☀一伀吀开嘀倀一崀 崀ഀഀ
10-05 20:12:46.829 3774 3997 D ConnectivityService: sending notification for NetworkRequest [ LISTEN id=15, [ Capabilities: INTERNET&NOT_RESTRICTED&TRUSTED&NOT_VPN] ] ਍㄀ ⴀ 㔀 ㈀ 㨀㄀㈀㨀㐀㘀⸀㠀㌀   ㌀㜀㜀㐀  ㌀㤀㤀㜀 䐀 䌀漀渀渀攀挀琀椀瘀椀琀礀匀攀爀瘀椀挀攀㨀 猀攀渀搀椀渀最 渀漀琀椀昀椀挀愀琀椀漀渀 䌀䄀倀开䌀䠀䄀一䜀䔀䐀 昀漀爀 一攀琀眀漀爀欀刀攀焀甀攀猀琀 嬀 䰀䤀匀吀䔀一 椀搀㴀㄀㔀Ⰰ 嬀 䌀愀瀀愀戀椀氀椀琀椀攀猀㨀 䤀一吀䔀刀一䔀吀☀一伀吀开刀䔀匀吀刀䤀䌀吀䔀䐀☀吀刀唀匀吀䔀䐀☀一伀吀开嘀倀一崀 崀ഀഀ
10-05 20:12:46.835 4450 4450 D GLAnimatorManager: doFrame ਍㄀ ⴀ 㔀 ㈀ 㨀㄀㈀㨀㐀㘀⸀㠀㌀㜀  ㌀㜀㜀㐀  ㌀㤀㤀㜀 䐀 䌀漀渀渀攀挀琀椀瘀椀琀礀匀攀爀瘀椀挀攀㨀  猀攀渀搀椀渀最 渀漀琀椀昀椀挀愀琀椀漀渀 昀漀爀 一攀琀眀漀爀欀刀攀焀甀攀猀琀 嬀 䰀䤀匀吀䔀一 椀搀㴀㈀㠀Ⰰ 嬀 䌀愀瀀愀戀椀氀椀琀椀攀猀㨀 䤀一吀䔀刀一䔀吀☀一伀吀开刀䔀匀吀刀䤀䌀吀䔀䐀☀吀刀唀匀吀䔀䐀崀 崀ഀഀ
10-05 20:12:46.837 3774 3997 D ConnectivityService: sending notification CAP_CHANGED for NetworkRequest [ LISTEN id=28, [ Capabilities: INTERNET&NOT_RESTRICTED&TRUSTED] ] ਍㄀ ⴀ 㔀 ㈀ 㨀㄀㈀㨀㐀㘀⸀㠀㌀㠀  ㌀㜀㜀㐀  ㌀㤀㤀㜀 䐀 䌀漀渀渀攀挀琀椀瘀椀琀礀匀攀爀瘀椀挀攀㨀  猀攀渀搀椀渀最 渀漀琀椀昀椀挀愀琀椀漀渀 昀漀爀 一攀琀眀漀爀欀刀攀焀甀攀猀琀 嬀 䰀䤀匀吀䔀一 椀搀㴀㐀㤀Ⰰ 嬀 吀爀愀渀猀瀀漀爀琀猀㨀 圀䤀䘀䤀 䌀愀瀀愀戀椀氀椀琀椀攀猀㨀 䤀一吀䔀刀一䔀吀☀一伀吀开刀䔀匀吀刀䤀䌀吀䔀䐀☀吀刀唀匀吀䔀䐀☀一伀吀开嘀倀一崀 崀ഀഀ
10-05 20:12:46.839 3774 3997 D ConnectivityService: sending notification CAP_CHANGED for NetworkRequest [ LISTEN id=49, [ Transports: WIFI Capabilities: INTERNET&NOT_RESTRICTED&TRUSTED&NOT_VPN] ] ਍㄀ ⴀ 㔀 ㈀ 㨀㄀㈀㨀㐀㘀⸀㠀㌀㤀  㐀㐀㔀   㐀㐀㔀  䐀 䜀礀爀漀刀攀渀搀攀爀㨀 漀渀匀攀渀猀漀爀䌀栀愀渀最攀搀 攀瘀攀渀琀⸀猀攀渀猀漀爀⸀最攀琀吀礀瀀攀⠀⤀ 㴀 㘀㔀㔀㜀㤀ഀഀ
10-05 20:12:46.839 4450 4450 D GLAnimatorManager: doFrame ਍㄀ ⴀ 㔀 ㈀ 㨀㄀㈀㨀㐀㘀⸀㠀㌀㤀  ㌀㜀㜀㐀  ㌀㤀㤀㜀 䐀 䌀漀渀渀攀挀琀椀瘀椀琀礀匀攀爀瘀椀挀攀㨀  猀攀渀搀椀渀最 渀漀琀椀昀椀挀愀琀椀漀渀 昀漀爀 一攀琀眀漀爀欀刀攀焀甀攀猀琀 嬀 䰀䤀匀吀䔀一 椀搀㴀㜀㤀Ⰰ 嬀 䌀愀瀀愀戀椀氀椀琀椀攀猀㨀 䤀一吀䔀刀一䔀吀☀一伀吀开刀䔀匀吀刀䤀䌀吀䔀䐀☀吀刀唀匀吀䔀䐀崀 崀ഀഀ
10-05 20:12:46.840 3774 3997 D ConnectivityService: sending notification CAP_CHANGED for NetworkRequest [ LISTEN id=79, [ Capabilities: INTERNET&NOT_RESTRICTED&TRUSTED] ] ਍㄀ ⴀ 㔀 ㈀ 㨀㄀㈀㨀㐀㘀⸀㠀㐀㘀  ㌀㜀㜀㐀  ㌀㤀㌀㠀 䐀 䌀漀渀渀攀挀琀椀瘀椀琀礀匀攀爀瘀椀挀攀㨀 昀椀氀琀攀爀一攀琀眀漀爀欀匀琀愀琀攀䘀漀爀唀椀搀⠀⤀ 甀椀搀㨀 ㄀  㤀㔀 渀攀琀眀漀爀欀䤀渀昀漀㨀 嬀琀礀瀀攀㨀 圀䤀䘀䤀嬀崀 ⴀ 圀䤀䘀䤀Ⰰ 猀琀愀琀攀㨀 䌀伀一一䔀䌀吀䔀䐀⼀䌀伀一一䔀䌀吀䔀䐀Ⰰ 爀攀愀猀漀渀㨀 ⠀甀渀猀瀀攀挀椀昀椀攀搀⤀Ⰰ 攀砀琀爀愀㨀 ∀䘀刀䤀吀娀℀䈀漀砀 䘀漀渀 圀䰀䄀一 㜀㌀㤀  ㈀Ⰰ㐀∀Ⰰ 昀愀椀氀漀瘀攀爀㨀 昀愀氀猀攀Ⰰ 愀瘀愀椀氀愀戀氀攀㨀 琀爀甀攀Ⰰ 爀漀愀洀椀渀最㨀 昀愀氀猀攀Ⰰ 洀攀琀攀爀攀搀㨀 昀愀氀猀攀崀ഀഀ
10-05 20:12:46.851 4450 4450 D GLAnimatorManager: doFrame ਍㄀ ⴀ 㔀 ㈀ 㨀㄀㈀㨀㐀㘀⸀㠀㔀㌀  ㌀㜀㜀㐀  㔀㈀㠀㌀ 䐀 䌀漀渀渀攀挀琀椀瘀椀琀礀匀攀爀瘀椀挀攀㨀 昀椀氀琀攀爀一攀琀眀漀爀欀匀琀愀琀攀䘀漀爀唀椀搀⠀⤀ 甀椀搀㨀 ㄀  㔀  渀攀琀眀漀爀欀䤀渀昀漀㨀 嬀琀礀瀀攀㨀 圀䤀䘀䤀嬀崀 ⴀ 圀䤀䘀䤀Ⰰ 猀琀愀琀攀㨀 䌀伀一一䔀䌀吀䔀䐀⼀䌀伀一一䔀䌀吀䔀䐀Ⰰ 爀攀愀猀漀渀㨀 ⠀甀渀猀瀀攀挀椀昀椀攀搀⤀Ⰰ 攀砀琀爀愀㨀 ∀䘀刀䤀吀娀℀䈀漀砀 䘀漀渀 圀䰀䄀一 㜀㌀㤀  ㈀Ⰰ㐀∀Ⰰ 昀愀椀氀漀瘀攀爀㨀 昀愀氀猀攀Ⰰ 愀瘀愀椀氀愀戀氀攀㨀 琀爀甀攀Ⰰ 爀漀愀洀椀渀最㨀 昀愀氀猀攀Ⰰ 洀攀琀攀爀攀搀㨀 昀愀氀猀攀崀ഀഀ
10-05 20:12:46.859 4450 4450 D GyroRender: onSensorChanged event.sensor.getType() = 65579 ਍㄀ ⴀ 㔀 ㈀ 㨀㄀㈀㨀㐀㘀⸀㠀㔀㤀  㐀㐀㔀   㐀㐀㔀  䐀 䜀䰀䄀渀椀洀愀琀漀爀䴀愀渀愀最攀爀㨀 搀漀䘀爀愀洀攀ഀഀ
10-05 20:12:46.862 4450 4450 D GLAnimatorManager: doFrame ਍㄀ ⴀ 㔀 ㈀ 㨀㄀㈀㨀㐀㘀⸀㠀㜀㜀  㐀㐀㔀   㐀㐀㔀  䐀 䜀礀爀漀刀攀渀搀攀爀㨀 漀渀匀攀渀猀漀爀䌀栀愀渀最攀搀 攀瘀攀渀琀⸀猀攀渀猀漀爀⸀最攀琀吀礀瀀攀⠀⤀ 㴀 㘀㔀㔀㜀㤀ഀഀ
10-05 20:12:46.878 4450 4450 D GLAnimatorManager: doFrame ਍㄀ ⴀ 㔀 ㈀ 㨀㄀㈀㨀㐀㘀⸀㠀㜀㤀  㐀㐀㔀   㐀㐀㔀  䤀 挀栀愀琀琀礀  㨀 甀椀搀㴀㄀   㔀⠀甀 开愀㔀⤀ 挀漀洀⸀愀渀搀爀漀椀搀⸀猀礀猀琀攀洀甀椀㨀䤀渀昀椀渀椀琀礀圀愀氀氀瀀愀瀀攀爀 椀搀攀渀琀椀挀愀氀 ㄀ 氀椀渀攀ഀഀ
10-05 20:12:46.895 4450 4450 D GLAnimatorManager: doFrame ਍㄀ ⴀ 㔀 ㈀ 㨀㄀㈀㨀㐀㘀⸀㠀㤀㠀  㐀㐀㔀   㐀㐀㔀  䐀 䜀礀爀漀刀攀渀搀攀爀㨀 漀渀匀攀渀猀漀爀䌀栀愀渀最攀搀 攀瘀攀渀琀⸀猀攀渀猀漀爀⸀最攀琀吀礀瀀攀⠀⤀ 㴀 㘀㔀㔀㜀㤀ഀഀ
10-05 20:12:46.898 4450 4450 D GLAnimatorManager: doFrame ਍㄀ ⴀ 㔀 ㈀ 㨀㄀㈀㨀㐀㘀⸀㤀㄀㈀  㐀㐀㔀   㐀㐀㔀  䐀 䜀䰀䄀渀椀洀愀琀漀爀䴀愀渀愀最攀爀㨀 搀漀䘀爀愀洀攀ഀഀ
10-05 20:12:46.919 4450 4450 D GyroRender: onSensorChanged event.sensor.getType() = 65579 ਍㄀ ⴀ 㔀 ㈀ 㨀㄀㈀㨀㐀㘀⸀㤀㄀㤀  㐀㐀㔀   㐀㐀㔀  䐀 䜀䰀䄀渀椀洀愀琀漀爀䴀愀渀愀最攀爀㨀 搀漀䘀爀愀洀攀ഀഀ
10-05 20:12:46.928 4450 4450 D GLAnimatorManager: doFrame ਍㄀ ⴀ 㔀 ㈀ 㨀㄀㈀㨀㐀㘀⸀㤀㌀㜀  㐀㐀㔀   㐀㐀㔀  䐀 䜀礀爀漀刀攀渀搀攀爀㨀 漀渀匀攀渀猀漀爀䌀栀愀渀最攀搀 攀瘀攀渀琀⸀猀攀渀猀漀爀⸀最攀琀吀礀瀀攀⠀⤀ 㴀 㘀㔀㔀㜀㤀ഀഀ
10-05 20:12:46.937 4450 4450 D GLAnimatorManager: doFrame ਍㄀ ⴀ 㔀 ㈀ 㨀㄀㈀㨀㐀㘀⸀㤀㔀   㐀㐀㔀   㐀㐀㔀  䐀 䜀䰀䄀渀椀洀愀琀漀爀䴀愀渀愀最攀爀㨀 搀漀䘀爀愀洀攀ഀഀ
10-05 20:12:46.957 4450 4450 D GyroRender: onSensorChanged event.sensor.getType() = 65579 ਍㄀ ⴀ 㔀 ㈀ 㨀㄀㈀㨀㐀㘀⸀㤀㔀㠀  㐀㐀㔀   㐀㐀㔀  䐀 䜀䰀䄀渀椀洀愀琀漀爀䴀愀渀愀最攀爀㨀 搀漀䘀爀愀洀攀ഀഀ
10-05 20:12:46.967 3237 3237 I android.hardware.wifi@1.0-service: getLinkLayerStats ਍㄀ ⴀ 㔀 ㈀ 㨀㄀㈀㨀㐀㘀⸀㤀㘀㜀  㐀㐀㔀   㐀㐀㔀  䤀 挀栀愀琀琀礀  㨀 甀椀搀㴀㄀   㔀⠀甀 开愀㔀⤀ 挀漀洀⸀愀渀搀爀漀椀搀⸀猀礀猀琀攀洀甀椀㨀䤀渀昀椀渀椀琀礀圀愀氀氀瀀愀瀀攀爀 椀搀攀渀琀椀挀愀氀 ㄀ 氀椀渀攀ഀഀ
10-05 20:12:46.978 4450 4450 D GLAnimatorManager: doFrame ਍㄀ ⴀ 㔀 ㈀ 㨀㄀㈀㨀㐀㘀⸀㤀㠀㄀  㐀㐀㔀   㐀㐀㔀  䐀 䜀礀爀漀刀攀渀搀攀爀㨀 漀渀匀攀渀猀漀爀䌀栀愀渀最攀搀 攀瘀攀渀琀⸀猀攀渀猀漀爀⸀最攀琀吀礀瀀攀⠀⤀ 㴀 㘀㔀㔀㜀㤀ഀഀ
10-05 20:12:46.981 4450 4450 D GLAnimatorManager: doFrame ਍㄀ ⴀ 㔀 ㈀ 㨀㄀㈀㨀㐀㜀⸀  ㄀  㐀㐀㔀   㐀㐀㔀  䐀 䜀䰀䄀渀椀洀愀琀漀爀䴀愀渀愀最攀爀㨀 搀漀䘀爀愀洀攀ഀഀ
10-05 20:12:47.004 4450 4450 D GyroRender: onSensorChanged event.sensor.getType() = 65579 ਍㄀ ⴀ 㔀 ㈀ 㨀㄀㈀㨀㐀㜀⸀  㐀  㐀㐀㔀   㐀㐀㔀  䐀 䜀䰀䄀渀椀洀愀琀漀爀䴀愀渀愀最攀爀㨀 搀漀䘀爀愀洀攀ഀഀ
10-05 20:12:47.012 4450 4450 D GLAnimatorManager: doFrame ਍㄀ ⴀ 㔀 ㈀ 㨀㄀㈀㨀㐀㜀⸀ ㄀㠀  㐀㐀㔀   㐀㐀㔀  䐀 䜀礀爀漀刀攀渀搀攀爀㨀 漀渀匀攀渀猀漀爀䌀栀愀渀最攀搀 攀瘀攀渀琀⸀猀攀渀猀漀爀⸀最攀琀吀礀瀀攀⠀⤀ 㴀 㘀㔀㔀㜀㤀ഀഀ
10-05 20:12:47.018 4450 4450 D GLAnimatorManager: doFrame ਍㄀ ⴀ 㔀 ㈀ 㨀㄀㈀㨀㐀㜀⸀ ㈀㤀  㐀㐀㔀   㐀㐀㔀  䐀 䜀䰀䄀渀椀洀愀琀漀爀䴀愀渀愀最攀爀㨀 搀漀䘀爀愀洀攀ഀഀ
10-05 20:12:47.039 4450 4450 D GyroRender: onSensorChanged event.sensor.getType() = 65579 ਍㄀ ⴀ 㔀 ㈀ 㨀㄀㈀㨀㐀㜀⸀ ㌀㤀  㐀㐀㔀   㐀㐀㔀  䐀 䜀䰀䄀渀椀洀愀琀漀爀䴀愀渀愀最攀爀㨀 搀漀䘀爀愀洀攀ഀഀ
10-05 20:12:47.050 4450 4450 D GLAnimatorManager: doFrame ਍㄀ ⴀ 㔀 ㈀ 㨀㄀㈀㨀㐀㜀⸀ 㔀㠀  㐀㐀㔀   㐀㐀㔀  䐀 䜀礀爀漀刀攀渀搀攀爀㨀 漀渀匀攀渀猀漀爀䌀栀愀渀最攀搀 攀瘀攀渀琀⸀猀攀渀猀漀爀⸀最攀琀吀礀瀀攀⠀⤀ 㴀 㘀㔀㔀㜀㤀ഀഀ
10-05 20:12:47.058 4450 4450 D GLAnimatorManager: doFrame ਍㄀ ⴀ 㔀 ㈀ 㨀㄀㈀㨀㐀㜀⸀ 㘀㜀  㐀㐀㔀   㐀㐀㔀  䐀 䜀䰀䄀渀椀洀愀琀漀爀䴀愀渀愀最攀爀㨀 搀漀䘀爀愀洀攀ഀഀ
10-05 20:12:47.078 4450 4450 D GyroRender: onSensorChanged event.sensor.getType() = 65579 ਍㄀ ⴀ 㔀 ㈀ 㨀㄀㈀㨀㐀㜀⸀ 㜀㠀  㐀㐀㔀   㐀㐀㔀  䐀 䜀䰀䄀渀椀洀愀琀漀爀䴀愀渀愀最攀爀㨀 搀漀䘀爀愀洀攀ഀഀ
10-05 20:12:47.079 4450 4450 I chatty : uid=10005(u0_a5) com.android.systemui:InfinityWallpaper identical 1 line ਍㄀ ⴀ 㔀 ㈀ 㨀㄀㈀㨀㐀㜀⸀㄀    㐀㐀㔀   㐀㐀㔀  䐀 䜀䰀䄀渀椀洀愀琀漀爀䴀愀渀愀最攀爀㨀 搀漀䘀爀愀洀攀ഀഀ
10-05 20:12:47.102 4450 4450 D GyroRender: onSensorChanged event.sensor.getType() = 65579 ਍㄀ ⴀ 㔀 ㈀ 㨀㄀㈀㨀㐀㜀⸀㄀㄀㈀  㐀㐀㔀   㐀㐀㔀  䐀 䜀䰀䄀渀椀洀愀琀漀爀䴀愀渀愀最攀爀㨀 搀漀䘀爀愀洀攀ഀഀ
10-05 20:12:47.118 4450 4450 D GyroRender: onSensorChanged event.sensor.getType() = 65579 ਍㄀ ⴀ 㔀 ㈀ 㨀㄀㈀㨀㐀㜀⸀㄀㈀㠀  㐀㐀㔀   㐀㐀㔀  䐀 䜀䰀䄀渀椀洀愀琀漀爀䴀愀渀愀最攀爀㨀 搀漀䘀爀愀洀攀ഀഀ
10-05 20:12:47.138 4450 4450 D GyroRender: onSensorChanged event.sensor.getType() = 65579 ਍㄀ ⴀ 㔀 ㈀ 㨀㄀㈀㨀㐀㜀⸀㄀㌀㠀  㐀㐀㔀   㐀㐀㔀  䐀 䜀䰀䄀渀椀洀愀琀漀爀䴀愀渀愀最攀爀㨀 搀漀䘀爀愀洀攀ഀഀ
10-05 20:12:47.145 4450 4450 D GLAnimatorManager: doFrame ਍㄀ ⴀ 㔀 ㈀ 㨀㄀㈀㨀㐀㜀⸀㄀㔀㤀  㐀㐀㔀   㐀㐀㔀  䐀 䜀礀爀漀刀攀渀搀攀爀㨀 漀渀匀攀渀猀漀爀䌀栀愀渀最攀搀 攀瘀攀渀琀⸀猀攀渀猀漀爀⸀最攀琀吀礀瀀攀⠀⤀ 㴀 㘀㔀㔀㜀㤀ഀഀ
10-05 20:12:47.159 4450 4450 D GLAnimatorManager: doFrame ਍㄀ ⴀ 㔀 ㈀ 㨀㄀㈀㨀㐀㜀⸀㄀㘀㈀  㔀㐀㔀㘀  㘀㠀 㐀 䤀 䔀瘀攀渀琀䰀漀最匀攀渀搀椀渀最䠀攀氀瀀攀爀㨀 匀攀渀搀椀渀最 氀漀最 攀瘀攀渀琀猀⸀ഀഀ
10-05 20:12:47.167 4450 4450 D GLAnimatorManager: doFrame ਍㄀ ⴀ 㔀 ㈀ 㨀㄀㈀㨀㐀㜀⸀㄀㜀㜀  㐀㐀㔀   㐀㐀㔀  䐀 䜀礀爀漀刀攀渀搀攀爀㨀 漀渀匀攀渀猀漀爀䌀栀愀渀最攀搀 攀瘀攀渀琀⸀猀攀渀猀漀爀⸀最攀琀吀礀瀀攀⠀⤀ 㴀 㘀㔀㔀㜀㤀ഀഀ
10-05 20:12:47.177 4450 4450 D GLAnimatorManager: doFrame ਍㄀ ⴀ 㔀 ㈀ 㨀㄀㈀㨀㐀㜀⸀㄀㠀㐀  㐀㐀㔀   㐀㐀㔀  䤀 挀栀愀琀琀礀  㨀 甀椀搀㴀㄀   㔀⠀甀 开愀㔀⤀ 挀漀洀⸀愀渀搀爀漀椀搀⸀猀礀猀琀攀洀甀椀㨀䤀渀昀椀渀椀琀礀圀愀氀氀瀀愀瀀攀爀 椀搀攀渀琀椀挀愀氀 ㄀ 氀椀渀攀ഀഀ
10-05 20:12:47.197 4450 4450 D GLAnimatorManager: doFrame ਍㄀ ⴀ 㔀 ㈀ 㨀㄀㈀㨀㐀㜀⸀㄀㤀㠀  㐀㐀㔀   㐀㐀㔀  䐀 䜀礀爀漀刀攀渀搀攀爀㨀 漀渀匀攀渀猀漀爀䌀栀愀渀最攀搀 攀瘀攀渀琀⸀猀攀渀猀漀爀⸀最攀琀吀礀瀀攀⠀⤀ 㴀 㘀㔀㔀㜀㤀ഀഀ
10-05 20:12:47.198 4450 4450 D GLAnimatorManager: doFrame ਍㄀ ⴀ 㔀 ㈀ 㨀㄀㈀㨀㐀㜀⸀㈀㄀㜀  㐀㐀㔀   㐀㐀㔀  䐀 䜀䰀䄀渀椀洀愀琀漀爀䴀愀渀愀最攀爀㨀 搀漀䘀爀愀洀攀ഀഀ
10-05 20:12:47.219 4450 4450 D GyroRender: onSensorChanged event.sensor.getType() = 65579 ਍㄀ ⴀ 㔀 ㈀ 㨀㄀㈀㨀㐀㜀⸀㈀㈀   㐀㐀㔀   㐀㐀㔀  䐀 䜀䰀䄀渀椀洀愀琀漀爀䴀愀渀愀最攀爀㨀 搀漀䘀爀愀洀攀ഀഀ
10-05 20:12:47.228 4450 4450 D GLAnimatorManager: doFrame ਍㄀ ⴀ 㔀 ㈀ 㨀㄀㈀㨀㐀㜀⸀㈀㌀㜀  㐀㐀㔀   㐀㐀㔀  䐀 䜀礀爀漀刀攀渀搀攀爀㨀 漀渀匀攀渀猀漀爀䌀栀愀渀最攀搀 攀瘀攀渀琀⸀猀攀渀猀漀爀⸀最攀琀吀礀瀀攀⠀⤀ 㴀 㘀㔀㔀㜀㤀ഀഀ
10-05 20:12:47.237 4450 4450 D GLAnimatorManager: doFrame ਍㄀ ⴀ 㔀 ㈀ 㨀㄀㈀㨀㐀㜀⸀㈀㐀㔀  㐀㐀㔀   㐀㐀㔀  䐀 䜀䰀䄀渀椀洀愀琀漀爀䴀愀渀愀最攀爀㨀 搀漀䘀爀愀洀攀ഀഀ
10-05 20:12:47.257 4450 4450 D GyroRender: onSensorChanged event.sensor.getType() = 65579 ਍㄀ ⴀ 㔀 ㈀ 㨀㄀㈀㨀㐀㜀⸀㈀㔀㠀  㐀㐀㔀   㐀㐀㔀  䐀 䜀䰀䄀渀椀洀愀琀漀爀䴀愀渀愀最攀爀㨀 搀漀䘀爀愀洀攀ഀഀ
10-05 20:12:47.262 4450 4450 D GLAnimatorManager: doFrame ਍㄀ ⴀ 㔀 ㈀ 㨀㄀㈀㨀㐀㜀⸀㈀㜀㤀  㐀㐀㔀   㐀㐀㔀  䐀 䜀礀爀漀刀攀渀搀攀爀㨀 漀渀匀攀渀猀漀爀䌀栀愀渀最攀搀 攀瘀攀渀琀⸀猀攀渀猀漀爀⸀最攀琀吀礀瀀攀⠀⤀ 㴀 㘀㔀㔀㜀㤀ഀഀ
10-05 20:12:47.280 4450 4450 D GLAnimatorManager: doFrame ਍㄀ ⴀ 㔀 ㈀ 㨀㄀㈀㨀㐀㜀⸀㈀㠀   㐀㐀㔀   㐀㐀㔀  䤀 挀栀愀琀琀礀  㨀 甀椀搀㴀㄀   㔀⠀甀 开愀㔀⤀ 挀漀洀⸀愀渀搀爀漀椀搀⸀猀礀猀琀攀洀甀椀㨀䤀渀昀椀渀椀琀礀圀愀氀氀瀀愀瀀攀爀 椀搀攀渀琀椀挀愀氀 ㄀ 氀椀渀攀ഀഀ
10-05 20:12:47.295 4450 4450 D GLAnimatorManager: doFrame ਍㄀ ⴀ 㔀 ㈀ 㨀㄀㈀㨀㐀㜀⸀㌀ ㈀  㐀㐀㔀   㐀㐀㔀  䐀 䜀礀爀漀刀攀渀搀攀爀㨀 漀渀匀攀渀猀漀爀䌀栀愀渀最攀搀 攀瘀攀渀琀⸀猀攀渀猀漀爀⸀最攀琀吀礀瀀攀⠀⤀ 㴀 㘀㔀㔀㜀㤀ഀഀ
10-05 20:12:47.302 4450 4450 D GLAnimatorManager: doFrame ਍㄀ ⴀ 㔀 ㈀ 㨀㄀㈀㨀㐀㜀⸀㌀㄀㈀  㐀㐀㔀   㐀㐀㔀  䐀 䜀䰀䄀渀椀洀愀琀漀爀䴀愀渀愀最攀爀㨀 搀漀䘀爀愀洀攀ഀഀ
10-05 20:12:47.318 4450 4450 D GyroRender: onSensorChanged event.sensor.getType() = 65579 ਍㄀ ⴀ 㔀 ㈀ 㨀㄀㈀㨀㐀㜀⸀㌀㄀㠀  㐀㐀㔀   㐀㐀㔀  䐀 䜀䰀䄀渀椀洀愀琀漀爀䴀愀渀愀最攀爀㨀 搀漀䘀爀愀洀攀ഀഀ
10-05 20:12:47.329 4450 4450 D GLAnimatorManager: doFrame ਍㄀ ⴀ 㔀 ㈀ 㨀㄀㈀㨀㐀㜀⸀㌀㌀㤀  㐀㐀㔀   㐀㐀㔀  䐀 䜀礀爀漀刀攀渀搀攀爀㨀 漀渀匀攀渀猀漀爀䌀栀愀渀最攀搀 攀瘀攀渀琀⸀猀攀渀猀漀爀⸀最攀琀吀礀瀀攀⠀⤀ 㴀 㘀㔀㔀㜀㤀ഀഀ
10-05 20:12:47.339 4450 4450 D GLAnimatorManager: doFrame ਍㄀ ⴀ 㔀 ㈀ 㨀㄀㈀㨀㐀㜀⸀㌀㐀㔀  㐀㐀㔀   㐀㐀㔀  䐀 䜀䰀䄀渀椀洀愀琀漀爀䴀愀渀愀最攀爀㨀 搀漀䘀爀愀洀攀ഀഀ
10-05 20:12:47.357 4450 4450 D GyroRender: onSensorChanged event.sensor.getType() = 65579 ਍㄀ ⴀ 㔀 ㈀ 㨀㄀㈀㨀㐀㜀⸀㌀㔀㠀  㐀㐀㔀   㐀㐀㔀  䐀 䜀䰀䄀渀椀洀愀琀漀爀䴀愀渀愀最攀爀㨀 搀漀䘀爀愀洀攀ഀഀ
10-05 20:12:47.367 4450 4450 D GLAnimatorManager: doFrame ਍㄀ ⴀ 㔀 ㈀ 㨀㄀㈀㨀㐀㜀⸀㌀㜀㠀  㐀㐀㔀   㐀㐀㔀  䐀 䜀礀爀漀刀攀渀搀攀爀㨀 漀渀匀攀渀猀漀爀䌀栀愀渀最攀搀 攀瘀攀渀琀⸀猀攀渀猀漀爀⸀最攀琀吀礀瀀攀⠀⤀ 㴀 㘀㔀㔀㜀㤀ഀഀ
10-05 20:12:47.378 4450 4450 D GLAnimatorManager: doFrame ਍㄀ ⴀ 㔀 ㈀ 㨀㄀㈀㨀㐀㜀⸀㌀㜀㤀  㐀㐀㔀   㐀㐀㔀  䤀 挀栀愀琀琀礀  㨀 甀椀搀㴀㄀   㔀⠀甀 开愀㔀⤀ 挀漀洀⸀愀渀搀爀漀椀搀⸀猀礀猀琀攀洀甀椀㨀䤀渀昀椀渀椀琀礀圀愀氀氀瀀愀瀀攀爀 椀搀攀渀琀椀挀愀氀 ㄀ 氀椀渀攀ഀഀ
10-05 20:12:47.395 4450 4450 D GLAnimatorManager: doFrame ਍㄀ ⴀ 㔀 ㈀ 㨀㄀㈀㨀㐀㜀⸀㌀㤀㤀  㐀㐀㔀   㐀㐀㔀  䐀 䜀礀爀漀刀攀渀搀攀爀㨀 漀渀匀攀渀猀漀爀䌀栀愀渀最攀搀 攀瘀攀渀琀⸀猀攀渀猀漀爀⸀最攀琀吀礀瀀攀⠀⤀ 㴀 㘀㔀㔀㜀㤀ഀഀ
10-05 20:12:47.400 4450 4450 D GLAnimatorManager: doFrame ਍㄀ ⴀ 㔀 ㈀ 㨀㄀㈀㨀㐀㜀⸀㐀㄀㈀  㐀㐀㔀   㐀㐀㔀  䐀 䜀䰀䄀渀椀洀愀琀漀爀䴀愀渀愀最攀爀㨀 搀漀䘀爀愀洀攀ഀഀ
10-05 20:12:47.421 4450 4450 D GyroRender: onSensorChanged event.sensor.getType() = 65579 ਍㄀ ⴀ 㔀 ㈀ 㨀㄀㈀㨀㐀㜀⸀㐀㈀㈀  㐀㐀㔀   㐀㐀㔀  䐀 䜀䰀䄀渀椀洀愀琀漀爀䴀愀渀愀最攀爀㨀 搀漀䘀爀愀洀攀ഀഀ
10-05 20:12:47.430 4450 4450 D GLAnimatorManager: doFrame ਍㄀ ⴀ 㔀 ㈀ 㨀㄀㈀㨀㐀㜀⸀㐀㌀㠀  㐀㐀㔀   㐀㐀㔀  䐀 䜀礀爀漀刀攀渀搀攀爀㨀 漀渀匀攀渀猀漀爀䌀栀愀渀最攀搀 攀瘀攀渀琀⸀猀攀渀猀漀爀⸀最攀琀吀礀瀀攀⠀⤀ 㴀 㘀㔀㔀㜀㤀ഀഀ
10-05 20:12:47.438 4450 4450 D GLAnimatorManager: doFrame ਍㄀ ⴀ 㔀 ㈀ 㨀㄀㈀㨀㐀㜀⸀㐀㐀㔀  㐀㐀㔀   㐀㐀㔀  䐀 䜀䰀䄀渀椀洀愀琀漀爀䴀愀渀愀最攀爀㨀 搀漀䘀爀愀洀攀ഀഀ
10-05 20:12:47.459 4450 4450 D GyroRender: onSensorChanged event.sensor.getType() = 65579 ਍㄀ ⴀ 㔀 ㈀ 㨀㄀㈀㨀㐀㜀⸀㐀㘀㤀  㐀㐀㔀   㐀㐀㔀  䐀 䜀䰀䄀渀椀洀愀琀漀爀䴀愀渀愀最攀爀㨀 搀漀䘀爀愀洀攀ഀഀ
10-05 20:12:47.478 4450 4450 D GyroRender: onSensorChanged event.sensor.getType() = 65579 ਍㄀ ⴀ 㔀 ㈀ 㨀㄀㈀㨀㐀㜀⸀㐀㠀   㐀㐀㔀   㐀㐀㔀  䐀 䜀䰀䄀渀椀洀愀琀漀爀䴀愀渀愀最攀爀㨀 搀漀䘀爀愀洀攀ഀഀ
10-05 20:12:47.496 4450 4450 D GLAnimatorManager: doFrame ਍㄀ ⴀ 㔀 ㈀ 㨀㄀㈀㨀㐀㜀⸀㐀㤀㠀  㐀㐀㔀   㐀㐀㔀  䐀 䜀礀爀漀刀攀渀搀攀爀㨀 漀渀匀攀渀猀漀爀䌀栀愀渀最攀搀 攀瘀攀渀琀⸀猀攀渀猀漀爀⸀最攀琀吀礀瀀攀⠀⤀ 㴀 㘀㔀㔀㜀㤀ഀഀ
10-05 20:12:47.513 4450 4450 D GLAnimatorManager: doFrame ਍㄀ ⴀ 㔀 ㈀ 㨀㄀㈀㨀㐀㤀⸀㄀㜀㤀  㐀㐀㔀   㐀㐀㔀  䤀 挀栀愀琀琀礀  㨀 甀椀搀㴀㄀   㔀⠀甀 开愀㔀⤀ 挀漀洀⸀愀渀搀爀漀椀搀⸀猀礀猀琀攀洀甀椀㨀䤀渀昀椀渀椀琀礀圀愀氀氀瀀愀瀀攀爀 椀搀攀渀琀椀挀愀氀 ㄀   氀椀渀攀猀ഀഀ
10-05 20:12:49.196 4450 4450 D GLAnimatorManager: doFrame ਍㄀ ⴀ 㔀 ㈀ 㨀㄀㈀㨀㐀㤀⸀㈀ 㐀  㐀㈀㠀㐀  㐀㔀㘀㔀 䐀 一攀琀眀漀爀欀䌀漀渀琀爀漀氀氀攀爀⸀䴀漀戀椀氀攀匀椀最渀愀氀䌀漀渀琀爀漀氀氀攀爀⠀ ⼀㈀⤀㨀 漀渀匀椀最渀愀氀匀琀爀攀渀最琀栀猀䌀栀愀渀最攀搀 猀椀最渀愀氀匀琀爀攀渀最琀栀㴀匀椀最渀愀氀匀琀爀攀渀最琀栀㨀 㠀 㤀㤀 ⴀ㠀 ⴀ㈀   ⴀ㠀 ⴀ㈀   ⴀ㄀ 㤀㤀 ㈀㄀㐀㜀㐀㠀㌀㘀㐀㜀 ㈀㄀㐀㜀㐀㠀㌀㘀㐀㜀 ㈀㄀㐀㜀㐀㠀㌀㘀㐀㜀 ㈀㄀㐀㜀㐀㠀㌀㘀㐀㜀   ㈀㄀㐀㜀㐀㠀㌀㘀㐀㜀  砀㌀ 倀 最猀洀簀氀琀攀 氀攀瘀攀氀㴀㌀ഀഀ
10-05 20:12:49.204 4284 4565 D NetworkController.MobileSignalController(0/2): getMobileIconGroup(): 9 ਍㄀ ⴀ 㔀 ㈀ 㨀㄀㈀㨀㐀㤀⸀㈀ 㤀  㐀㘀㌀㤀  㐀㠀 㐀 䐀 䔀倀䐀䜀 ⴀⴀ 匀䤀䴀  嬀匀䴀䄀刀吀圀䤀䘀䤀崀㨀 漀渀匀椀最渀愀氀匀琀爀攀渀最琀栀猀䌀栀愀渀最攀搀㨀 刀攀挀攀椀瘀攀搀 猀椀最渀愀氀 猀琀爀攀渀最琀栀 挀栀愀渀最攀Ⰰ 瀀栀漀渀攀 琀礀瀀攀 椀猀㨀 ㄀ഀഀ
10-05 20:12:49.209 4639 6263 D EPDG -- SIM0 [SMARTWIFI]: lastLteRSRP is 2147483647currentLteRSRP is 2147483647 ਍㄀ ⴀ 㔀 ㈀ 㨀㄀㈀㨀㐀㤀⸀㈀ 㤀  㐀㘀㌀㤀  㘀㈀㘀㌀ 䐀 䔀倀䐀䜀 ⴀⴀ 匀䤀䴀  嬀匀䴀䄀刀吀圀䤀䘀䤀崀㨀 氀愀猀琀䰀琀攀刀匀刀儀 椀猀 ㈀㄀㐀㜀㐀㠀㌀㘀㐀㜀挀甀爀爀攀渀琀䰀琀攀刀匀刀儀 椀猀 ㈀㄀㐀㜀㐀㠀㌀㘀㐀㜀ഀഀ
10-05 20:12:49.209 4639 6263 D EPDG -- SIM0 [SMARTWIFI]: lastCdmaDb is -20currentCdmaDb is -20 ਍㄀ ⴀ 㔀 ㈀ 㨀㄀㈀㨀㐀㤀⸀㈀ 㤀  㐀㘀㌀㤀  㘀㈀㘀㌀ 嘀 䔀倀䐀䜀 ⴀⴀ 匀䤀䴀  嬀匀䴀䄀刀吀圀䤀䘀䤀崀㨀 刀愀搀椀漀 漀氀搀攀猀琀 攀渀琀爀礀 爀攀洀漀瘀攀搀ഀഀ
10-05 20:12:49.209 4639 6263 V EPDG -- SIM0 [SMARTWIFI]: New entry : (SignalStrength: 8 99 -8 -200 -8 -200 -1 99 2147483647 2147483647 2147483647 2147483647 0 2147483647 0x3 P gsm|lte : 0 ) ਍㄀ ⴀ 㔀 ㈀ 㨀㄀㈀㨀㐀㤀⸀㈀ 㤀  㐀㘀㌀㤀  㘀㈀㘀㌀ 嘀 䔀倀䐀䜀 ⴀⴀ 匀䤀䴀  嬀匀䴀䄀刀吀圀䤀䘀䤀崀㨀 刀愀搀椀漀 攀渀琀爀礀 愀搀搀攀搀ഀഀ
10-05 20:12:49.209 4639 6263 D EPDG -- SIM0 [SMARTWIFI]: Posting runnable com.sec.epdg.EpdgSubScription$12@e4c2cd1 ਍㄀ ⴀ 㔀 ㈀ 㨀㄀㈀㨀㐀㤀⸀㈀ 㤀  㐀㘀㌀㤀  㐀㠀 㐀 䐀 䔀倀䐀䜀 ⴀⴀ 匀䤀䴀  嬀䔀瀀搀最匀甀戀匀挀爀椀瀀琀椀漀渀崀㨀 匀琀愀爀琀 洀圀椀䘀椀䴀攀愀猀甀爀攀洀攀渀琀ഀഀ
10-05 20:12:49.210 4639 4804 D EPDG -- SIM0 [EpdgSubScription]: getIsImsCallConnected: returning: false ਍㄀ ⴀ 㔀 ㈀ 㨀㄀㈀㨀㐀㤀⸀㈀㄀㠀  㐀㐀㔀   㐀㐀㔀  䐀 䜀䰀䄀渀椀洀愀琀漀爀䴀愀渀愀最攀爀㨀 搀漀䘀爀愀洀攀ഀഀ
10-05 20:12:49.636 4450 4450 I chatty : uid=10005(u0_a5) com.android.systemui:InfinityWallpaper identical 25 lines ਍㄀ ⴀ 㔀 ㈀ 㨀㄀㈀㨀㐀㤀⸀㘀㐀㐀  ㌀㜀㜀㐀  㔀㈀㠀㌀ 䐀 䈀愀琀琀攀爀礀匀攀爀瘀椀挀攀㨀 ℀䀀䈀愀琀琀攀爀礀䰀椀猀琀攀渀攀爀 㨀 戀愀琀琀攀爀礀倀爀漀瀀攀爀琀椀攀猀䌀栀愀渀最攀搀℀ഀഀ
10-05 20:12:49.644 3774 5283 D BatteryService: level:33, scale:100, status:2, health:2, present:true, voltage: 3837, temperature: 293, technology: Li-ion, AC powered:false, USB powered:true, POGO powered:false, Wireless powered:false, icon:17303841, invalid charger:0, maxChargingCurrent:0, maxChargingVoltage:0, chargeCounter:946000 ਍㄀ ⴀ 㔀 ㈀ 㨀㄀㈀㨀㐀㤀⸀㘀㐀㐀  ㌀㜀㜀㐀  㔀㈀㠀㌀ 䐀 䈀愀琀琀攀爀礀匀攀爀瘀椀挀攀㨀 漀渀氀椀渀攀㨀㐀Ⰰ 挀甀爀爀攀渀琀 愀瘀最㨀㈀㐀㜀Ⰰ 挀栀愀爀最攀 琀礀瀀攀㨀㄀Ⰰ 瀀漀眀攀爀 猀栀愀爀椀渀最㨀昀愀氀猀攀Ⰰ 栀椀最栀 瘀漀氀琀愀最攀 挀栀愀爀最攀爀㨀昀愀氀猀攀Ⰰ 挀愀瀀愀挀椀琀礀㨀㈀㠀    Ⰰ 戀愀琀琀攀爀礀匀圀匀攀氀昀䐀椀猀挀栀愀爀最椀渀最㨀昀愀氀猀攀Ⰰ 洀椀猀挀开攀瘀攀渀琀㨀 Ⰰ 挀甀爀爀攀渀琀开攀瘀攀渀琀㨀 Ⰰ 挀甀爀爀攀渀琀开渀漀眀㨀㤀㘀ഀഀ
10-05 20:12:49.644 3774 3774 D BatteryService: Sending ACTION_BATTERY_CHANGED. ਍㄀ ⴀ 㔀 ㈀ 㨀㄀㈀㨀㐀㤀⸀㘀㐀㜀  㐀㐀㔀   㐀㐀㔀  䐀 䜀䰀䄀渀椀洀愀琀漀爀䴀愀渀愀最攀爀㨀 搀漀䘀爀愀洀攀ഀഀ
10-05 20:12:49.647 3774 3774 I MotionRecognitionService: Plugged ਍㄀ ⴀ 㔀 ㈀ 㨀㄀㈀㨀㐀㤀⸀㘀㐀㜀  ㌀㜀㜀㐀  ㌀㜀㜀㐀 䐀 䴀漀琀椀漀渀刀攀挀漀最渀椀琀椀漀渀匀攀爀瘀椀挀攀㨀   洀䌀愀戀氀攀䌀漀渀渀攀挀琀椀漀渀㴀 ㄀ഀഀ
10-05 20:12:49.647 3774 3774 D MotionRecognitionService: setPowerConnected : mGripEnabled = false ਍㄀ ⴀ 㔀 ㈀ 㨀㄀㈀㨀㐀㤀⸀㘀㐀㜀  ㌀㜀㜀㐀  ㌀㜀㜀㐀 䐀 匀愀洀猀甀渀最倀栀漀渀攀圀椀渀搀漀眀䴀愀渀愀最攀爀㨀 䄀䌀吀䤀伀一开䈀䄀吀吀䔀刀夀开䌀䠀䄀一䜀䔀䐀 ⴀ 䰀攀瘀攀氀 㨀㨀 ㌀㌀Ⰰ 戀愀琀琀匀琀愀琀甀猀 㨀㨀 ㈀ഀഀ
10-05 20:12:49.652 3774 3803 D UsbDeviceManager: handleMessage -> MSG_UPDATE_CHARGING_STATE = 1 ਍㄀ ⴀ 㔀 ㈀ 㨀㄀㈀㨀㐀㤀⸀㘀㔀㘀  㐀㈀㠀㐀  㐀㈀㠀㐀 䐀 䬀攀礀最甀愀爀搀唀瀀搀愀琀攀䴀漀渀椀琀漀爀㨀 爀攀挀攀椀瘀攀搀 戀爀漀愀搀挀愀猀琀 愀渀搀爀漀椀搀⸀椀渀琀攀渀琀⸀愀挀琀椀漀渀⸀䈀䄀吀吀䔀刀夀开䌀䠀䄀一䜀䔀䐀ഀഀ
10-05 20:12:49.660 4284 4284 D BatteryController: onReceive-ACTION_BATTERY_CHANGED : mLevel=33, mBatteryStatus=2 ਍㄀ ⴀ 㔀 ㈀ 㨀㄀㈀㨀㐀㤀⸀㘀㘀㌀  㐀㐀㔀   㐀㐀㔀  䐀 䜀䰀䄀渀椀洀愀琀漀爀䴀愀渀愀最攀爀㨀 搀漀䘀爀愀洀攀ഀഀ
10-05 20:12:49.672 4243 4243 V HeadsetService: Received Intent.ACTION_BATTERY_CHANGED ਍㄀ ⴀ 㔀 ㈀ 㨀㄀㈀㨀㐀㤀⸀㘀㜀㐀  㐀㈀㐀㌀  㐀㤀㈀㠀 䐀 䠀攀愀搀猀攀琀匀琀愀琀攀䴀愀挀栀椀渀攀㨀 䐀椀猀挀漀渀渀攀挀琀攀搀 瀀爀漀挀攀猀猀 洀攀猀猀愀最攀㨀 ㄀ Ⰰ 猀椀稀攀㨀  ഀഀ
10-05 20:12:49.676 4639 4804 D EPDG -- SIM0 [EpdgSubScription]: android.intent.action.BATTERY_CHANGED intent received. ਍㄀ ⴀ 㔀 ㈀ 㨀㄀㈀㨀㐀㤀⸀㘀㜀㤀  㐀㈀㠀㐀  㐀㈀㠀㐀 䐀 倀漀眀攀爀唀䤀 㨀 瀀爀椀漀爀倀氀甀最吀礀瀀攀 㴀 ㈀ 洀倀氀甀最吀礀瀀攀 㴀  ㈀ഀഀ
10-05 20:12:49.679 4450 4450 D GLAnimatorManager: doFrame ਍㄀ ⴀ 㔀 ㈀ 㨀㄀㈀㨀㐀㤀⸀㘀㠀㄀  㐀㈀㠀㐀  㐀㈀㠀㐀 䐀 倀漀眀攀爀唀䤀⸀一漀琀椀昀椀挀愀琀椀漀渀㨀 猀栀漀眀䌀栀愀爀最椀渀最一漀琀椀挀攀 漀氀搀䌀栀愀爀最椀渀最吀礀瀀攀 㨀 ㄀ 挀甀爀爀攀渀琀䌀栀愀爀最椀渀最吀礀瀀攀 㨀 ㄀ 漀氀搀䌀栀愀爀最椀渀最吀椀洀攀 㨀 ㄀㐀㌀㈀㘀    洀䌀栀愀爀最椀渀最吀椀洀攀 㨀 ㄀㐀㌀㈀㘀   ഀഀ
10-05 20:12:49.681 4284 4284 D PowerUI.Notification: There is no change about charging status, so return! ਍㄀ ⴀ 㔀 ㈀ 㨀㄀㈀㨀㐀㤀⸀㜀 ㈀  㐀㐀㔀   㐀㐀㔀  䐀 䜀䰀䄀渀椀洀愀琀漀爀䴀愀渀愀最攀爀㨀 搀漀䘀爀愀洀攀ഀഀ
10-05 20:12:50.085 3237 3237 I android.hardware.wifi@1.0-service: getLinkLayerStats ਍㄀ ⴀ 㔀 ㈀ 㨀㄀㈀㨀㔀 ⸀㐀㐀㜀  㐀㐀㔀   㐀㐀㔀  䤀 挀栀愀琀琀礀  㨀 甀椀搀㴀㄀   㔀⠀甀 开愀㔀⤀ 挀漀洀⸀愀渀搀爀漀椀搀⸀猀礀猀琀攀洀甀椀㨀䤀渀昀椀渀椀琀礀圀愀氀氀瀀愀瀀攀爀 椀搀攀渀琀椀挀愀氀 㐀㔀 氀椀渀攀猀ഀഀ
10-05 20:12:50.468 4450 4450 D GLAnimatorManager: doFrame ਍㄀ ⴀ 㔀 ㈀ 㨀㄀㈀㨀㔀 ⸀㐀㜀㔀  㐀㈀㠀㐀  㐀㔀㘀㔀 䐀 一攀琀眀漀爀欀䌀漀渀琀爀漀氀氀攀爀⸀䴀漀戀椀氀攀匀椀最渀愀氀䌀漀渀琀爀漀氀氀攀爀⠀ ⼀㈀⤀㨀 漀渀匀椀最渀愀氀匀琀爀攀渀最琀栀猀䌀栀愀渀最攀搀 猀椀最渀愀氀匀琀爀攀渀最琀栀㴀匀椀最渀愀氀匀琀爀攀渀最琀栀㨀 㤀 㤀㤀 ⴀ㤀 ⴀ㈀   ⴀ㤀 ⴀ㈀   ⴀ㄀ 㤀㤀 ㈀㄀㐀㜀㐀㠀㌀㘀㐀㜀 ㈀㄀㐀㜀㐀㠀㌀㘀㐀㜀 ㈀㄀㐀㜀㐀㠀㌀㘀㐀㜀 ㈀㄀㐀㜀㐀㠀㌀㘀㐀㜀   ㈀㄀㐀㜀㐀㠀㌀㘀㐀㜀  砀㌀ 倀 最猀洀簀氀琀攀 氀攀瘀攀氀㴀㌀ഀഀ
10-05 20:12:50.475 4284 4565 D NetworkController.MobileSignalController(0/2): getMobileIconGroup(): 9 ਍㄀ ⴀ 㔀 ㈀ 㨀㄀㈀㨀㔀 ⸀㐀㠀㔀  㐀㐀㔀   㐀㐀㔀  䐀 䜀䰀䄀渀椀洀愀琀漀爀䴀愀渀愀最攀爀㨀 搀漀䘀爀愀洀攀ഀഀ
10-05 20:12:50.488 4639 4804 D EPDG -- SIM0 [SMARTWIFI]: onSignalStrengthsChanged: Received signal strength change, phone type is: 1 ਍㄀ ⴀ 㔀 ㈀ 㨀㄀㈀㨀㔀 ⸀㐀㠀㠀  㐀㘀㌀㤀  㘀㈀㘀㌀ 䐀 䔀倀䐀䜀 ⴀⴀ 匀䤀䴀  嬀匀䴀䄀刀吀圀䤀䘀䤀崀㨀 氀愀猀琀䰀琀攀刀匀刀倀 椀猀 ㈀㄀㐀㜀㐀㠀㌀㘀㐀㜀挀甀爀爀攀渀琀䰀琀攀刀匀刀倀 椀猀 ㈀㄀㐀㜀㐀㠀㌀㘀㐀㜀ഀഀ
10-05 20:12:50.488 4639 6263 D EPDG -- SIM0 [SMARTWIFI]: lastLteRSRQ is 2147483647currentLteRSRQ is 2147483647 ਍㄀ ⴀ 㔀 ㈀ 㨀㄀㈀㨀㔀 ⸀㐀㠀㠀  㐀㘀㌀㤀  㘀㈀㘀㌀ 䐀 䔀倀䐀䜀 ⴀⴀ 匀䤀䴀  嬀匀䴀䄀刀吀圀䤀䘀䤀崀㨀 氀愀猀琀䌀搀洀愀䐀戀 椀猀 ⴀ㈀ 挀甀爀爀攀渀琀䌀搀洀愀䐀戀 椀猀 ⴀ㈀ ഀഀ
10-05 20:12:50.488 4639 6263 V EPDG -- SIM0 [SMARTWIFI]: Radio oldest entry removed ਍㄀ ⴀ 㔀 ㈀ 㨀㄀㈀㨀㔀 ⸀㐀㠀㠀  㐀㘀㌀㤀  㘀㈀㘀㌀ 嘀 䔀倀䐀䜀 ⴀⴀ 匀䤀䴀  嬀匀䴀䄀刀吀圀䤀䘀䤀崀㨀 一攀眀 攀渀琀爀礀 㨀 ⠀匀椀最渀愀氀匀琀爀攀渀最琀栀㨀 㤀 㤀㤀 ⴀ㤀 ⴀ㈀   ⴀ㤀 ⴀ㈀   ⴀ㄀ 㤀㤀 ㈀㄀㐀㜀㐀㠀㌀㘀㐀㜀 ㈀㄀㐀㜀㐀㠀㌀㘀㐀㜀 ㈀㄀㐀㜀㐀㠀㌀㘀㐀㜀 ㈀㄀㐀㜀㐀㠀㌀㘀㐀㜀   ㈀㄀㐀㜀㐀㠀㌀㘀㐀㜀  砀㌀ 倀 最猀洀簀氀琀攀 㨀   ⤀ഀഀ
10-05 20:12:50.488 4639 6263 V EPDG -- SIM0 [SMARTWIFI]: Radio entry added ਍㄀ ⴀ 㔀 ㈀ 㨀㄀㈀㨀㔀 ⸀㐀㠀㠀  㐀㘀㌀㤀  㘀㈀㘀㌀ 䐀 䔀倀䐀䜀 ⴀⴀ 匀䤀䴀  嬀匀䴀䄀刀吀圀䤀䘀䤀崀㨀 倀漀猀琀椀渀最 爀甀渀渀愀戀氀攀 挀漀洀⸀猀攀挀⸀攀瀀搀最⸀䔀瀀搀最匀甀戀匀挀爀椀瀀琀椀漀渀␀㄀㈀䀀攀㐀挀㈀挀搀㄀ഀഀ
10-05 20:12:50.489 4639 4804 D EPDG -- SIM0 [EpdgSubScription]: Start mWiFiMeasurement ਍㄀ ⴀ 㔀 ㈀ 㨀㄀㈀㨀㔀 ⸀㐀㠀㤀  㐀㘀㌀㤀  㐀㠀 㐀 䐀 䔀倀䐀䜀 ⴀⴀ 匀䤀䴀  嬀䔀瀀搀最匀甀戀匀挀爀椀瀀琀椀漀渀崀㨀 最攀琀䤀猀䤀洀猀䌀愀氀氀䌀漀渀渀攀挀琀攀搀㨀 爀攀琀甀爀渀椀渀最㨀 昀愀氀猀攀ഀഀ
10-05 20:12:50.501 4450 4450 D GLAnimatorManager: doFrame ਍㄀ ⴀ 㔀 ㈀ 㨀㄀㈀㨀㔀㄀⸀㜀 ㄀  㐀㤀㤀㘀  㐀㤀㤀㘀 䐀 椀漀开猀琀愀琀猀㨀 ℀䀀   㠀Ⰰ  爀 ㄀㔀㈀㄀㤀㘀 㜀  㐀㠀㈀㐀 眀 ㄀ ㄀ 㜀㈀ ㄀㠀㠀㤀㈀㐀㐀 搀 㜀㤀㔀㔀 㜀㠀㜀㄀㈀  昀 ㈀㔀㤀㜀㠀 ㈀㤀㈀㔀㠀 椀漀琀 ㄀㄀㄀㤀㤀㘀 㠀㄀㐀㌀㤀 琀栀 ㌀ 㜀㈀       瀀琀   椀渀瀀     㤀㘀㔀㈀⸀㠀㄀㠀ഀഀ
10-05 20:12:52.130 4450 4450 I chatty : uid=10005(u0_a5) com.android.systemui:InfinityWallpaper identical 98 lines ਍㄀ ⴀ 㔀 ㈀ 㨀㄀㈀㨀㔀㈀⸀㄀㐀㜀  㐀㐀㔀   㐀㐀㔀  䐀 䜀䰀䄀渀椀洀愀琀漀爀䴀愀渀愀最攀爀㨀 搀漀䘀爀愀洀攀ഀഀ
10-05 20:12:52.163 5456 6307 I EventLogSendingHelper: Sending log events. ਍㄀ ⴀ 㔀 ㈀ 㨀㄀㈀㨀㔀㈀⸀㄀㘀㔀  㐀㐀㔀   㐀㐀㔀  䐀 䜀䰀䄀渀椀洀愀琀漀爀䴀愀渀愀最攀爀㨀 搀漀䘀爀愀洀攀ഀഀ
10-05 20:12:53.013 4450 4450 I chatty : uid=10005(u0_a5) com.android.systemui:InfinityWallpaper identical 51 lines ਍㄀ ⴀ 㔀 ㈀ 㨀㄀㈀㨀㔀㌀⸀ ㌀㄀  㐀㐀㔀   㐀㐀㔀  䐀 䜀䰀䄀渀椀洀愀琀漀爀䴀愀渀愀最攀爀㨀 搀漀䘀爀愀洀攀ഀഀ
10-05 20:12:53.040 4284 4565 D NetworkController.MobileSignalController(0/2): onSignalStrengthsChanged signalStrength=SignalStrength: 10 99 -10 -200 -10 -200 -1 99 2147483647 2147483647 2147483647 2147483647 0 2147483647 0x3 P gsm|lte level=3 ਍㄀ ⴀ 㔀 ㈀ 㨀㄀㈀㨀㔀㌀⸀ 㐀   㐀㈀㠀㐀  㐀㔀㘀㔀 䐀 一攀琀眀漀爀欀䌀漀渀琀爀漀氀氀攀爀⸀䴀漀戀椀氀攀匀椀最渀愀氀䌀漀渀琀爀漀氀氀攀爀⠀ ⼀㈀⤀㨀 最攀琀䴀漀戀椀氀攀䤀挀漀渀䜀爀漀甀瀀⠀⤀㨀 㤀ഀഀ
10-05 20:12:53.044 4639 4804 D EPDG -- SIM0 [SMARTWIFI]: onSignalStrengthsChanged: Received signal strength change, phone type is: 1 ਍㄀ ⴀ 㔀 ㈀ 㨀㄀㈀㨀㔀㌀⸀ 㐀㐀  㐀㘀㌀㤀  㘀㈀㘀㌀ 䐀 䔀倀䐀䜀 ⴀⴀ 匀䤀䴀  嬀匀䴀䄀刀吀圀䤀䘀䤀崀㨀 氀愀猀琀䰀琀攀刀匀刀倀 椀猀 ㈀㄀㐀㜀㐀㠀㌀㘀㐀㜀挀甀爀爀攀渀琀䰀琀攀刀匀刀倀 椀猀 ㈀㄀㐀㜀㐀㠀㌀㘀㐀㜀ഀഀ
10-05 20:12:53.044 4639 6263 D EPDG -- SIM0 [SMARTWIFI]: lastLteRSRQ is 2147483647currentLteRSRQ is 2147483647 ਍㄀ ⴀ 㔀 ㈀ 㨀㄀㈀㨀㔀㌀⸀ 㐀㐀  㐀㘀㌀㤀  㘀㈀㘀㌀ 䐀 䔀倀䐀䜀 ⴀⴀ 匀䤀䴀  嬀匀䴀䄀刀吀圀䤀䘀䤀崀㨀 氀愀猀琀䌀搀洀愀䐀戀 椀猀 ⴀ㈀ 挀甀爀爀攀渀琀䌀搀洀愀䐀戀 椀猀 ⴀ㈀ ഀഀ
10-05 20:12:53.044 4639 6263 V EPDG -- SIM0 [SMARTWIFI]: Radio oldest entry removed ਍㄀ ⴀ 㔀 ㈀ 㨀㄀㈀㨀㔀㌀⸀ 㐀㐀  㐀㘀㌀㤀  㘀㈀㘀㌀ 嘀 䔀倀䐀䜀 ⴀⴀ 匀䤀䴀  嬀匀䴀䄀刀吀圀䤀䘀䤀崀㨀 一攀眀 攀渀琀爀礀 㨀 ⠀匀椀最渀愀氀匀琀爀攀渀最琀栀㨀 ㄀  㤀㤀 ⴀ㄀  ⴀ㈀   ⴀ㄀  ⴀ㈀   ⴀ㄀ 㤀㤀 ㈀㄀㐀㜀㐀㠀㌀㘀㐀㜀 ㈀㄀㐀㜀㐀㠀㌀㘀㐀㜀 ㈀㄀㐀㜀㐀㠀㌀㘀㐀㜀 ㈀㄀㐀㜀㐀㠀㌀㘀㐀㜀   ㈀㄀㐀㜀㐀㠀㌀㘀㐀㜀  砀㌀ 倀 最猀洀簀氀琀攀 㨀   ⤀ഀഀ
10-05 20:12:53.045 4639 6263 V EPDG -- SIM0 [SMARTWIFI]: Radio entry added ਍㄀ ⴀ 㔀 ㈀ 㨀㄀㈀㨀㔀㌀⸀ 㐀㔀  㐀㘀㌀㤀  㘀㈀㘀㌀ 䐀 䔀倀䐀䜀 ⴀⴀ 匀䤀䴀  嬀匀䴀䄀刀吀圀䤀䘀䤀崀㨀 倀漀猀琀椀渀最 爀甀渀渀愀戀氀攀 挀漀洀⸀猀攀挀⸀攀瀀搀最⸀䔀瀀搀最匀甀戀匀挀爀椀瀀琀椀漀渀␀㄀㈀䀀攀㐀挀㈀挀搀㄀ഀഀ
10-05 20:12:53.045 4639 4804 D EPDG -- SIM0 [EpdgSubScription]: Start mWiFiMeasurement ਍㄀ ⴀ 㔀 ㈀ 㨀㄀㈀㨀㔀㌀⸀ 㐀㔀  㐀㘀㌀㤀  㐀㠀 㐀 䐀 䔀倀䐀䜀 ⴀⴀ 匀䤀䴀  嬀䔀瀀搀最匀甀戀匀挀爀椀瀀琀椀漀渀崀㨀 最攀琀䤀猀䤀洀猀䌀愀氀氀䌀漀渀渀攀挀琀攀搀㨀 爀攀琀甀爀渀椀渀最㨀 昀愀氀猀攀ഀഀ
10-05 20:12:53.047 4450 4450 D GLAnimatorManager: doFrame ਍㄀ ⴀ 㔀 ㈀ 㨀㄀㈀㨀㔀㌀⸀㈀ 㐀  ㌀㈀㌀㜀  ㌀㈀㌀㜀 䤀 愀渀搀爀漀椀搀⸀栀愀爀搀眀愀爀攀⸀眀椀昀椀䀀㄀⸀ ⴀ猀攀爀瘀椀挀攀㨀 最攀琀䰀椀渀欀䰀愀礀攀爀匀琀愀琀猀ഀഀ
10-05 20:12:53.369 4450 4450 I chatty : uid=10005(u0_a5) com.android.systemui:InfinityWallpaper identical 19 lines ਍㄀ ⴀ 㔀 ㈀ 㨀㄀㈀㨀㔀㌀⸀㌀㠀   㐀㐀㔀   㐀㐀㔀  䐀 䜀䰀䄀渀椀洀愀琀漀爀䴀愀渀愀最攀爀㨀 搀漀䘀爀愀洀攀ഀഀ
10-05 20:12:53.383 3774 7283 D ConnectivityService: filterNetworkStateForUid() uid: 1000 networkInfo: [type: WIFI[] - WIFI, state: CONNECTED/CONNECTED, reason: (unspecified), extra: "FRITZ!Box Fon WLAN 7390 2,4", failover: false, available: true, roaming: false, metered: false] ਍㄀ ⴀ 㔀 ㈀ 㨀㄀㈀㨀㔀㌀⸀㌀㤀㔀  ㌀㐀㄀㌀  ㌀㔀㘀㄀ 嘀 䄀倀䴀开䄀甀搀椀漀倀漀氀椀挀礀䴀愀渀愀最攀爀㨀 最攀琀䄀甀搀椀漀倀漀氀椀挀礀䌀漀渀昀椀最㨀 愀甀搀椀漀倀愀爀愀洀㬀愀挀琀椀瘀攀匀琀爀攀愀洀ഀഀ
10-05 20:12:53.396 3413 3561 V APM_AudioPolicyManager: ### active stream : 0 ਍㄀ ⴀ 㔀 ㈀ 㨀㄀㈀㨀㔀㌀⸀㌀㤀㘀  ㌀㜀㜀㐀  㜀㈀㠀㌀ 䐀 䄀甀搀椀漀匀攀爀瘀椀挀攀㨀 愀挀琀椀瘀攀 猀琀爀攀愀洀 椀猀  砀 ഀഀ
10-05 20:12:53.397 4450 4450 D GLAnimatorManager: doFrame ਍㄀ ⴀ 㔀 ㈀ 㨀㄀㈀㨀㔀㌀⸀㐀 ㈀  ㌀㐀㄀㌀  ㌀㔀㘀㄀ 嘀 䄀倀䴀开䄀甀搀椀漀倀漀氀椀挀礀䴀愀渀愀最攀爀㨀 最攀琀䄀甀搀椀漀倀漀氀椀挀礀䌀漀渀昀椀最㨀 愀甀搀椀漀倀愀爀愀洀㬀漀甀琀䐀攀瘀椀挀攀ഀഀ
10-05 20:12:53.402 3413 3561 V APM_AudioPolicyManager: getNewOutputDevice() selected device 0 ਍㄀ ⴀ 㔀 ㈀ 㨀㄀㈀㨀㔀㌀⸀㐀 ㈀  ㌀㐀㄀㌀  ㌀㔀㘀㄀ 嘀 䄀倀䴀开䄀甀搀椀漀倀漀氀椀挀礀䴀愀渀愀最攀爀㨀 ⌀⌀⌀ 挀甀爀搀攀瘀椀挀攀 㨀 ㈀ഀഀ
10-05 20:12:53.408 3774 7283 D SSRM:k : ATC: power = AP_CP = 880, Display = 2(Panel:-999, LDIs:-999), WIFI = 0, SPK = 0, RCV = 0, Camera = 0, PAM = 0 ਍㄀ ⴀ 㔀 ㈀ 㨀㄀㈀㨀㔀㌀⸀㐀 㤀  ㌀㜀㜀㐀  㜀㈀㠀㌀ 䐀 匀匀刀䴀㨀欀  㨀 䄀吀䌀㨀 挀甀爀爀攀渀琀 㴀 䄀倀开䌀倀 㴀 ㈀㈀ Ⰰ 䐀椀猀瀀氀愀礀 㴀 ㄀Ⰰ 圀䤀䘀䤀 㴀  Ⰰ 匀倀䬀 㴀  Ⰰ刀䌀嘀 㴀  Ⰰ 䌀愀洀攀爀愀 㴀  Ⰰ 倀䄀䴀 㴀  ഀഀ
10-05 20:12:53.416 3774 7283 D SSRM:k : ATC: Ambient Temperature = 26,80, Skin temperature = F_AP[28,70], F_RF[28,60], B_AP[28,80], B_RF[28,60], B_WIFI[27,90], B_SPK[27,90] ਍㄀ ⴀ 㔀 ㈀ 㨀㄀㈀㨀㔀㌀⸀㐀㈀㄀  㐀㐀㔀   㐀㐀㔀  䐀 䜀䰀䄀渀椀洀愀琀漀爀䴀愀渀愀最攀爀㨀 搀漀䘀爀愀洀攀ഀഀ
10-05 20:12:53.878 3774 7283 D SSRM:h : SIOP:: AP = 330, PST = 298 (W:15), BAT = 293, USB = 284, CHG = 312, CP = 296 ਍㄀ ⴀ 㔀 ㈀ 㨀㄀㈀㨀㔀㐀⸀㘀㘀㐀  㐀㐀㔀   㐀㐀㔀  䤀 挀栀愀琀琀礀  㨀 甀椀搀㴀㄀   㔀⠀甀 开愀㔀⤀ 挀漀洀⸀愀渀搀爀漀椀搀⸀猀礀猀琀攀洀甀椀㨀䤀渀昀椀渀椀琀礀圀愀氀氀瀀愀瀀攀爀 椀搀攀渀琀椀挀愀氀 㜀㔀 氀椀渀攀猀ഀഀ
10-05 20:12:54.680 4450 4450 D GLAnimatorManager: doFrame ਍㄀ ⴀ 㔀 ㈀ 㨀㄀㈀㨀㔀㐀⸀㘀㠀㄀  㐀㐀㔀   㐀㐀㔀  䐀 䜀䰀䄀渀椀洀愀琀漀爀䴀愀渀愀最攀爀㨀 渀攀攀搀䬀攀攀瀀唀瀀搀愀琀攀 㴀 昀愀氀猀攀ഀഀ
10-05 20:12:54.681 4450 4450 D GLAnimatorManager: needStop = true ਍㄀ ⴀ 㔀 ㈀ 㨀㄀㈀㨀㔀㐀⸀㠀㜀㄀  ㌀㈀㐀㜀  ㌀㈀㐀㜀 䐀 匀甀爀昀愀挀攀䘀氀椀渀最攀爀㨀   䐀椀猀瀀氀愀礀嬀 崀 挀漀渀昀椀最甀爀愀琀椀漀渀猀 ⠀⨀ 挀甀爀爀攀渀琀⤀㨀ഀഀ
10-05 20:12:54.871 3247 3247 D SurfaceFlinger: * 0: 1440x2960, xdpi=562.706970, ydpi=565.293030, refresh=16666666 ਍㄀ ⴀ 㔀 ㈀ 㨀㄀㈀㨀㔀㐀⸀㠀㜀㄀  ㌀㈀㐀㜀  ㌀㈀㐀㜀 䐀 匀甀爀昀愀挀攀䘀氀椀渀最攀爀㨀   渀甀洀䠀眀䰀愀礀攀爀猀㴀㔀Ⰰ 昀氀愀最猀㴀        ഀഀ
10-05 20:12:54.871 3247 3247 D SurfaceFlinger: type | handle | hint | flag | tr | blnd | format | source crop (l,t,r,b) | frame | name ਍㄀ ⴀ 㔀 ㈀ 㨀㄀㈀㨀㔀㐀⸀㠀㜀㄀  ㌀㈀㐀㜀  ㌀㈀㐀㜀 䐀 匀甀爀昀愀挀攀䘀氀椀渀最攀爀㨀 ⴀⴀⴀⴀⴀⴀⴀⴀⴀⴀⴀ⬀ⴀⴀⴀⴀⴀⴀⴀⴀⴀⴀ⬀ⴀⴀⴀⴀⴀⴀ⬀ⴀⴀⴀⴀⴀⴀ⬀ⴀⴀⴀⴀ⬀ⴀⴀⴀⴀⴀⴀ⬀ⴀⴀⴀⴀⴀⴀⴀⴀⴀⴀⴀⴀⴀ⬀ⴀⴀⴀⴀⴀⴀⴀⴀⴀⴀⴀⴀⴀⴀⴀⴀⴀⴀⴀⴀⴀⴀⴀⴀⴀⴀⴀⴀⴀⴀⴀⴀ⬀ⴀⴀⴀⴀⴀⴀⴀⴀⴀⴀⴀⴀⴀⴀⴀⴀⴀⴀⴀⴀⴀⴀⴀⴀ⬀ⴀⴀⴀⴀⴀⴀഀഀ
10-05 20:12:54.871 3247 3247 D SurfaceFlinger: GLES | 7ecee2be00 | 0000 | 0001 | 00 | 0105 | RGBA_8888 | 0.0, 0.0, 1080.0, 2220.0 | 0, 0, 1080, 2220 | com.sec.android.app.launcher/com.sec.android.app.launcher.activities.LauncherActivity#0 ਍㄀ ⴀ 㔀 ㈀ 㨀㄀㈀㨀㔀㐀⸀㠀㜀㄀  ㌀㈀㐀㜀  ㌀㈀㐀㜀 䐀 匀甀爀昀愀挀攀䘀氀椀渀最攀爀㨀        䠀圀䌀 簀 㜀攀挀昀㈀㔀㜀㘀㠀  簀      簀      簀    簀  ㄀ 㔀 簀 刀䜀䈀䄀开㠀㠀㠀㠀   簀     ⸀ Ⰰ     ⸀ Ⰰ ㄀ 㠀 ⸀ Ⰰ   㜀㈀⸀  簀     Ⰰ     Ⰰ ㄀ 㠀 Ⰰ   㜀㈀ 簀 匀琀愀琀甀猀䈀愀爀⌀ ഀഀ
10-05 20:12:54.871 3247 3247 D SurfaceFlinger: HWC | 7ecf259280 | 0000 | 0000 | 00 | 0105 | RGBA_8888 | 0.0, 0.0, 67.0, 445.0 | 1013, 527, 1080, 972 | com.samsung.android.app.cocktailbarservice/com.samsung.android.app.cocktailbarservice.CocktailBarService#0 ਍㄀ ⴀ 㔀 ㈀ 㨀㄀㈀㨀㔀㐀⸀㠀㜀㄀  ㌀㈀㐀㜀  ㌀㈀㐀㜀 䐀 匀甀爀昀愀挀攀䘀氀椀渀最攀爀㨀        䠀圀䌀 簀 㜀攀挀攀攀㈀戀    簀      簀      簀    簀ഀഀ
10-05 20:12:54.871 3247 3247 D SurfaceFlinger: 0105 | RGBA_8888 | 0.0, 0.0, 1080.0, 144.0 | 0, 2076, 1080, 2220 | NavigationBar#0 ਍㄀ ⴀ 㔀 ㈀ 㨀㄀㈀㨀㔀㐀⸀㠀㜀㄀  ㌀㈀㐀㜀  ㌀㈀㐀㜀 䐀 匀甀爀昀愀挀攀䘀氀椀渀最攀爀㨀  䘀䈀 吀䄀刀䜀䔀吀 簀 㜀攀挀昀㈀㔀㔀搀㈀  簀      簀      簀    簀  ㄀ 㔀 簀 刀䜀䈀䄀开㠀㠀㠀㠀   簀     ⸀ Ⰰ     ⸀ Ⰰ ㄀㐀㐀 ⸀ Ⰰ ㈀㤀㘀 ⸀  簀     Ⰰ     Ⰰ ㄀㐀㐀 Ⰰ ㈀㤀㘀  簀 䠀圀䌀开䘀刀䄀䴀䔀䈀唀䘀䘀䔀刀开吀䄀刀䜀䔀吀ഀഀ
10-05 20:12:56.324 3237 3237 I android.hardware.wifi@1.0-service: getLinkLayerStats ਍㄀ ⴀ 㔀 ㈀ 㨀㄀㈀㨀㔀㘀⸀㜀 㐀  㐀㤀㤀㘀  㐀㤀㤀㘀 䐀 椀漀开猀琀愀琀猀㨀 ℀䀀   㠀Ⰰ  爀 ㄀㔀㈀㄀㤀㘀 㜀  㐀㠀㈀㐀 眀 ㄀ ㄀ 㤀㈀ ㄀㠀㠀㤀㐀   搀 㜀㤀㔀㘀 㜀㠀㜀㄀㈀㐀 昀 ㈀㔀㤀㜀㤀 ㈀㤀㈀㔀㤀 椀漀琀 ㄀㄀㈀    㠀㄀㐀㐀㈀ 琀栀 ㌀ 㜀㈀       瀀琀   椀渀瀀     㤀㘀㔀㜀⸀㠀㈀ ഀഀ
10-05 20:12:59.437 3237 3237 I android.hardware.wifi@1.0-service: getLinkLayerStats ਍㄀ ⴀ 㔀 ㈀ 㨀㄀㈀㨀㔀㤀⸀㘀    ㌀㜀㜀㐀  㔀㈀㠀㌀ 䐀 匀愀洀猀甀渀最䄀氀愀爀洀䴀愀渀愀最攀爀㨀 䌀愀渀挀攀氀 䄀氀愀爀洀 挀愀氀氀椀渀最 昀爀漀洀 甀椀搀㨀㄀ ㄀㤀㤀 瀀椀搀 㨀㄀㘀 ㌀ ⼀ 漀瀀㨀倀攀渀搀椀渀最䤀渀琀攀渀琀笀㈀㄀㔀攀㘀㜀搀㨀 倀攀渀搀椀渀最䤀渀琀攀渀琀刀攀挀漀爀搀笀㠀㔀㜀攀㘀㤀昀 挀漀洀⸀猀愀洀猀甀渀最⸀愀渀搀爀漀椀搀⸀攀洀愀椀氀⸀瀀爀漀瘀椀搀攀爀 戀爀漀愀搀挀愀猀琀䤀渀琀攀渀琀紀紀ഀഀ
10-05 20:12:59.604 3774 5283 I SamsungAlarmManager: setLocked to kernel - T:2 / 20181005T201500, SetElapsed=30505123, nowELAPSED=30384605 ਍㄀ ⴀ 㔀 ㈀ 㨀㄀㈀㨀㔀㤀⸀㘀 㘀  ㌀㜀㜀㐀  ㌀㤀㌀㠀 䐀 䌀漀渀渀攀挀琀椀瘀椀琀礀匀攀爀瘀椀挀攀㨀 昀椀氀琀攀爀一攀琀眀漀爀欀匀琀愀琀攀䘀漀爀唀椀搀⠀⤀ 甀椀搀㨀 ㄀ ㄀㤀㤀 渀攀琀眀漀爀欀䤀渀昀漀㨀 嬀琀礀瀀攀㨀 圀䤀䘀䤀嬀崀 ⴀ 圀䤀䘀䤀Ⰰ 猀琀愀琀攀㨀 䌀伀一一䔀䌀吀䔀䐀⼀䌀伀一一䔀䌀吀䔀䐀Ⰰ 爀攀愀猀漀渀㨀 ⠀甀渀猀瀀攀挀椀昀椀攀搀⤀Ⰰ 攀砀琀爀愀㨀 ∀䘀刀䤀吀娀℀䈀漀砀 䘀漀渀 圀䰀䄀一 㜀㌀㤀  ㈀Ⰰ㐀∀Ⰰ 昀愀椀氀漀瘀攀爀㨀 昀愀氀猀攀Ⰰ 愀瘀愀椀氀愀戀氀攀㨀 琀爀甀攀Ⰰ 爀漀愀洀椀渀最㨀 昀愀氀猀攀Ⰰ 洀攀琀攀爀攀搀㨀 昀愀氀猀攀崀ഀഀ
10-05 20:12:59.609 3774 3938 I chatty : uid=1000(system) Binder:3774_3 identical 1 line ਍㄀ ⴀ 㔀 ㈀ 㨀㄀㈀㨀㔀㤀⸀㘀㠀㐀  ㌀㜀㜀㐀  ㌀㤀㌀㠀 䐀 䌀漀渀渀攀挀琀椀瘀椀琀礀匀攀爀瘀椀挀攀㨀 昀椀氀琀攀爀一攀琀眀漀爀欀匀琀愀琀攀䘀漀爀唀椀搀⠀⤀ 甀椀搀㨀 ㄀ ㄀㤀㤀 渀攀琀眀漀爀欀䤀渀昀漀㨀 嬀琀礀瀀攀㨀 圀䤀䘀䤀嬀崀 ⴀ 圀䤀䘀䤀Ⰰ 猀琀愀琀攀㨀 䌀伀一一䔀䌀吀䔀䐀⼀䌀伀一一䔀䌀吀䔀䐀Ⰰ 爀攀愀猀漀渀㨀 ⠀甀渀猀瀀攀挀椀昀椀攀搀⤀Ⰰ 攀砀琀爀愀㨀 ∀䘀刀䤀吀娀℀䈀漀砀 䘀漀渀 圀䰀䄀一 㜀㌀㤀  ㈀Ⰰ㐀∀Ⰰ 昀愀椀氀漀瘀攀爀㨀 昀愀氀猀攀Ⰰ 愀瘀愀椀氀愀戀氀攀㨀 琀爀甀攀Ⰰ 爀漀愀洀椀渀最㨀 昀愀氀猀攀Ⰰ 洀攀琀攀爀攀搀㨀 昀愀氀猀攀崀ഀഀ
10-05 20:12:59.699 3774 6189 D ConnectivityService: filterNetworkStateForUid() uid: 10199 networkInfo: [type: WIFI[] - WIFI, state: CONNECTED/CONNECTED, reason: (unspecified), extra: "FRITZ!Box Fon WLAN 7390 2,4", failover: false, available: true, roaming: false, metered: false] ਍㄀ ⴀ 㔀 ㈀ 㨀㄀㈀㨀㔀㤀⸀㜀㈀㘀  ㌀㜀㜀㐀  㘀㄀㠀㤀 䐀 匀愀洀猀甀渀最䄀氀愀爀洀䴀愀渀愀最攀爀㨀 猀攀琀䔀砀愀挀琀 䤀渀琀攀渀琀 ⠀吀㨀 ⼀䘀㨀㤀⼀䄀䌀㨀昀愀氀猀攀⤀ ㈀ ㄀㠀㄀  㔀吀㈀ ㈀㠀 ㈀ ⴀ 䌀唀㨀㄀ ㄀㤀㤀⼀䌀倀㨀㄀㘀 ㌀ഀഀ
10-05 20:12:59.743 3774 6189 D BatteryService: !@BatteryListener : batteryPropertiesChanged! ਍㄀ ⴀ 㔀 ㈀ 㨀㄀㈀㨀㔀㤀⸀㜀㐀㌀  ㌀㜀㜀㐀  㘀㄀㠀㤀 䐀 䈀愀琀琀攀爀礀匀攀爀瘀椀挀攀㨀 氀攀瘀攀氀㨀㌀㌀Ⰰ 猀挀愀氀攀㨀㄀  Ⰰ 猀琀愀琀甀猀㨀㈀Ⰰ 栀攀愀氀琀栀㨀㈀Ⰰ 瀀爀攀猀攀渀琀㨀琀爀甀攀Ⰰ 瘀漀氀琀愀最攀㨀 ㌀㠀㜀㄀Ⰰ 琀攀洀瀀攀爀愀琀甀爀攀㨀 ㈀㤀㐀Ⰰ 琀攀挀栀渀漀氀漀最礀㨀 䰀椀ⴀ椀漀渀Ⰰ 䄀䌀 瀀漀眀攀爀攀搀㨀昀愀氀猀攀Ⰰ 唀匀䈀 瀀漀眀攀爀攀搀㨀琀爀甀攀Ⰰ 倀伀䜀伀 瀀漀眀攀爀攀搀㨀昀愀氀猀攀Ⰰ 圀椀爀攀氀攀猀猀 瀀漀眀攀爀攀搀㨀昀愀氀猀攀Ⰰ 椀挀漀渀㨀㄀㜀㌀ ㌀㠀㐀㄀Ⰰ 椀渀瘀愀氀椀搀 挀栀愀爀最攀爀㨀 Ⰰ 洀愀砀䌀栀愀爀最椀渀最䌀甀爀爀攀渀琀㨀 Ⰰ 洀愀砀䌀栀愀爀最椀渀最嘀漀氀琀愀最攀㨀 Ⰰ 挀栀愀爀最攀䌀漀甀渀琀攀爀㨀㤀㐀㜀   ഀഀ
10-05 20:12:59.743 3774 6189 D BatteryService: online:4, current avg:303, charge type:1, power sharing:false, high voltage charger:false, capacity:280000, batterySWSelfDischarging:false, misc_event:0, current_event:0, current_now:467 ਍㄀ ⴀ 㔀 ㈀ 㨀㄀㈀㨀㔀㤀⸀㜀㐀㐀  ㌀㜀㜀㐀  ㌀㜀㜀㐀 䐀 䈀愀琀琀攀爀礀匀攀爀瘀椀挀攀㨀 匀攀渀搀椀渀最 䄀䌀吀䤀伀一开䈀䄀吀吀䔀刀夀开䌀䠀䄀一䜀䔀䐀⸀ഀഀ
10-05 20:12:59.745 3774 3774 I MotionRecognitionService: Plugged ਍㄀ ⴀ 㔀 ㈀ 㨀㄀㈀㨀㔀㤀⸀㜀㐀㔀  ㌀㜀㜀㐀  ㌀㜀㜀㐀 䐀 䴀漀琀椀漀渀刀攀挀漀最渀椀琀椀漀渀匀攀爀瘀椀挀攀㨀   洀䌀愀戀氀攀䌀漀渀渀攀挀琀椀漀渀㴀 ㄀ഀഀ
10-05 20:12:59.745 3774 3774 D MotionRecognitionService: setPowerConnected : mGripEnabled = false ਍㄀ ⴀ 㔀 ㈀ 㨀㄀㈀㨀㔀㤀⸀㜀㐀㘀  ㌀㜀㜀㐀  ㌀㜀㜀㐀 䐀 匀愀洀猀甀渀最倀栀漀渀攀圀椀渀搀漀眀䴀愀渀愀最攀爀㨀 䄀䌀吀䤀伀一开䈀䄀吀吀䔀刀夀开䌀䠀䄀一䜀䔀䐀 ⴀ 䰀攀瘀攀氀 㨀㨀 ㌀㌀Ⰰ 戀愀琀琀匀琀愀琀甀猀 㨀㨀 ㈀ഀഀ
10-05 20:12:59.747 3774 3803 D UsbDeviceManager: handleMessage -> MSG_UPDATE_CHARGING_STATE = 1 ਍㄀ ⴀ 㔀 ㈀ 㨀㄀㈀㨀㔀㤀⸀㜀㐀㠀  㐀㈀㠀㐀  㐀㈀㠀㐀 䐀 䬀攀礀最甀愀爀搀唀瀀搀愀琀攀䴀漀渀椀琀漀爀㨀 爀攀挀攀椀瘀攀搀 戀爀漀愀搀挀愀猀琀 愀渀搀爀漀椀搀⸀椀渀琀攀渀琀⸀愀挀琀椀漀渀⸀䈀䄀吀吀䔀刀夀开䌀䠀䄀一䜀䔀䐀ഀഀ
10-05 20:12:59.750 4284 4284 D BatteryController: onReceive-ACTION_BATTERY_CHANGED : mLevel=33, mBatteryStatus=2 ਍㄀ ⴀ 㔀 ㈀ 㨀㄀㈀㨀㔀㤀⸀㜀㔀㈀  㐀㈀㐀㌀  㐀㈀㐀㌀ 嘀 䠀攀愀搀猀攀琀匀攀爀瘀椀挀攀㨀 刀攀挀攀椀瘀攀搀 䤀渀琀攀渀琀⸀䄀䌀吀䤀伀一开䈀䄀吀吀䔀刀夀开䌀䠀䄀一䜀䔀䐀ഀഀ
10-05 20:12:59.753 4243 4928 D HeadsetStateMachine: Disconnected process message: 10, size: 0 ਍㄀ ⴀ 㔀 ㈀ 㨀㄀㈀㨀㔀㤀⸀㜀㔀㌀  㐀㘀㌀㤀  㐀㠀 㐀 䐀 䔀倀䐀䜀 ⴀⴀ 匀䤀䴀  嬀䔀瀀搀最匀甀戀匀挀爀椀瀀琀椀漀渀崀㨀 愀渀搀爀漀椀搀⸀椀渀琀攀渀琀⸀愀挀琀椀漀渀⸀䈀䄀吀吀䔀刀夀开䌀䠀䄀一䜀䔀䐀 椀渀琀攀渀琀 爀攀挀攀椀瘀攀搀⸀ഀഀ
10-05 20:12:59.757 4284 4284 D PowerUI : priorPlugType = 2 mPlugType = 2 ਍㄀ ⴀ 㔀 ㈀ 㨀㄀㈀㨀㔀㤀⸀㜀㔀㤀  㐀㈀㠀㐀  㐀㈀㠀㐀 䐀 倀漀眀攀爀唀䤀⸀一漀琀椀昀椀挀愀琀椀漀渀㨀 猀栀漀眀䌀栀愀爀最椀渀最一漀琀椀挀攀 漀氀搀䌀栀愀爀最椀渀最吀礀瀀攀 㨀 ㄀ 挀甀爀爀攀渀琀䌀栀愀爀最椀渀最吀礀瀀攀 㨀 ㄀ 漀氀搀䌀栀愀爀最椀渀最吀椀洀攀 㨀 ㄀㐀㌀㈀㘀    洀䌀栀愀爀最椀渀最吀椀洀攀 㨀 ㄀㐀㌀ 㐀   ഀഀ
10-05 20:12:59.759 4284 4284 D PowerUI.Notification: showChargingNotification() ਍㄀ ⴀ 㔀 ㈀ 㨀㄀㈀㨀㔀㤀⸀㜀㘀㌀  ㌀㜀㜀㐀  ㌀㤀㌀㠀 䐀 䄀瀀瀀氀椀挀愀琀椀漀渀倀漀氀椀挀礀㨀 椀猀匀琀愀琀甀猀䈀愀爀一漀琀椀昀椀挀愀琀椀漀渀䄀氀氀漀眀攀搀䄀猀唀猀攀爀㨀 瀀愀挀欀愀最攀一愀洀攀 㴀 挀漀洀⸀愀渀搀爀漀椀搀⸀猀礀猀琀攀洀甀椀Ⰰ甀猀攀爀䤀搀 㴀 ⴀ㄀ഀഀ
10-05 20:12:59.764 3774 3938 D API test: getContainerInfo: value is ਍㄀ ⴀ 㔀 ㈀ 㨀㄀㈀㨀㔀㤀⸀㜀㘀㐀  ㌀㜀㜀㐀  ㌀㤀㌀㠀 䐀 䄀瀀瀀氀椀挀愀琀椀漀渀倀漀氀椀挀礀㨀 椀猀匀琀愀琀甀猀䈀愀爀一漀琀椀昀椀挀愀琀椀漀渀䄀氀氀漀眀攀搀䄀猀唀猀攀爀㨀 瀀愀挀欀愀最攀一愀洀攀 㴀 挀漀洀⸀愀渀搀爀漀椀搀⸀猀礀猀琀攀洀甀椀Ⰰ甀猀攀爀䤀搀 㴀  ഀഀ
10-05 20:12:59.764 3774 3938 D API test: getContainerInfo: value is ਍㄀ ⴀ 㔀 ㈀ 㨀㄀㈀㨀㔀㤀⸀㜀㘀㘀  ㌀㜀㜀㐀  ㌀㜀㜀㐀 䐀 䔀搀最攀䰀椀最栀琀椀渀最䴀愀渀愀最攀爀㨀 椀猀䌀愀氀氀椀渀最唀猀攀爀匀甀瀀瀀漀爀琀攀搀 㨀 挀愀氀氀椀渀最唀猀攀爀䤀搀㴀ⴀ㄀Ⰰ 洀唀猀攀爀䤀搀㴀 Ⰰ 椀猀䐀甀愀氀䄀瀀瀀䤀搀㴀昀愀氀猀攀ഀഀ
10-05 20:12:59.773 5310 5310 D Notification.Badge: [valid] onNotificationPosted : StatusBarNotification(pkg=com.android.systemui user=UserHandle{-1} id=2131362712 tag=charging_state key=-1|com.android.systemui|2131362712|charging_state|10005: Notification(channel=GEN pri=-2 contentView=null vibrate=null sound=null defaults=0x0 flags=0xa color=0xff607d8b category=sys number=0 vis=PUBLIC semFlags=0x0 semPriority=0 semMissedCount=0)) ਍㄀ ⴀ 㔀 ㈀ 㨀㄀㈀㨀㔀㤀⸀㜀㜀㐀  㔀㌀㄀   㔀㌀㄀  䐀 一漀琀椀昀椀挀愀琀椀漀渀⸀䈀愀搀最攀㨀 渀漀琀椀昀椀挀愀琀椀漀渀䬀攀礀 㨀 ⴀ㄀簀挀漀洀⸀愀渀搀爀漀椀搀⸀猀礀猀琀攀洀甀椀簀㈀㄀㌀㄀㌀㘀㈀㜀㄀㈀簀挀栀愀爀最椀渀最开猀琀愀琀攀簀㄀   㔀Ⰰ 挀漀甀渀琀 㨀  Ⰰ 琀栀椀猀⸀挀漀甀渀琀 㨀 ㄀ഀഀ
10-05 20:12:59.775 5310 5310 D Notification.Badge: [filtered] shouldBeFilteredOut().mTempRanking.canShowBadge[false], [sbn : StatusBarNotification(pkg=com.android.systemui user=UserHandle{-1} id=2131362712 tag=charging_state key=-1|com.android.systemui|2131362712|charging_state|10005: Notification(channel=GEN pri=-2 contentView=null vibrate=null sound=null defaults=0x0 flags=0xa color=0xff607d8b category=sys number=0 vis=PUBLIC semFlags=0x0 semPriority=0 semMissedCount=0))] ਍㄀ ⴀ 㔀 ㈀ 㨀㄀㈀㨀㔀㤀⸀㜀㜀㔀  㔀㌀㄀   㔀㐀 㐀 䐀 一漀琀椀昀椀挀愀琀椀漀渀⸀䈀愀搀最攀㨀 䰀愀甀渀挀栀攀爀䴀漀搀攀氀㨀漀渀一漀琀椀昀椀挀愀琀椀漀渀倀漀猀琀攀搀⠀⤀ 㨀 挀漀洀⸀愀渀搀爀漀椀搀⸀猀礀猀琀攀洀甀椀Ⰰ 挀漀甀渀琀 㨀 嬀㄀崀Ⰰ 猀栀漀甀氀搀䈀攀䘀椀氀琀攀爀攀搀伀甀琀 㨀 嬀琀爀甀攀崀ഀഀ
10-05 20:12:59.775 5310 5404 D Notification.Badge: updateLauncherIconBadges : 1 ਍㄀ ⴀ 㔀 ㈀ 㨀㄀㈀㨀㔀㤀⸀㜀㤀㄀  㐀㈀㠀㐀  㐀㈀㠀㐀 䐀 䬀攀礀最甀愀爀搀唀瀀搀愀琀攀䴀漀渀椀琀漀爀㨀 栀愀渀搀氀攀匀琀愀琀甀猀䈀愀爀匀琀愀琀攀⠀ 昀愀氀猀攀 ⤀ഀഀ
10-05 20:12:59.827 4284 4284 I chatty : uid=10005(u0_a5) com.android.systemui identical 1 line ਍㄀ ⴀ 㔀 ㈀ 㨀㄀㈀㨀㔀㤀⸀㠀㐀㈀  㐀㈀㠀㐀  㐀㈀㠀㐀 䐀 䬀攀礀最甀愀爀搀唀瀀搀愀琀攀䴀漀渀椀琀漀爀㨀 栀愀渀搀氀攀匀琀愀琀甀猀䈀愀爀匀琀愀琀攀⠀ 昀愀氀猀攀 ⤀ഀഀ
10-05 20:12:59.999 3774 3891 D SamsungAlarmManager: Expired : 8 ਍㄀ ⴀ 㔀 ㈀ 㨀㄀㌀㨀  ⸀     ㌀㜀㜀㐀  ㌀㠀㤀㄀ 䤀 匀愀洀猀甀渀最䄀氀愀爀洀䴀愀渀愀最攀爀㨀 猀攀琀䰀漀挀欀攀搀 琀漀 欀攀爀渀攀氀 ⴀ 吀㨀㌀ ⼀ ㈀ ㄀㠀㄀  㔀吀㈀ ㄀㌀㐀 Ⰰ 匀攀琀䔀氀愀瀀猀攀搀㴀㌀ 㐀㈀㔀㈀  Ⰰ 渀漀眀䔀䰀䄀倀匀䔀䐀㴀㌀ ㌀㠀㔀  ㈀ഀഀ
10-05 20:13:00.000 3774 3891 V SamsungAlarmManager: Sending to uid : 1000 action=android.intent.action.TIME_TICK alarm=Alarm{13b6972 type 3 when 30385001 android} ਍㄀ ⴀ 㔀 ㈀ 㨀㄀㌀㨀  ⸀  㔀  ㌀㜀㜀㐀  ㌀㜀㜀㐀 䐀 匀愀洀猀甀渀最䄀氀愀爀洀䴀愀渀愀最攀爀㨀 猀攀琀䔀砀愀挀琀 䤀渀琀攀渀琀 ⠀吀㨀㌀⼀䘀㨀㄀⼀䄀䌀㨀昀愀氀猀攀⤀ ㈀ ㄀㠀㄀  㔀吀㈀ ㄀㌀㔀㤀 ⴀ 䌀唀㨀㄀   ⼀䌀倀㨀㌀㜀㜀㐀ഀഀ
10-05 20:13:00.008 4284 4284 D KeyguardUpdateMonitor: received broadcast android.intent.action.TIME_TICK ਍㄀ ⴀ 㔀 ㈀ 㨀㄀㌀㨀  ⸀  㠀  㐀㈀㠀㐀  㐀㈀㠀㐀 䐀 䬀攀礀最甀愀爀搀匀攀爀瘀椀挀攀䈀漀砀䌀漀渀琀愀椀渀攀爀㨀 爀攀昀爀攀猀栀吀椀洀攀⠀⤀ ㄀ഀഀ
10-05 20:13:00.046 4284 4284 D KeyguardUpdateMonitor: handleStatusBarState( false ) ਍㄀ ⴀ 㔀 ㈀ 㨀㄀㌀㨀  ⸀ 㔀㔀  㐀㈀㠀㐀  㐀㈀㠀㐀 䐀 䬀攀礀最甀愀爀搀唀瀀搀愀琀攀䴀漀渀椀琀漀爀㨀 栀愀渀搀氀攀匀琀愀琀甀猀䈀愀爀匀琀愀琀攀⠀ 昀愀氀猀攀 ⤀ഀഀ
10-05 20:13:00.073 3247 3247 D SurfaceFlinger: Display[0] configurations (* current): ਍㄀ ⴀ 㔀 ㈀ 㨀㄀㌀㨀  ⸀ 㜀㌀  ㌀㈀㐀㜀  ㌀㈀㐀㜀 䐀 匀甀爀昀愀挀攀䘀氀椀渀最攀爀㨀     ⨀  㨀 ㄀㐀㐀 砀㈀㤀㘀 Ⰰ 砀搀瀀椀㴀㔀㘀㈀⸀㜀 㘀㤀㜀 Ⰰ 礀搀瀀椀㴀㔀㘀㔀⸀㈀㤀㌀ ㌀ Ⰰ 爀攀昀爀攀猀栀㴀㄀㘀㘀㘀㘀㘀㘀㘀ഀഀ
10-05 20:13:00.073 3247 3247 D SurfaceFlinger: numHwLayers=6, flags=00000000 ਍㄀ ⴀ 㔀 ㈀ 㨀㄀㌀㨀  ⸀ 㜀㌀  ㌀㈀㐀㜀  ㌀㈀㐀㜀 䐀 匀甀爀昀愀挀攀䘀氀椀渀最攀爀㨀     琀礀瀀攀   簀  栀愀渀搀氀攀  簀 栀椀渀琀 簀 昀氀愀最 簀 琀爀 簀 戀氀渀搀 簀   昀漀爀洀愀琀    簀     猀漀甀爀挀攀 挀爀漀瀀 ⠀氀Ⰰ琀Ⰰ爀Ⰰ戀⤀      簀          昀爀愀洀攀         簀 渀愀洀攀 ഀഀ
10-05 20:13:00.073 3247 3247 D SurfaceFlinger: -----------+----------+------+------+----+------+-------------+--------------------------------+------------------------+------ ਍㄀ ⴀ 㔀 ㈀ 㨀㄀㌀㨀  ⸀ 㜀㌀  ㌀㈀㐀㜀  ㌀㈀㐀㜀 䐀 匀甀爀昀愀挀攀䘀氀椀渀最攀爀㨀        䠀圀䌀 簀 㜀攀挀昀㈀㔀㘀攀愀  簀      簀      簀    簀  ㄀   簀 刀䜀䈀䄀开㠀㠀㠀㠀   簀     ⸀ Ⰰ     ⸀ Ⰰ  ㈀㜀 ⸀ Ⰰ  㔀㔀㔀⸀  簀     Ⰰ     Ⰰ ㄀ 㠀 Ⰰ ㈀㈀㈀  簀 挀漀洀⸀猀攀挀⸀愀渀搀爀漀椀搀⸀愀瀀瀀⸀氀愀甀渀挀栀攀爀⼀挀漀洀⸀猀攀挀⸀愀渀搀爀漀椀搀⸀愀瀀瀀⸀氀愀甀渀挀栀攀爀⸀愀挀琀椀瘀椀琀椀攀猀⸀䰀愀甀渀挀栀攀爀䄀挀琀椀瘀椀琀礀⌀ ഀഀ
10-05 20:13:00.073 3247 3247 D SurfaceFlinger: HWC | 7ecee2be00 | 0000 | 0000 | 00 | 0105 | RGBA_8888 | 0.0, 0.0, 1080.0, 2220.0 | 0, 0, 1080, 2220 | com.sec.android.app.launcher/com.sec.android.app.launcher.activities.LauncherActivity#0 ਍㄀ ⴀ 㔀 ㈀ 㨀㄀㌀㨀  ⸀ 㜀㌀  ㌀㈀㐀㜀  ㌀㈀㐀㜀 䐀 匀甀爀昀愀挀攀䘀氀椀渀最攀爀㨀        䠀圀䌀 簀 㜀攀挀昀㈀㔀㤀㐀㐀  簀      簀      簀    簀  ㄀ 㔀 簀 刀䜀䈀䄀开㠀㠀㠀㠀   簀     ⸀ Ⰰ     ⸀ Ⰰ ㄀ 㠀 ⸀ Ⰰ   㜀㈀⸀  簀     Ⰰ     Ⰰ ㄀ 㠀 Ⰰ   㜀㈀ 簀 匀琀愀琀甀猀䈀愀爀⌀ ഀഀ
10-05 20:13:00.073 3247 3247 D SurfaceFlinger: HWC | 7ecf259280 | 0000 | 0000 | 00 | 0105 | RGBA_8888 ਍㄀ ⴀ 㔀 ㈀ 㨀㄀㌀㨀  ⸀ 㜀㌀  ㌀㈀㐀㜀  ㌀㈀㐀㜀 䐀 匀甀爀昀愀挀攀䘀氀椀渀最攀爀㨀  簀     ⸀ Ⰰ     ⸀ Ⰰ   㘀㜀⸀ Ⰰ  㐀㐀㔀⸀  簀 ㄀ ㄀㌀Ⰰ  㔀㈀㜀Ⰰ ㄀ 㠀 Ⰰ  㤀㜀㈀ 簀 挀漀洀⸀猀愀洀猀甀渀最⸀愀渀搀爀漀椀搀⸀愀瀀瀀⸀挀漀挀欀琀愀椀氀戀愀爀猀攀爀瘀椀挀攀⼀挀漀洀⸀猀愀洀猀甀渀最⸀愀渀搀爀漀椀搀⸀愀瀀瀀⸀挀漀挀欀琀愀椀氀戀愀爀猀攀爀瘀椀挀攀⸀䌀漀挀欀琀愀椀氀䈀愀爀匀攀爀瘀椀挀攀⌀ ഀഀ
10-05 20:13:00.073 3247 3247 D SurfaceFlinger: HWC | 7ecee2b000 | 0000 | 0000 | 00 | 0105 | RGBA_8888 | 0.0, 0.0, 1080.0, 144.0 | 0, 2076, 1080, 2220 | NavigationBar#0 ਍㄀ ⴀ 㔀 ㈀ 㨀㄀㌀㨀  ⸀ 㜀㌀  ㌀㈀㐀㜀  ㌀㈀㐀㜀 䐀 匀甀爀昀愀挀攀䘀氀椀渀最攀爀㨀  䘀䈀 吀䄀刀䜀䔀吀 簀 㜀攀挀昀㈀㔀㔀戀㘀  簀      簀      簀    簀  ㄀ 㔀 簀 刀䜀䈀䄀开㠀㠀㠀㠀   簀     ⸀ Ⰰ     ⸀ Ⰰ ㄀㐀㐀 ⸀ Ⰰ ㈀㤀㘀 ⸀  簀     Ⰰ     Ⰰ ㄀㐀㐀 Ⰰ ㈀㤀㘀  簀 䠀圀䌀开䘀刀䄀䴀䔀䈀唀䘀䘀䔀刀开吀䄀刀䜀䔀吀ഀഀ
10-05 20:13:00.717 4284 4565 D NetworkController.MobileSignalController(0/2): onSignalStrengthsChanged signalStrength=SignalStrength: 11 99 -11 -200 -11 -200 -1 99 2147483647 2147483647 2147483647 2147483647 0 2147483647 0x3 P gsm|lte level=3 ਍㄀ ⴀ 㔀 ㈀ 㨀㄀㌀㨀  ⸀㜀㄀㜀  㐀㈀㠀㐀  㐀㔀㘀㔀 䐀 一攀琀眀漀爀欀䌀漀渀琀爀漀氀氀攀爀⸀䴀漀戀椀氀攀匀椀最渀愀氀䌀漀渀琀爀漀氀氀攀爀⠀ ⼀㈀⤀㨀 最攀琀䴀漀戀椀氀攀䤀挀漀渀䜀爀漀甀瀀⠀⤀㨀 㤀ഀഀ
10-05 20:13:00.722 4639 4804 D EPDG -- SIM0 [SMARTWIFI]: onSignalStrengthsChanged: Received signal strength change, phone type is: 1 ਍㄀ ⴀ 㔀 ㈀ 㨀㄀㌀㨀  ⸀㜀㈀㈀  㐀㘀㌀㤀  㘀㈀㘀㌀ 䐀 䔀倀䐀䜀 ⴀⴀ 匀䤀䴀  嬀匀䴀䄀刀吀圀䤀䘀䤀崀㨀 氀愀猀琀䰀琀攀刀匀刀倀 椀猀 ㈀㄀㐀㜀㐀㠀㌀㘀㐀㜀挀甀爀爀攀渀琀䰀琀攀刀匀刀倀 椀猀 ㈀㄀㐀㜀㐀㠀㌀㘀㐀㜀ഀഀ
10-05 20:13:00.722 4639 6263 D EPDG -- SIM0 [SMARTWIFI]: lastLteRSRQ is 2147483647currentLteRSRQ is 2147483647 ਍㄀ ⴀ 㔀 ㈀ 㨀㄀㌀㨀  ⸀㜀㈀㈀  㐀㘀㌀㤀  㘀㈀㘀㌀ 䐀 䔀倀䐀䜀 ⴀⴀ 匀䤀䴀  嬀匀䴀䄀刀吀圀䤀䘀䤀崀㨀 氀愀猀琀䌀搀洀愀䐀戀 椀猀 ⴀ㈀ 挀甀爀爀攀渀琀䌀搀洀愀䐀戀 椀猀 ⴀ㈀ ഀഀ
10-05 20:13:00.723 4639 6263 V EPDG -- SIM0 [SMARTWIFI]: Radio oldest entry removed ਍㄀ ⴀ 㔀 ㈀ 㨀㄀㌀㨀  ⸀㜀㈀㌀  㐀㘀㌀㤀  㘀㈀㘀㌀ 嘀 䔀倀䐀䜀 ⴀⴀ 匀䤀䴀  嬀匀䴀䄀刀吀圀䤀䘀䤀崀㨀 一攀眀 攀渀琀爀礀 㨀 ⠀匀椀最渀愀氀匀琀爀攀渀最琀栀㨀 ㄀㄀ 㤀㤀 ⴀ㄀㄀ ⴀ㈀   ⴀ㄀㄀ ⴀ㈀   ⴀ㄀ 㤀㤀 ㈀㄀㐀㜀㐀㠀㌀㘀㐀㜀 ㈀㄀㐀㜀㐀㠀㌀㘀㐀㜀 ㈀㄀㐀㜀㐀㠀㌀㘀㐀㜀 ㈀㄀㐀㜀㐀㠀㌀㘀㐀㜀   ㈀㄀㐀㜀㐀㠀㌀㘀㐀㜀  砀㌀ 倀 最猀洀簀氀琀攀 㨀   ⤀ഀഀ
10-05 20:13:00.723 4639 6263 V EPDG -- SIM0 [SMARTWIFI]: Radio entry added ਍㄀ ⴀ 㔀 ㈀ 㨀㄀㌀㨀  ⸀㜀㈀㌀  㐀㘀㌀㤀  㘀㈀㘀㌀ 䐀 䔀倀䐀䜀 ⴀⴀ 匀䤀䴀  嬀匀䴀䄀刀吀圀䤀䘀䤀崀㨀 倀漀猀琀椀渀最 爀甀渀渀愀戀氀攀 挀漀洀⸀猀攀挀⸀攀瀀搀最⸀䔀瀀搀最匀甀戀匀挀爀椀瀀琀椀漀渀␀㄀㈀䀀攀㐀挀㈀挀搀㄀ഀഀ
10-05 20:13:00.723 4639 4804 D EPDG -- SIM0 [EpdgSubScription]: Start mWiFiMeasurement ਍㄀ ⴀ 㔀 ㈀ 㨀㄀㌀㨀  ⸀㜀㈀㌀  㐀㘀㌀㤀  㐀㠀 㐀 䐀 䔀倀䐀䜀 ⴀⴀ 匀䤀䴀  嬀䔀瀀搀最匀甀戀匀挀爀椀瀀琀椀漀渀崀㨀 最攀琀䤀猀䤀洀猀䌀愀氀氀䌀漀渀渀攀挀琀攀搀㨀 爀攀琀甀爀渀椀渀最㨀 昀愀氀猀攀ഀഀ
