10-05 20:12:26.260 7243 7243 W Qt A11Y : AccessibilityNodeInfo with empty contentDescription: -2147483570 ਍㄀ ⴀ 㔀 ㈀ 㨀㄀㈀㨀㈀㘀⸀㈀㘀   㜀㈀㐀㌀  㜀㈀㐀㌀ 圀 儀琀 䄀㄀㄀夀 㨀 䄀挀挀攀猀猀椀戀椀氀椀琀礀一漀搀攀䤀渀昀漀 眀椀琀栀 攀洀瀀琀礀 挀漀渀琀攀渀琀䐀攀猀挀爀椀瀀琀椀漀渀㨀 ⴀ㈀㄀㐀㜀㐀㠀㌀㘀㐀 ഀഀ
10-05 20:12:26.261 7243 7243 W Qt A11Y : AccessibilityNodeInfo with empty contentDescription: -2147483638 ਍㄀ ⴀ 㔀 ㈀ 㨀㄀㈀㨀㈀㘀⸀㈀㘀㄀  㜀㈀㐀㌀  㜀㈀㐀㌀ 圀 儀琀 䄀㄀㄀夀 㨀 䄀挀挀攀猀猀椀戀椀氀椀琀礀一漀搀攀䤀渀昀漀 眀椀琀栀 攀洀瀀琀礀 挀漀渀琀攀渀琀䐀攀猀挀爀椀瀀琀椀漀渀㨀 ⴀ㈀㄀㐀㜀㐀㠀㌀㘀㌀㘀ഀഀ
10-05 20:12:26.261 7243 7243 W Qt A11Y : AccessibilityNodeInfo with empty contentDescription: -2147483588 ਍㄀ ⴀ 㔀 ㈀ 㨀㄀㈀㨀㈀㘀⸀㈀㘀㄀  㜀㈀㐀㌀  㜀㈀㐀㌀ 圀 儀琀 䄀㄀㄀夀 㨀 䄀挀挀攀猀猀椀戀椀氀椀琀礀一漀搀攀䤀渀昀漀 眀椀琀栀 攀洀瀀琀礀 挀漀渀琀攀渀琀䐀攀猀挀爀椀瀀琀椀漀渀㨀 ⴀ㈀㄀㐀㜀㐀㠀㌀㔀㠀㜀ഀഀ
10-05 20:12:26.261 7243 7243 W Qt A11Y : AccessibilityNodeInfo with empty contentDescription: -2147483586 ਍㄀ ⴀ 㔀 ㈀ 㨀㄀㈀㨀㈀㘀⸀㈀㘀㈀  㜀㈀㐀㌀  㜀㈀㐀㌀ 圀 儀琀 䄀㄀㄀夀 㨀 䄀挀挀攀猀猀椀戀椀氀椀琀礀一漀搀攀䤀渀昀漀 眀椀琀栀 攀洀瀀琀礀 挀漀渀琀攀渀琀䐀攀猀挀爀椀瀀琀椀漀渀㨀 ⴀ㈀㄀㐀㜀㐀㠀㌀㔀㠀㔀ഀഀ
10-05 20:12:26.290 7243 7243 W Qt A11Y : AccessibilityNodeInfo with empty contentDescription: -2147483598 ਍㄀ ⴀ 㔀 ㈀ 㨀㄀㈀㨀㈀㘀⸀㈀㤀   㜀㈀㐀㌀  㜀㈀㐀㌀ 圀 儀琀 䄀㄀㄀夀 㨀 䄀挀挀攀猀猀椀戀椀氀椀琀礀一漀搀攀䤀渀昀漀 眀椀琀栀 攀洀瀀琀礀 挀漀渀琀攀渀琀䐀攀猀挀爀椀瀀琀椀漀渀㨀 ⴀ㈀㄀㐀㜀㐀㠀㌀㔀㤀㤀ഀഀ
10-05 20:12:26.290 7243 7243 W Qt A11Y : AccessibilityNodeInfo with empty contentDescription: -2147483596 ਍㄀ ⴀ 㔀 ㈀ 㨀㄀㈀㨀㈀㘀⸀㈀㤀㄀  㜀㈀㐀㌀  㜀㈀㐀㌀ 圀 儀琀 䄀㄀㄀夀 㨀 䄀挀挀攀猀猀椀戀椀氀椀琀礀一漀搀攀䤀渀昀漀 眀椀琀栀 攀洀瀀琀礀 挀漀渀琀攀渀琀䐀攀猀挀爀椀瀀琀椀漀渀㨀 ⴀ㈀㄀㐀㜀㐀㠀㌀㔀㤀㔀ഀഀ
10-05 20:12:26.291 7243 7243 W Qt A11Y : AccessibilityNodeInfo with empty contentDescription: -2147483594 ਍㄀ ⴀ 㔀 ㈀ 㨀㄀㈀㨀㈀㘀⸀㈀㤀㄀  㜀㈀㐀㌀  㜀㈀㐀㌀ 圀 儀琀 䄀㄀㄀夀 㨀 䄀挀挀攀猀猀椀戀椀氀椀琀礀一漀搀攀䤀渀昀漀 眀椀琀栀 攀洀瀀琀礀 挀漀渀琀攀渀琀䐀攀猀挀爀椀瀀琀椀漀渀㨀 ⴀ㈀㄀㐀㜀㐀㠀㌀㔀㤀㌀ഀഀ
10-05 20:12:26.291 7243 7243 W Qt A11Y : AccessibilityNodeInfo with empty contentDescription: -2147483592 ਍㄀ ⴀ 㔀 ㈀ 㨀㄀㈀㨀㈀㘀⸀㈀㤀㄀  㜀㈀㐀㌀  㜀㈀㐀㌀ 圀 儀琀 䄀㄀㄀夀 㨀 䄀挀挀攀猀猀椀戀椀氀椀琀礀一漀搀攀䤀渀昀漀 眀椀琀栀 攀洀瀀琀礀 挀漀渀琀攀渀琀䐀攀猀挀爀椀瀀琀椀漀渀㨀 ⴀ㈀㄀㐀㜀㐀㠀㌀㔀㤀㄀ഀഀ
10-05 20:12:26.291 7243 7243 W Qt A11Y : AccessibilityNodeInfo with empty contentDescription: -2147483603 ਍㄀ ⴀ 㔀 ㈀ 㨀㄀㈀㨀㈀㘀⸀㈀㤀㈀  㜀㈀㐀㌀  㜀㈀㐀㌀ 圀 儀琀 䄀㄀㄀夀 㨀 䄀挀挀攀猀猀椀戀椀氀椀琀礀一漀搀攀䤀渀昀漀 眀椀琀栀 攀洀瀀琀礀 挀漀渀琀攀渀琀䐀攀猀挀爀椀瀀琀椀漀渀㨀 ⴀ㈀㄀㐀㜀㐀㠀㌀㘀 ㄀ഀഀ
10-05 20:12:26.292 7243 7243 W Qt A11Y : AccessibilityNodeInfo with empty contentDescription: -2147483600 ਍㄀ ⴀ 㔀 ㈀ 㨀㄀㈀㨀㈀㘀⸀㈀㤀㈀  㜀㈀㐀㌀  㜀㈀㐀㌀ 圀 儀琀 䄀㄀㄀夀 㨀 䄀挀挀攀猀猀椀戀椀氀椀琀礀一漀搀攀䤀渀昀漀 眀椀琀栀 攀洀瀀琀礀 挀漀渀琀攀渀琀䐀攀猀挀爀椀瀀琀椀漀渀㨀 ⴀ㈀㄀㐀㜀㐀㠀㌀㘀 㔀ഀഀ
10-05 20:12:26.292 7243 7243 W Qt A11Y : AccessibilityNodeInfo with empty contentDescription: -2147483604 ਍㄀ ⴀ 㔀 ㈀ 㨀㄀㈀㨀㈀㘀⸀㈀㤀㌀  㜀㈀㐀㌀  㜀㈀㐀㌀ 圀 儀琀 䄀㄀㄀夀 㨀 䄀挀挀攀猀猀椀戀椀氀椀琀礀一漀搀攀䤀渀昀漀 眀椀琀栀 攀洀瀀琀礀 挀漀渀琀攀渀琀䐀攀猀挀爀椀瀀琀椀漀渀㨀 ⴀ㈀㄀㐀㜀㐀㠀㌀㔀㜀㘀ഀഀ
10-05 20:12:26.293 7243 7243 W Qt A11Y : AccessibilityNodeInfo with empty contentDescription: -2147483575 ਍㄀ ⴀ 㔀 ㈀ 㨀㄀㈀㨀㈀㘀⸀㈀㤀㌀  㜀㈀㐀㌀  㜀㈀㐀㌀ 圀 儀琀 䄀㄀㄀夀 㨀 䄀挀挀攀猀猀椀戀椀氀椀琀礀一漀搀攀䤀渀昀漀 眀椀琀栀 攀洀瀀琀礀 挀漀渀琀攀渀琀䐀攀猀挀爀椀瀀琀椀漀渀㨀 ⴀ㈀㄀㐀㜀㐀㠀㌀㘀㄀ ഀഀ
10-05 20:12:26.293 7243 7243 W Qt A11Y : AccessibilityNodeInfo with empty contentDescription: -2147483609 ਍㄀ ⴀ 㔀 ㈀ 㨀㄀㈀㨀㈀㘀⸀㈀㤀㌀  㜀㈀㐀㌀  㜀㈀㐀㌀ 圀 儀琀 䄀㄀㄀夀 㨀 䄀挀挀攀猀猀椀戀椀氀椀琀礀一漀搀攀䤀渀昀漀 眀椀琀栀 攀洀瀀琀礀 挀漀渀琀攀渀琀䐀攀猀挀爀椀瀀琀椀漀渀㨀 ⴀ㈀㄀㐀㜀㐀㠀㌀㔀㤀 ഀഀ
10-05 20:12:26.294 7243 7243 W Qt A11Y : AccessibilityNodeInfo with empty contentDescription: -2147483589 ਍㄀ ⴀ 㔀 ㈀ 㨀㄀㈀㨀㈀㘀⸀㈀㤀㐀  㜀㈀㐀㌀  㜀㈀㐀㌀ 圀 儀琀 䄀㄀㄀夀 㨀 䄀挀挀攀猀猀椀戀椀氀椀琀礀一漀搀攀䤀渀昀漀 眀椀琀栀 攀洀瀀琀礀 挀漀渀琀攀渀琀䐀攀猀挀爀椀瀀琀椀漀渀㨀 ⴀ㈀㄀㐀㜀㐀㠀㌀㔀㜀㐀ഀഀ
10-05 20:12:26.294 7243 7243 W Qt A11Y : AccessibilityNodeInfo with empty contentDescription: -2147483573 ਍㄀ ⴀ 㔀 ㈀ 㨀㄀㈀㨀㈀㘀⸀㈀㤀㐀  㜀㈀㐀㌀  㜀㈀㐀㌀ 圀 儀琀 䄀㄀㄀夀 㨀 䄀挀挀攀猀猀椀戀椀氀椀琀礀一漀搀攀䤀渀昀漀 眀椀琀栀 攀洀瀀琀礀 挀漀渀琀攀渀琀䐀攀猀挀爀椀瀀琀椀漀渀㨀 ⴀ㈀㄀㐀㜀㐀㠀㌀㔀㜀㈀ഀഀ
10-05 20:12:26.295 7243 7243 W Qt A11Y : AccessibilityNodeInfo with empty contentDescription: -2147483571 ਍㄀ ⴀ 㔀 ㈀ 㨀㄀㈀㨀㈀㘀⸀㈀㤀㔀  㜀㈀㐀㌀  㜀㈀㐀㌀ 圀 儀琀 䄀㄀㄀夀 㨀 䄀挀挀攀猀猀椀戀椀氀椀琀礀一漀搀攀䤀渀昀漀 眀椀琀栀 攀洀瀀琀礀 挀漀渀琀攀渀琀䐀攀猀挀爀椀瀀琀椀漀渀㨀 ⴀ㈀㄀㐀㜀㐀㠀㌀㔀㜀 ഀഀ
10-05 20:12:26.295 7243 7243 W Qt A11Y : AccessibilityNodeInfo with empty contentDescription: -2147483640 ਍㄀ ⴀ 㔀 ㈀ 㨀㄀㈀㨀㈀㘀⸀㈀㤀㔀  㜀㈀㐀㌀  㜀㈀㐀㌀ 圀 儀琀 䄀㄀㄀夀 㨀 䄀挀挀攀猀猀椀戀椀氀椀琀礀一漀搀攀䤀渀昀漀 眀椀琀栀 攀洀瀀琀礀 挀漀渀琀攀渀琀䐀攀猀挀爀椀瀀琀椀漀渀㨀 ⴀ㈀㄀㐀㜀㐀㠀㌀㘀㌀㠀ഀഀ
10-05 20:12:26.296 7243 7243 W Qt A11Y : AccessibilityNodeInfo with empty contentDescription: -2147483636 ਍㄀ ⴀ 㔀 ㈀ 㨀㄀㈀㨀㈀㘀⸀㈀㤀㘀  㜀㈀㐀㌀  㜀㈀㐀㌀ 圀 儀琀 䄀㄀㄀夀 㨀 䄀挀挀攀猀猀椀戀椀氀椀琀礀一漀搀攀䤀渀昀漀 眀椀琀栀 攀洀瀀琀礀 挀漀渀琀攀渀琀䐀攀猀挀爀椀瀀琀椀漀渀㨀 ⴀ㈀㄀㐀㜀㐀㠀㌀㔀㠀㠀ഀഀ
10-05 20:12:26.296 7243 7243 W Qt A11Y : AccessibilityNodeInfo with empty contentDescription: -2147483587 ਍㄀ ⴀ 㔀 ㈀ 㨀㄀㈀㨀㈀㘀⸀㈀㤀㘀  㜀㈀㐀㌀  㜀㈀㐀㌀ 圀 儀琀 䄀㄀㄀夀 㨀 䄀挀挀攀猀猀椀戀椀氀椀琀礀一漀搀攀䤀渀昀漀 眀椀琀栀 攀洀瀀琀礀 挀漀渀琀攀渀琀䐀攀猀挀爀椀瀀琀椀漀渀㨀 ⴀ㈀㄀㐀㜀㐀㠀㌀㔀㠀㘀ഀഀ
10-05 20:12:26.296 7243 7243 W Qt A11Y : AccessibilityNodeInfo with empty contentDescription: -2147483585 ਍㄀ ⴀ 㔀 ㈀ 㨀㄀㈀㨀㈀㘀⸀㈀㤀㜀  ㌀㜀㜀㐀  ㌀㤀㈀㔀 䐀 䤀渀瀀甀琀刀攀愀搀攀爀㨀 䤀渀瀀甀琀 攀瘀攀渀琀⠀㔀⤀㨀 瘀愀氀甀攀㴀㄀ 眀栀攀渀㴀㤀㘀㈀㜀㐀㄀㐀㈀㘀㠀   ഀഀ
10-05 20:12:26.299 3774 3925 D InputReader: Input event(5): value=1 when=9627414268000 ਍㄀ ⴀ 㔀 ㈀ 㨀㄀㈀㨀㈀㘀⸀㈀㤀㤀  ㌀㜀㜀㐀  ㌀㤀㈀㔀 䤀 䤀渀瀀甀琀刀攀愀搀攀爀㨀 吀漀甀挀栀 攀瘀攀渀琀✀猀 愀挀琀椀漀渀 椀猀  砀  ⠀搀攀瘀椀挀攀吀礀瀀攀㴀 ⤀ 嬀瀀䌀渀琀㴀㄀Ⰰ 猀㴀 ⸀㔀㜀㐀 崀 眀栀攀渀㴀㤀㘀㈀㜀㐀㄀㐀㈀㘀㠀   ഀഀ
10-05 20:12:26.300 3774 3924 I InputDispatcher: Delivering touch to (4284): action: 0x4, toolType: 1 ਍㄀ ⴀ 㔀 ㈀ 㨀㄀㈀㨀㈀㘀⸀㌀    ㌀㜀㜀㐀  ㌀㤀㈀㐀 䤀 䤀渀瀀甀琀䐀椀猀瀀愀琀挀栀攀爀㨀 䐀攀氀椀瘀攀爀椀渀最 琀漀甀挀栀 琀漀 ⠀㐀㈀㠀㐀⤀㨀 愀挀琀椀漀渀㨀  砀㐀Ⰰ 琀漀漀氀吀礀瀀攀㨀 ㄀ഀഀ
10-05 20:12:26.300 3774 3924 I InputDispatcher: Delivering touch to (7243): action: 0x0, toolType: 1 ਍㄀ ⴀ 㔀 ㈀ 㨀㄀㈀㨀㈀㘀⸀㌀ ㄀  㜀㈀㐀㌀  㜀㈀㐀㌀ 䐀 嘀椀攀眀刀漀漀琀䤀洀瀀氀䀀㘀㠀㔀㌀挀㤀昀嬀一漀琀椀昀椀挀愀琀椀漀渀䌀氀椀攀渀琀崀㨀 嘀椀攀眀倀漀猀琀䤀洀攀 瀀漀椀渀琀攀爀  ഀഀ
10-05 20:12:26.319 7243 7243 W Qt A11Y : AccessibilityNodeInfo with empty contentDescription: -2147483598 ਍㄀ ⴀ 㔀 ㈀ 㨀㄀㈀㨀㈀㘀⸀㌀㈀   㜀㈀㐀㌀  㜀㈀㐀㌀ 圀 儀琀 䄀㄀㄀夀 㨀 䄀挀挀攀猀猀椀戀椀氀椀琀礀一漀搀攀䤀渀昀漀 眀椀琀栀 攀洀瀀琀礀 挀漀渀琀攀渀琀䐀攀猀挀爀椀瀀琀椀漀渀㨀 ⴀ㈀㄀㐀㜀㐀㠀㌀㔀㤀㤀ഀഀ
10-05 20:12:26.320 7243 7243 W Qt A11Y : AccessibilityNodeInfo with empty contentDescription: -2147483596 ਍㄀ ⴀ 㔀 ㈀ 㨀㄀㈀㨀㈀㘀⸀㌀㈀   㜀㈀㐀㌀  㜀㈀㐀㌀ 圀 儀琀 䄀㄀㄀夀 㨀 䄀挀挀攀猀猀椀戀椀氀椀琀礀一漀搀攀䤀渀昀漀 眀椀琀栀 攀洀瀀琀礀 挀漀渀琀攀渀琀䐀攀猀挀爀椀瀀琀椀漀渀㨀 ⴀ㈀㄀㐀㜀㐀㠀㌀㔀㤀㔀ഀഀ
10-05 20:12:26.320 7243 7243 W Qt A11Y : AccessibilityNodeInfo with empty contentDescription: -2147483594 ਍㄀ ⴀ 㔀 ㈀ 㨀㄀㈀㨀㈀㘀⸀㌀㈀   㜀㈀㐀㌀  㜀㈀㐀㌀ 圀 儀琀 䄀㄀㄀夀 㨀 䄀挀挀攀猀猀椀戀椀氀椀琀礀一漀搀攀䤀渀昀漀 眀椀琀栀 攀洀瀀琀礀 挀漀渀琀攀渀琀䐀攀猀挀爀椀瀀琀椀漀渀㨀 ⴀ㈀㄀㐀㜀㐀㠀㌀㔀㤀㌀ഀഀ
10-05 20:12:26.320 7243 7243 W Qt A11Y : AccessibilityNodeInfo with empty contentDescription: -2147483592 ਍㄀ ⴀ 㔀 ㈀ 㨀㄀㈀㨀㈀㘀⸀㌀㈀㄀  㜀㈀㐀㌀  㜀㈀㐀㌀ 圀 儀琀 䄀㄀㄀夀 㨀 䄀挀挀攀猀猀椀戀椀氀椀琀礀一漀搀攀䤀渀昀漀 眀椀琀栀 攀洀瀀琀礀 挀漀渀琀攀渀琀䐀攀猀挀爀椀瀀琀椀漀渀㨀 ⴀ㈀㄀㐀㜀㐀㠀㌀㔀㤀㄀ഀഀ
10-05 20:12:26.321 7243 7243 W Qt A11Y : AccessibilityNodeInfo with empty contentDescription: -2147483603 ਍㄀ ⴀ 㔀 ㈀ 㨀㄀㈀㨀㈀㘀⸀㌀㈀㄀  㜀㈀㐀㌀  㜀㈀㐀㌀ 圀 儀琀 䄀㄀㄀夀 㨀 䄀挀挀攀猀猀椀戀椀氀椀琀礀一漀搀攀䤀渀昀漀 眀椀琀栀 攀洀瀀琀礀 挀漀渀琀攀渀琀䐀攀猀挀爀椀瀀琀椀漀渀㨀 ⴀ㈀㄀㐀㜀㐀㠀㌀㘀 ㄀ഀഀ
10-05 20:12:26.321 7243 7243 W Qt A11Y : AccessibilityNodeInfo with empty contentDescription: -2147483600 ਍㄀ ⴀ 㔀 ㈀ 㨀㄀㈀㨀㈀㘀⸀㌀㈀㄀  㜀㈀㐀㌀  㜀㈀㐀㌀ 圀 儀琀 䄀㄀㄀夀 㨀 䄀挀挀攀猀猀椀戀椀氀椀琀礀一漀搀攀䤀渀昀漀 眀椀琀栀 攀洀瀀琀礀 挀漀渀琀攀渀琀䐀攀猀挀爀椀瀀琀椀漀渀㨀 ⴀ㈀㄀㐀㜀㐀㠀㌀㘀 㔀ഀഀ
10-05 20:12:26.321 7243 7243 W Qt A11Y : AccessibilityNodeInfo with empty contentDescription: -2147483604 ਍㄀ ⴀ 㔀 ㈀ 㨀㄀㈀㨀㈀㘀⸀㌀㈀㄀  㜀㈀㐀㌀  㜀㈀㐀㌀ 圀 儀琀 䄀㄀㄀夀 㨀 䄀挀挀攀猀猀椀戀椀氀椀琀礀一漀搀攀䤀渀昀漀 眀椀琀栀 攀洀瀀琀礀 挀漀渀琀攀渀琀䐀攀猀挀爀椀瀀琀椀漀渀㨀 ⴀ㈀㄀㐀㜀㐀㠀㌀㔀㜀㘀ഀഀ
10-05 20:12:26.322 7243 7243 W Qt A11Y : AccessibilityNodeInfo with empty contentDescription: -2147483575 ਍㄀ ⴀ 㔀 ㈀ 㨀㄀㈀㨀㈀㘀⸀㌀㈀㈀  㜀㈀㐀㌀  㜀㈀㐀㌀ 圀 儀琀 䄀㄀㄀夀 㨀 䄀挀挀攀猀猀椀戀椀氀椀琀礀一漀搀攀䤀渀昀漀 眀椀琀栀 攀洀瀀琀礀 挀漀渀琀攀渀琀䐀攀猀挀爀椀瀀琀椀漀渀㨀 ⴀ㈀㄀㐀㜀㐀㠀㌀㘀㄀ ഀഀ
10-05 20:12:26.322 7243 7243 W Qt A11Y : AccessibilityNodeInfo with empty contentDescription: -2147483609 ਍㄀ ⴀ 㔀 ㈀ 㨀㄀㈀㨀㈀㘀⸀㌀㈀㈀  㜀㈀㐀㌀  㜀㈀㐀㌀ 圀 儀琀 䄀㄀㄀夀 㨀 䄀挀挀攀猀猀椀戀椀氀椀琀礀一漀搀攀䤀渀昀漀 眀椀琀栀 攀洀瀀琀礀 挀漀渀琀攀渀琀䐀攀猀挀爀椀瀀琀椀漀渀㨀 ⴀ㈀㄀㐀㜀㐀㠀㌀㔀㤀 ഀഀ
10-05 20:12:26.322 7243 7243 W Qt A11Y : AccessibilityNodeInfo with empty contentDescription: -2147483589 ਍㄀ ⴀ 㔀 ㈀ 㨀㄀㈀㨀㈀㘀⸀㌀㈀㈀  㜀㈀㐀㌀  㜀㈀㐀㌀ 圀 儀琀 䄀㄀㄀夀 㨀 䄀挀挀攀猀猀椀戀椀氀椀琀礀一漀搀攀䤀渀昀漀 眀椀琀栀 攀洀瀀琀礀 挀漀渀琀攀渀琀䐀攀猀挀爀椀瀀琀椀漀渀㨀 ⴀ㈀㄀㐀㜀㐀㠀㌀㔀㜀㐀ഀഀ
10-05 20:12:26.323 7243 7243 W Qt A11Y : AccessibilityNodeInfo with empty contentDescription: -2147483573 ਍㄀ ⴀ 㔀 ㈀ 㨀㄀㈀㨀㈀㘀⸀㌀㈀㌀  㜀㈀㐀㌀  㜀㈀㐀㌀ 圀 儀琀 䄀㄀㄀夀 㨀 䄀挀挀攀猀猀椀戀椀氀椀琀礀一漀搀攀䤀渀昀漀 眀椀琀栀 攀洀瀀琀礀 挀漀渀琀攀渀琀䐀攀猀挀爀椀瀀琀椀漀渀㨀 ⴀ㈀㄀㐀㜀㐀㠀㌀㔀㜀㈀ഀഀ
10-05 20:12:26.323 7243 7243 W Qt A11Y : AccessibilityNodeInfo with empty contentDescription: -2147483571 ਍㄀ ⴀ 㔀 ㈀ 㨀㄀㈀㨀㈀㘀⸀㌀㈀㌀  㜀㈀㐀㌀  㜀㈀㐀㌀ 圀 儀琀 䄀㄀㄀夀 㨀 䄀挀挀攀猀猀椀戀椀氀椀琀礀一漀搀攀䤀渀昀漀 眀椀琀栀 攀洀瀀琀礀 挀漀渀琀攀渀琀䐀攀猀挀爀椀瀀琀椀漀渀㨀 ⴀ㈀㄀㐀㜀㐀㠀㌀㔀㜀 ഀഀ
10-05 20:12:26.323 7243 7243 W Qt A11Y : AccessibilityNodeInfo with empty contentDescription: -2147483640 ਍㄀ ⴀ 㔀 ㈀ 㨀㄀㈀㨀㈀㘀⸀㌀㈀㐀  㜀㈀㐀㌀  㜀㈀㐀㌀ 圀 儀琀 䄀㄀㄀夀 㨀 䄀挀挀攀猀猀椀戀椀氀椀琀礀一漀搀攀䤀渀昀漀 眀椀琀栀 攀洀瀀琀礀 挀漀渀琀攀渀琀䐀攀猀挀爀椀瀀琀椀漀渀㨀 ⴀ㈀㄀㐀㜀㐀㠀㌀㘀㌀㠀ഀഀ
10-05 20:12:26.324 7243 7243 W Qt A11Y : AccessibilityNodeInfo with empty contentDescription: -2147483636 ਍㄀ ⴀ 㔀 ㈀ 㨀㄀㈀㨀㈀㘀⸀㌀㈀㐀  㜀㈀㐀㌀  㜀㈀㐀㌀ 圀 儀琀 䄀㄀㄀夀 㨀 䄀挀挀攀猀猀椀戀椀氀椀琀礀一漀搀攀䤀渀昀漀 眀椀琀栀 攀洀瀀琀礀 挀漀渀琀攀渀琀䐀攀猀挀爀椀瀀琀椀漀渀㨀 ⴀ㈀㄀㐀㜀㐀㠀㌀㔀㠀㠀ഀഀ
10-05 20:12:26.324 7243 7243 W Qt A11Y : AccessibilityNodeInfo with empty contentDescription: -2147483587 ਍㄀ ⴀ 㔀 ㈀ 㨀㄀㈀㨀㈀㘀⸀㌀㈀㐀  㜀㈀㐀㌀  㜀㈀㐀㌀ 圀 儀琀 䄀㄀㄀夀 㨀 䄀挀挀攀猀猀椀戀椀氀椀琀礀一漀搀攀䤀渀昀漀 眀椀琀栀 攀洀瀀琀礀 挀漀渀琀攀渀琀䐀攀猀挀爀椀瀀琀椀漀渀㨀 ⴀ㈀㄀㐀㜀㐀㠀㌀㔀㠀㘀ഀഀ
10-05 20:12:26.324 7243 7243 W Qt A11Y : AccessibilityNodeInfo with empty contentDescription: -2147483585 ਍㄀ ⴀ 㔀 ㈀ 㨀㄀㈀㨀㈀㘀⸀㌀㐀㠀  㜀㈀㐀㌀  㜀㈀㐀㌀ 圀 儀琀 䄀㄀㄀夀 㨀 䄀挀挀攀猀猀椀戀椀氀椀琀礀一漀搀攀䤀渀昀漀 眀椀琀栀 攀洀瀀琀礀 挀漀渀琀攀渀琀䐀攀猀挀爀椀瀀琀椀漀渀㨀 ⴀ㈀㄀㐀㜀㐀㠀㌀㔀㤀㠀ഀഀ
10-05 20:12:26.348 7243 7243 W Qt A11Y : AccessibilityNodeInfo with empty contentDescription: -2147483599 ਍㄀ ⴀ 㔀 ㈀ 㨀㄀㈀㨀㈀㘀⸀㌀㐀㠀  㜀㈀㐀㌀  㜀㈀㐀㌀ 圀 儀琀 䄀㄀㄀夀 㨀 䄀挀挀攀猀猀椀戀椀氀椀琀礀一漀搀攀䤀渀昀漀 眀椀琀栀 攀洀瀀琀礀 挀漀渀琀攀渀琀䐀攀猀挀爀椀瀀琀椀漀渀㨀 ⴀ㈀㄀㐀㜀㐀㠀㌀㔀㤀㘀ഀഀ
10-05 20:12:26.348 7243 7243 W Qt A11Y : AccessibilityNodeInfo with empty contentDescription: -2147483595 ਍㄀ ⴀ 㔀 ㈀ 㨀㄀㈀㨀㈀㘀⸀㌀㐀㠀  㜀㈀㐀㌀  㜀㈀㐀㌀ 圀 儀琀 䄀㄀㄀夀 㨀 䄀挀挀攀猀猀椀戀椀氀椀琀礀一漀搀攀䤀渀昀漀 眀椀琀栀 攀洀瀀琀礀 挀漀渀琀攀渀琀䐀攀猀挀爀椀瀀琀椀漀渀㨀 ⴀ㈀㄀㐀㜀㐀㠀㌀㔀㤀㐀ഀഀ
10-05 20:12:26.349 7243 7243 W Qt A11Y : AccessibilityNodeInfo with empty contentDescription: -2147483593 ਍㄀ ⴀ 㔀 ㈀ 㨀㄀㈀㨀㈀㘀⸀㌀㐀㤀  㜀㈀㐀㌀  㜀㈀㐀㌀ 圀 儀琀 䄀㄀㄀夀 㨀 䄀挀挀攀猀猀椀戀椀氀椀琀礀一漀搀攀䤀渀昀漀 眀椀琀栀 攀洀瀀琀礀 挀漀渀琀攀渀琀䐀攀猀挀爀椀瀀琀椀漀渀㨀 ⴀ㈀㄀㐀㜀㐀㠀㌀㔀㤀㈀ഀഀ
10-05 20:12:26.349 7243 7243 W Qt A11Y : AccessibilityNodeInfo with empty contentDescription: -2147483591 ਍㄀ ⴀ 㔀 ㈀ 㨀㄀㈀㨀㈀㘀⸀㌀㐀㤀  㜀㈀㐀㌀  㜀㈀㐀㌀ 圀 儀琀 䄀㄀㄀夀 㨀 䄀挀挀攀猀猀椀戀椀氀椀琀礀一漀搀攀䤀渀昀漀 眀椀琀栀 攀洀瀀琀礀 挀漀渀琀攀渀琀䐀攀猀挀爀椀瀀琀椀漀渀㨀 ⴀ㈀㄀㐀㜀㐀㠀㌀㘀 ㌀ഀഀ
10-05 20:12:26.349 7243 7243 W Qt A11Y : AccessibilityNodeInfo with empty contentDescription: -2147483601 ਍㄀ ⴀ 㔀 ㈀ 㨀㄀㈀㨀㈀㘀⸀㌀㐀㤀  㜀㈀㐀㌀  㜀㈀㐀㌀ 圀 儀琀 䄀㄀㄀夀 㨀 䄀挀挀攀猀猀椀戀椀氀椀琀礀一漀搀攀䤀渀昀漀 眀椀琀栀 攀洀瀀琀礀 挀漀渀琀攀渀琀䐀攀猀挀爀椀瀀琀椀漀渀㨀 ⴀ㈀㄀㐀㜀㐀㠀㌀㘀  ഀഀ
10-05 20:12:26.349 7243 7243 W Qt A11Y : AccessibilityNodeInfo with empty contentDescription: -2147483605 ਍㄀ ⴀ 㔀 ㈀ 㨀㄀㈀㨀㈀㘀⸀㌀㔀   㜀㈀㐀㌀  㜀㈀㐀㌀ 圀 儀琀 䄀㄀㄀夀 㨀 䄀挀挀攀猀猀椀戀椀氀椀琀礀一漀搀攀䤀渀昀漀 眀椀琀栀 攀洀瀀琀礀 挀漀渀琀攀渀琀䐀攀猀挀爀椀瀀琀椀漀渀㨀 ⴀ㈀㄀㐀㜀㐀㠀㌀㘀 㐀ഀഀ
10-05 20:12:26.350 7243 7243 W Qt A11Y : AccessibilityNodeInfo with empty contentDescription: -2147483576 ਍㄀ ⴀ 㔀 ㈀ 㨀㄀㈀㨀㈀㘀⸀㌀㔀   㜀㈀㐀㌀  㜀㈀㐀㌀ 圀 儀琀 䄀㄀㄀夀 㨀 䄀挀挀攀猀猀椀戀椀氀椀琀礀一漀搀攀䤀渀昀漀 眀椀琀栀 攀洀瀀琀礀 挀漀渀琀攀渀琀䐀攀猀挀爀椀瀀琀椀漀渀㨀 ⴀ㈀㄀㐀㜀㐀㠀㌀㔀㜀㔀ഀഀ
10-05 20:12:26.350 7243 7243 W Qt A11Y : AccessibilityNodeInfo with empty contentDescription: -2147483610 ਍㄀ ⴀ 㔀 ㈀ 㨀㄀㈀㨀㈀㘀⸀㌀㔀   㜀㈀㐀㌀  㜀㈀㐀㌀ 圀 儀琀 䄀㄀㄀夀 㨀 䄀挀挀攀猀猀椀戀椀氀椀琀礀一漀搀攀䤀渀昀漀 眀椀琀栀 攀洀瀀琀礀 挀漀渀琀攀渀琀䐀攀猀挀爀椀瀀琀椀漀渀㨀 ⴀ㈀㄀㐀㜀㐀㠀㌀㘀 㤀ഀഀ
10-05 20:12:26.351 7243 7243 W Qt A11Y : AccessibilityNodeInfo with empty contentDescription: -2147483590 ਍㄀ ⴀ 㔀 ㈀ 㨀㄀㈀㨀㈀㘀⸀㌀㔀㄀  㜀㈀㐀㌀  㜀㈀㐀㌀ 圀 儀琀 䄀㄀㄀夀 㨀 䄀挀挀攀猀猀椀戀椀氀椀琀礀一漀搀攀䤀渀昀漀 眀椀琀栀 攀洀瀀琀礀 挀漀渀琀攀渀琀䐀攀猀挀爀椀瀀琀椀漀渀㨀 ⴀ㈀㄀㐀㜀㐀㠀㌀㔀㠀㤀ഀഀ
10-05 20:12:26.351 7243 7243 W Qt A11Y : AccessibilityNodeInfo with empty contentDescription: -2147483574 ਍㄀ ⴀ 㔀 ㈀ 㨀㄀㈀㨀㈀㘀⸀㌀㔀㄀  㜀㈀㐀㌀  㜀㈀㐀㌀ 圀 儀琀 䄀㄀㄀夀 㨀 䄀挀挀攀猀猀椀戀椀氀椀琀礀一漀搀攀䤀渀昀漀 眀椀琀栀 攀洀瀀琀礀 挀漀渀琀攀渀琀䐀攀猀挀爀椀瀀琀椀漀渀㨀 ⴀ㈀㄀㐀㜀㐀㠀㌀㔀㜀㌀ഀഀ
10-05 20:12:26.351 7243 7243 W Qt A11Y : AccessibilityNodeInfo with empty contentDescription: -2147483572 ਍㄀ ⴀ 㔀 ㈀ 㨀㄀㈀㨀㈀㘀⸀㌀㔀㄀  㜀㈀㐀㌀  㜀㈀㐀㌀ 圀 儀琀 䄀㄀㄀夀 㨀 䄀挀挀攀猀猀椀戀椀氀椀琀礀一漀搀攀䤀渀昀漀 眀椀琀栀 攀洀瀀琀礀 挀漀渀琀攀渀琀䐀攀猀挀爀椀瀀琀椀漀渀㨀 ⴀ㈀㄀㐀㜀㐀㠀㌀㔀㜀㄀ഀഀ
10-05 20:12:26.351 7243 7243 W Qt A11Y : AccessibilityNodeInfo with empty contentDescription: -2147483570 ਍㄀ ⴀ 㔀 ㈀ 㨀㄀㈀㨀㈀㘀⸀㌀㔀㈀  㜀㈀㐀㌀  㜀㈀㐀㌀ 圀 儀琀 䄀㄀㄀夀 㨀 䄀挀挀攀猀猀椀戀椀氀椀琀礀一漀搀攀䤀渀昀漀 眀椀琀栀 攀洀瀀琀礀 挀漀渀琀攀渀琀䐀攀猀挀爀椀瀀琀椀漀渀㨀 ⴀ㈀㄀㐀㜀㐀㠀㌀㘀㐀 ഀഀ
10-05 20:12:26.352 7243 7243 W Qt A11Y : AccessibilityNodeInfo with empty contentDescription: -2147483638 ਍㄀ ⴀ 㔀 ㈀ 㨀㄀㈀㨀㈀㘀⸀㌀㔀㈀  㜀㈀㐀㌀  㜀㈀㐀㌀ 圀 儀琀 䄀㄀㄀夀 㨀 䄀挀挀攀猀猀椀戀椀氀椀琀礀一漀搀攀䤀渀昀漀 眀椀琀栀 攀洀瀀琀礀 挀漀渀琀攀渀琀䐀攀猀挀爀椀瀀琀椀漀渀㨀 ⴀ㈀㄀㐀㜀㐀㠀㌀㘀㌀㘀ഀഀ
10-05 20:12:26.352 7243 7243 W Qt A11Y : AccessibilityNodeInfo with empty contentDescription: -2147483588 ਍㄀ ⴀ 㔀 ㈀ 㨀㄀㈀㨀㈀㘀⸀㌀㔀㈀  㜀㈀㐀㌀  㜀㈀㐀㌀ 圀 儀琀 䄀㄀㄀夀 㨀 䄀挀挀攀猀猀椀戀椀氀椀琀礀一漀搀攀䤀渀昀漀 眀椀琀栀 攀洀瀀琀礀 挀漀渀琀攀渀琀䐀攀猀挀爀椀瀀琀椀漀渀㨀 ⴀ㈀㄀㐀㜀㐀㠀㌀㔀㠀㜀ഀഀ
10-05 20:12:26.352 7243 7243 W Qt A11Y : AccessibilityNodeInfo with empty contentDescription: -2147483586 ਍㄀ ⴀ 㔀 ㈀ 㨀㄀㈀㨀㈀㘀⸀㌀㔀㈀  㜀㈀㐀㌀  㜀㈀㐀㌀ 圀 儀琀 䄀㄀㄀夀 㨀 䄀挀挀攀猀猀椀戀椀氀椀琀礀一漀搀攀䤀渀昀漀 眀椀琀栀 攀洀瀀琀礀 挀漀渀琀攀渀琀䐀攀猀挀爀椀瀀琀椀漀渀㨀 ⴀ㈀㄀㐀㜀㐀㠀㌀㔀㠀㔀ഀഀ
10-05 20:12:26.365 3774 3925 D InputReader: Input event(5): value=0 when=9627482147000 ਍㄀ ⴀ 㔀 ㈀ 㨀㄀㈀㨀㈀㘀⸀㌀㘀㔀  ㌀㜀㜀㐀  ㌀㤀㈀㔀 䐀 䤀渀瀀甀琀刀攀愀搀攀爀㨀 䤀渀瀀甀琀 攀瘀攀渀琀⠀㔀⤀㨀 瘀愀氀甀攀㴀  眀栀攀渀㴀㤀㘀㈀㜀㐀㠀㈀㄀㐀㜀   ഀഀ
10-05 20:12:26.365 3774 3925 I InputReader: Touch event's action is 0x1 (deviceType=0) [pCnt=1, s=] when=9627482147000 ਍㄀ ⴀ 㔀 ㈀ 㨀㄀㈀㨀㈀㘀⸀㌀㘀㔀  ㌀㜀㜀㐀  ㌀㤀㈀㐀 䤀 䤀渀瀀甀琀䐀椀猀瀀愀琀挀栀攀爀㨀 䐀攀氀椀瘀攀爀椀渀最 琀漀甀挀栀 琀漀 ⠀㜀㈀㐀㌀⤀㨀 愀挀琀椀漀渀㨀  砀㄀Ⰰ 琀漀漀氀吀礀瀀攀㨀 ㄀ഀഀ
10-05 20:12:26.367 7243 7243 D ViewRootImpl@6853c9f[NotificationClient]: ViewPostIme pointer 1 ਍㄀ ⴀ 㔀 ㈀ 㨀㄀㈀㨀㈀㘀⸀㌀㘀㤀  㜀㈀㐀㌀  㜀㈀㐀㌀ 䐀 䤀渀瀀甀琀䴀攀琀栀漀搀䴀愀渀愀最攀爀㨀 䠀匀䤀䘀圀 ⴀ 昀氀愀最 㨀   倀椀搀 㨀 㜀㈀㐀㌀ഀഀ
10-05 20:12:26.370 7243 7243 I InputMethodManager: hideSoftInputFromWindow ignore mServedView == null or mServedView.getWindowToken() != windowToken, mServedView :DecorView@12d71ec[NotificationClient] ਍㄀ ⴀ 㔀 ㈀ 㨀㄀㈀㨀㈀㘀⸀㐀㌀㔀  ㌀㜀㜀㐀  ㌀㜀㜀㐀 䐀 倀爀攀䈀椀渀搀椀渀最匀攀爀瘀椀挀攀㨀 栀愀渀搀氀攀䴀攀猀猀愀最攀 㨀 ㄀ഀഀ
10-05 20:12:26.519 7243 7243 D InputMethodManager: HSIFW - flag : 0 Pid : 7243 ਍㄀ ⴀ 㔀 ㈀ 㨀㄀㈀㨀㈀㘀⸀㔀㄀㤀  㜀㈀㐀㌀  㜀㈀㐀㌀ 䤀 䤀渀瀀甀琀䴀攀琀栀漀搀䴀愀渀愀最攀爀㨀 栀椀搀攀匀漀昀琀䤀渀瀀甀琀䘀爀漀洀圀椀渀搀漀眀 椀最渀漀爀攀 洀匀攀爀瘀攀搀嘀椀攀眀 㴀㴀 渀甀氀氀 漀爀 洀匀攀爀瘀攀搀嘀椀攀眀⸀最攀琀圀椀渀搀漀眀吀漀欀攀渀⠀⤀ ℀㴀 眀椀渀搀漀眀吀漀欀攀渀Ⰰ 洀匀攀爀瘀攀搀嘀椀攀眀 㨀䐀攀挀漀爀嘀椀攀眀䀀㄀㈀搀㜀㄀攀挀嬀一漀琀椀昀椀挀愀琀椀漀渀䌀氀椀攀渀琀崀ഀഀ
10-05 20:12:26.526 7243 7243 W Qt A11Y : AccessibilityNodeInfo with empty contentDescription: -2147483567 ਍㄀ ⴀ 㔀 ㈀ 㨀㄀㈀㨀㈀㘀⸀㔀㠀㐀  㜀㈀㐀㌀  㜀㈀㐀㌀ 䤀 挀栀愀琀琀礀  㨀 甀椀搀㴀㄀㄀  㘀⠀甀 开愀㄀  㘀⤀ 椀搀攀渀琀椀挀愀氀 ㌀ 氀椀渀攀猀ഀഀ
10-05 20:12:26.603 7243 7243 W Qt A11Y : AccessibilityNodeInfo with empty contentDescription: -2147483567 ਍㄀ ⴀ 㔀 ㈀ 㨀㄀㈀㨀㈀㘀⸀㘀㄀㤀  㜀㈀㐀㌀  㜀㈀㠀  䐀 吀挀瀀伀瀀琀椀洀椀稀攀爀㨀 吀挀瀀伀瀀琀椀洀椀稀攀爀ⴀ伀一ഀഀ
10-05 20:12:26.620 3394 3394 E audit : type=1400 audit(1538763146.617:1041): avc: denied { ioctl } for pid=7243 comm="QtThread" path="socket:[310671]" dev="sockfs" ino=310671 ioctlcmd=8927 scontext=u:r:untrusted_app_25:s0:c512,c768 tcontext=u:r:untrusted_app_25:s0:c512,c768 tclass=tcp_socket permissive=0 SEPF_SM-G950F_8.0.0_0013 audit_filtered ਍㄀ ⴀ 㔀 ㈀ 㨀㄀㈀㨀㈀㘀⸀㘀㈀   ㌀㜀㜀㐀  㐀㈀㜀㔀 䐀 䌀漀渀渀攀挀琀椀瘀椀琀礀匀攀爀瘀椀挀攀㨀 昀椀氀琀攀爀一攀琀眀漀爀欀匀琀愀琀攀䘀漀爀唀椀搀⠀⤀ 甀椀搀㨀 ㄀㄀  㘀 渀攀琀眀漀爀欀䤀渀昀漀㨀 嬀琀礀瀀攀㨀 䴀伀䈀䤀䰀䔀嬀崀 ⴀ 䴀伀䈀䤀䰀䔀Ⰰ 猀琀愀琀攀㨀 䐀䤀匀䌀伀一一䔀䌀吀䔀䐀⼀䐀䤀匀䌀伀一一䔀䌀吀䔀䐀Ⰰ 爀攀愀猀漀渀㨀 ⠀甀渀猀瀀攀挀椀昀椀攀搀⤀Ⰰ 攀砀琀爀愀㨀 ⠀渀漀渀攀⤀Ⰰ 昀愀椀氀漀瘀攀爀㨀 昀愀氀猀攀Ⰰ 愀瘀愀椀氀愀戀氀攀㨀 琀爀甀攀Ⰰ 爀漀愀洀椀渀最㨀 昀愀氀猀攀Ⰰ 洀攀琀攀爀攀搀㨀 昀愀氀猀攀崀ഀഀ
10-05 20:12:26.620 3394 3394 E audit : type=1400 audit(1538763146.617:1042): avc: denied { ioctl } for pid=7243 comm="QtThread" path="socket:[310671]" dev="sockfs" ino=310671 ioctlcmd=8927 scontext=u:r:untrusted_app_25:s0:c512,c768 tcontext=u:r:untrusted_app_25:s0:c512,c768 tclass=tcp_socket permissive=0 SEPF_SM-G950F_8.0.0_0013 audit_filtered ਍㄀ ⴀ 㔀 ㈀ 㨀㄀㈀㨀㈀㘀⸀㘀㈀   ㌀㜀㜀㐀  㐀㈀㜀㔀 䐀 䌀漀渀渀攀挀琀椀瘀椀琀礀匀攀爀瘀椀挀攀㨀 昀椀氀琀攀爀一攀琀眀漀爀欀匀琀愀琀攀䘀漀爀唀椀搀⠀⤀ 甀椀搀㨀 ㄀㄀  㘀 渀攀琀眀漀爀欀䤀渀昀漀㨀 嬀琀礀瀀攀㨀 圀䤀䘀䤀嬀崀 ⴀ 圀䤀䘀䤀Ⰰ 猀琀愀琀攀㨀 䌀伀一一䔀䌀吀䔀䐀⼀䌀伀一一䔀䌀吀䔀䐀Ⰰ 爀攀愀猀漀渀㨀 ⠀甀渀猀瀀攀挀椀昀椀攀搀⤀Ⰰ 攀砀琀爀愀㨀 ∀䘀刀䤀吀娀℀䈀漀砀 䘀漀渀 圀䰀䄀一 㜀㌀㤀  ㈀Ⰰ㐀∀Ⰰ 昀愀椀氀漀瘀攀爀㨀 昀愀氀猀攀Ⰰ 愀瘀愀椀氀愀戀氀攀㨀 琀爀甀攀Ⰰ 爀漀愀洀椀渀最㨀 昀愀氀猀攀Ⰰ 洀攀琀攀爀攀搀㨀 昀愀氀猀攀崀ഀഀ
10-05 20:12:26.620 3774 4275 D ConnectivityService: filterNetworkStateForUid() uid: 11006 networkInfo: [type: MOBILE_MMS[] - MOBILE_MMS, state: DISCONNECTED/DISCONNECTED, reason: (unspecified), extra: (none), failover: false, available: true, roaming: false, metered: false] ਍㄀ ⴀ 㔀 ㈀ 㨀㄀㈀㨀㈀㘀⸀㘀㈀   ㌀㜀㜀㐀  㐀㈀㜀㔀 䐀 䌀漀渀渀攀挀琀椀瘀椀琀礀匀攀爀瘀椀挀攀㨀 昀椀氀琀攀爀一攀琀眀漀爀欀匀琀愀琀攀䘀漀爀唀椀搀⠀⤀ 甀椀搀㨀 ㄀㄀  㘀 渀攀琀眀漀爀欀䤀渀昀漀㨀 嬀琀礀瀀攀㨀 䴀伀䈀䤀䰀䔀开匀唀倀䰀嬀崀 ⴀ 䴀伀䈀䤀䰀䔀开匀唀倀䰀Ⰰ 猀琀愀琀攀㨀 䐀䤀匀䌀伀一一䔀䌀吀䔀䐀⼀䐀䤀匀䌀伀一一䔀䌀吀䔀䐀Ⰰ 爀攀愀猀漀渀㨀 ⠀甀渀猀瀀攀挀椀昀椀攀搀⤀Ⰰ 攀砀琀爀愀㨀 ⠀渀漀渀攀⤀Ⰰ 昀愀椀氀漀瘀攀爀㨀 昀愀氀猀攀Ⰰ 愀瘀愀椀氀愀戀氀攀㨀 琀爀甀攀Ⰰ 爀漀愀洀椀渀最㨀 昀愀氀猀攀Ⰰ 洀攀琀攀爀攀搀㨀 昀愀氀猀攀崀ഀഀ
10-05 20:12:26.620 3774 4275 D ConnectivityService: filterNetworkStateForUid() uid: 11006 networkInfo: [type: MOBILE_DUN[] - MOBILE_DUN, state: DISCONNECTED/DISCONNECTED, reason: (unspecified), extra: (none), failover: false, available: true, roaming: false, metered: false] ਍㄀ ⴀ 㔀 ㈀ 㨀㄀㈀㨀㈀㘀⸀㘀㈀   ㌀㜀㜀㐀  㐀㈀㜀㔀 䐀 䌀漀渀渀攀挀琀椀瘀椀琀礀匀攀爀瘀椀挀攀㨀 昀椀氀琀攀爀一攀琀眀漀爀欀匀琀愀琀攀䘀漀爀唀椀搀⠀⤀ 甀椀搀㨀 ㄀㄀  㘀 渀攀琀眀漀爀欀䤀渀昀漀㨀 嬀琀礀瀀攀㨀 䴀伀䈀䤀䰀䔀开䠀䤀倀刀䤀嬀崀 ⴀ 䴀伀䈀䤀䰀䔀开䠀䤀倀刀䤀Ⰰ 猀琀愀琀攀㨀 䐀䤀匀䌀伀一一䔀䌀吀䔀䐀⼀䐀䤀匀䌀伀一一䔀䌀吀䔀䐀Ⰰ 爀攀愀猀漀渀㨀 ⠀甀渀猀瀀攀挀椀昀椀攀搀⤀Ⰰ 攀砀琀爀愀㨀 ⠀渀漀渀攀⤀Ⰰ 昀愀椀氀漀瘀攀爀㨀 昀愀氀猀攀Ⰰ 愀瘀愀椀氀愀戀氀攀㨀 琀爀甀攀Ⰰ 爀漀愀洀椀渀最㨀 昀愀氀猀攀Ⰰ 洀攀琀攀爀攀搀㨀 昀愀氀猀攀崀ഀഀ
10-05 20:12:26.620 3774 4275 D ConnectivityService: filterNetworkStateForUid() uid: 11006 networkInfo: [type: BLUETOOTH[] - BLUETOOTH, state: DISCONNECTED/DISCONNECTED, reason: (unspecified), extra: (none), failover: false, available: true, roaming: false, metered: false] ਍㄀ ⴀ 㔀 ㈀ 㨀㄀㈀㨀㈀㘀⸀㘀㈀   ㌀㜀㜀㐀  㐀㈀㜀㔀 䐀 䌀漀渀渀攀挀琀椀瘀椀琀礀匀攀爀瘀椀挀攀㨀 昀椀氀琀攀爀一攀琀眀漀爀欀匀琀愀琀攀䘀漀爀唀椀搀⠀⤀ 甀椀搀㨀 ㄀㄀  㘀 渀攀琀眀漀爀欀䤀渀昀漀㨀 嬀琀礀瀀攀㨀 䔀吀䠀䔀刀一䔀吀嬀崀 ⴀ 䔀吀䠀䔀刀一䔀吀Ⰰ 猀琀愀琀攀㨀 䐀䤀匀䌀伀一一䔀䌀吀䔀䐀⼀䐀䤀匀䌀伀一一䔀䌀吀䔀䐀Ⰰ 爀攀愀猀漀渀㨀 ⠀甀渀猀瀀攀挀椀昀椀攀搀⤀Ⰰ 攀砀琀爀愀㨀 ⠀渀漀渀攀⤀Ⰰ 昀愀椀氀漀瘀攀爀㨀 昀愀氀猀攀Ⰰ 愀瘀愀椀氀愀戀氀攀㨀 琀爀甀攀Ⰰ 爀漀愀洀椀渀最㨀 昀愀氀猀攀Ⰰ 洀攀琀攀爀攀搀㨀 昀愀氀猀攀崀ഀഀ
10-05 20:12:26.620 3774 4275 D ConnectivityService: filterNetworkStateForUid() uid: 11006 networkInfo: [type: MOBILE_FOTA[] - MOBILE_FOTA, state: DISCONNECTED/DISCONNECTED, reason: (unspecified), extra: (none), failover: false, available: true, roaming: false, metered: false] ਍㄀ ⴀ 㔀 ㈀ 㨀㄀㈀㨀㈀㘀⸀㘀㈀㄀  ㌀㜀㜀㐀  㐀㈀㜀㔀 䐀 䌀漀渀渀攀挀琀椀瘀椀琀礀匀攀爀瘀椀挀攀㨀 昀椀氀琀攀爀一攀琀眀漀爀欀匀琀愀琀攀䘀漀爀唀椀搀⠀⤀ 甀椀搀㨀 ㄀㄀  㘀 渀攀琀眀漀爀欀䤀渀昀漀㨀 嬀琀礀瀀攀㨀 䴀伀䈀䤀䰀䔀开䤀䴀匀嬀崀 ⴀ 䴀伀䈀䤀䰀䔀开䤀䴀匀Ⰰ 猀琀愀琀攀㨀 䐀䤀匀䌀伀一一䔀䌀吀䔀䐀⼀䐀䤀匀䌀伀一一䔀䌀吀䔀䐀Ⰰ 爀攀愀猀漀渀㨀 ⠀甀渀猀瀀攀挀椀昀椀攀搀⤀Ⰰ 攀砀琀爀愀㨀 ⠀渀漀渀攀⤀Ⰰ 昀愀椀氀漀瘀攀爀㨀 昀愀氀猀攀Ⰰ 愀瘀愀椀氀愀戀氀攀㨀 琀爀甀攀Ⰰ 爀漀愀洀椀渀最㨀 昀愀氀猀攀Ⰰ 洀攀琀攀爀攀搀㨀 昀愀氀猀攀崀ഀഀ
10-05 20:12:26.621 3774 4275 D ConnectivityService: filterNetworkStateForUid() uid: 11006 networkInfo: [type: MOBILE_CBS[] - MOBILE_CBS, state: DISCONNECTED/DISCONNECTED, reason: (unspecified), extra: (none), failover: false, available: true, roaming: false, metered: false] ਍㄀ ⴀ 㔀 ㈀ 㨀㄀㈀㨀㈀㘀⸀㘀㈀㄀  ㌀㜀㜀㐀  㐀㈀㜀㔀 䐀 䌀漀渀渀攀挀琀椀瘀椀琀礀匀攀爀瘀椀挀攀㨀 昀椀氀琀攀爀一攀琀眀漀爀欀匀琀愀琀攀䘀漀爀唀椀搀⠀⤀ 甀椀搀㨀 ㄀㄀  㘀 渀攀琀眀漀爀欀䤀渀昀漀㨀 嬀琀礀瀀攀㨀 圀䤀䘀䤀开倀㈀倀嬀崀 ⴀ 圀䤀䘀䤀开倀㈀倀Ⰰ 猀琀愀琀攀㨀 唀一䬀一伀圀一⼀䤀䐀䰀䔀Ⰰ 爀攀愀猀漀渀㨀 ⠀甀渀猀瀀攀挀椀昀椀攀搀⤀Ⰰ 攀砀琀爀愀㨀 ⠀渀漀渀攀⤀Ⰰ 昀愀椀氀漀瘀攀爀㨀 昀愀氀猀攀Ⰰ 愀瘀愀椀氀愀戀氀攀㨀 琀爀甀攀Ⰰ 爀漀愀洀椀渀最㨀 昀愀氀猀攀Ⰰ 洀攀琀攀爀攀搀㨀 昀愀氀猀攀崀ഀഀ
10-05 20:12:26.621 3774 4275 D ConnectivityService: filterNetworkStateForUid() uid: 11006 networkInfo: [type: MOBILE_IA[] - MOBILE_IA, state: DISCONNECTED/DISCONNECTED, reason: (unspecified), extra: (none), failover: false, available: true, roaming: false, metered: false] ਍㄀ ⴀ 㔀 ㈀ 㨀㄀㈀㨀㈀㘀⸀㘀㈀㄀  ㌀㜀㜀㐀  㐀㈀㜀㔀 䐀 䌀漀渀渀攀挀琀椀瘀椀琀礀匀攀爀瘀椀挀攀㨀 昀椀氀琀攀爀一攀琀眀漀爀欀匀琀愀琀攀䘀漀爀唀椀搀⠀⤀ 甀椀搀㨀 ㄀㄀  㘀 渀攀琀眀漀爀欀䤀渀昀漀㨀 嬀琀礀瀀攀㨀 䴀伀䈀䤀䰀䔀开䔀䴀䔀刀䜀䔀一䌀夀嬀崀 ⴀ 䴀伀䈀䤀䰀䔀开䔀䴀䔀刀䜀䔀一䌀夀Ⰰ 猀琀愀琀攀㨀 䐀䤀匀䌀伀一一䔀䌀吀䔀䐀⼀䐀䤀匀䌀伀一一䔀䌀吀䔀䐀Ⰰ 爀攀愀猀漀渀㨀 ⠀甀渀猀瀀攀挀椀昀椀攀搀⤀Ⰰ 攀砀琀爀愀㨀 ⠀渀漀渀攀⤀Ⰰ 昀愀椀氀漀瘀攀爀㨀 昀愀氀猀攀Ⰰ 愀瘀愀椀氀愀戀氀攀㨀 琀爀甀攀Ⰰ 爀漀愀洀椀渀最㨀 昀愀氀猀攀Ⰰ 洀攀琀攀爀攀搀㨀 昀愀氀猀攀崀ഀഀ
10-05 20:12:26.621 3774 4275 D ConnectivityService: filterNetworkStateForUid() uid: 11006 networkInfo: [type: VPN[] - VPN, state: DISCONNECTED/DISCONNECTED, reason: (unspecified), extra: (none), failover: false, available: true, roaming: false, metered: false] ਍㄀ ⴀ 㔀 ㈀ 㨀㄀㈀㨀㈀㘀⸀㘀㈀㄀  㜀㈀㐀㌀  㜀㈀㐀㌀ 圀 儀琀 䄀㄀㄀夀 㨀 䄀挀挀攀猀猀椀戀椀氀椀琀礀一漀搀攀䤀渀昀漀 眀椀琀栀 攀洀瀀琀礀 挀漀渀琀攀渀琀䐀攀猀挀爀椀瀀琀椀漀渀㨀 ⴀ㈀㄀㐀㜀㐀㠀㌀㔀㘀㜀ഀഀ
10-05 20:12:26.625 3394 3394 E audit : type=1400 audit(1538763146.621:1043): avc: denied { ioctl } for pid=7243 comm="QtThread" path="socket:[312539]" dev="sockfs" ino=312539 ioctlcmd=8927 scontext=u:r:untrusted_app_25:s0:c512,c768 tcontext=u:r:untrusted_app_25:s0:c512,c768 tclass=tcp_socket permissive=0 SEPF_SM-G950F_8.0.0_0013 audit_filtered ਍㄀ ⴀ 㔀 ㈀ 㨀㄀㈀㨀㈀㘀⸀㘀㈀㔀  ㌀㌀㤀㐀  ㌀㌀㤀㐀 䔀 愀甀搀椀琀   㨀 琀礀瀀攀㴀㄀㐀   愀甀搀椀琀⠀㄀㔀㌀㠀㜀㘀㌀㄀㐀㘀⸀㘀㈀㄀㨀㄀ 㐀㐀⤀㨀 愀瘀挀㨀  搀攀渀椀攀搀  笀 椀漀挀琀氀 紀 昀漀爀  瀀椀搀㴀㜀㈀㐀㌀ 挀漀洀洀㴀∀儀琀吀栀爀攀愀搀∀ 瀀愀琀栀㴀∀猀漀挀欀攀琀㨀嬀㌀㄀㈀㔀㌀㤀崀∀ 搀攀瘀㴀∀猀漀挀欀昀猀∀ 椀渀漀㴀㌀㄀㈀㔀㌀㤀 椀漀挀琀氀挀洀搀㴀㠀㤀㈀㜀 猀挀漀渀琀攀砀琀㴀甀㨀爀㨀甀渀琀爀甀猀琀攀搀开愀瀀瀀开㈀㔀㨀猀 㨀挀㔀㄀㈀Ⰰ挀㜀㘀㠀 琀挀漀渀琀攀砀琀㴀甀㨀爀㨀甀渀琀爀甀猀琀攀搀开愀瀀瀀开㈀㔀㨀猀 㨀挀㔀㄀㈀Ⰰ挀㜀㘀㠀 琀挀氀愀猀猀㴀琀挀瀀开猀漀挀欀攀琀 瀀攀爀洀椀猀猀椀瘀攀㴀  匀䔀倀䘀开匀䴀ⴀ䜀㤀㔀 䘀开㠀⸀ ⸀ 开  ㄀㌀ 愀甀搀椀琀开昀椀氀琀攀爀攀搀ഀഀ
10-05 20:12:26.625 3774 4275 D ConnectivityService: filterNetworkStateForUid() uid: 11006 networkInfo: [type: MOBILE[] - MOBILE, state: DISCONNECTED/DISCONNECTED, reason: (unspecified), extra: (none), failover: false, available: true, roaming: false, metered: false] ਍㄀ ⴀ 㔀 ㈀ 㨀㄀㈀㨀㈀㘀⸀㘀㈀㔀  ㌀㜀㜀㐀  㐀㈀㜀㔀 䐀 䌀漀渀渀攀挀琀椀瘀椀琀礀匀攀爀瘀椀挀攀㨀 昀椀氀琀攀爀一攀琀眀漀爀欀匀琀愀琀攀䘀漀爀唀椀搀⠀⤀ 甀椀搀㨀 ㄀㄀  㘀 渀攀琀眀漀爀欀䤀渀昀漀㨀 嬀琀礀瀀攀㨀 圀䤀䘀䤀嬀崀 ⴀ 圀䤀䘀䤀Ⰰ 猀琀愀琀攀㨀 䌀伀一一䔀䌀吀䔀䐀⼀䌀伀一一䔀䌀吀䔀䐀Ⰰ 爀攀愀猀漀渀㨀 ⠀甀渀猀瀀攀挀椀昀椀攀搀⤀Ⰰ 攀砀琀爀愀㨀 ∀䘀刀䤀吀娀℀䈀漀砀 䘀漀渀 圀䰀䄀一 㜀㌀㤀  ㈀Ⰰ㐀∀Ⰰ 昀愀椀氀漀瘀攀爀㨀 昀愀氀猀攀Ⰰ 愀瘀愀椀氀愀戀氀攀㨀 琀爀甀攀Ⰰ 爀漀愀洀椀渀最㨀 昀愀氀猀攀Ⰰ 洀攀琀攀爀攀搀㨀 昀愀氀猀攀崀ഀഀ
10-05 20:12:26.625 3774 4275 D ConnectivityService: filterNetworkStateForUid() uid: 11006 networkInfo: [type: MOBILE_MMS[] - MOBILE_MMS, state: DISCONNECTED/DISCONNECTED, reason: (unspecified), extra: (none), failover: false, available: true, roaming: false, metered: false] ਍㄀ ⴀ 㔀 ㈀ 㨀㄀㈀㨀㈀㘀⸀㘀㈀㔀  ㌀㜀㜀㐀  㐀㈀㜀㔀 䐀 䌀漀渀渀攀挀琀椀瘀椀琀礀匀攀爀瘀椀挀攀㨀 昀椀氀琀攀爀一攀琀眀漀爀欀匀琀愀琀攀䘀漀爀唀椀搀⠀⤀ 甀椀搀㨀 ㄀㄀  㘀 渀攀琀眀漀爀欀䤀渀昀漀㨀 嬀琀礀瀀攀㨀 䴀伀䈀䤀䰀䔀开匀唀倀䰀嬀崀 ⴀ 䴀伀䈀䤀䰀䔀开匀唀倀䰀Ⰰ 猀琀愀琀攀㨀 䐀䤀匀䌀伀一一䔀䌀吀䔀䐀⼀䐀䤀匀䌀伀一一䔀䌀吀䔀䐀Ⰰ 爀攀愀猀漀渀㨀 ⠀甀渀猀瀀攀挀椀昀椀攀搀⤀Ⰰ 攀砀琀爀愀㨀 ⠀渀漀渀攀⤀Ⰰ 昀愀椀氀漀瘀攀爀㨀 昀愀氀猀攀Ⰰ 愀瘀愀椀氀愀戀氀攀㨀 琀爀甀攀Ⰰ 爀漀愀洀椀渀最㨀 昀愀氀猀攀Ⰰ 洀攀琀攀爀攀搀㨀 昀愀氀猀攀崀ഀഀ
10-05 20:12:26.625 3774 4275 D ConnectivityService: filterNetworkStateForUid() uid: 11006 networkInfo: [type: MOBILE_DUN[] - MOBILE_DUN, state: DISCONNECTED/DISCONNECTED, reason: (unspecified), extra: (none), failover: false, available: true, roaming: false, metered: false] ਍㄀ ⴀ 㔀 ㈀ 㨀㄀㈀㨀㈀㘀⸀㘀㈀㔀  ㌀㜀㜀㐀  㐀㈀㜀㔀 䐀 䌀漀渀渀攀挀琀椀瘀椀琀礀匀攀爀瘀椀挀攀㨀 昀椀氀琀攀爀一攀琀眀漀爀欀匀琀愀琀攀䘀漀爀唀椀搀⠀⤀ 甀椀搀㨀 ㄀㄀  㘀 渀攀琀眀漀爀欀䤀渀昀漀㨀 嬀琀礀瀀攀㨀 䴀伀䈀䤀䰀䔀开䠀䤀倀刀䤀嬀崀 ⴀ 䴀伀䈀䤀䰀䔀开䠀䤀倀刀䤀Ⰰ 猀琀愀琀攀㨀 䐀䤀匀䌀伀一一䔀䌀吀䔀䐀⼀䐀䤀匀䌀伀一一䔀䌀吀䔀䐀Ⰰ 爀攀愀猀漀渀㨀 ⠀甀渀猀瀀攀挀椀昀椀攀搀⤀Ⰰ 攀砀琀爀愀㨀 ⠀渀漀渀攀⤀Ⰰ 昀愀椀氀漀瘀攀爀㨀 昀愀氀猀攀Ⰰ 愀瘀愀椀氀愀戀氀攀㨀 琀爀甀攀Ⰰ 爀漀愀洀椀渀最㨀 昀愀氀猀攀Ⰰ 洀攀琀攀爀攀搀㨀 昀愀氀猀攀崀ഀഀ
10-05 20:12:26.625 3774 4275 D ConnectivityService: filterNetworkStateForUid() uid: 11006 networkInfo: [type: BLUETOOTH[] - BLUETOOTH, state: DISCONNECTED/DISCONNECTED, reason: (unspecified), extra: (none), failover: false, available: true, roaming: false, metered: false] ਍㄀ ⴀ 㔀 ㈀ 㨀㄀㈀㨀㈀㘀⸀㘀㈀㔀  ㌀㜀㜀㐀  㐀㈀㜀㔀 䐀 䌀漀渀渀攀挀琀椀瘀椀琀礀匀攀爀瘀椀挀攀㨀 昀椀氀琀攀爀一攀琀眀漀爀欀匀琀愀琀攀䘀漀爀唀椀搀⠀⤀ 甀椀搀㨀 ㄀㄀  㘀 渀攀琀眀漀爀欀䤀渀昀漀㨀 嬀琀礀瀀攀㨀 䔀吀䠀䔀刀一䔀吀嬀崀 ⴀ 䔀吀䠀䔀刀一䔀吀Ⰰ 猀琀愀琀攀㨀 䐀䤀匀䌀伀一一䔀䌀吀䔀䐀⼀䐀䤀匀䌀伀一一䔀䌀吀䔀䐀Ⰰ 爀攀愀猀漀渀㨀 ⠀甀渀猀瀀攀挀椀昀椀攀搀⤀Ⰰ 攀砀琀爀愀㨀 ⠀渀漀渀攀⤀Ⰰ 昀愀椀氀漀瘀攀爀㨀 昀愀氀猀攀Ⰰ 愀瘀愀椀氀愀戀氀攀㨀 琀爀甀攀Ⰰ 爀漀愀洀椀渀最㨀 昀愀氀猀攀Ⰰ 洀攀琀攀爀攀搀㨀 昀愀氀猀攀崀ഀഀ
10-05 20:12:26.625 3774 4275 D ConnectivityService: filterNetworkStateForUid() uid: 11006 networkInfo: [type: MOBILE_FOTA[] - MOBILE_FOTA, state: DISCONNECTED/DISCONNECTED, reason: (unspecified), extra: (none), failover: false, available: true, roaming: false, metered: false] ਍㄀ ⴀ 㔀 ㈀ 㨀㄀㈀㨀㈀㘀⸀㘀㈀㘀  ㌀㜀㜀㐀  㐀㈀㜀㔀 䐀 䌀漀渀渀攀挀琀椀瘀椀琀礀匀攀爀瘀椀挀攀㨀 昀椀氀琀攀爀一攀琀眀漀爀欀匀琀愀琀攀䘀漀爀唀椀搀⠀⤀ 甀椀搀㨀 ㄀㄀  㘀 渀攀琀眀漀爀欀䤀渀昀漀㨀 嬀琀礀瀀攀㨀 䴀伀䈀䤀䰀䔀开䤀䴀匀嬀崀 ⴀ 䴀伀䈀䤀䰀䔀开䤀䴀匀Ⰰ 猀琀愀琀攀㨀 䐀䤀匀䌀伀一一䔀䌀吀䔀䐀⼀䐀䤀匀䌀伀一一䔀䌀吀䔀䐀Ⰰ 爀攀愀猀漀渀㨀 ⠀甀渀猀瀀攀挀椀昀椀攀搀⤀Ⰰ 攀砀琀爀愀㨀 ⠀渀漀渀攀⤀Ⰰ 昀愀椀氀漀瘀攀爀㨀 昀愀氀猀攀Ⰰ 愀瘀愀椀氀愀戀氀攀㨀 琀爀甀攀Ⰰ 爀漀愀洀椀渀最㨀 昀愀氀猀攀Ⰰ 洀攀琀攀爀攀搀㨀 昀愀氀猀攀崀ഀഀ
10-05 20:12:26.626 3774 4275 D ConnectivityService: filterNetworkStateForUid() uid: 11006 networkInfo: [type: MOBILE_CBS[] - MOBILE_CBS, state: DISCONNECTED/DISCONNECTED, reason: (unspecified), extra: (none), failover: false, available: true, roaming: false, metered: false] ਍㄀ ⴀ 㔀 ㈀ 㨀㄀㈀㨀㈀㘀⸀㘀㈀㘀  ㌀㜀㜀㐀  㐀㈀㜀㔀 䐀 䌀漀渀渀攀挀琀椀瘀椀琀礀匀攀爀瘀椀挀攀㨀 昀椀氀琀攀爀一攀琀眀漀爀欀匀琀愀琀攀䘀漀爀唀椀搀⠀⤀ 甀椀搀㨀 ㄀㄀  㘀 渀攀琀眀漀爀欀䤀渀昀漀㨀 嬀琀礀瀀攀㨀 圀䤀䘀䤀开倀㈀倀嬀崀 ⴀ 圀䤀䘀䤀开倀㈀倀Ⰰ 猀琀愀琀攀㨀 唀一䬀一伀圀一⼀䤀䐀䰀䔀Ⰰ 爀攀愀猀漀渀㨀 ⠀甀渀猀瀀攀挀椀昀椀攀搀⤀Ⰰ 攀砀琀爀愀㨀 ⠀渀漀渀攀⤀Ⰰ 昀愀椀氀漀瘀攀爀㨀 昀愀氀猀攀Ⰰ 愀瘀愀椀氀愀戀氀攀㨀 琀爀甀攀Ⰰ 爀漀愀洀椀渀最㨀 昀愀氀猀攀Ⰰ 洀攀琀攀爀攀搀㨀 昀愀氀猀攀崀ഀഀ
10-05 20:12:26.626 3774 4275 D ConnectivityService: filterNetworkStateForUid() uid: 11006 networkInfo: [type: MOBILE_IA[] - MOBILE_IA, state: DISCONNECTED/DISCONNECTED, reason: (unspecified), extra: (none), failover: false, available: true, roaming: false, metered: false] ਍㄀ ⴀ 㔀 ㈀ 㨀㄀㈀㨀㈀㘀⸀㘀㈀㘀  ㌀㜀㜀㐀  㐀㈀㜀㔀 䐀 䌀漀渀渀攀挀琀椀瘀椀琀礀匀攀爀瘀椀挀攀㨀 昀椀氀琀攀爀一攀琀眀漀爀欀匀琀愀琀攀䘀漀爀唀椀搀⠀⤀ 甀椀搀㨀 ㄀㄀  㘀 渀攀琀眀漀爀欀䤀渀昀漀㨀 嬀琀礀瀀攀㨀 䴀伀䈀䤀䰀䔀开䔀䴀䔀刀䜀䔀一䌀夀嬀崀 ⴀ 䴀伀䈀䤀䰀䔀开䔀䴀䔀刀䜀䔀一䌀夀Ⰰ 猀琀愀琀攀㨀 䐀䤀匀䌀伀一一䔀䌀吀䔀䐀⼀䐀䤀匀䌀伀一一䔀䌀吀䔀䐀Ⰰ 爀攀愀猀漀渀㨀 ⠀甀渀猀瀀攀挀椀昀椀攀搀⤀Ⰰ 攀砀琀爀愀㨀 ⠀渀漀渀攀⤀Ⰰ 昀愀椀氀漀瘀攀爀㨀 昀愀氀猀攀Ⰰ 愀瘀愀椀氀愀戀氀攀㨀 琀爀甀攀Ⰰ 爀漀愀洀椀渀最㨀 昀愀氀猀攀Ⰰ 洀攀琀攀爀攀搀㨀 昀愀氀猀攀崀ഀഀ
10-05 20:12:26.626 3774 4275 D ConnectivityService: filterNetworkStateForUid() uid: 11006 networkInfo: [type: VPN[] - VPN, state: DISCONNECTED/DISCONNECTED, reason: (unspecified), extra: (none), failover: false, available: true, roaming: false, metered: false] ਍㄀ ⴀ 㔀 ㈀ 㨀㄀㈀㨀㈀㘀⸀㘀㌀㠀  㜀㈀㐀㌀  㜀㈀㐀㌀ 圀 儀琀 䄀㄀㄀夀 㨀 䄀挀挀攀猀猀椀戀椀氀椀琀礀一漀搀攀䤀渀昀漀 眀椀琀栀 攀洀瀀琀礀 挀漀渀琀攀渀琀䐀攀猀挀爀椀瀀琀椀漀渀㨀 ⴀ㈀㄀㐀㜀㐀㠀㌀㔀㘀㜀ഀഀ
10-05 20:12:26.653 7243 7274 D NetworkSecurityConfig: No Network Security Config specified, using platform default ਍㄀ ⴀ 㔀 ㈀ 㨀㄀㈀㨀㈀㘀⸀㘀㔀㘀  㜀㈀㐀㌀  㜀㈀㐀㌀ 圀 儀琀 䄀㄀㄀夀 㨀 䄀挀挀攀猀猀椀戀椀氀椀琀礀一漀搀攀䤀渀昀漀 眀椀琀栀 攀洀瀀琀礀 挀漀渀琀攀渀琀䐀攀猀挀爀椀瀀琀椀漀渀㨀 ⴀ㈀㄀㐀㜀㐀㠀㌀㔀㘀㜀ഀഀ
10-05 20:12:26.682 4996 4996 D io_stats: !@ 8,0 r 152182 7004624 w 100831 1886064 d 7921 786356 f 25955 29229 iot 111880 81368 th 307200 0 0 pt 0 inp 0 0 9627.799 ਍㄀ ⴀ 㔀 ㈀ 㨀㄀㈀㨀㈀㘀⸀㜀㈀㔀  㜀㈀㐀㌀  㜀㈀㐀㌀ 䤀 挀栀愀琀琀礀  㨀 甀椀搀㴀㄀㄀  㘀⠀甀 开愀㄀  㘀⤀ 椀搀攀渀琀椀挀愀氀 㐀 氀椀渀攀猀ഀഀ
10-05 20:12:26.742 7243 7243 W Qt A11Y : AccessibilityNodeInfo with empty contentDescription: -2147483567 ਍㄀ ⴀ 㔀 ㈀ 㨀㄀㈀㨀㈀㘀⸀㜀㔀㄀  ㌀㐀㈀㐀  ㌀㘀㔀  䐀 䐀渀猀倀爀漀砀礀䰀椀猀琀攀渀攀爀㨀 䐀一匀䐀䈀䜀㨀㨀搀渀猀 愀搀搀爀椀渀昀漀 愀昀 ㈀ഀഀ
10-05 20:12:26.754 4639 6267 D EPDG -- [NETMGMT]: Interface Data activity changed : label: 1 : active: true ਍㄀ ⴀ 㔀 ㈀ 㨀㄀㈀㨀㈀㘀⸀㜀㔀㠀  㜀㈀㐀㌀  㜀㈀㐀㌀ 圀 儀琀 䄀㄀㄀夀 㨀 䄀挀挀攀猀猀椀戀椀氀椀琀礀一漀搀攀䤀渀昀漀 眀椀琀栀 攀洀瀀琀礀 挀漀渀琀攀渀琀䐀攀猀挀爀椀瀀琀椀漀渀㨀 ⴀ㈀㄀㐀㜀㐀㠀㌀㔀㘀㜀ഀഀ
10-05 20:12:26.759 3774 3997 D ConnectivityService: updateCapabilities: oldCap = [ Transports: WIFI Capabilities: NOT_METERED&INTERNET&NOT_RESTRICTED&TRUSTED&NOT_VPN&VALIDATED&FOREGROUND LinkUpBandwidth>=1048576Kbps LinkDnBandwidth>=1048576Kbps SignalStrength: -63], newCap = [ Transports: WIFI Capabilities: NOT_METERED&INTERNET&NOT_RESTRICTED&TRUSTED&NOT_VPN LinkUpBandwidth>=1048576Kbps LinkDnBandwidth>=1048576Kbps SignalStrength: -64] ਍㄀ ⴀ 㔀 ㈀ 㨀㄀㈀㨀㈀㘀⸀㜀㔀㤀  ㌀㜀㜀㐀  ㌀㤀㤀㜀 䐀 䌀漀渀渀攀挀琀椀瘀椀琀礀匀攀爀瘀椀挀攀㨀 渀漀琀椀昀礀吀礀瀀攀 䌀䄀倀开䌀䠀䄀一䜀䔀䐀 昀漀爀 一攀琀眀漀爀欀䄀最攀渀琀䤀渀昀漀 嬀圀䤀䘀䤀 ⠀⤀ ⴀ 㔀㄀㘀崀ഀഀ
10-05 20:12:26.759 3774 3997 D ConnectivityService: sending notification for NetworkRequest [ REQUEST id=1, [ Capabilities: INTERNET&NOT_RESTRICTED&TRUSTED&NOT_VPN] ] ਍㄀ ⴀ 㔀 ㈀ 㨀㄀㈀㨀㈀㘀⸀㜀㔀㤀  ㌀㜀㜀㐀  ㌀㤀㤀㜀 䐀 䌀漀渀渀攀挀琀椀瘀椀琀礀匀攀爀瘀椀挀攀㨀  猀攀渀搀椀渀最 渀漀琀椀昀椀挀愀琀椀漀渀 昀漀爀 一攀琀眀漀爀欀刀攀焀甀攀猀琀 嬀 吀刀䄀䌀䬀开䐀䔀䘀䄀唀䰀吀 椀搀㴀㌀Ⰰ 嬀 䌀愀瀀愀戀椀氀椀琀椀攀猀㨀 䤀一吀䔀刀一䔀吀☀一伀吀开刀䔀匀吀刀䤀䌀吀䔀䐀☀吀刀唀匀吀䔀䐀☀一伀吀开嘀倀一崀 崀ഀഀ
10-05 20:12:26.759 3774 3997 D ConnectivityService: sending notification CAP_CHANGED for NetworkRequest [ TRACK_DEFAULT id=3, [ Capabilities: INTERNET&NOT_RESTRICTED&TRUSTED&NOT_VPN] ] ਍㄀ ⴀ 㔀 ㈀ 㨀㄀㈀㨀㈀㘀⸀㜀㔀㤀  ㌀㜀㜀㐀  ㌀㤀㤀㜀 䐀 䌀漀渀渀攀挀琀椀瘀椀琀礀匀攀爀瘀椀挀攀㨀  猀攀渀搀椀渀最 渀漀琀椀昀椀挀愀琀椀漀渀 昀漀爀 一攀琀眀漀爀欀刀攀焀甀攀猀琀 嬀 䰀䤀匀吀䔀一 椀搀㴀㔀Ⰰ 嬀 吀爀愀渀猀瀀漀爀琀猀㨀 圀䤀䘀䤀 䌀愀瀀愀戀椀氀椀琀椀攀猀㨀 䤀一吀䔀刀一䔀吀☀一伀吀开刀䔀匀吀刀䤀䌀吀䔀䐀☀吀刀唀匀吀䔀䐀☀一伀吀开嘀倀一崀 崀ഀഀ
10-05 20:12:26.759 3774 3997 D ConnectivityService: sending notification CAP_CHANGED for NetworkRequest [ LISTEN id=5, [ Transports: WIFI Capabilities: INTERNET&NOT_RESTRICTED&TRUSTED&NOT_VPN] ] ਍㄀ ⴀ 㔀 ㈀ 㨀㄀㈀㨀㈀㘀⸀㜀㔀㤀  ㌀㜀㜀㐀  ㌀㤀㤀㜀 䐀 䌀漀渀渀攀挀琀椀瘀椀琀礀匀攀爀瘀椀挀攀㨀  猀攀渀搀椀渀最 渀漀琀椀昀椀挀愀琀椀漀渀 昀漀爀 一攀琀眀漀爀欀刀攀焀甀攀猀琀 嬀 䰀䤀匀吀䔀一 椀搀㴀㘀Ⰰ 嬀 吀爀愀渀猀瀀漀爀琀猀㨀 䌀䔀䰀䰀唀䰀䄀刀簀圀䤀䘀䤀 䌀愀瀀愀戀椀氀椀琀椀攀猀㨀 一伀吀开刀䔀匀吀刀䤀䌀吀䔀䐀☀吀刀唀匀吀䔀䐀☀一伀吀开嘀倀一崀 崀ഀഀ
10-05 20:12:26.759 3774 3997 D ConnectivityService: sending notification CAP_CHANGED for NetworkRequest [ LISTEN id=6, [ Transports: CELLULAR|WIFI Capabilities: NOT_RESTRICTED&TRUSTED&NOT_VPN] ] ਍㄀ ⴀ 㔀 ㈀ 㨀㄀㈀㨀㈀㘀⸀㜀㔀㤀  ㌀㜀㜀㐀  ㌀㤀㤀㜀 䐀 䌀漀渀渀攀挀琀椀瘀椀琀礀匀攀爀瘀椀挀攀㨀  猀攀渀搀椀渀最 渀漀琀椀昀椀挀愀琀椀漀渀 昀漀爀 一攀琀眀漀爀欀刀攀焀甀攀猀琀 嬀 䰀䤀匀吀䔀一 椀搀㴀㜀Ⰰ 嬀崀 崀ഀഀ
10-05 20:12:26.759 3774 3997 D ConnectivityService: sending notification CAP_CHANGED for NetworkRequest [ LISTEN id=7, [] ] ਍㄀ ⴀ 㔀 ㈀ 㨀㄀㈀㨀㈀㘀⸀㜀㔀㤀  ㌀㜀㜀㐀  ㌀㤀㤀㜀 䐀 䌀漀渀渀攀挀琀椀瘀椀琀礀匀攀爀瘀椀挀攀㨀  猀攀渀搀椀渀最 渀漀琀椀昀椀挀愀琀椀漀渀 昀漀爀 一攀琀眀漀爀欀刀攀焀甀攀猀琀 嬀 䰀䤀匀吀䔀一 椀搀㴀㠀Ⰰ 嬀 吀爀愀渀猀瀀漀爀琀猀㨀 圀䤀䘀䤀 䌀愀瀀愀戀椀氀椀琀椀攀猀㨀 䤀一吀䔀刀一䔀吀☀一伀吀开刀䔀匀吀刀䤀䌀吀䔀䐀☀吀刀唀匀吀䔀䐀☀一伀吀开嘀倀一崀 崀ഀഀ
10-05 20:12:26.759 3774 3997 D ConnectivityService: sending notification CAP_CHANGED for NetworkRequest [ LISTEN id=8, [ Transports: WIFI Capabilities: INTERNET&NOT_RESTRICTED&TRUSTED&NOT_VPN] ] ਍㄀ ⴀ 㔀 ㈀ 㨀㄀㈀㨀㈀㘀⸀㜀㔀㤀  ㌀㜀㜀㐀  ㌀㤀㤀㜀 䐀 䌀漀渀渀攀挀琀椀瘀椀琀礀匀攀爀瘀椀挀攀㨀  猀攀渀搀椀渀最 渀漀琀椀昀椀挀愀琀椀漀渀 昀漀爀 一攀琀眀漀爀欀刀攀焀甀攀猀琀 嬀 䰀䤀匀吀䔀一 椀搀㴀㤀Ⰰ 嬀 吀爀愀渀猀瀀漀爀琀猀㨀 圀䤀䘀䤀 䌀愀瀀愀戀椀氀椀琀椀攀猀㨀 䤀一吀䔀刀一䔀吀☀一伀吀开刀䔀匀吀刀䤀䌀吀䔀䐀☀吀刀唀匀吀䔀䐀☀一伀吀开嘀倀一崀 崀ഀഀ
10-05 20:12:26.759 3774 3997 D ConnectivityService: sending notification CAP_CHANGED for NetworkRequest [ LISTEN id=9, [ Transports: WIFI Capabilities: INTERNET&NOT_RESTRICTED&TRUSTED&NOT_VPN] ] ਍㄀ ⴀ 㔀 ㈀ 㨀㄀㈀㨀㈀㘀⸀㜀㔀㤀  㐀㘀㌀㤀  㐀㘀㌀㤀 䐀 䔀倀䐀䜀 ⴀⴀ 匀䤀䴀  嬀匀䴀䄀刀吀圀䤀䘀䤀崀㨀 圀椀昀椀 刀匀匀䤀 椀渀琀攀渀琀 爀攀挀攀椀瘀攀搀 ⴀⴀ 渀攀眀刀猀猀椀 㨀 ⴀ㘀㐀椀渀琀攀渀琀 䤀渀琀攀渀琀 笀 愀挀琀㴀愀渀搀爀漀椀搀⸀渀攀琀⸀眀椀昀椀⸀刀匀匀䤀开䌀䠀䄀一䜀䔀䐀 昀氀最㴀 砀㐀    ㄀  ⠀栀愀猀 攀砀琀爀愀猀⤀ 紀ഀഀ
10-05 20:12:26.759 3774 3997 D ConnectivityService: sending notification for NetworkRequest [ TRACK_DEFAULT id=12, [ Capabilities: INTERNET&NOT_RESTRICTED&TRUSTED&NOT_VPN] ] ਍㄀ ⴀ 㔀 ㈀ 㨀㄀㈀㨀㈀㘀⸀㜀㔀㤀  ㌀㜀㜀㐀  ㌀㤀㤀㜀 䐀 䌀漀渀渀攀挀琀椀瘀椀琀礀匀攀爀瘀椀挀攀㨀 猀攀渀搀椀渀最 渀漀琀椀昀椀挀愀琀椀漀渀 䌀䄀倀开䌀䠀䄀一䜀䔀䐀 昀漀爀 一攀琀眀漀爀欀刀攀焀甀攀猀琀 嬀 吀刀䄀䌀䬀开䐀䔀䘀䄀唀䰀吀 椀搀㴀㄀㈀Ⰰ 嬀 䌀愀瀀愀戀椀氀椀琀椀攀猀㨀 䤀一吀䔀刀一䔀吀☀一伀吀开刀䔀匀吀刀䤀䌀吀䔀䐀☀吀刀唀匀吀䔀䐀☀一伀吀开嘀倀一崀 崀ഀഀ
10-05 20:12:26.759 4639 6263 D EPDG -- SIM0 [SMARTWIFI]: Rssi : -64 highrange : -75 lowrange : -85 mIsRssiInHystersis : false ਍㄀ ⴀ 㔀 ㈀ 㨀㄀㈀㨀㈀㘀⸀㜀㔀㤀  㐀㘀㌀㤀  㘀㈀㘀㌀ 嘀 䔀倀䐀䜀 ⴀⴀ 匀䤀䴀  嬀匀䴀䄀刀吀圀䤀䘀䤀崀㨀 眀椀昀椀 漀氀搀攀猀琀 攀渀琀爀礀 爀攀洀漀瘀攀搀ഀഀ
10-05 20:12:26.759 4639 6263 V EPDG -- SIM0 [SMARTWIFI]: wifi entry added ਍㄀ ⴀ 㔀 ㈀ 㨀㄀㈀㨀㈀㘀⸀㜀㔀㤀  ㌀㜀㜀㐀  ㌀㤀㤀㜀 䐀 䌀漀渀渀攀挀琀椀瘀椀琀礀匀攀爀瘀椀挀攀㨀  猀攀渀搀椀渀最 渀漀琀椀昀椀挀愀琀椀漀渀 昀漀爀 一攀琀眀漀爀欀刀攀焀甀攀猀琀 嬀 䰀䤀匀吀䔀一 椀搀㴀㄀㔀Ⰰ 嬀 䌀愀瀀愀戀椀氀椀琀椀攀猀㨀 䤀一吀䔀刀一䔀吀☀一伀吀开刀䔀匀吀刀䤀䌀吀䔀䐀☀吀刀唀匀吀䔀䐀☀一伀吀开嘀倀一崀 崀ഀഀ
10-05 20:12:26.759 4639 6263 V EPDG -- SIM0 [SMARTWIFI]: New entry : (-64 : 0 ) ਍㄀ ⴀ 㔀 ㈀ 㨀㄀㈀㨀㈀㘀⸀㜀㔀㤀  㐀㘀㌀㤀  㘀㈀㘀㌀ 䐀 䔀倀䐀䜀 ⴀⴀ 匀䤀䴀  嬀匀䴀䄀刀吀圀䤀䘀䤀崀㨀 椀猀圀椀昀椀匀椀最渀愀氀唀瀀最爀愀搀攀搀㨀 氀愀猀琀匀琀爀攀渀最琀栀㨀 ⴀ㘀㌀ 挀甀爀爀攀渀琀匀琀爀攀渀最琀栀㨀 ⴀ㘀㐀ഀഀ
10-05 20:12:26.759 4639 6263 D EPDG -- SIM0 [SMARTWIFI]: Wifi threshold based handovers are disabled ਍㄀ ⴀ 㔀 ㈀ 㨀㄀㈀㨀㈀㘀⸀㜀㔀㤀  ㌀㜀㜀㐀  ㌀㤀㤀㜀 䐀 䌀漀渀渀攀挀琀椀瘀椀琀礀匀攀爀瘀椀挀攀㨀 猀攀渀搀椀渀最 渀漀琀椀昀椀挀愀琀椀漀渀 䌀䄀倀开䌀䠀䄀一䜀䔀䐀 昀漀爀 一攀琀眀漀爀欀刀攀焀甀攀猀琀 嬀 䰀䤀匀吀䔀一 椀搀㴀㄀㔀Ⰰ 嬀 䌀愀瀀愀戀椀氀椀琀椀攀猀㨀 䤀一吀䔀刀一䔀吀☀一伀吀开刀䔀匀吀刀䤀䌀吀䔀䐀☀吀刀唀匀吀䔀䐀☀一伀吀开嘀倀一崀 崀ഀഀ
10-05 20:12:26.759 4639 6263 D EPDG -- SIM0 [SMARTWIFI]: No need to run ping : (lastStrength-63 : mWeakWifiLevel2 : mWifiGoodDbValue-74 : mWifiBadDbValue-85 : currentStrength)-64 ਍㄀ ⴀ 㔀 ㈀ 㨀㄀㈀㨀㈀㘀⸀㜀㘀   㐀㘀㌀㤀  㘀㈀㘀㌀ 䐀 䔀倀䐀䜀 ⴀⴀ 匀䤀䴀  嬀匀䴀䄀刀吀圀䤀䘀䤀崀㨀 椀猀圀椀昀椀匀椀最渀愀氀䐀攀最爀愀搀攀搀㨀 氀愀猀琀匀琀爀攀渀最琀栀㨀 ⴀ㘀㌀ 挀甀爀爀攀渀琀匀琀爀攀渀最琀栀㨀 ⴀ㘀㐀ഀഀ
10-05 20:12:26.760 4639 6263 D EPDG -- SIM0 [SMARTWIFI]: getHandoverThresholdMet: value is: false ਍㄀ ⴀ 㔀 ㈀ 㨀㄀㈀㨀㈀㘀⸀㜀㘀   ㌀㜀㜀㐀  ㌀㤀㤀㜀 䐀 䌀漀渀渀攀挀琀椀瘀椀琀礀匀攀爀瘀椀挀攀㨀  猀攀渀搀椀渀最 渀漀琀椀昀椀挀愀琀椀漀渀 昀漀爀 一攀琀眀漀爀欀刀攀焀甀攀猀琀 嬀 䰀䤀匀吀䔀一 椀搀㴀㈀㠀Ⰰ 嬀 䌀愀瀀愀戀椀氀椀琀椀攀猀㨀 䤀一吀䔀刀一䔀吀☀一伀吀开刀䔀匀吀刀䤀䌀吀䔀䐀☀吀刀唀匀吀䔀䐀崀 崀ഀഀ
10-05 20:12:26.760 3774 3997 D ConnectivityService: sending notification CAP_CHANGED for NetworkRequest [ LISTEN id=28, [ Capabilities: INTERNET&NOT_RESTRICTED&TRUSTED] ] ਍㄀ ⴀ 㔀 ㈀ 㨀㄀㈀㨀㈀㘀⸀㜀㘀   ㌀㜀㜀㐀  ㌀㤀㤀㜀 䐀 䌀漀渀渀攀挀琀椀瘀椀琀礀匀攀爀瘀椀挀攀㨀  猀攀渀搀椀渀最 渀漀琀椀昀椀挀愀琀椀漀渀 昀漀爀 一攀琀眀漀爀欀刀攀焀甀攀猀琀 嬀 䰀䤀匀吀䔀一 椀搀㴀㐀㤀Ⰰ 嬀 吀爀愀渀猀瀀漀爀琀猀㨀 圀䤀䘀䤀 䌀愀瀀愀戀椀氀椀琀椀攀猀㨀 䤀一吀䔀刀一䔀吀☀一伀吀开刀䔀匀吀刀䤀䌀吀䔀䐀☀吀刀唀匀吀䔀䐀☀一伀吀开嘀倀一崀 崀ഀഀ
10-05 20:12:26.760 3774 3997 D ConnectivityService: sending notification CAP_CHANGED for NetworkRequest [ LISTEN id=49, [ Transports: WIFI Capabilities: INTERNET&NOT_RESTRICTED&TRUSTED&NOT_VPN] ] ਍㄀ ⴀ 㔀 ㈀ 㨀㄀㈀㨀㈀㘀⸀㜀㘀   ㌀㜀㜀㐀  ㌀㤀㤀㜀 䐀 䌀漀渀渀攀挀琀椀瘀椀琀礀匀攀爀瘀椀挀攀㨀  猀攀渀搀椀渀最 渀漀琀椀昀椀挀愀琀椀漀渀 昀漀爀 一攀琀眀漀爀欀刀攀焀甀攀猀琀 嬀 䰀䤀匀吀䔀一 椀搀㴀㜀㤀Ⰰ 嬀 䌀愀瀀愀戀椀氀椀琀椀攀猀㨀 䤀一吀䔀刀一䔀吀☀一伀吀开刀䔀匀吀刀䤀䌀吀䔀䐀☀吀刀唀匀吀䔀䐀崀 崀ഀഀ
10-05 20:12:26.760 3774 3997 D ConnectivityService: sending notification CAP_CHANGED for NetworkRequest [ LISTEN id=79, [ Capabilities: INTERNET&NOT_RESTRICTED&TRUSTED] ] ਍㄀ ⴀ 㔀 ㈀ 㨀㄀㈀㨀㈀㘀⸀㜀㘀   ㌀㜀㜀㐀  ㌀㤀㤀  䐀 䌀漀渀渀攀挀琀椀瘀椀琀礀匀攀爀瘀椀挀攀㨀 昀椀氀琀攀爀一攀琀眀漀爀欀匀琀愀琀攀䘀漀爀唀椀搀⠀⤀ 甀椀搀㨀 ㄀  㤀㔀 渀攀琀眀漀爀欀䤀渀昀漀㨀 嬀琀礀瀀攀㨀 圀䤀䘀䤀嬀崀 ⴀ 圀䤀䘀䤀Ⰰ 猀琀愀琀攀㨀 䌀伀一一䔀䌀吀䔀䐀⼀䌀伀一一䔀䌀吀䔀䐀Ⰰ 爀攀愀猀漀渀㨀 ⠀甀渀猀瀀攀挀椀昀椀攀搀⤀Ⰰ 攀砀琀爀愀㨀 ∀䘀刀䤀吀娀℀䈀漀砀 䘀漀渀 圀䰀䄀一 㜀㌀㤀  ㈀Ⰰ㐀∀Ⰰ 昀愀椀氀漀瘀攀爀㨀 昀愀氀猀攀Ⰰ 愀瘀愀椀氀愀戀氀攀㨀 琀爀甀攀Ⰰ 爀漀愀洀椀渀最㨀 昀愀氀猀攀Ⰰ 洀攀琀攀爀攀搀㨀 昀愀氀猀攀崀ഀഀ
10-05 20:12:26.761 3774 3990 D ConnectivityService: filterNetworkStateForUid() uid: 10235 networkInfo: [type: WIFI[] - WIFI, state: CONNECTED/CONNECTED, reason: (unspecified), extra: "FRITZ!Box Fon WLAN 7390 2,4", failover: false, available: true, roaming: false, metered: false] ਍㄀ ⴀ 㔀 ㈀ 㨀㄀㈀㨀㈀㘀⸀㜀㘀㄀  ㌀㜀㜀㐀  ㌀㤀㤀  䐀 䌀漀渀渀攀挀琀椀瘀椀琀礀匀攀爀瘀椀挀攀㨀 昀椀氀琀攀爀一攀琀眀漀爀欀匀琀愀琀攀䘀漀爀唀椀搀⠀⤀ 甀椀搀㨀 ㄀  㤀㔀 渀攀琀眀漀爀欀䤀渀昀漀㨀 嬀琀礀瀀攀㨀 圀䤀䘀䤀嬀崀 ⴀ 圀䤀䘀䤀Ⰰ 猀琀愀琀攀㨀 䌀伀一一䔀䌀吀䔀䐀⼀䌀伀一一䔀䌀吀䔀䐀Ⰰ 爀攀愀猀漀渀㨀 ⠀甀渀猀瀀攀挀椀昀椀攀搀⤀Ⰰ 攀砀琀爀愀㨀 ∀䘀刀䤀吀娀℀䈀漀砀 䘀漀渀 圀䰀䄀一 㜀㌀㤀  ㈀Ⰰ㐀∀Ⰰ 昀愀椀氀漀瘀攀爀㨀 昀愀氀猀攀Ⰰ 愀瘀愀椀氀愀戀氀攀㨀 琀爀甀攀Ⰰ 爀漀愀洀椀渀最㨀 昀愀氀猀攀Ⰰ 洀攀琀攀爀攀搀㨀 昀愀氀猀攀崀ഀഀ
10-05 20:12:26.761 3774 3990 I chatty : uid=1000(system) ConnectivityThr identical 1 line ਍㄀ ⴀ 㔀 ㈀ 㨀㄀㈀㨀㈀㘀⸀㜀㘀㄀  ㌀㜀㜀㐀  ㌀㤀㤀  䐀 䌀漀渀渀攀挀琀椀瘀椀琀礀匀攀爀瘀椀挀攀㨀 昀椀氀琀攀爀一攀琀眀漀爀欀匀琀愀琀攀䘀漀爀唀椀搀⠀⤀ 甀椀搀㨀 ㄀  㤀㔀 渀攀琀眀漀爀欀䤀渀昀漀㨀 嬀琀礀瀀攀㨀 圀䤀䘀䤀嬀崀 ⴀ 圀䤀䘀䤀Ⰰ 猀琀愀琀攀㨀 䌀伀一一䔀䌀吀䔀䐀⼀䌀伀一一䔀䌀吀䔀䐀Ⰰ 爀攀愀猀漀渀㨀 ⠀甀渀猀瀀攀挀椀昀椀攀搀⤀Ⰰ 攀砀琀爀愀㨀 ∀䘀刀䤀吀娀℀䈀漀砀 䘀漀渀 圀䰀䄀一 㜀㌀㤀  ㈀Ⰰ㐀∀Ⰰ 昀愀椀氀漀瘀攀爀㨀 昀愀氀猀攀Ⰰ 愀瘀愀椀氀愀戀氀攀㨀 琀爀甀攀Ⰰ 爀漀愀洀椀渀最㨀 昀愀氀猀攀Ⰰ 洀攀琀攀爀攀搀㨀 昀愀氀猀攀崀ഀഀ
10-05 20:12:26.761 3774 3990 D ConnectivityService: filterNetworkStateForUid() uid: 10190 networkInfo: [type: WIFI[] - WIFI, state: CONNECTED/CONNECTED, reason: (unspecified), extra: "FRITZ!Box Fon WLAN 7390 2,4", failover: false, available: true, roaming: false, metered: false] ਍㄀ ⴀ 㔀 ㈀ 㨀㄀㈀㨀㈀㘀⸀㜀㘀㄀  ㌀㜀㜀㐀  ㌀㤀㤀  䐀 䌀漀渀渀攀挀琀椀瘀椀琀礀匀攀爀瘀椀挀攀㨀 昀椀氀琀攀爀一攀琀眀漀爀欀匀琀愀琀攀䘀漀爀唀椀搀⠀⤀ 甀椀搀㨀 ㄀ ㄀㌀㔀 渀攀琀眀漀爀欀䤀渀昀漀㨀 嬀琀礀瀀攀㨀 圀䤀䘀䤀嬀崀 ⴀ 圀䤀䘀䤀Ⰰ 猀琀愀琀攀㨀 䌀伀一一䔀䌀吀䔀䐀⼀䌀伀一一䔀䌀吀䔀䐀Ⰰ 爀攀愀猀漀渀㨀 ⠀甀渀猀瀀攀挀椀昀椀攀搀⤀Ⰰ 攀砀琀爀愀㨀 ∀䘀刀䤀吀娀℀䈀漀砀 䘀漀渀 圀䰀䄀一 㜀㌀㤀  ㈀Ⰰ㐀∀Ⰰ 昀愀椀氀漀瘀攀爀㨀 昀愀氀猀攀Ⰰ 愀瘀愀椀氀愀戀氀攀㨀 琀爀甀攀Ⰰ 爀漀愀洀椀渀最㨀 昀愀氀猀攀Ⰰ 洀攀琀攀爀攀搀㨀 昀愀氀猀攀崀ഀഀ
10-05 20:12:26.761 3774 3990 D ConnectivityService: filterNetworkStateForUid() uid: 5009 networkInfo: [type: WIFI[] - WIFI, state: CONNECTED/CONNECTED, reason: (unspecified), extra: "FRITZ!Box Fon WLAN 7390 2,4", failover: false, available: true, roaming: false, metered: false] ਍㄀ ⴀ 㔀 ㈀ 㨀㄀㈀㨀㈀㘀⸀㜀㘀㄀  ㌀㜀㜀㐀  ㌀㤀㤀  䐀 䌀漀渀渀攀挀琀椀瘀椀琀礀匀攀爀瘀椀挀攀㨀 昀椀氀琀攀爀一攀琀眀漀爀欀匀琀愀琀攀䘀漀爀唀椀搀⠀⤀ 甀椀搀㨀 ㄀ ㄀㐀㜀 渀攀琀眀漀爀欀䤀渀昀漀㨀 嬀琀礀瀀攀㨀 圀䤀䘀䤀嬀崀 ⴀ 圀䤀䘀䤀Ⰰ 猀琀愀琀攀㨀 䌀伀一一䔀䌀吀䔀䐀⼀䌀伀一一䔀䌀吀䔀䐀Ⰰ 爀攀愀猀漀渀㨀 ⠀甀渀猀瀀攀挀椀昀椀攀搀⤀Ⰰ 攀砀琀爀愀㨀 ∀䘀刀䤀吀娀℀䈀漀砀 䘀漀渀 圀䰀䄀一 㜀㌀㤀  ㈀Ⰰ㐀∀Ⰰ 昀愀椀氀漀瘀攀爀㨀 昀愀氀猀攀Ⰰ 愀瘀愀椀氀愀戀氀攀㨀 琀爀甀攀Ⰰ 爀漀愀洀椀渀最㨀 昀愀氀猀攀Ⰰ 洀攀琀攀爀攀搀㨀 昀愀氀猀攀崀ഀഀ
10-05 20:12:26.761 3774 3990 D ConnectivityService: filterNetworkStateForUid() uid: 10028 networkInfo: [type: WIFI[] - WIFI, state: CONNECTED/CONNECTED, reason: (unspecified), extra: "FRITZ!Box Fon WLAN 7390 2,4", failover: false, available: true, roaming: false, metered: false] ਍㄀ ⴀ 㔀 ㈀ 㨀㄀㈀㨀㈀㘀⸀㜀㘀㄀  ㌀㜀㜀㐀  ㌀㤀㤀  䐀 䌀漀渀渀攀挀琀椀瘀椀琀礀匀攀爀瘀椀挀攀㨀 昀椀氀琀攀爀一攀琀眀漀爀欀匀琀愀琀攀䘀漀爀唀椀搀⠀⤀ 甀椀搀㨀 ㄀  㘀㔀 渀攀琀眀漀爀欀䤀渀昀漀㨀 嬀琀礀瀀攀㨀 圀䤀䘀䤀嬀崀 ⴀ 圀䤀䘀䤀Ⰰ 猀琀愀琀攀㨀 䌀伀一一䔀䌀吀䔀䐀⼀䌀伀一一䔀䌀吀䔀䐀Ⰰ 爀攀愀猀漀渀㨀 ⠀甀渀猀瀀攀挀椀昀椀攀搀⤀Ⰰ 攀砀琀爀愀㨀 ∀䘀刀䤀吀娀℀䈀漀砀 䘀漀渀 圀䰀䄀一 㜀㌀㤀  ㈀Ⰰ㐀∀Ⰰ 昀愀椀氀漀瘀攀爀㨀 昀愀氀猀攀Ⰰ 愀瘀愀椀氀愀戀氀攀㨀 琀爀甀攀Ⰰ 爀漀愀洀椀渀最㨀 昀愀氀猀攀Ⰰ 洀攀琀攀爀攀搀㨀 昀愀氀猀攀崀ഀഀ
10-05 20:12:26.761 3774 3990 D ConnectivityService: filterNetworkStateForUid() uid: 10095 networkInfo: [type: WIFI[] - WIFI, state: CONNECTED/CONNECTED, reason: (unspecified), extra: "FRITZ!Box Fon WLAN 7390 2,4", failover: false, available: true, roaming: false, metered: false] ਍㄀ ⴀ 㔀 ㈀ 㨀㄀㈀㨀㈀㘀⸀㜀㘀㄀  ㌀㜀㜀㐀  ㌀㤀㤀  䐀 䌀漀渀渀攀挀琀椀瘀椀琀礀匀攀爀瘀椀挀攀㨀 昀椀氀琀攀爀一攀琀眀漀爀欀匀琀愀琀攀䘀漀爀唀椀搀⠀⤀ 甀椀搀㨀 ㄀ ㄀㤀㈀ 渀攀琀眀漀爀欀䤀渀昀漀㨀 嬀琀礀瀀攀㨀 圀䤀䘀䤀嬀崀 ⴀ 圀䤀䘀䤀Ⰰ 猀琀愀琀攀㨀 䐀䤀匀䌀伀一一䔀䌀吀䔀䐀⼀䈀䰀伀䌀䬀䔀䐀Ⰰ 爀攀愀猀漀渀㨀 ⠀甀渀猀瀀攀挀椀昀椀攀搀⤀Ⰰ 攀砀琀爀愀㨀 ⠀渀漀渀攀⤀Ⰰ 昀愀椀氀漀瘀攀爀㨀 昀愀氀猀攀Ⰰ 愀瘀愀椀氀愀戀氀攀㨀 琀爀甀攀Ⰰ 爀漀愀洀椀渀最㨀 昀愀氀猀攀Ⰰ 洀攀琀攀爀攀搀㨀 昀愀氀猀攀崀ഀഀ
10-05 20:12:26.761 3774 3990 D ConnectivityService: filterNetworkStateForUid() uid: 10050 networkInfo: [type: WIFI[] - WIFI, state: CONNECTED/CONNECTED, reason: (unspecified), extra: "FRITZ!Box Fon WLAN 7390 2,4", failover: false, available: true, roaming: false, metered: false] ਍㄀ ⴀ 㔀 ㈀ 㨀㄀㈀㨀㈀㘀⸀㜀㘀㄀  ㌀㜀㜀㐀  㐀㈀㜀㔀 䐀 䌀漀渀渀攀挀琀椀瘀椀琀礀匀攀爀瘀椀挀攀㨀 昀椀氀琀攀爀一攀琀眀漀爀欀匀琀愀琀攀䘀漀爀唀椀搀⠀⤀ 甀椀搀㨀 ㄀  㔀  渀攀琀眀漀爀欀䤀渀昀漀㨀 嬀琀礀瀀攀㨀 圀䤀䘀䤀嬀崀 ⴀ 圀䤀䘀䤀Ⰰ 猀琀愀琀攀㨀 䌀伀一一䔀䌀吀䔀䐀⼀䌀伀一一䔀䌀吀䔀䐀Ⰰ 爀攀愀猀漀渀㨀 ⠀甀渀猀瀀攀挀椀昀椀攀搀⤀Ⰰ 攀砀琀爀愀㨀 ∀䘀刀䤀吀娀℀䈀漀砀 䘀漀渀 圀䰀䄀一 㜀㌀㤀  ㈀Ⰰ㐀∀Ⰰ 昀愀椀氀漀瘀攀爀㨀 昀愀氀猀攀Ⰰ 愀瘀愀椀氀愀戀氀攀㨀 琀爀甀攀Ⰰ 爀漀愀洀椀渀最㨀 昀愀氀猀攀Ⰰ 洀攀琀攀爀攀搀㨀 昀愀氀猀攀崀ഀഀ
10-05 20:12:26.762 3774 3990 D ConnectivityService: filterNetworkStateForUid() uid: 10045 networkInfo: [type: WIFI[] - WIFI, state: CONNECTED/CONNECTED, reason: (unspecified), extra: "FRITZ!Box Fon WLAN 7390 2,4", failover: false, available: true, roaming: false, metered: false] ਍㄀ ⴀ 㔀 ㈀ 㨀㄀㈀㨀㈀㘀⸀㜀㘀㈀  ㌀㜀㜀㐀  ㌀㤀㤀  䐀 䌀漀渀渀攀挀琀椀瘀椀琀礀匀攀爀瘀椀挀攀㨀 昀椀氀琀攀爀一攀琀眀漀爀欀匀琀愀琀攀䘀漀爀唀椀搀⠀⤀ 甀椀搀㨀 ㄀    渀攀琀眀漀爀欀䤀渀昀漀㨀 嬀琀礀瀀攀㨀 圀䤀䘀䤀嬀崀 ⴀ 圀䤀䘀䤀Ⰰ 猀琀愀琀攀㨀 䌀伀一一䔀䌀吀䔀䐀⼀䌀伀一一䔀䌀吀䔀䐀Ⰰ 爀攀愀猀漀渀㨀 ⠀甀渀猀瀀攀挀椀昀椀攀搀⤀Ⰰ 攀砀琀爀愀㨀 ∀䘀刀䤀吀娀℀䈀漀砀 䘀漀渀 圀䰀䄀一 㜀㌀㤀  ㈀Ⰰ㐀∀Ⰰ 昀愀椀氀漀瘀攀爀㨀 昀愀氀猀攀Ⰰ 愀瘀愀椀氀愀戀氀攀㨀 琀爀甀攀Ⰰ 爀漀愀洀椀渀最㨀 昀愀氀猀攀Ⰰ 洀攀琀攀爀攀搀㨀 昀愀氀猀攀崀ഀഀ
10-05 20:12:26.762 3774 3990 D ConnectivityService: filterNetworkStateForUid() uid: 10093 networkInfo: [type: WIFI[] - WIFI, state: CONNECTED/CONNECTED, reason: (unspecified), extra: "FRITZ!Box Fon WLAN 7390 2,4", failover: false, available: true, roaming: false, metered: false] ਍㄀ ⴀ 㔀 ㈀ 㨀㄀㈀㨀㈀㘀⸀㜀㘀㈀  ㌀㜀㜀㐀  ㌀㤀㤀  䐀 䌀漀渀渀攀挀琀椀瘀椀琀礀匀攀爀瘀椀挀攀㨀 昀椀氀琀攀爀一攀琀眀漀爀欀匀琀愀琀攀䘀漀爀唀椀搀⠀⤀ 甀椀搀㨀 ㄀ ㄀㔀㐀 渀攀琀眀漀爀欀䤀渀昀漀㨀 嬀琀礀瀀攀㨀 圀䤀䘀䤀嬀崀 ⴀ 圀䤀䘀䤀Ⰰ 猀琀愀琀攀㨀 䌀伀一一䔀䌀吀䔀䐀⼀䌀伀一一䔀䌀吀䔀䐀Ⰰ 爀攀愀猀漀渀㨀 ⠀甀渀猀瀀攀挀椀昀椀攀搀⤀Ⰰ 攀砀琀爀愀㨀 ∀䘀刀䤀吀娀℀䈀漀砀 䘀漀渀 圀䰀䄀一 㜀㌀㤀  ㈀Ⰰ㐀∀Ⰰ 昀愀椀氀漀瘀攀爀㨀 昀愀氀猀攀Ⰰ 愀瘀愀椀氀愀戀氀攀㨀 琀爀甀攀Ⰰ 爀漀愀洀椀渀最㨀 昀愀氀猀攀Ⰰ 洀攀琀攀爀攀搀㨀 昀愀氀猀攀崀ഀഀ
10-05 20:12:26.762 3774 3990 D ConnectivityService: filterNetworkStateForUid() uid: 10095 networkInfo: [type: WIFI[] - WIFI, state: CONNECTED/CONNECTED, reason: (unspecified), extra: "FRITZ!Box Fon WLAN 7390 2,4", failover: false, available: true, roaming: false, metered: false] ਍㄀ ⴀ 㔀 ㈀ 㨀㄀㈀㨀㈀㘀⸀㜀㘀㈀  ㌀㜀㜀㐀  ㌀㤀㤀  䐀 䌀漀渀渀攀挀琀椀瘀椀琀礀匀攀爀瘀椀挀攀㨀 昀椀氀琀攀爀一攀琀眀漀爀欀匀琀愀琀攀䘀漀爀唀椀搀⠀⤀ 甀椀搀㨀 ㄀  㤀㔀 渀攀琀眀漀爀欀䤀渀昀漀㨀 嬀琀礀瀀攀㨀 圀䤀䘀䤀嬀崀 ⴀ 圀䤀䘀䤀Ⰰ 猀琀愀琀攀㨀 䌀伀一一䔀䌀吀䔀䐀⼀䌀伀一一䔀䌀吀䔀䐀Ⰰ 爀攀愀猀漀渀㨀 ⠀甀渀猀瀀攀挀椀昀椀攀搀⤀Ⰰ 攀砀琀爀愀㨀 ∀䘀刀䤀吀娀℀䈀漀砀 䘀漀渀 圀䰀䄀一 㜀㌀㤀  ㈀Ⰰ㐀∀Ⰰ 昀愀椀氀漀瘀攀爀㨀 昀愀氀猀攀Ⰰ 愀瘀愀椀氀愀戀氀攀㨀 琀爀甀攀Ⰰ 爀漀愀洀椀渀最㨀 昀愀氀猀攀Ⰰ 洀攀琀攀爀攀搀㨀 昀愀氀猀攀崀ഀഀ
10-05 20:12:26.762 3774 3990 D ConnectivityService: filterNetworkStateForUid() uid: 10028 networkInfo: [type: WIFI[] - WIFI, state: CONNECTED/CONNECTED, reason: (unspecified), extra: "FRITZ!Box Fon WLAN 7390 2,4", failover: false, available: true, roaming: false, metered: false] ਍㄀ ⴀ 㔀 ㈀ 㨀㄀㈀㨀㈀㘀⸀㜀㘀㈀  ㌀㜀㜀㐀  ㌀㤀㤀  䐀 䌀漀渀渀攀挀琀椀瘀椀琀礀匀攀爀瘀椀挀攀㨀 昀椀氀琀攀爀一攀琀眀漀爀欀匀琀愀琀攀䘀漀爀唀椀搀⠀⤀ 甀椀搀㨀 ㄀  㤀㔀 渀攀琀眀漀爀欀䤀渀昀漀㨀 嬀琀礀瀀攀㨀 圀䤀䘀䤀嬀崀 ⴀ 圀䤀䘀䤀Ⰰ 猀琀愀琀攀㨀 䌀伀一一䔀䌀吀䔀䐀⼀䌀伀一一䔀䌀吀䔀䐀Ⰰ 爀攀愀猀漀渀㨀 ⠀甀渀猀瀀攀挀椀昀椀攀搀⤀Ⰰ 攀砀琀爀愀㨀 ∀䘀刀䤀吀娀℀䈀漀砀 䘀漀渀 圀䰀䄀一 㜀㌀㤀  ㈀Ⰰ㐀∀Ⰰ 昀愀椀氀漀瘀攀爀㨀 昀愀氀猀攀Ⰰ 愀瘀愀椀氀愀戀氀攀㨀 琀爀甀攀Ⰰ 爀漀愀洀椀渀最㨀 昀愀氀猀攀Ⰰ 洀攀琀攀爀攀搀㨀 昀愀氀猀攀崀ഀഀ
10-05 20:12:26.762 3774 3990 D ConnectivityService: filterNetworkStateForUid() uid: 10235 networkInfo: [type: WIFI[] - WIFI, state: CONNECTED/CONNECTED, reason: (unspecified), extra: "FRITZ!Box Fon WLAN 7390 2,4", failover: false, available: true, roaming: false, metered: false] ਍㄀ ⴀ 㔀 ㈀ 㨀㄀㈀㨀㈀㘀⸀㜀㘀㈀  ㌀㜀㜀㐀  ㌀㤀㤀  䐀 䌀漀渀渀攀挀琀椀瘀椀琀礀匀攀爀瘀椀挀攀㨀 昀椀氀琀攀爀一攀琀眀漀爀欀匀琀愀琀攀䘀漀爀唀椀搀⠀⤀ 甀椀搀㨀 ㄀ ㄀㤀㤀 渀攀琀眀漀爀欀䤀渀昀漀㨀 嬀琀礀瀀攀㨀 圀䤀䘀䤀嬀崀 ⴀ 圀䤀䘀䤀Ⰰ 猀琀愀琀攀㨀 䌀伀一一䔀䌀吀䔀䐀⼀䌀伀一一䔀䌀吀䔀䐀Ⰰ 爀攀愀猀漀渀㨀 ⠀甀渀猀瀀攀挀椀昀椀攀搀⤀Ⰰ 攀砀琀爀愀㨀 ∀䘀刀䤀吀娀℀䈀漀砀 䘀漀渀 圀䰀䄀一 㜀㌀㤀  ㈀Ⰰ㐀∀Ⰰ 昀愀椀氀漀瘀攀爀㨀 昀愀氀猀攀Ⰰ 愀瘀愀椀氀愀戀氀攀㨀 琀爀甀攀Ⰰ 爀漀愀洀椀渀最㨀 昀愀氀猀攀Ⰰ 洀攀琀攀爀攀搀㨀 昀愀氀猀攀崀ഀഀ
10-05 20:12:26.762 3774 3990 D ConnectivityService: filterNetworkStateForUid() uid: 10093 networkInfo: [type: WIFI[] - WIFI, state: CONNECTED/CONNECTED, reason: (unspecified), extra: "FRITZ!Box Fon WLAN 7390 2,4", failover: false, available: true, roaming: false, metered: false] ਍㄀ ⴀ 㔀 ㈀ 㨀㄀㈀㨀㈀㘀⸀㜀㘀㌀  ㌀㜀㜀㐀  ㌀㤀㤀  䐀 䌀漀渀渀攀挀琀椀瘀椀琀礀匀攀爀瘀椀挀攀㨀 昀椀氀琀攀爀一攀琀眀漀爀欀匀琀愀琀攀䘀漀爀唀椀搀⠀⤀ 甀椀搀㨀 ㄀  㤀㔀 渀攀琀眀漀爀欀䤀渀昀漀㨀 嬀琀礀瀀攀㨀 圀䤀䘀䤀嬀崀 ⴀ 圀䤀䘀䤀Ⰰ 猀琀愀琀攀㨀 䌀伀一一䔀䌀吀䔀䐀⼀䌀伀一一䔀䌀吀䔀䐀Ⰰ 爀攀愀猀漀渀㨀 ⠀甀渀猀瀀攀挀椀昀椀攀搀⤀Ⰰ 攀砀琀爀愀㨀 ∀䘀刀䤀吀娀℀䈀漀砀 䘀漀渀 圀䰀䄀一 㜀㌀㤀  ㈀Ⰰ㐀∀Ⰰ 昀愀椀氀漀瘀攀爀㨀 昀愀氀猀攀Ⰰ 愀瘀愀椀氀愀戀氀攀㨀 琀爀甀攀Ⰰ 爀漀愀洀椀渀最㨀 昀愀氀猀攀Ⰰ 洀攀琀攀爀攀搀㨀 昀愀氀猀攀崀ഀഀ
10-05 20:12:26.763 3774 3990 D ConnectivityService: filterNetworkStateForUid() uid: 10190 networkInfo: [type: WIFI[] - WIFI, state: CONNECTED/CONNECTED, reason: (unspecified), extra: "FRITZ!Box Fon WLAN 7390 2,4", failover: false, available: true, roaming: false, metered: false] ਍㄀ ⴀ 㔀 ㈀ 㨀㄀㈀㨀㈀㘀⸀㜀㘀㌀  ㌀㜀㜀㐀  㐀㘀㔀㘀 䐀 䌀漀渀渀攀挀琀椀瘀椀琀礀匀攀爀瘀椀挀攀㨀 昀椀氀琀攀爀一攀琀眀漀爀欀匀琀愀琀攀䘀漀爀唀椀搀⠀⤀ 甀椀搀㨀 ㄀  㤀㔀 渀攀琀眀漀爀欀䤀渀昀漀㨀 嬀琀礀瀀攀㨀 圀䤀䘀䤀嬀崀 ⴀ 圀䤀䘀䤀Ⰰ 猀琀愀琀攀㨀 䌀伀一一䔀䌀吀䔀䐀⼀䌀伀一一䔀䌀吀䔀䐀Ⰰ 爀攀愀猀漀渀㨀 ⠀甀渀猀瀀攀挀椀昀椀攀搀⤀Ⰰ 攀砀琀爀愀㨀 ∀䘀刀䤀吀娀℀䈀漀砀 䘀漀渀 圀䰀䄀一 㜀㌀㤀  ㈀Ⰰ㐀∀Ⰰ 昀愀椀氀漀瘀攀爀㨀 昀愀氀猀攀Ⰰ 愀瘀愀椀氀愀戀氀攀㨀 琀爀甀攀Ⰰ 爀漀愀洀椀渀最㨀 昀愀氀猀攀Ⰰ 洀攀琀攀爀攀搀㨀 昀愀氀猀攀崀ഀഀ
10-05 20:12:26.763 3774 3990 D ConnectivityService: filterNetworkStateForUid() uid: 10095 networkInfo: [type: WIFI[] - WIFI, state: CONNECTED/CONNECTED, reason: (unspecified), extra: "FRITZ!Box Fon WLAN 7390 2,4", failover: false, available: true, roaming: false, metered: false] ਍㄀ ⴀ 㔀 ㈀ 㨀㄀㈀㨀㈀㘀⸀㜀㘀㌀  ㌀㜀㜀㐀  ㌀㤀㤀  䐀 䌀漀渀渀攀挀琀椀瘀椀琀礀匀攀爀瘀椀挀攀㨀 昀椀氀琀攀爀一攀琀眀漀爀欀匀琀愀琀攀䘀漀爀唀椀搀⠀⤀ 甀椀搀㨀 ㄀  㤀㔀 渀攀琀眀漀爀欀䤀渀昀漀㨀 嬀琀礀瀀攀㨀 圀䤀䘀䤀嬀崀 ⴀ 圀䤀䘀䤀Ⰰ 猀琀愀琀攀㨀 䌀伀一一䔀䌀吀䔀䐀⼀䌀伀一一䔀䌀吀䔀䐀Ⰰ 爀攀愀猀漀渀㨀 ⠀甀渀猀瀀攀挀椀昀椀攀搀⤀Ⰰ 攀砀琀爀愀㨀 ∀䘀刀䤀吀娀℀䈀漀砀 䘀漀渀 圀䰀䄀一 㜀㌀㤀  ㈀Ⰰ㐀∀Ⰰ 昀愀椀氀漀瘀攀爀㨀 昀愀氀猀攀Ⰰ 愀瘀愀椀氀愀戀氀攀㨀 琀爀甀攀Ⰰ 爀漀愀洀椀渀最㨀 昀愀氀猀攀Ⰰ 洀攀琀攀爀攀搀㨀 昀愀氀猀攀崀ഀഀ
10-05 20:12:26.764 3774 3990 D ConnectivityService: filterNetworkStateForUid() uid: 10171 networkInfo: [type: WIFI[] - WIFI, state: CONNECTED/CONNECTED, reason: (unspecified), extra: "FRITZ!Box Fon WLAN 7390 2,4", failover: false, available: true, roaming: false, metered: false] ਍㄀ ⴀ 㔀 ㈀ 㨀㄀㈀㨀㈀㘀⸀㜀㘀㐀  ㌀㜀㜀㐀  ㌀㤀㤀  䐀 䌀漀渀渀攀挀琀椀瘀椀琀礀匀攀爀瘀椀挀攀㨀 昀椀氀琀攀爀一攀琀眀漀爀欀匀琀愀琀攀䘀漀爀唀椀搀⠀⤀ 甀椀搀㨀 ㄀    渀攀琀眀漀爀欀䤀渀昀漀㨀 嬀琀礀瀀攀㨀 圀䤀䘀䤀嬀崀 ⴀ 圀䤀䘀䤀Ⰰ 猀琀愀琀攀㨀 䌀伀一一䔀䌀吀䔀䐀⼀䌀伀一一䔀䌀吀䔀䐀Ⰰ 爀攀愀猀漀渀㨀 ⠀甀渀猀瀀攀挀椀昀椀攀搀⤀Ⰰ 攀砀琀爀愀㨀 ∀䘀刀䤀吀娀℀䈀漀砀 䘀漀渀 圀䰀䄀一 㜀㌀㤀  ㈀Ⰰ㐀∀Ⰰ 昀愀椀氀漀瘀攀爀㨀 昀愀氀猀攀Ⰰ 愀瘀愀椀氀愀戀氀攀㨀 琀爀甀攀Ⰰ 爀漀愀洀椀渀最㨀 昀愀氀猀攀Ⰰ 洀攀琀攀爀攀搀㨀 昀愀氀猀攀崀ഀഀ
10-05 20:12:26.764 3774 3990 D ConnectivityService: filterNetworkStateForUid() uid: 10231 networkInfo: [type: WIFI[] - WIFI, state: CONNECTED/CONNECTED, reason: (unspecified), extra: "FRITZ!Box Fon WLAN 7390 2,4", failover: false, available: true, roaming: false, metered: false] ਍㄀ ⴀ 㔀 ㈀ 㨀㄀㈀㨀㈀㘀⸀㜀㘀㐀  ㌀㜀㜀㐀  ㌀㤀㤀  䐀 䌀漀渀渀攀挀琀椀瘀椀琀礀匀攀爀瘀椀挀攀㨀 昀椀氀琀攀爀一攀琀眀漀爀欀匀琀愀琀攀䘀漀爀唀椀搀⠀⤀ 甀椀搀㨀 ㄀  㤀㔀 渀攀琀眀漀爀欀䤀渀昀漀㨀 嬀琀礀瀀攀㨀 圀䤀䘀䤀嬀崀 ⴀ 圀䤀䘀䤀Ⰰ 猀琀愀琀攀㨀 䌀伀一一䔀䌀吀䔀䐀⼀䌀伀一一䔀䌀吀䔀䐀Ⰰ 爀攀愀猀漀渀㨀 ⠀甀渀猀瀀攀挀椀昀椀攀搀⤀Ⰰ 攀砀琀爀愀㨀 ∀䘀刀䤀吀娀℀䈀漀砀 䘀漀渀 圀䰀䄀一 㜀㌀㤀  ㈀Ⰰ㐀∀Ⰰ 昀愀椀氀漀瘀攀爀㨀 昀愀氀猀攀Ⰰ 愀瘀愀椀氀愀戀氀攀㨀 琀爀甀攀Ⰰ 爀漀愀洀椀渀最㨀 昀愀氀猀攀Ⰰ 洀攀琀攀爀攀搀㨀 昀愀氀猀攀崀ഀഀ
10-05 20:12:26.764 3774 3990 D ConnectivityService: filterNetworkStateForUid() uid: 10028 networkInfo: [type: WIFI[] - WIFI, state: CONNECTED/CONNECTED, reason: (unspecified), extra: "FRITZ!Box Fon WLAN 7390 2,4", failover: false, available: true, roaming: false, metered: false] ਍㄀ ⴀ 㔀 ㈀ 㨀㄀㈀㨀㈀㘀⸀㜀㘀㐀  ㌀㜀㜀㐀  ㌀㤀㤀  䐀 䌀漀渀渀攀挀琀椀瘀椀琀礀匀攀爀瘀椀挀攀㨀 昀椀氀琀攀爀一攀琀眀漀爀欀匀琀愀琀攀䘀漀爀唀椀搀⠀⤀ 甀椀搀㨀 ㄀ ㄀㌀㔀 渀攀琀眀漀爀欀䤀渀昀漀㨀 嬀琀礀瀀攀㨀 圀䤀䘀䤀嬀崀 ⴀ 圀䤀䘀䤀Ⰰ 猀琀愀琀攀㨀 䌀伀一一䔀䌀吀䔀䐀⼀䌀伀一一䔀䌀吀䔀䐀Ⰰ 爀攀愀猀漀渀㨀 ⠀甀渀猀瀀攀挀椀昀椀攀搀⤀Ⰰ 攀砀琀爀愀㨀 ∀䘀刀䤀吀娀℀䈀漀砀 䘀漀渀 圀䰀䄀一 㜀㌀㤀  ㈀Ⰰ㐀∀Ⰰ 昀愀椀氀漀瘀攀爀㨀 昀愀氀猀攀Ⰰ 愀瘀愀椀氀愀戀氀攀㨀 琀爀甀攀Ⰰ 爀漀愀洀椀渀最㨀 昀愀氀猀攀Ⰰ 洀攀琀攀爀攀搀㨀 昀愀氀猀攀崀ഀഀ
10-05 20:12:26.764 3774 3990 D ConnectivityService: filterNetworkStateForUid() uid: 10028 networkInfo: [type: WIFI[] - WIFI, state: CONNECTED/CONNECTED, reason: (unspecified), extra: "FRITZ!Box Fon WLAN 7390 2,4", failover: false, available: true, roaming: false, metered: false] ਍㄀ ⴀ 㔀 ㈀ 㨀㄀㈀㨀㈀㘀⸀㜀㘀㐀  ㌀㜀㜀㐀  ㌀㤀㤀  䐀 䌀漀渀渀攀挀琀椀瘀椀琀礀匀攀爀瘀椀挀攀㨀 昀椀氀琀攀爀一攀琀眀漀爀欀匀琀愀琀攀䘀漀爀唀椀搀⠀⤀ 甀椀搀㨀 ㄀  㐀㔀 渀攀琀眀漀爀欀䤀渀昀漀㨀 嬀琀礀瀀攀㨀 圀䤀䘀䤀嬀崀 ⴀ 圀䤀䘀䤀Ⰰ 猀琀愀琀攀㨀 䌀伀一一䔀䌀吀䔀䐀⼀䌀伀一一䔀䌀吀䔀䐀Ⰰ 爀攀愀猀漀渀㨀 ⠀甀渀猀瀀攀挀椀昀椀攀搀⤀Ⰰ 攀砀琀爀愀㨀 ∀䘀刀䤀吀娀℀䈀漀砀 䘀漀渀 圀䰀䄀一 㜀㌀㤀  ㈀Ⰰ㐀∀Ⰰ 昀愀椀氀漀瘀攀爀㨀 昀愀氀猀攀Ⰰ 愀瘀愀椀氀愀戀氀攀㨀 琀爀甀攀Ⰰ 爀漀愀洀椀渀最㨀 昀愀氀猀攀Ⰰ 洀攀琀攀爀攀搀㨀 昀愀氀猀攀崀ഀഀ
10-05 20:12:26.764 3774 3990 D ConnectivityService: filterNetworkStateForUid() uid: 10095 networkInfo: [type: WIFI[] - WIFI, state: CONNECTED/CONNECTED, reason: (unspecified), extra: "FRITZ!Box Fon WLAN 7390 2,4", failover: false, available: true, roaming: false, metered: false] ਍㄀ ⴀ 㔀 ㈀ 㨀㄀㈀㨀㈀㘀⸀㜀㘀㐀  ㌀㜀㜀㐀  ㌀㤀㤀  䐀 䌀漀渀渀攀挀琀椀瘀椀琀礀匀攀爀瘀椀挀攀㨀 昀椀氀琀攀爀一攀琀眀漀爀欀匀琀愀琀攀䘀漀爀唀椀搀⠀⤀ 甀椀搀㨀 ㄀  ㈀㠀 渀攀琀眀漀爀欀䤀渀昀漀㨀 嬀琀礀瀀攀㨀 圀䤀䘀䤀嬀崀 ⴀ 圀䤀䘀䤀Ⰰ 猀琀愀琀攀㨀 䌀伀一一䔀䌀吀䔀䐀⼀䌀伀一一䔀䌀吀䔀䐀Ⰰ 爀攀愀猀漀渀㨀 ⠀甀渀猀瀀攀挀椀昀椀攀搀⤀Ⰰ 攀砀琀爀愀㨀 ∀䘀刀䤀吀娀℀䈀漀砀 䘀漀渀 圀䰀䄀一 㜀㌀㤀  ㈀Ⰰ㐀∀Ⰰ 昀愀椀氀漀瘀攀爀㨀 昀愀氀猀攀Ⰰ 愀瘀愀椀氀愀戀氀攀㨀 琀爀甀攀Ⰰ 爀漀愀洀椀渀最㨀 昀愀氀猀攀Ⰰ 洀攀琀攀爀攀搀㨀 昀愀氀猀攀崀ഀഀ
10-05 20:12:26.764 3774 3990 D ConnectivityService: filterNetworkStateForUid() uid: 10217 networkInfo: [type: WIFI[] - WIFI, state: CONNECTED/CONNECTED, reason: (unspecified), extra: "FRITZ!Box Fon WLAN 7390 2,4", failover: false, available: true, roaming: false, metered: false] ਍㄀ ⴀ 㔀 ㈀ 㨀㄀㈀㨀㈀㘀⸀㜀㘀㐀  ㌀㜀㜀㐀  ㌀㤀㤀  䐀 䌀漀渀渀攀挀琀椀瘀椀琀礀匀攀爀瘀椀挀攀㨀 昀椀氀琀攀爀一攀琀眀漀爀欀匀琀愀琀攀䘀漀爀唀椀搀⠀⤀ 甀椀搀㨀 ㄀  ㈀㠀 渀攀琀眀漀爀欀䤀渀昀漀㨀 嬀琀礀瀀攀㨀 圀䤀䘀䤀嬀崀 ⴀ 圀䤀䘀䤀Ⰰ 猀琀愀琀攀㨀 䌀伀一一䔀䌀吀䔀䐀⼀䌀伀一一䔀䌀吀䔀䐀Ⰰ 爀攀愀猀漀渀㨀 ⠀甀渀猀瀀攀挀椀昀椀攀搀⤀Ⰰ 攀砀琀爀愀㨀 ∀䘀刀䤀吀娀℀䈀漀砀 䘀漀渀 圀䰀䄀一 㜀㌀㤀  ㈀Ⰰ㐀∀Ⰰ 昀愀椀氀漀瘀攀爀㨀 昀愀氀猀攀Ⰰ 愀瘀愀椀氀愀戀氀攀㨀 琀爀甀攀Ⰰ 爀漀愀洀椀渀最㨀 昀愀氀猀攀Ⰰ 洀攀琀攀爀攀搀㨀 昀愀氀猀攀崀ഀഀ
10-05 20:12:26.764 3774 3990 D ConnectivityService: filterNetworkStateForUid() uid: 10190 networkInfo: [type: WIFI[] - WIFI, state: CONNECTED/CONNECTED, reason: (unspecified), extra: "FRITZ!Box Fon WLAN 7390 2,4", failover: false, available: true, roaming: false, metered: false] ਍㄀ ⴀ 㔀 ㈀ 㨀㄀㈀㨀㈀㘀⸀㜀㘀㔀  ㌀㜀㜀㐀  ㌀㤀㤀  䐀 䌀漀渀渀攀挀琀椀瘀椀琀礀匀攀爀瘀椀挀攀㨀 昀椀氀琀攀爀一攀琀眀漀爀欀匀琀愀琀攀䘀漀爀唀椀搀⠀⤀ 甀椀搀㨀 ㄀    渀攀琀眀漀爀欀䤀渀昀漀㨀 嬀琀礀瀀攀㨀 圀䤀䘀䤀嬀崀 ⴀ 圀䤀䘀䤀Ⰰ 猀琀愀琀攀㨀 䌀伀一一䔀䌀吀䔀䐀⼀䌀伀一一䔀䌀吀䔀䐀Ⰰ 爀攀愀猀漀渀㨀 ⠀甀渀猀瀀攀挀椀昀椀攀搀⤀Ⰰ 攀砀琀爀愀㨀 ∀䘀刀䤀吀娀℀䈀漀砀 䘀漀渀 圀䰀䄀一 㜀㌀㤀  ㈀Ⰰ㐀∀Ⰰ 昀愀椀氀漀瘀攀爀㨀 昀愀氀猀攀Ⰰ 愀瘀愀椀氀愀戀氀攀㨀 琀爀甀攀Ⰰ 爀漀愀洀椀渀最㨀 昀愀氀猀攀Ⰰ 洀攀琀攀爀攀搀㨀 昀愀氀猀攀崀ഀഀ
10-05 20:12:26.765 3774 3990 D ConnectivityService: filterNetworkStateForUid() uid: 1001 networkInfo: [type: WIFI[] - WIFI, state: CONNECTED/CONNECTED, reason: (unspecified), extra: "FRITZ!Box Fon WLAN 7390 2,4", failover: false, available: true, roaming: false, metered: false] ਍㄀ ⴀ 㔀 ㈀ 㨀㄀㈀㨀㈀㘀⸀㜀㘀㔀  ㌀㜀㜀㐀  ㌀㤀㤀  䐀 䌀漀渀渀攀挀琀椀瘀椀琀礀匀攀爀瘀椀挀攀㨀 昀椀氀琀攀爀一攀琀眀漀爀欀匀琀愀琀攀䘀漀爀唀椀搀⠀⤀ 甀椀搀㨀 ㄀ ㄀㤀  渀攀琀眀漀爀欀䤀渀昀漀㨀 嬀琀礀瀀攀㨀 圀䤀䘀䤀嬀崀 ⴀ 圀䤀䘀䤀Ⰰ 猀琀愀琀攀㨀 䌀伀一一䔀䌀吀䔀䐀⼀䌀伀一一䔀䌀吀䔀䐀Ⰰ 爀攀愀猀漀渀㨀 ⠀甀渀猀瀀攀挀椀昀椀攀搀⤀Ⰰ 攀砀琀爀愀㨀 ∀䘀刀䤀吀娀℀䈀漀砀 䘀漀渀 圀䰀䄀一 㜀㌀㤀  ㈀Ⰰ㐀∀Ⰰ 昀愀椀氀漀瘀攀爀㨀 昀愀氀猀攀Ⰰ 愀瘀愀椀氀愀戀氀攀㨀 琀爀甀攀Ⰰ 爀漀愀洀椀渀最㨀 昀愀氀猀攀Ⰰ 洀攀琀攀爀攀搀㨀 昀愀氀猀攀崀ഀഀ
10-05 20:12:26.765 3774 3990 D ConnectivityService: filterNetworkStateForUid() uid: 10192 networkInfo: [type: WIFI[] - WIFI, state: DISCONNECTED/BLOCKED, reason: (unspecified), extra: (none), failover: false, available: true, roaming: false, metered: false] ਍㄀ ⴀ 㔀 ㈀ 㨀㄀㈀㨀㈀㘀⸀㜀㘀㔀  ㌀㜀㜀㐀  ㌀㤀㤀  䐀 䌀漀渀渀攀挀琀椀瘀椀琀礀匀攀爀瘀椀挀攀㨀 昀椀氀琀攀爀一攀琀眀漀爀欀匀琀愀琀攀䘀漀爀唀椀搀⠀⤀ 甀椀搀㨀 ㄀  㔀  渀攀琀眀漀爀欀䤀渀昀漀㨀 嬀琀礀瀀攀㨀 圀䤀䘀䤀嬀崀 ⴀ 圀䤀䘀䤀Ⰰ 猀琀愀琀攀㨀 䌀伀一一䔀䌀吀䔀䐀⼀䌀伀一一䔀䌀吀䔀䐀Ⰰ 爀攀愀猀漀渀㨀 ⠀甀渀猀瀀攀挀椀昀椀攀搀⤀Ⰰ 攀砀琀爀愀㨀 ∀䘀刀䤀吀娀℀䈀漀砀 䘀漀渀 圀䰀䄀一 㜀㌀㤀  ㈀Ⰰ㐀∀Ⰰ 昀愀椀氀漀瘀攀爀㨀 昀愀氀猀攀Ⰰ 愀瘀愀椀氀愀戀氀攀㨀 琀爀甀攀Ⰰ 爀漀愀洀椀渀最㨀 昀愀氀猀攀Ⰰ 洀攀琀攀爀攀搀㨀 昀愀氀猀攀崀ഀഀ
10-05 20:12:26.765 3774 3990 D ConnectivityService: filterNetworkStateForUid() uid: 10226 networkInfo: [type: WIFI[] - WIFI, state: CONNECTED/CONNECTED, reason: (unspecified), extra: "FRITZ!Box Fon WLAN 7390 2,4", failover: false, available: true, roaming: false, metered: false] ਍㄀ ⴀ 㔀 ㈀ 㨀㄀㈀㨀㈀㘀⸀㜀㘀㔀  ㌀㜀㜀㐀  ㌀㤀㤀  䐀 䌀漀渀渀攀挀琀椀瘀椀琀礀匀攀爀瘀椀挀攀㨀 昀椀氀琀攀爀一攀琀眀漀爀欀匀琀愀琀攀䘀漀爀唀椀搀⠀⤀ 甀椀搀㨀 ㄀ ㄀㈀㘀 渀攀琀眀漀爀欀䤀渀昀漀㨀 嬀琀礀瀀攀㨀 圀䤀䘀䤀嬀崀 ⴀ 圀䤀䘀䤀Ⰰ 猀琀愀琀攀㨀 䌀伀一一䔀䌀吀䔀䐀⼀䌀伀一一䔀䌀吀䔀䐀Ⰰ 爀攀愀猀漀渀㨀 ⠀甀渀猀瀀攀挀椀昀椀攀搀⤀Ⰰ 攀砀琀爀愀㨀 ∀䘀刀䤀吀娀℀䈀漀砀 䘀漀渀 圀䰀䄀一 㜀㌀㤀  ㈀Ⰰ㐀∀Ⰰ 昀愀椀氀漀瘀攀爀㨀 昀愀氀猀攀Ⰰ 愀瘀愀椀氀愀戀氀攀㨀 琀爀甀攀Ⰰ 爀漀愀洀椀渀最㨀 昀愀氀猀攀Ⰰ 洀攀琀攀爀攀搀㨀 昀愀氀猀攀崀ഀഀ
10-05 20:12:26.765 3774 3990 D ConnectivityService: filterNetworkStateForUid() uid: 1000 networkInfo: [type: WIFI[] - WIFI, state: CONNECTED/CONNECTED, reason: (unspecified), extra: "FRITZ!Box Fon WLAN 7390 2,4", failover: false, available: true, roaming: false, metered: false] ਍㄀ ⴀ 㔀 ㈀ 㨀㄀㈀㨀㈀㘀⸀㜀㜀㔀  㜀㈀㐀㌀  㜀㈀㐀㌀ 圀 儀琀 䄀㄀㄀夀 㨀 䄀挀挀攀猀猀椀戀椀氀椀琀礀一漀搀攀䤀渀昀漀 眀椀琀栀 攀洀瀀琀礀 挀漀渀琀攀渀琀䐀攀猀挀爀椀瀀琀椀漀渀㨀 ⴀ㈀㄀㐀㜀㐀㠀㌀㔀㘀㜀ഀഀ
10-05 20:12:28.490 7243 7243 I chatty : uid=11006(u0_a1006) identical 77 lines ਍㄀ ⴀ 㔀 ㈀ 㨀㄀㈀㨀㈀㠀⸀㔀㄀㄀  㜀㈀㐀㌀  㜀㈀㐀㌀ 圀 儀琀 䄀㄀㄀夀 㨀 䄀挀挀攀猀猀椀戀椀氀椀琀礀一漀搀攀䤀渀昀漀 眀椀琀栀 攀洀瀀琀礀 挀漀渀琀攀渀琀䐀攀猀挀爀椀瀀琀椀漀渀㨀 ⴀ㈀㄀㐀㜀㐀㠀㌀㔀㘀㜀ഀഀ
10-05 20:12:28.517 3424 3650 D DnsProxyListener: DNSDBG::dns addrinfo af 2 ਍㄀ ⴀ 㔀 ㈀ 㨀㄀㈀㨀㈀㠀⸀㔀㈀㈀  ㌀㈀㌀㜀  ㌀㈀㌀㜀 䤀 愀渀搀爀漀椀搀⸀栀愀爀搀眀愀爀攀⸀眀椀昀椀䀀㄀⸀ ⴀ猀攀爀瘀椀挀攀㨀 最攀琀䰀椀渀欀䰀愀礀攀爀匀琀愀琀猀ഀഀ
10-05 20:12:28.532 7243 7243 W Qt A11Y : AccessibilityNodeInfo with empty contentDescription: -2147483567 ਍㄀ ⴀ 㔀 ㈀ 㨀㄀㈀㨀㈀㤀⸀㄀㄀㈀  㜀㈀㐀㌀  㜀㈀㐀㌀ 䤀 挀栀愀琀琀礀  㨀 甀椀搀㴀㄀㄀  㘀⠀甀 开愀㄀  㘀⤀ 椀搀攀渀琀椀挀愀氀 ㈀㜀 氀椀渀攀猀ഀഀ
10-05 20:12:29.136 7243 7243 W Qt A11Y : AccessibilityNodeInfo with empty contentDescription: -2147483567 ਍㄀ ⴀ 㔀 ㈀ 㨀㄀㈀㨀㈀㤀⸀㄀㔀㜀  ㌀㐀㈀㐀  ㌀㘀㔀  䐀 䐀渀猀倀爀漀砀礀䰀椀猀琀攀渀攀爀㨀 䐀一匀䐀䈀䜀㨀㨀搀渀猀 愀搀搀爀椀渀昀漀 愀昀 ㈀ഀഀ
10-05 20:12:29.161 7243 7243 W Qt A11Y : AccessibilityNodeInfo with empty contentDescription: -2147483567 ਍㄀ ⴀ 㔀 ㈀ 㨀㄀㈀㨀㈀㤀⸀㄀㘀㌀  ㌀㐀㈀㐀  ㌀㘀㔀  䐀 䐀渀猀倀爀漀砀礀䰀椀猀琀攀渀攀爀㨀 䐀一匀䐀䈀䜀㨀㨀搀渀猀 愀搀搀爀椀渀昀漀 愀昀 ㈀ഀഀ
10-05 20:12:29.170 3424 3650 D DnsProxyListener: DNSDBG::dns addrinfo af 2 ਍㄀ ⴀ 㔀 ㈀ 㨀㄀㈀㨀㈀㤀⸀㄀㠀㐀  㜀㈀㐀㌀  㜀㈀㐀㌀ 圀 儀琀 䄀㄀㄀夀 㨀 䄀挀挀攀猀猀椀戀椀氀椀琀礀一漀搀攀䤀渀昀漀 眀椀琀栀 攀洀瀀琀礀 挀漀渀琀攀渀琀䐀攀猀挀爀椀瀀琀椀漀渀㨀 ⴀ㈀㄀㐀㜀㐀㠀㌀㔀㘀㜀ഀഀ
10-05 20:12:29.419 7243 7243 I chatty : uid=11006(u0_a1006) identical 12 lines ਍㄀ ⴀ 㔀 ㈀ 㨀㄀㈀㨀㈀㤀⸀㐀㐀㐀  㜀㈀㐀㌀  㜀㈀㐀㌀ 圀 儀琀 䄀㄀㄀夀 㨀 䄀挀挀攀猀猀椀戀椀氀椀琀礀一漀搀攀䤀渀昀漀 眀椀琀栀 攀洀瀀琀礀 挀漀渀琀攀渀琀䐀攀猀挀爀椀瀀琀椀漀渀㨀 ⴀ㈀㄀㐀㜀㐀㠀㌀㔀㘀㜀ഀഀ
10-05 20:12:29.449 3774 4656 D BatteryService: !@BatteryListener : batteryPropertiesChanged! ਍㄀ ⴀ 㔀 ㈀ 㨀㄀㈀㨀㈀㤀⸀㐀㔀   ㌀㜀㜀㐀  㐀㘀㔀㘀 䐀 䈀愀琀琀攀爀礀匀攀爀瘀椀挀攀㨀 氀攀瘀攀氀㨀㌀㌀Ⰰ 猀挀愀氀攀㨀㄀  Ⰰ 猀琀愀琀甀猀㨀㈀Ⰰ 栀攀愀氀琀栀㨀㈀Ⰰ 瀀爀攀猀攀渀琀㨀琀爀甀攀Ⰰ 瘀漀氀琀愀最攀㨀 ㌀㠀㔀㠀Ⰰ 琀攀洀瀀攀爀愀琀甀爀攀㨀 ㈀㤀 Ⰰ 琀攀挀栀渀漀氀漀最礀㨀 䰀椀ⴀ椀漀渀Ⰰ 䄀䌀 瀀漀眀攀爀攀搀㨀昀愀氀猀攀Ⰰ 唀匀䈀 瀀漀眀攀爀攀搀㨀琀爀甀攀Ⰰ 倀伀䜀伀 瀀漀眀攀爀攀搀㨀昀愀氀猀攀Ⰰ 圀椀爀攀氀攀猀猀 瀀漀眀攀爀攀搀㨀昀愀氀猀攀Ⰰ 椀挀漀渀㨀㄀㜀㌀ ㌀㠀㐀㄀Ⰰ 椀渀瘀愀氀椀搀 挀栀愀爀最攀爀㨀 Ⰰ 洀愀砀䌀栀愀爀最椀渀最䌀甀爀爀攀渀琀㨀 Ⰰ 洀愀砀䌀栀愀爀最椀渀最嘀漀氀琀愀最攀㨀 Ⰰ 挀栀愀爀最攀䌀漀甀渀琀攀爀㨀㤀㐀㐀   ഀഀ
10-05 20:12:29.450 3774 4656 D BatteryService: online:4, current avg:306, charge type:1, power sharing:false, high voltage charger:false, capacity:280000, batterySWSelfDischarging:false, misc_event:0, current_event:0, current_now:265 ਍㄀ ⴀ 㔀 ㈀ 㨀㄀㈀㨀㈀㤀⸀㐀㔀   ㌀㜀㜀㐀  ㌀㜀㜀㐀 䐀 䈀愀琀琀攀爀礀匀攀爀瘀椀挀攀㨀 匀攀渀搀椀渀最 䄀䌀吀䤀伀一开䈀䄀吀吀䔀刀夀开䌀䠀䄀一䜀䔀䐀⸀ഀഀ
10-05 20:12:29.452 3774 3774 I MotionRecognitionService: Plugged ਍㄀ ⴀ 㔀 ㈀ 㨀㄀㈀㨀㈀㤀⸀㐀㔀㈀  ㌀㜀㜀㐀  ㌀㜀㜀㐀 䐀 䴀漀琀椀漀渀刀攀挀漀最渀椀琀椀漀渀匀攀爀瘀椀挀攀㨀   洀䌀愀戀氀攀䌀漀渀渀攀挀琀椀漀渀㴀 ㄀ഀഀ
10-05 20:12:29.453 3774 3774 D MotionRecognitionService: setPowerConnected : mGripEnabled = false ਍㄀ ⴀ 㔀 ㈀ 㨀㄀㈀㨀㈀㤀⸀㐀㔀㌀  ㌀㜀㜀㐀  ㌀㜀㜀㐀 䐀 匀愀洀猀甀渀最倀栀漀渀攀圀椀渀搀漀眀䴀愀渀愀最攀爀㨀 䄀䌀吀䤀伀一开䈀䄀吀吀䔀刀夀开䌀䠀䄀一䜀䔀䐀 ⴀ 䰀攀瘀攀氀 㨀㨀 ㌀㌀Ⰰ 戀愀琀琀匀琀愀琀甀猀 㨀㨀 ㈀ഀഀ
10-05 20:12:29.456 4284 4284 D KeyguardUpdateMonitor: received broadcast android.intent.action.BATTERY_CHANGED ਍㄀ ⴀ 㔀 ㈀ 㨀㄀㈀㨀㈀㤀⸀㐀㔀㜀  㐀㈀㠀㐀  㐀㈀㠀㐀 䐀 䈀愀琀琀攀爀礀䌀漀渀琀爀漀氀氀攀爀㨀 漀渀刀攀挀攀椀瘀攀ⴀ䄀䌀吀䤀伀一开䈀䄀吀吀䔀刀夀开䌀䠀䄀一䜀䔀䐀 㨀 洀䰀攀瘀攀氀㴀㌀㌀Ⰰ 洀䈀愀琀琀攀爀礀匀琀愀琀甀猀㴀㈀ഀഀ
10-05 20:12:29.458 3774 3803 D UsbDeviceManager: handleMessage -> MSG_UPDATE_CHARGING_STATE = 1 ਍㄀ ⴀ 㔀 ㈀ 㨀㄀㈀㨀㈀㤀⸀㐀㘀㈀  㜀㈀㐀㌀  㜀㈀㐀㌀ 圀 儀琀 䄀㄀㄀夀 㨀 䄀挀挀攀猀猀椀戀椀氀椀琀礀一漀搀攀䤀渀昀漀 眀椀琀栀 攀洀瀀琀礀 挀漀渀琀攀渀琀䐀攀猀挀爀椀瀀琀椀漀渀㨀 ⴀ㈀㄀㐀㜀㐀㠀㌀㔀㘀㜀ഀഀ
10-05 20:12:29.465 4243 4243 V HeadsetService: Received Intent.ACTION_BATTERY_CHANGED ਍㄀ ⴀ 㔀 ㈀ 㨀㄀㈀㨀㈀㤀⸀㐀㘀㘀  㐀㈀㐀㌀  㐀㤀㈀㠀 䐀 䠀攀愀搀猀攀琀匀琀愀琀攀䴀愀挀栀椀渀攀㨀 䐀椀猀挀漀渀渀攀挀琀攀搀 瀀爀漀挀攀猀猀 洀攀猀猀愀最攀㨀 ㄀ Ⰰ 猀椀稀攀㨀  ഀഀ
10-05 20:12:29.469 4639 4804 D EPDG -- SIM0 [EpdgSubScription]: android.intent.action.BATTERY_CHANGED intent received. ਍㄀ ⴀ 㔀 ㈀ 㨀㄀㈀㨀㈀㤀⸀㐀㜀㈀  㐀㈀㠀㐀  㐀㈀㠀㐀 䐀 倀漀眀攀爀唀䤀 㨀 瀀爀椀漀爀倀氀甀最吀礀瀀攀 㴀 ㈀ 洀倀氀甀最吀礀瀀攀 㴀  ㈀ഀഀ
10-05 20:12:29.474 4284 4284 D PowerUI.Notification: showChargingNotice oldChargingType : 1 currentChargingType : 1 oldChargingTime : 14348000 mChargingTime : 14326000 ਍㄀ ⴀ 㔀 ㈀ 㨀㄀㈀㨀㈀㤀⸀㐀㜀㐀  㐀㈀㠀㐀  㐀㈀㠀㐀 䐀 倀漀眀攀爀唀䤀⸀一漀琀椀昀椀挀愀琀椀漀渀㨀 猀栀漀眀䌀栀愀爀最椀渀最一漀琀椀昀椀挀愀琀椀漀渀⠀⤀ഀഀ
10-05 20:12:29.478 3774 4275 D ApplicationPolicy: isStatusBarNotificationAllowedAsUser: packageName = com.android.systemui,userId = -1 ਍㄀ ⴀ 㔀 ㈀ 㨀㄀㈀㨀㈀㤀⸀㐀㜀㤀  ㌀㜀㜀㐀  㐀㈀㜀㔀 䐀 䄀倀䤀 琀攀猀琀㨀 最攀琀䌀漀渀琀愀椀渀攀爀䤀渀昀漀㨀 瘀愀氀甀攀 椀猀 ഀഀ
10-05 20:12:29.479 3774 4275 D ApplicationPolicy: isStatusBarNotificationAllowedAsUser: packageName = com.android.systemui,userId = 0 ਍㄀ ⴀ 㔀 ㈀ 㨀㄀㈀㨀㈀㤀⸀㐀㠀   ㌀㜀㜀㐀  㐀㈀㜀㔀 䐀 䄀倀䤀 琀攀猀琀㨀 最攀琀䌀漀渀琀愀椀渀攀爀䤀渀昀漀㨀 瘀愀氀甀攀 椀猀 ഀഀ
10-05 20:12:29.481 7243 7243 W Qt A11Y : AccessibilityNodeInfo with empty contentDescription: -2147483567 ਍㄀ ⴀ 㔀 ㈀ 㨀㄀㈀㨀㈀㤀⸀㐀㠀㌀  ㌀㜀㜀㐀  ㌀㜀㜀㐀 䐀 䔀搀最攀䰀椀最栀琀椀渀最䴀愀渀愀最攀爀㨀 椀猀䌀愀氀氀椀渀最唀猀攀爀匀甀瀀瀀漀爀琀攀搀 㨀 挀愀氀氀椀渀最唀猀攀爀䤀搀㴀ⴀ㄀Ⰰ 洀唀猀攀爀䤀搀㴀 Ⰰ 椀猀䐀甀愀氀䄀瀀瀀䤀搀㴀昀愀氀猀攀ഀഀ
10-05 20:12:29.500 7243 7243 W Qt A11Y : AccessibilityNodeInfo with empty contentDescription: -2147483567 ਍㄀ ⴀ 㔀 ㈀ 㨀㄀㈀㨀㈀㤀⸀㔀㄀㘀  㐀㈀㠀㐀  㐀㈀㠀㐀 䐀 䬀攀礀最甀愀爀搀唀瀀搀愀琀攀䴀漀渀椀琀漀爀㨀 栀愀渀搀氀攀匀琀愀琀甀猀䈀愀爀匀琀愀琀攀⠀ 昀愀氀猀攀 ⤀ഀഀ
10-05 20:12:29.522 7243 7243 W Qt A11Y : AccessibilityNodeInfo with empty contentDescription: -2147483567 ਍㄀ ⴀ 㔀 ㈀ 㨀㄀㈀㨀㈀㤀⸀㔀㐀㄀  㜀㈀㐀㌀  㜀㈀㐀㌀ 圀 儀琀 䄀㄀㄀夀 㨀 䄀挀挀攀猀猀椀戀椀氀椀琀礀一漀搀攀䤀渀昀漀 眀椀琀栀 攀洀瀀琀礀 挀漀渀琀攀渀琀䐀攀猀挀爀椀瀀琀椀漀渀㨀 ⴀ㈀㄀㐀㜀㐀㠀㌀㔀㘀㜀ഀഀ
10-05 20:12:29.559 4284 4284 D KeyguardUpdateMonitor: handleStatusBarState( false ) ਍㄀ ⴀ 㔀 ㈀ 㨀㄀㈀㨀㈀㤀⸀㔀㘀   㜀㈀㐀㌀  㜀㈀㐀㌀ 圀 儀琀 䄀㄀㄀夀 㨀 䄀挀挀攀猀猀椀戀椀氀椀琀礀一漀搀攀䤀渀昀漀 眀椀琀栀 攀洀瀀琀礀 挀漀渀琀攀渀琀䐀攀猀挀爀椀瀀琀椀漀渀㨀 ⴀ㈀㄀㐀㜀㐀㠀㌀㔀㘀㜀ഀഀ
10-05 20:12:29.571 4284 4284 D KeyguardUpdateMonitor: handleStatusBarState( false ) ਍㄀ ⴀ 㔀 ㈀ 㨀㄀㈀㨀㈀㤀⸀㔀㠀㈀  㜀㈀㐀㌀  㜀㈀㐀㌀ 圀 儀琀 䄀㄀㄀夀 㨀 䄀挀挀攀猀猀椀戀椀氀椀琀礀一漀搀攀䤀渀昀漀 眀椀琀栀 攀洀瀀琀礀 挀漀渀琀攀渀琀䐀攀猀挀爀椀瀀琀椀漀渀㨀 ⴀ㈀㄀㐀㜀㐀㠀㌀㔀㘀㜀ഀഀ
10-05 20:12:30.447 3774 7283 D GameManagerService: identifyGamePackage. com.siemens.winccoaui ਍㄀ ⴀ 㔀 ㈀ 㨀㄀㈀㨀㌀ ⸀㐀㐀㜀  ㌀㜀㜀㐀  㜀㈀㠀㌀ 䐀 䜀愀洀攀倀欀最䐀愀琀愀䠀攀氀瀀攀爀㨀 最攀琀䜀愀洀攀倀欀最䐀愀琀愀⠀⤀⸀ 挀漀洀⸀猀椀攀洀攀渀猀⸀眀椀渀挀挀漀愀甀椀ഀഀ
10-05 20:12:30.683 7243 7243 I chatty : uid=11006(u0_a1006) identical 51 lines ਍㄀ ⴀ 㔀 ㈀ 㨀㄀㈀㨀㌀ ⸀㜀 ㈀  㜀㈀㐀㌀  㜀㈀㐀㌀ 圀 儀琀 䄀㄀㄀夀 㨀 䄀挀挀攀猀猀椀戀椀氀椀琀礀一漀搀攀䤀渀昀漀 眀椀琀栀 攀洀瀀琀礀 挀漀渀琀攀渀琀䐀攀猀挀爀椀瀀琀椀漀渀㨀 ⴀ㈀㄀㐀㜀㐀㠀㌀㔀㘀㜀ഀഀ
10-05 20:12:30.716 7243 7274 I WinCC_OA: WCCOAui (57), 2018.10.05 20:12:30.702, SYS, INFO, 1, Manager Start, PROJ, WinCCOA_Demo, V 3.16 - not initialized ਍㄀ ⴀ 㔀 ㈀ 㨀㄀㈀㨀㌀ ⸀㜀㈀㈀  㜀㈀㐀㌀  㜀㈀㐀㌀ 圀 儀琀 䄀㄀㄀夀 㨀 䄀挀挀攀猀猀椀戀椀氀椀琀礀一漀搀攀䤀渀昀漀 眀椀琀栀 攀洀瀀琀礀 挀漀渀琀攀渀琀䐀攀猀挀爀椀瀀琀椀漀渀㨀 ⴀ㈀㄀㐀㜀㐀㠀㌀㔀㘀㜀ഀഀ
