10-05 20:12:41.085 7243 7243 W Qt A11Y : AccessibilityNodeInfo with empty contentDescription: -2147483564 ਍㄀ ⴀ 㔀 ㈀ 㨀㄀㈀㨀㐀㄀⸀ 㠀㘀  㜀㈀㐀㌀  㜀㈀㐀㌀ 圀 儀琀 䄀㄀㄀夀 㨀 䄀挀挀攀猀猀椀戀椀氀椀琀礀一漀搀攀䤀渀昀漀 眀椀琀栀 攀洀瀀琀礀 挀漀渀琀攀渀琀䐀攀猀挀爀椀瀀琀椀漀渀㨀 ⴀ㈀㄀㐀㜀㐀㠀㌀㔀㘀㔀ഀഀ
10-05 20:12:41.112 7243 7243 W Qt A11Y : AccessibilityNodeInfo with empty contentDescription: -2147483561 ਍㄀ ⴀ 㔀 ㈀ 㨀㄀㈀㨀㐀㄀⸀㄀㄀㌀  㜀㈀㐀㌀  㜀㈀㐀㌀ 圀 儀琀 䄀㄀㄀夀 㨀 䄀挀挀攀猀猀椀戀椀氀椀琀礀一漀搀攀䤀渀昀漀 眀椀琀栀 攀洀瀀琀礀 挀漀渀琀攀渀琀䐀攀猀挀爀椀瀀琀椀漀渀㨀 ⴀ㈀㄀㐀㜀㐀㠀㌀㔀㘀 ഀഀ
10-05 20:12:41.113 7243 7243 W Qt A11Y : AccessibilityNodeInfo with empty contentDescription: -2147483563 ਍㄀ ⴀ 㔀 ㈀ 㨀㄀㈀㨀㐀㄀⸀㄀㄀㐀  㜀㈀㐀㌀  㜀㈀㐀㌀ 圀 儀琀 䄀㄀㄀夀 㨀 䄀挀挀攀猀猀椀戀椀氀椀琀礀一漀搀攀䤀渀昀漀 眀椀琀栀 攀洀瀀琀礀 挀漀渀琀攀渀琀䐀攀猀挀爀椀瀀琀椀漀渀㨀 ⴀ㈀㄀㐀㜀㐀㠀㌀㔀㔀㤀ഀഀ
10-05 20:12:41.115 7243 7243 W Qt A11Y : AccessibilityNodeInfo with empty contentDescription: -2147483564 ਍㄀ ⴀ 㔀 ㈀ 㨀㄀㈀㨀㐀㄀⸀㄀㄀㘀  㜀㈀㐀㌀  㜀㈀㐀㌀ 圀 儀琀 䄀㄀㄀夀 㨀 䄀挀挀攀猀猀椀戀椀氀椀琀礀一漀搀攀䤀渀昀漀 眀椀琀栀 攀洀瀀琀礀 挀漀渀琀攀渀琀䐀攀猀挀爀椀瀀琀椀漀渀㨀 ⴀ㈀㄀㐀㜀㐀㠀㌀㔀㘀㔀ഀഀ
10-05 20:12:41.140 7243 7243 W Qt A11Y : AccessibilityNodeInfo with empty contentDescription: -2147483561 ਍㄀ ⴀ 㔀 ㈀ 㨀㄀㈀㨀㐀㄀⸀㄀㐀   㜀㈀㐀㌀  㜀㈀㐀㌀ 圀 儀琀 䄀㄀㄀夀 㨀 䄀挀挀攀猀猀椀戀椀氀椀琀礀一漀搀攀䤀渀昀漀 眀椀琀栀 攀洀瀀琀礀 挀漀渀琀攀渀琀䐀攀猀挀爀椀瀀琀椀漀渀㨀 ⴀ㈀㄀㐀㜀㐀㠀㌀㔀㘀 ഀഀ
10-05 20:12:41.141 7243 7243 W Qt A11Y : AccessibilityNodeInfo with empty contentDescription: -2147483563 ਍㄀ ⴀ 㔀 ㈀ 㨀㄀㈀㨀㐀㄀⸀㄀㐀㄀  㜀㈀㐀㌀  㜀㈀㐀㌀ 圀 儀琀 䄀㄀㄀夀 㨀 䄀挀挀攀猀猀椀戀椀氀椀琀礀一漀搀攀䤀渀昀漀 眀椀琀栀 攀洀瀀琀礀 挀漀渀琀攀渀琀䐀攀猀挀爀椀瀀琀椀漀渀㨀 ⴀ㈀㄀㐀㜀㐀㠀㌀㔀㔀㤀ഀഀ
10-05 20:12:41.141 7243 7243 W Qt A11Y : AccessibilityNodeInfo with empty contentDescription: -2147483564 ਍㄀ ⴀ 㔀 ㈀ 㨀㄀㈀㨀㐀㄀⸀㄀㐀㈀  㜀㈀㐀㌀  㜀㈀㐀㌀ 圀 儀琀 䄀㄀㄀夀 㨀 䄀挀挀攀猀猀椀戀椀氀椀琀礀一漀搀攀䤀渀昀漀 眀椀琀栀 攀洀瀀琀礀 挀漀渀琀攀渀琀䐀攀猀挀爀椀瀀琀椀漀渀㨀 ⴀ㈀㄀㐀㜀㐀㠀㌀㔀㘀㔀ഀഀ
10-05 20:12:41.162 7243 7243 W Qt A11Y : AccessibilityNodeInfo with empty contentDescription: -2147483561 ਍㄀ ⴀ 㔀 ㈀ 㨀㄀㈀㨀㐀㄀⸀㄀㘀㈀  㜀㈀㐀㌀  㜀㈀㐀㌀ 圀 儀琀 䄀㄀㄀夀 㨀 䄀挀挀攀猀猀椀戀椀氀椀琀礀一漀搀攀䤀渀昀漀 眀椀琀栀 攀洀瀀琀礀 挀漀渀琀攀渀琀䐀攀猀挀爀椀瀀琀椀漀渀㨀 ⴀ㈀㄀㐀㜀㐀㠀㌀㔀㘀 ഀഀ
10-05 20:12:41.163 7243 7243 W Qt A11Y : AccessibilityNodeInfo with empty contentDescription: -2147483563 ਍㄀ ⴀ 㔀 ㈀ 㨀㄀㈀㨀㐀㄀⸀㄀㘀㌀  㜀㈀㐀㌀  㜀㈀㐀㌀ 圀 儀琀 䄀㄀㄀夀 㨀 䄀挀挀攀猀猀椀戀椀氀椀琀礀一漀搀攀䤀渀昀漀 眀椀琀栀 攀洀瀀琀礀 挀漀渀琀攀渀琀䐀攀猀挀爀椀瀀琀椀漀渀㨀 ⴀ㈀㄀㐀㜀㐀㠀㌀㔀㔀㤀ഀഀ
10-05 20:12:41.163 7243 7243 W Qt A11Y : AccessibilityNodeInfo with empty contentDescription: -2147483564 ਍㄀ ⴀ 㔀 ㈀ 㨀㄀㈀㨀㐀㄀⸀㄀㘀㐀  㜀㈀㐀㌀  㜀㈀㐀㌀ 圀 儀琀 䄀㄀㄀夀 㨀 䄀挀挀攀猀猀椀戀椀氀椀琀礀一漀搀攀䤀渀昀漀 眀椀琀栀 攀洀瀀琀礀 挀漀渀琀攀渀琀䐀攀猀挀爀椀瀀琀椀漀渀㨀 ⴀ㈀㄀㐀㜀㐀㠀㌀㔀㘀㔀ഀഀ
10-05 20:12:41.184 7243 7243 W Qt A11Y : AccessibilityNodeInfo with empty contentDescription: -2147483561 ਍㄀ ⴀ 㔀 ㈀ 㨀㄀㈀㨀㐀㄀⸀㄀㠀㔀  㜀㈀㐀㌀  㜀㈀㐀㌀ 圀 儀琀 䄀㄀㄀夀 㨀 䄀挀挀攀猀猀椀戀椀氀椀琀礀一漀搀攀䤀渀昀漀 眀椀琀栀 攀洀瀀琀礀 挀漀渀琀攀渀琀䐀攀猀挀爀椀瀀琀椀漀渀㨀 ⴀ㈀㄀㐀㜀㐀㠀㌀㔀㘀 ഀഀ
10-05 20:12:41.185 7243 7243 W Qt A11Y : AccessibilityNodeInfo with empty contentDescription: -2147483563 ਍㄀ ⴀ 㔀 ㈀ 㨀㄀㈀㨀㐀㄀⸀㄀㠀㘀  㜀㈀㐀㌀  㜀㈀㐀㌀ 圀 儀琀 䄀㄀㄀夀 㨀 䄀挀挀攀猀猀椀戀椀氀椀琀礀一漀搀攀䤀渀昀漀 眀椀琀栀 攀洀瀀琀礀 挀漀渀琀攀渀琀䐀攀猀挀爀椀瀀琀椀漀渀㨀 ⴀ㈀㄀㐀㜀㐀㠀㌀㔀㔀㤀ഀഀ
10-05 20:12:41.186 7243 7243 W Qt A11Y : AccessibilityNodeInfo with empty contentDescription: -2147483564 ਍㄀ ⴀ 㔀 ㈀ 㨀㄀㈀㨀㐀㄀⸀㄀㠀㜀  㜀㈀㐀㌀  㜀㈀㐀㌀ 圀 儀琀 䄀㄀㄀夀 㨀 䄀挀挀攀猀猀椀戀椀氀椀琀礀一漀搀攀䤀渀昀漀 眀椀琀栀 攀洀瀀琀礀 挀漀渀琀攀渀琀䐀攀猀挀爀椀瀀琀椀漀渀㨀 ⴀ㈀㄀㐀㜀㐀㠀㌀㔀㘀㔀ഀഀ
10-05 20:12:41.208 7243 7243 W Qt A11Y : AccessibilityNodeInfo with empty contentDescription: -2147483561 ਍㄀ ⴀ 㔀 ㈀ 㨀㄀㈀㨀㐀㄀⸀㈀ 㠀  㜀㈀㐀㌀  㜀㈀㐀㌀ 圀 儀琀 䄀㄀㄀夀 㨀 䄀挀挀攀猀猀椀戀椀氀椀琀礀一漀搀攀䤀渀昀漀 眀椀琀栀 攀洀瀀琀礀 挀漀渀琀攀渀琀䐀攀猀挀爀椀瀀琀椀漀渀㨀 ⴀ㈀㄀㐀㜀㐀㠀㌀㔀㘀 ഀഀ
10-05 20:12:41.209 7243 7243 W Qt A11Y : AccessibilityNodeInfo with empty contentDescription: -2147483563 ਍㄀ ⴀ 㔀 ㈀ 㨀㄀㈀㨀㐀㄀⸀㈀ 㤀  㜀㈀㐀㌀  㜀㈀㐀㌀ 圀 儀琀 䄀㄀㄀夀 㨀 䄀挀挀攀猀猀椀戀椀氀椀琀礀一漀搀攀䤀渀昀漀 眀椀琀栀 攀洀瀀琀礀 挀漀渀琀攀渀琀䐀攀猀挀爀椀瀀琀椀漀渀㨀 ⴀ㈀㄀㐀㜀㐀㠀㌀㔀㔀㤀ഀഀ
10-05 20:12:41.209 7243 7243 W Qt A11Y : AccessibilityNodeInfo with empty contentDescription: -2147483564 ਍㄀ ⴀ 㔀 ㈀ 㨀㄀㈀㨀㐀㄀⸀㈀㄀   㜀㈀㐀㌀  㜀㈀㐀㌀ 圀 儀琀 䄀㄀㄀夀 㨀 䄀挀挀攀猀猀椀戀椀氀椀琀礀一漀搀攀䤀渀昀漀 眀椀琀栀 攀洀瀀琀礀 挀漀渀琀攀渀琀䐀攀猀挀爀椀瀀琀椀漀渀㨀 ⴀ㈀㄀㐀㜀㐀㠀㌀㔀㘀㔀ഀഀ
10-05 20:12:41.232 7243 7243 W Qt A11Y : AccessibilityNodeInfo with empty contentDescription: -2147483561 ਍㄀ ⴀ 㔀 ㈀ 㨀㄀㈀㨀㐀㄀⸀㈀㌀㈀  㜀㈀㐀㌀  㜀㈀㐀㌀ 圀 儀琀 䄀㄀㄀夀 㨀 䄀挀挀攀猀猀椀戀椀氀椀琀礀一漀搀攀䤀渀昀漀 眀椀琀栀 攀洀瀀琀礀 挀漀渀琀攀渀琀䐀攀猀挀爀椀瀀琀椀漀渀㨀 ⴀ㈀㄀㐀㜀㐀㠀㌀㔀㘀 ഀഀ
10-05 20:12:41.233 7243 7243 W Qt A11Y : AccessibilityNodeInfo with empty contentDescription: -2147483563 ਍㄀ ⴀ 㔀 ㈀ 㨀㄀㈀㨀㐀㄀⸀㈀㌀㐀  㜀㈀㐀㌀  㜀㈀㐀㌀ 圀 儀琀 䄀㄀㄀夀 㨀 䄀挀挀攀猀猀椀戀椀氀椀琀礀一漀搀攀䤀渀昀漀 眀椀琀栀 攀洀瀀琀礀 挀漀渀琀攀渀琀䐀攀猀挀爀椀瀀琀椀漀渀㨀 ⴀ㈀㄀㐀㜀㐀㠀㌀㔀㔀㤀ഀഀ
10-05 20:12:41.234 7243 7243 W Qt A11Y : AccessibilityNodeInfo with empty contentDescription: -2147483564 ਍㄀ ⴀ 㔀 ㈀ 㨀㄀㈀㨀㐀㄀⸀㈀㌀㔀  㜀㈀㐀㌀  㜀㈀㐀㌀ 圀 儀琀 䄀㄀㄀夀 㨀 䄀挀挀攀猀猀椀戀椀氀椀琀礀一漀搀攀䤀渀昀漀 眀椀琀栀 攀洀瀀琀礀 挀漀渀琀攀渀琀䐀攀猀挀爀椀瀀琀椀漀渀㨀 ⴀ㈀㄀㐀㜀㐀㠀㌀㔀㘀㔀ഀഀ
10-05 20:12:41.256 7243 7243 W Qt A11Y : AccessibilityNodeInfo with empty contentDescription: -2147483561 ਍㄀ ⴀ 㔀 ㈀ 㨀㄀㈀㨀㐀㄀⸀㈀㔀㜀  㜀㈀㐀㌀  㜀㈀㐀㌀ 圀 儀琀 䄀㄀㄀夀 㨀 䄀挀挀攀猀猀椀戀椀氀椀琀礀一漀搀攀䤀渀昀漀 眀椀琀栀 攀洀瀀琀礀 挀漀渀琀攀渀琀䐀攀猀挀爀椀瀀琀椀漀渀㨀 ⴀ㈀㄀㐀㜀㐀㠀㌀㔀㘀 ഀഀ
10-05 20:12:41.257 7243 7243 W Qt A11Y : AccessibilityNodeInfo with empty contentDescription: -2147483563 ਍㄀ ⴀ 㔀 ㈀ 㨀㄀㈀㨀㐀㄀⸀㈀㔀㠀  㜀㈀㐀㌀  㜀㈀㐀㌀ 圀 儀琀 䄀㄀㄀夀 㨀 䄀挀挀攀猀猀椀戀椀氀椀琀礀一漀搀攀䤀渀昀漀 眀椀琀栀 攀洀瀀琀礀 挀漀渀琀攀渀琀䐀攀猀挀爀椀瀀琀椀漀渀㨀 ⴀ㈀㄀㐀㜀㐀㠀㌀㔀㔀㤀ഀഀ
10-05 20:12:41.258 7243 7243 W Qt A11Y : AccessibilityNodeInfo with empty contentDescription: -2147483564 ਍㄀ ⴀ 㔀 ㈀ 㨀㄀㈀㨀㐀㄀⸀㈀㔀㤀  㜀㈀㐀㌀  㜀㈀㐀㌀ 圀 儀琀 䄀㄀㄀夀 㨀 䄀挀挀攀猀猀椀戀椀氀椀琀礀一漀搀攀䤀渀昀漀 眀椀琀栀 攀洀瀀琀礀 挀漀渀琀攀渀琀䐀攀猀挀爀椀瀀琀椀漀渀㨀 ⴀ㈀㄀㐀㜀㐀㠀㌀㔀㘀㔀ഀഀ
10-05 20:12:41.260 7243 7243 W Qt A11Y : AccessibilityNodeInfo with empty contentDescription: -2147483556 ਍㄀ ⴀ 㔀 ㈀ 㨀㄀㈀㨀㐀㄀⸀㈀㘀㈀  㜀㈀㐀㌀  㜀㈀㐀㌀ 䐀 圀椀渀䌀䌀开伀䄀㨀 圀䌀䌀伀䄀甀椀      ⠀㔀㜀⤀Ⰰ ㈀ ㄀㠀⸀㄀ ⸀ 㔀 ㈀ 㨀㄀㈀㨀㐀㄀⸀㈀㘀㈀Ⰰऀ儀琀Ⰰऀ儀伀戀樀攀挀琀㨀㨀猀攀琀倀愀爀攀渀琀㨀 䌀愀渀渀漀琀 猀攀琀 瀀愀爀攀渀琀Ⰰ 渀攀眀 瀀愀爀攀渀琀 椀猀 椀渀 愀 搀椀昀昀攀爀攀渀琀 琀栀爀攀愀搀ഀഀ --------- beginning of crash ਍㄀ ⴀ 㔀 ㈀ 㨀㄀㈀㨀㐀㄀⸀㈀㘀㔀  㜀㈀㐀㌀  㜀㈀㐀㌀ 䘀 氀椀戀挀    㨀 䘀愀琀愀氀 猀椀最渀愀氀 ㄀㄀ ⠀匀䤀䜀匀䔀䜀嘀⤀Ⰰ 挀漀搀攀 ㄀Ⰰ 昀愀甀氀琀 愀搀搀爀  砀㐀 椀渀 琀椀搀 㜀㈀㐀㌀ ⠀攀洀攀渀猀⸀眀椀渀挀挀漀愀甀椀⤀ഀഀ
10-05 20:12:41.358 3394 3394 E audit : type=1400 audit(1538763161.353:1083): avc: denied { search } for pid=7341 comm="crash_dump32" name="com.siemens.winccoaui" dev="dm-1" ino=1246070 scontext=u:r:crash_dump:s0:c512,c768 tcontext=u:object_r:app_data_file:s0:c512,c768 tclass=dir permissive=0 SEPF_SM-G950F_8.0.0_0013 audit_filtered ਍㄀ ⴀ 㔀 ㈀ 㨀㄀㈀㨀㐀㄀⸀㌀㘀㌀  ㌀㌀㤀㐀  ㌀㌀㤀㐀 䤀 挀栀愀琀琀礀  㨀 甀椀搀㴀㄀㤀㤀㤀⠀愀甀搀椀琀⤀ ⼀猀礀猀琀攀洀⼀戀椀渀⼀愀甀搀椀琀搀 椀搀攀渀琀椀挀愀氀 ㄀㌀ 氀椀渀攀猀ഀഀ
10-05 20:12:41.363 3394 3394 E audit : type=1400 audit(1538763161.361:1097): avc: denied { search } for pid=7341 comm="crash_dump32" name="com.siemens.winccoaui" dev="dm-1" ino=1246070 scontext=u:r:crash_dump:s0:c512,c768 tcontext=u:object_r:app_data_file:s0:c512,c768 tclass=dir permissive=0 SEPF_SM-G950F_8.0.0_0013 audit_filtered ਍㄀ ⴀ 㔀 ㈀ 㨀㄀㈀㨀㐀㄀⸀㌀㤀㄀  ㌀㌀㤀㐀  ㌀㌀㤀㐀 䔀 愀甀搀椀琀   㨀 琀礀瀀攀㴀㄀㐀   愀甀搀椀琀⠀㄀㔀㌀㠀㜀㘀㌀㄀㘀㄀⸀㌀㠀㔀㨀㄀ 㤀㠀⤀㨀 愀瘀挀㨀  搀攀渀椀攀搀  笀 猀攀愀爀挀栀 紀 昀漀爀  瀀椀搀㴀㜀㌀㐀㄀ 挀漀洀洀㴀∀挀爀愀猀栀开搀甀洀瀀㌀㈀∀ 渀愀洀攀㴀∀昀椀氀攀猀∀ 搀攀瘀㴀∀搀洀ⴀ㄀∀ 椀渀漀㴀㄀㌀㄀㈀㘀㐀㤀 猀挀漀渀琀攀砀琀㴀甀㨀爀㨀挀爀愀猀栀开搀甀洀瀀㨀猀 㨀挀㔀㄀㈀Ⰰ挀㜀㘀㠀 琀挀漀渀琀攀砀琀㴀甀㨀漀戀樀攀挀琀开爀㨀愀瀀瀀开搀愀琀愀开昀椀氀攀㨀猀 㨀挀㔀㄀㈀Ⰰ挀㜀㘀㠀 琀挀氀愀猀猀㴀搀椀爀 瀀攀爀洀椀猀猀椀瘀攀㴀  匀䔀倀䘀开匀䴀ⴀ䜀㤀㔀 䘀开㠀⸀ ⸀ 开  ㄀㌀ 愀甀搀椀琀开昀椀氀琀攀爀攀搀ഀഀ
10-05 20:12:41.399 7341 7341 I crash_dump32: obtaining output fd from tombstoned ਍㄀ ⴀ 㔀 ㈀ 㨀㄀㈀㨀㐀㄀⸀㐀    ㌀㐀㐀㐀  ㌀㐀㐀㐀 䤀 ⼀猀礀猀琀攀洀⼀戀椀渀⼀琀漀洀戀猀琀漀渀攀搀㨀 爀攀挀攀椀瘀攀搀 挀爀愀猀栀 爀攀焀甀攀猀琀 昀漀爀 瀀椀搀 㜀㈀㐀㌀ഀഀ
10-05 20:12:41.402 7341 7341 I crash_dump32: performing dump of process 7243 (target tid = 7243) ਍㄀ ⴀ 㔀 ㈀ 㨀㄀㈀㨀㐀㄀⸀㐀 ㌀  㜀㌀㐀㄀  㜀㌀㐀㄀ 䘀 䐀䔀䈀唀䜀   㨀 ⨀⨀⨀ ⨀⨀⨀ ⨀⨀⨀ ⨀⨀⨀ ⨀⨀⨀ ⨀⨀⨀ ⨀⨀⨀ ⨀⨀⨀ ⨀⨀⨀ ⨀⨀⨀ ⨀⨀⨀ ⨀⨀⨀ ⨀⨀⨀ ⨀⨀⨀ ⨀⨀⨀ ⨀⨀⨀ഀഀ
10-05 20:12:41.403 7341 7341 F DEBUG : Build fingerprint: 'samsung/dreamltexx/dreamlte:8.0.0/R16NW/G950FXXU3CRGB:user/release-keys' ਍㄀ ⴀ 㔀 ㈀ 㨀㄀㈀㨀㐀㄀⸀㐀 㐀  㜀㌀㐀㄀  㜀㌀㐀㄀ 䘀 䐀䔀䈀唀䜀   㨀 刀攀瘀椀猀椀漀渀㨀 ✀㄀ ✀ഀഀ
10-05 20:12:41.404 7341 7341 F DEBUG : ABI: 'arm' ਍㄀ ⴀ 㔀 ㈀ 㨀㄀㈀㨀㐀㄀⸀㐀 㐀  㜀㌀㐀㄀  㜀㌀㐀㄀ 䘀 䐀䔀䈀唀䜀   㨀 瀀椀搀㨀 㜀㈀㐀㌀Ⰰ 琀椀搀㨀 㜀㈀㐀㌀Ⰰ 渀愀洀攀㨀 攀洀攀渀猀⸀眀椀渀挀挀漀愀甀椀  㸀㸀㸀 挀漀洀⸀猀椀攀洀攀渀猀⸀眀椀渀挀挀漀愀甀椀 㰀㰀㰀ഀഀ
10-05 20:12:41.404 7341 7341 F DEBUG : signal 11 (SIGSEGV), code 1 (SEGV_MAPERR), fault addr 0x4 ਍㄀ ⴀ 㔀 ㈀ 㨀㄀㈀㨀㐀㄀⸀㐀 㐀  㜀㌀㐀㄀  㜀㌀㐀㄀ 䘀 䐀䔀䈀唀䜀   㨀 䌀愀甀猀攀㨀 渀甀氀氀 瀀漀椀渀琀攀爀 搀攀爀攀昀攀爀攀渀挀攀ഀഀ
10-05 20:12:41.404 7341 7341 F DEBUG : r0 ffb0c508 r1 00000000 r2 00010000 r3 cbd4eb00 ਍㄀ ⴀ 㔀 ㈀ 㨀㄀㈀㨀㐀㄀⸀㐀 㐀  㜀㌀㐀㄀  㜀㌀㐀㄀ 䘀 䐀䔀䈀唀䜀   㨀     爀㐀 昀㌀㠀㔀戀㈀㈀   爀㔀 昀昀戀 挀㔀 㠀  爀㘀 挀㘀㤀㌀㌀㈀挀   爀㜀 挀戀搀㐀攀戀  ഀഀ
10-05 20:12:41.404 7341 7341 F DEBUG : r8 f385b220 r9 c69332c0 sl 00000047 fp 130dace0 ਍㄀ ⴀ 㔀 ㈀ 㨀㄀㈀㨀㐀㄀⸀㐀 㐀  㜀㌀㐀㄀  㜀㌀㐀㄀ 䘀 䐀䔀䈀唀䜀   㨀     椀瀀 搀㄀㌀㘀㘀戀搀㠀  猀瀀 昀昀戀 挀㔀 㠀  氀爀 搀㄀㄀㈀㄀㐀昀搀  瀀挀 搀㄀㄀㄀挀㄀昀愀  挀瀀猀爀    昀  ㌀ ഀഀ
10-05 20:12:41.406 7341 7341 F DEBUG : ਍㄀ ⴀ 㔀 ㈀ 㨀㄀㈀㨀㐀㄀⸀㐀 㘀  㜀㌀㐀㄀  㜀㌀㐀㄀ 䘀 䐀䔀䈀唀䜀   㨀 戀愀挀欀琀爀愀挀攀㨀ഀഀ
10-05 20:12:41.406 7341 7341 F DEBUG : #00 pc 000f81fa /data/app/com.siemens.winccoaui-AbxF_S47O_ndaJ9hK4XFlA==/lib/arm/libQt5Widgets.so (_ZN14QWidgetPrivate26nearestGraphicsProxyWidgetEPK7QWidget+17) ਍㄀ ⴀ 㔀 ㈀ 㨀㄀㈀㨀㐀㄀⸀㐀 㘀  㜀㌀㐀㄀  㜀㌀㐀㄀ 䘀 䐀䔀䈀唀䜀   㨀     ⌀ ㄀ 瀀挀    昀搀㐀昀㤀  ⼀搀愀琀愀⼀愀瀀瀀⼀挀漀洀⸀猀椀攀洀攀渀猀⸀眀椀渀挀挀漀愀甀椀ⴀ䄀戀砀䘀开匀㐀㜀伀开渀搀愀䨀㤀栀䬀㐀堀䘀氀䄀㴀㴀⼀氀椀戀⼀愀爀洀⼀氀椀戀儀琀㔀圀椀搀最攀琀猀⸀猀漀 ⠀开娀一㄀㐀儀圀椀搀最攀琀倀爀椀瘀愀琀攀㄀㌀爀攀猀漀氀瘀攀䰀漀挀愀氀攀䔀瘀⬀㘀 ⤀ഀഀ
10-05 20:12:41.695 4996 4996 D io_stats: !@ 8,0 r 152182 7004624 w 100944 1887124 d 7945 786496 f 25966 29244 iot 111940 81401 th 307200 0 0 pt 0 inp 0 0 9642.811 ਍㄀ ⴀ 㔀 ㈀ 㨀㄀㈀㨀㐀㄀⸀㤀㌀㌀  ㌀㐀㐀㐀  ㌀㐀㐀㐀 䔀 ⼀猀礀猀琀攀洀⼀戀椀渀⼀琀漀洀戀猀琀漀渀攀搀㨀 吀漀洀戀猀琀漀渀攀 眀爀椀琀琀攀渀 琀漀㨀 ⼀搀愀琀愀⼀琀漀洀戀猀琀漀渀攀猀⼀⼀琀漀洀戀猀琀漀渀攀开 㜀ഀഀ
10-05 20:12:41.966 3774 3800 I BootReceiver: Copying /data/tombstones/tombstone_07 to DropBox (SYSTEM_TOMBSTONE) ਍㄀ ⴀ 㔀 ㈀ 㨀㄀㈀㨀㐀㄀⸀㤀㜀   ㌀㜀㜀㐀  㜀㌀㐀㈀ 圀 䄀挀琀椀瘀椀琀礀䴀愀渀愀最攀爀㨀 挀爀愀猀栀 㨀 挀漀洀⸀猀椀攀洀攀渀猀⸀眀椀渀挀挀漀愀甀椀Ⰰ ഀഀ
10-05 20:12:41.974 3774 7342 W ActivityManager: Force finishing activity com.siemens.winccoaui/at.etm.NotificationClient ਍㄀ ⴀ 㔀 ㈀ 㨀㄀㈀㨀㐀㄀⸀㤀㜀㜀  ㌀㜀㜀㐀  㜀㌀㐀㈀ 圀 䴀甀氀琀椀匀挀爀攀攀渀䴀愀渀愀最攀爀匀攀爀瘀椀挀攀㨀 洀漀瘀攀吀愀猀欀䈀愀挀欀吀漀䐀椀猀瀀氀愀礀䤀昀一攀攀搀攀搀⠀⤀㨀 爀漀漀琀 愀挀琀椀瘀椀琀礀 漀爀 愀瀀瀀 椀猀 渀甀氀氀Ⰰ 琀愀猀欀㴀吀愀猀欀刀攀挀漀爀搀笀㌀愀㐀㔀㘀㘀㌀搀  ⌀㐀㈀ 䄀㴀挀漀洀⸀猀椀攀洀攀渀猀⸀眀椀渀挀挀漀愀甀椀 唀㴀  匀琀愀挀欀䤀搀㴀㄀ 猀稀㴀㄀紀Ⰰ 爀漀漀琀䄀挀琀椀瘀椀琀礀㴀渀甀氀氀ഀഀ
10-05 20:12:41.979 3774 3774 D MdnieScenarioControlService: Listener Real Multi Window State : true ਍㄀ ⴀ 㔀 ㈀ 㨀㄀㈀㨀㐀㄀⸀㤀㠀   ㌀㜀㜀㐀  ㌀㜀㜀㐀 䐀 䌀匀开䠀搀爀䌀漀渀琀爀漀氀氀攀爀㨀 䴀甀氀琀椀圀椀渀搀漀眀䔀瘀攀渀琀䰀椀猀琀攀渀攀爀㨀㨀漀渀䘀漀挀甀猀匀琀愀挀欀䌀栀愀渀最攀搀⠀ ⤀ഀഀ
10-05 20:12:42.002 3774 3796 D CustomFrequencyManagerService: acquireDVFSLockLocked : type : DVFS_MIN_LIMIT frequency : 2314000 uid : 1000 pid : 3774 pkgName : AMS_APP_HOME@CPU_MIN@9 ਍㄀ ⴀ 㔀 ㈀ 㨀㄀㈀㨀㐀㈀⸀  㔀  ㌀㜀㜀㐀  ㌀㜀㤀㘀 䐀 䄀挀琀椀瘀椀琀礀䴀愀渀愀最攀爀倀攀爀昀漀爀洀愀渀挀攀㨀 䄀䴀倀开愀挀焀甀椀爀攀⠀⤀ 䠀伀䴀䔀ഀഀ
10-05 20:12:42.006 3246 3246 E lowmemorykiller: Error writing /proc/7243/oom_score_adj; errno=22 ਍㄀ ⴀ 㔀 ㈀ 㨀㄀㈀㨀㐀㈀⸀  㤀  ㌀㜀㜀㐀  ㌀㜀㜀㐀 䐀 䌀匀开䠀搀爀䌀漀渀琀爀漀氀氀攀爀㨀 甀瀀搀愀琀攀䴀甀氀琀椀圀椀渀搀漀眀匀琀愀琀攀 㨀  ഀഀ
10-05 20:12:42.009 3774 3774 D CodecSolution: MultiWindowEventListener::onMultiWindowFocusChanged(0) ਍㄀ ⴀ 㔀 ㈀ 㨀㄀㈀㨀㐀㈀⸀  㤀  ㌀㜀㜀㐀  ㌀㜀㤀㜀 䤀 䄀挀琀椀瘀椀琀礀䴀愀渀愀最攀爀㨀 匀栀漀眀椀渀最 挀爀愀猀栀 搀椀愀氀漀最 昀漀爀 瀀愀挀欀愀最攀 挀漀洀⸀猀椀攀洀攀渀猀⸀眀椀渀挀挀漀愀甀椀 甀 ഀഀ
10-05 20:12:42.010 5009 5009 I DMT-SMReceiver: Received : com.samsung.android.sm.ACTION_ERROR ਍㄀ ⴀ 㔀 ㈀ 㨀㄀㈀㨀㐀㈀⸀ ㄀㄀  㔀  㤀  㔀  㤀 圀 䌀漀渀琀攀砀琀䤀洀瀀氀㨀 䌀愀氀氀椀渀最 愀 洀攀琀栀漀搀 椀渀 琀栀攀 猀礀猀琀攀洀 瀀爀漀挀攀猀猀 眀椀琀栀漀甀琀 愀 焀甀愀氀椀昀椀攀搀 甀猀攀爀㨀 愀渀搀爀漀椀搀⸀愀瀀瀀⸀䌀漀渀琀攀砀琀䤀洀瀀氀⸀猀琀愀爀琀匀攀爀瘀椀挀攀㨀㄀㐀㠀㌀ 愀渀搀爀漀椀搀⸀挀漀渀琀攀渀琀⸀䌀漀渀琀攀砀琀圀爀愀瀀瀀攀爀⸀猀琀愀爀琀匀攀爀瘀椀挀攀㨀㘀㘀㌀ 愀渀搀爀漀椀搀⸀挀漀渀琀攀渀琀⸀䌀漀渀琀攀砀琀圀爀愀瀀瀀攀爀⸀猀琀愀爀琀匀攀爀瘀椀挀攀㨀㘀㘀㌀ 挀漀洀⸀猀愀洀猀甀渀最⸀愀渀搀爀漀椀搀⸀猀洀⸀挀漀洀洀漀渀⸀匀洀愀爀琀䴀愀渀愀最攀爀刀攀挀攀椀瘀攀爀⸀愀㨀㈀㄀㄀ 挀漀洀⸀猀愀洀猀甀渀最⸀愀渀搀爀漀椀搀⸀猀洀⸀挀漀洀洀漀渀⸀匀洀愀爀琀䴀愀渀愀最攀爀刀攀挀攀椀瘀攀爀⸀漀渀刀攀挀攀椀瘀攀㨀㤀㐀 ഀഀ
10-05 20:12:42.013 3774 3797 D ScrollView: initGoToTop ਍㄀ ⴀ 㔀 ㈀ 㨀㄀㈀㨀㐀㈀⸀ ㄀㜀  ㌀㜀㜀㐀  ㌀㜀㤀㜀 䐀 刀攀猀琀爀椀挀琀椀漀渀倀漀氀椀挀礀㨀 椀猀䜀漀漀最氀攀䌀爀愀猀栀刀攀瀀漀爀琀䄀氀氀漀眀攀搀 㨀 爀攀琀㴀琀爀甀攀 甀猀攀爀䤀搀 㴀 ഀഀ
10-05 20:12:42.022 3774 3797 E PhoneWindow_APM : : sendNotificationForAppPermissionMonitor callingPid = 3774, uid = 1000 ਍㄀ ⴀ 㔀 ㈀ 㨀㄀㈀㨀㐀㈀⸀ ㈀㈀  ㌀㜀㜀㐀  ㌀㜀㤀㜀 䔀 倀栀漀渀攀圀椀渀搀漀眀开䄀倀䴀 㨀 㨀 猀攀渀搀一漀琀椀昀椀挀愀琀椀漀渀䘀漀爀䄀瀀瀀倀攀爀洀椀猀猀椀漀渀䴀漀渀椀琀漀爀 ㈀ഀഀ
10-05 20:12:42.022 3774 3797 E PhoneWindow_APM : : sendNotificationForAppPermissionMonitor 21000_3774 ਍㄀ ⴀ 㔀 ㈀ 㨀㄀㈀㨀㐀㈀⸀ ㈀㈀  ㌀㜀㜀㐀  ㌀㜀㤀㜀 䔀 倀栀漀渀攀圀椀渀搀漀眀开䄀倀䴀 㨀 㨀 椀猀䌀愀氀氀攀搀倀愀挀欀愀最攀 爀攀琀甀爀渀 昀愀氀猀攀ഀഀ
10-05 20:12:42.022 3774 3797 E PhoneWindow_APM : : sendNotificationForAppPermissionMonitor mIsMonitoredFeature = true ਍㄀ ⴀ 㔀 ㈀ 㨀㄀㈀㨀㐀㈀⸀ ㈀㌀  ㌀㜀㜀㐀  ㌀㠀 ㄀ 嘀 䴀䄀刀猀倀漀氀椀挀礀䴀愀渀愀最攀爀㨀 栀愀渀搀攀氀䄀氀攀爀琀吀漀愀猀琀圀椀渀搀漀眀匀琀愀爀琀攀搀 瀀欀最一愀洀攀 㴀 愀渀搀爀漀椀搀Ⰰ 甀猀攀爀䤀搀 㴀  ഀഀ
10-05 20:12:42.024 3774 3797 D InputDispatcher: Focus left window: 7243 ਍㄀ ⴀ 㔀 ㈀ 㨀㄀㈀㨀㐀㈀⸀ ㈀㐀  ㌀㜀㜀㐀  ㌀㜀㤀㜀 䐀 䤀渀瀀甀琀䐀椀猀瀀愀琀挀栀攀爀㨀 䘀漀挀甀猀 攀渀琀攀爀攀搀 眀椀渀搀漀眀㨀 ㌀㜀㜀㐀ഀഀ
10-05 20:12:42.024 3774 3797 D ViewRootImpl@5c12968[winccoaui]: setView = DecorView@d72bab2[winccoaui] TM=true MM=false ਍㄀ ⴀ 㔀 ㈀ 㨀㄀㈀㨀㐀㈀⸀ ㈀㤀  㔀  㤀  㜀㌀㐀㐀 嘀 䌀爀愀猀栀攀搀䄀瀀瀀䰀漀最最椀渀最㨀 椀猀䴀愀猀琀攀爀匀眀椀琀挀栀伀昀昀 㨀 昀愀氀猀攀ഀഀ
10-05 20:12:42.029 3774 7283 D GamePkgDataHelper: getGamePkgDataIncServer(). com.sec.android.app.launcher ਍㄀ ⴀ 㔀 ㈀ 㨀㄀㈀㨀㐀㈀⸀ ㈀㤀  ㌀㜀㜀㐀  㜀㈀㠀㌀ 䐀 䜀愀洀攀倀欀最䐀愀琀愀䠀攀氀瀀攀爀㨀 最攀琀匀漀猀倀漀氀椀挀礀⠀⤀⸀ 挀漀洀⸀猀攀挀⸀愀渀搀爀漀椀搀⸀愀瀀瀀⸀氀愀甀渀挀栀攀爀ഀഀ
10-05 20:12:42.030 4594 4618 D ForegroundUtils: could not check pending caller ਍㄀ ⴀ 㔀 ㈀ 㨀㄀㈀㨀㐀㈀⸀ ㌀   㐀㔀 㘀  㜀㜀㌀㐀 䐀 倀爀漀挀攀猀猀伀戀猀攀爀瘀攀爀开䘀䰀倀㨀 漀渀䘀漀爀攀最爀漀甀渀搀䄀挀琀椀瘀椀琀椀攀猀 挀栀愀渀最攀搀Ⰰ 㔀㌀㄀ ⼀㄀  㠀㌀⼀琀爀甀攀ഀഀ
10-05 20:12:42.030 3774 7283 D GameManagerService: identifyGamePackage. com.sec.android.app.launcher ਍㄀ ⴀ 㔀 ㈀ 㨀㄀㈀㨀㐀㈀⸀ ㌀   ㌀㜀㜀㐀  㜀㈀㠀㌀ 䐀 䜀愀洀攀倀欀最䐀愀琀愀䠀攀氀瀀攀爀㨀 最攀琀䜀愀洀攀倀欀最䐀愀琀愀⠀⤀⸀ 挀漀洀⸀猀攀挀⸀愀渀搀爀漀椀搀⸀愀瀀瀀⸀氀愀甀渀挀栀攀爀ഀഀ
10-05 20:12:42.032 3774 7283 D GameManagerService: identifyGamePackage. com.sec.android.app.launcher ਍㄀ ⴀ 㔀 ㈀ 㨀㄀㈀㨀㐀㈀⸀ ㌀㈀  ㌀㜀㜀㐀  㜀㈀㠀㌀ 䐀 䜀愀洀攀倀欀最䐀愀琀愀䠀攀氀瀀攀爀㨀 最攀琀䜀愀洀攀倀欀最䐀愀琀愀⠀⤀⸀ 挀漀洀⸀猀攀挀⸀愀渀搀爀漀椀搀⸀愀瀀瀀⸀氀愀甀渀挀栀攀爀ഀഀ
10-05 20:12:42.032 3774 3797 D ViewRootImpl@5c12968[winccoaui]: dispatchAttachedToWindow ਍㄀ ⴀ 㔀 ㈀ 㨀㄀㈀㨀㐀㈀⸀ ㌀㐀  ㌀㜀㜀㐀  㜀㈀㠀㌀ 䐀 䜀愀洀攀䴀愀渀愀最攀爀匀攀爀瘀椀挀攀㨀 椀搀攀渀琀椀昀礀䜀愀洀攀倀愀挀欀愀最攀⸀ 挀漀洀⸀猀攀挀⸀愀渀搀爀漀椀搀⸀愀瀀瀀⸀氀愀甀渀挀栀攀爀ഀഀ
10-05 20:12:42.034 3774 7283 D GamePkgDataHelper: getGamePkgData(). com.sec.android.app.launcher ਍㄀ ⴀ 㔀 ㈀ 㨀㄀㈀㨀㐀㈀⸀ ㌀㐀  ㌀㜀㜀㐀  ㌀㜀㤀㜀 嘀 圀椀渀搀漀眀䴀愀渀愀最攀爀㨀 刀攀氀愀礀漀甀琀 圀椀渀搀漀眀笀挀㐀挀㠀㄀㠀㄀ 甀  䄀瀀瀀氀椀挀愀琀椀漀渀 䔀爀爀漀爀㨀 挀漀洀⸀猀椀攀洀攀渀猀⸀眀椀渀挀挀漀愀甀椀紀㨀 瘀椀攀眀嘀椀猀椀戀椀氀椀琀礀㴀  爀攀焀㴀㄀ ㄀㔀砀㔀㜀㐀 圀䴀⸀䰀愀礀漀甀琀倀愀爀愀洀猀笀⠀ Ⰰ ⤀⠀眀爀愀瀀砀眀爀愀瀀⤀ 最爀㴀⌀㄀㄀ 猀椀洀㴀⌀㄀㈀  琀礀㴀㈀  ㌀ 昀氀㴀⌀㄀㠀㈀   ㈀ 瀀昀氀㴀 砀㄀   ㄀㄀  昀洀琀㴀ⴀ㌀ 眀愀渀椀洀㴀 砀㄀ ㌀ ㈀攀挀 瘀猀礀猀甀椀㴀 砀㄀  猀甀爀昀愀挀攀䤀渀猀攀琀猀㴀刀攀挀琀⠀㘀Ⰰ 㘀 ⴀ 㘀Ⰰ 㘀⤀ 渀攀攀搀猀䴀攀渀甀䬀攀礀㴀㈀ 挀漀氀漀爀䴀漀搀攀㴀  渀愀瘀椀䤀挀漀渀䌀漀氀漀爀㴀 紀ഀഀ
10-05 20:12:42.035 3774 7283 D GameManagerService: identifyGamePackage. com.sec.android.app.launcher ਍㄀ ⴀ 㔀 ㈀ 㨀㄀㈀㨀㐀㈀⸀ ㌀㘀  ㌀㜀㜀㐀  㜀㈀㠀㌀ 䐀 䜀愀洀攀倀欀最䐀愀琀愀䠀攀氀瀀攀爀㨀 最攀琀䜀愀洀攀倀欀最䐀愀琀愀⠀⤀⸀ 挀漀洀⸀猀攀挀⸀愀渀搀爀漀椀搀⸀愀瀀瀀⸀氀愀甀渀挀栀攀爀ഀഀ
10-05 20:12:42.037 3247 3247 I SurfaceFlinger: id=574 createSurf (1027x586),1 flag=4, Application Error: com.siemens.winccoaui#0 ਍㄀ ⴀ 㔀 ㈀ 㨀㄀㈀㨀㐀㈀⸀ ㌀㜀  ㌀㜀㜀㐀  ㌀㜀㤀㜀 嘀 匀甀爀昀愀挀攀 㨀 猀昀开昀爀愀洀攀搀爀漀瀀 搀攀戀甀最 㨀  砀㐀昀㐀挀Ⰰ 最愀洀攀 㨀 昀愀氀猀攀Ⰰ 氀漀最最椀渀最 㨀  ഀഀ
10-05 20:12:42.044 3774 3924 W InputDispatcher: channel ~ Consumer closed input channel or an error occurred. events=0x9 ਍㄀ ⴀ 㔀 ㈀ 㨀㄀㈀㨀㐀㈀⸀ 㐀㐀  ㌀㜀㜀㐀  ㌀㤀㈀㐀 䔀 䤀渀瀀甀琀䐀椀猀瀀愀琀挀栀攀爀㨀 挀栀愀渀渀攀氀 縀 䌀栀愀渀渀攀氀 椀猀 甀渀爀攀挀漀瘀攀爀愀戀氀礀 戀爀漀欀攀渀 愀渀搀 眀椀氀氀 戀攀 搀椀猀瀀漀猀攀搀℀ഀഀ
10-05 20:12:42.047 3774 3797 D ViewRootImpl@5c12968[winccoaui]: Relayout returned: old=[0,0][0,0] new=[32,787][1047,1361] result=0x7 surface={valid=true 522910498816} changed=true ਍㄀ ⴀ 㔀 ㈀ 㨀㄀㈀㨀㐀㈀⸀ 㐀㜀  ㌀㜀㜀㐀  㐀㈀㐀  䤀 伀瀀攀渀䜀䰀刀攀渀搀攀爀攀爀㨀 䤀渀椀琀椀愀氀椀稀攀搀 䔀䜀䰀Ⰰ 瘀攀爀猀椀漀渀 ㄀⸀㐀ഀഀ
10-05 20:12:42.047 3774 4240 D OpenGLRenderer: Swap behavior 2 ਍㄀ ⴀ 㔀 ㈀ 㨀㄀㈀㨀㐀㈀⸀ 㔀   ㌀㜀㜀㐀  㔀㈀㠀㌀ 䤀 圀椀渀搀漀眀䴀愀渀愀最攀爀㨀 圀䤀一 䐀䔀䄀吀䠀㨀 圀椀渀搀漀眀笀搀 㐀㈀攀搀戀 甀  挀漀洀⸀猀椀攀洀攀渀猀⸀眀椀渀挀挀漀愀甀椀⼀愀琀⸀攀琀洀⸀一漀琀椀昀椀挀愀琀椀漀渀䌀氀椀攀渀琀紀ഀഀ
10-05 20:12:42.050 3774 5283 W InputDispatcher: Attempted to unregister already unregistered input channel ਍㄀ ⴀ 㔀 ㈀ 㨀㄀㈀㨀㐀㈀⸀ 㔀㄀  ㌀㜀㜀㐀  㔀㈀㠀㌀ 䤀 圀椀渀搀漀眀䴀愀渀愀最攀爀㨀 䐀攀猀琀爀漀礀椀渀最 猀甀爀昀愀挀攀 匀甀爀昀愀挀攀⠀渀愀洀攀㴀挀漀洀⸀猀椀攀洀攀渀猀⸀眀椀渀挀挀漀愀甀椀⼀愀琀⸀攀琀洀⸀一漀琀椀昀椀挀愀琀椀漀渀䌀氀椀攀渀琀⤀ 挀愀氀氀攀搀 戀礀 挀漀洀⸀愀渀搀爀漀椀搀⸀猀攀爀瘀攀爀⸀眀洀⸀圀椀渀搀漀眀匀琀愀琀攀䄀渀椀洀愀琀漀爀⸀搀攀猀琀爀漀礀匀甀爀昀愀挀攀㨀㈀㐀㘀㔀 挀漀洀⸀愀渀搀爀漀椀搀⸀猀攀爀瘀攀爀⸀眀洀⸀圀椀渀搀漀眀匀琀愀琀攀䄀渀椀洀愀琀漀爀⸀搀攀猀琀爀漀礀匀甀爀昀愀挀攀䰀漀挀欀攀搀㨀㤀㘀㜀 挀漀洀⸀愀渀搀爀漀椀搀⸀猀攀爀瘀攀爀⸀眀洀⸀圀椀渀搀漀眀匀琀愀琀攀⸀爀攀洀漀瘀攀䤀洀洀攀搀椀愀琀攀氀礀㨀㈀㌀㤀㘀 挀漀洀⸀愀渀搀爀漀椀搀⸀猀攀爀瘀攀爀⸀眀洀⸀圀椀渀搀漀眀匀琀愀琀攀⸀爀攀洀漀瘀攀䤀昀倀漀猀猀椀戀氀攀㨀㈀㔀㤀㐀 挀漀洀⸀愀渀搀爀漀椀搀⸀猀攀爀瘀攀爀⸀眀洀⸀圀椀渀搀漀眀匀琀愀琀攀⸀ⴀ眀爀愀瀀㄀㨀  挀漀洀⸀愀渀搀爀漀椀搀⸀猀攀爀瘀攀爀⸀眀洀⸀圀椀渀搀漀眀匀琀愀琀攀␀䐀攀愀琀栀刀攀挀椀瀀椀攀渀琀⸀戀椀渀搀攀爀䐀椀攀搀㨀㌀㄀㌀㤀 愀渀搀爀漀椀搀⸀漀猀⸀䈀椀渀搀攀爀倀爀漀砀礀⸀猀攀渀搀䐀攀愀琀栀一漀琀椀挀攀㨀㠀㐀㄀ 㰀戀漀琀琀漀洀 漀昀 挀愀氀氀 猀琀愀挀欀㸀 ഀഀ
10-05 20:12:42.051 3247 3382 I SurfaceFlinger: id=571 Removed com.siemens.winccoaui/at.etm.NotificationClient#0 (1/7) ਍㄀ ⴀ 㔀 ㈀ 㨀㄀㈀㨀㐀㈀⸀ 㔀㄀  ㌀㈀㐀㜀  ㌀㌀㠀㈀ 䤀 匀甀爀昀愀挀攀䘀氀椀渀最攀爀㨀 椀搀㴀㔀㜀㄀ 刀攀洀漀瘀攀搀 挀漀洀⸀猀椀攀洀攀渀猀⸀眀椀渀挀挀漀愀甀椀⼀愀琀⸀攀琀洀⸀一漀琀椀昀椀挀愀琀椀漀渀䌀氀椀攀渀琀⌀  ⠀ⴀ㈀⼀㜀⤀ഀഀ
10-05 20:12:42.051 4258 4258 D InputEventReceiver: channel 'ClientState{b590c51 uid 11006 pid 7243} (client)' ~ Disposing input event receiver. ਍㄀ ⴀ 㔀 ㈀ 㨀㄀㈀㨀㐀㈀⸀ 㔀㄀  㐀㈀㔀㠀  㐀㈀㔀㠀 䐀 䤀渀瀀甀琀䔀瘀攀渀琀刀攀挀攀椀瘀攀爀㨀 挀栀愀渀渀攀氀 ✀䌀氀椀攀渀琀匀琀愀琀攀笀戀㔀㤀 挀㔀㄀ 甀椀搀 ㄀㄀  㘀 瀀椀搀 㜀㈀㐀㌀紀 ⠀挀氀椀攀渀琀⤀✀ 縀一愀琀椀瘀攀䤀渀瀀甀琀䔀瘀攀渀琀刀攀挀攀椀瘀攀爀⸀ഀഀ
10-05 20:12:42.051 3774 3938 I ActivityManager: Process com.siemens.winccoaui (pid 7243) has died: vis +99TOP (119,1534) ਍㄀ ⴀ 㔀 ㈀ 㨀㄀㈀㨀㐀㈀⸀ 㔀㈀  ㌀㜀㜀㐀  㐀㈀㐀  䐀 洀愀氀椀开眀椀渀猀礀猀㨀 䔀䜀䰀椀渀琀 渀攀眀开眀椀渀搀漀眀开猀甀爀昀愀挀攀⠀攀最氀开眀椀渀猀礀猀开搀椀猀瀀氀愀礀 ⨀Ⰰ 瘀漀椀搀 ⨀Ⰰ 䔀䜀䰀匀甀爀昀愀挀攀Ⰰ 䔀䜀䰀䌀漀渀昀椀最Ⰰ 攀最氀开眀椀渀猀礀猀开猀甀爀昀愀挀攀 ⨀⨀Ⰰ 攀最氀开挀漀氀漀爀开戀甀昀昀攀爀开昀漀爀洀愀琀 ⨀Ⰰ 䔀䜀䰀䈀漀漀氀攀愀渀⤀ 爀攀琀甀爀渀猀  砀㌀   Ⰰ  嬀㄀ ㈀㜀砀㔀㠀㘀崀ⴀ昀漀爀洀愀琀㨀㄀ഀഀ
10-05 20:12:42.052 3774 4240 D OpenGLRenderer: eglCreateWindowSurface = 0x79b79127d0 ਍㄀ ⴀ 㔀 ㈀ 㨀㄀㈀㨀㐀㈀⸀ 㔀㈀  ㌀㐀 㤀  ㌀㐀 㤀 䤀 娀礀最漀琀攀  㨀 倀爀漀挀攀猀猀 㜀㈀㐀㌀ 攀砀椀琀攀搀 搀甀攀 琀漀 猀椀最渀愀氀 ⠀㄀㄀⤀ഀഀ
10-05 20:12:42.054 3247 3247 I SurfaceFlinger: removeLayer is called from message ਍㄀ ⴀ 㔀 ㈀ 㨀㄀㈀㨀㐀㈀⸀ 㔀㔀  ㌀㈀㐀㜀  ㌀㈀㐀㜀 䔀 匀甀爀昀愀挀攀䘀氀椀渀最攀爀㨀 爀攀洀漀瘀攀䰀愀礀攀爀 挀愀氀氀攀搀 眀椀琀栀 愀 氀愀礀攀爀 眀栀漀猀攀 瀀愀爀攀渀琀 栀愀猀 戀攀攀渀 爀攀洀漀瘀攀搀ഀഀ
10-05 20:12:42.055 3247 3247 I SurfaceFlinger: removeLayer is called from message ਍㄀ ⴀ 㔀 ㈀ 㨀㄀㈀㨀㐀㈀⸀ 㔀㔀  ㌀㈀㐀㜀  ㌀㈀㐀㜀 䔀 匀甀爀昀愀挀攀䘀氀椀渀最攀爀㨀 爀攀洀漀瘀攀䰀愀礀攀爀 挀愀氀氀攀搀 眀椀琀栀 愀 氀愀礀攀爀 眀栀漀猀攀 瀀愀爀攀渀琀 栀愀猀 戀攀攀渀 爀攀洀漀瘀攀搀ഀഀ
10-05 20:12:42.057 3247 3247 I SurfaceFlinger: removeLayer is called from message ਍㄀ ⴀ 㔀 ㈀ 㨀㄀㈀㨀㐀㈀⸀ 㔀㜀  ㌀㈀㐀㜀  ㌀㈀㐀㜀 䤀 匀甀爀昀愀挀攀䘀氀椀渀最攀爀㨀 椀搀㴀㔀㜀㄀ 刀攀洀漀瘀攀搀 挀漀洀⸀猀椀攀洀攀渀猀⸀眀椀渀挀挀漀愀甀椀⼀愀琀⸀攀琀洀⸀一漀琀椀昀椀挀愀琀椀漀渀䌀氀椀攀渀琀⌀  ⠀ⴀ㈀⼀㜀⤀ഀഀ
10-05 20:12:42.057 3774 3797 D WindowManager: set systemUiVisibility : systemUiFlags= 0x10 fullscreenStackSysUiFlags= 0x0 ਍㄀ ⴀ 㔀 ㈀ 㨀㄀㈀㨀㐀㈀⸀ 㔀㠀  ㌀㜀㜀㐀  ㌀㜀㤀㜀 䐀 嘀椀攀眀刀漀漀琀䤀洀瀀氀䀀㔀挀㄀㈀㤀㘀㠀嬀眀椀渀挀挀漀愀甀椀崀㨀 䴀匀䜀开圀䤀一䐀伀圀开䘀伀䌀唀匀开䌀䠀䄀一䜀䔀䐀 ㄀ഀഀ
10-05 20:12:42.058 3774 3938 D InputDispatcher: Focused application released ਍㄀ ⴀ 㔀 ㈀ 㨀㄀㈀㨀㐀㈀⸀ 㘀   ㌀㈀㐀㜀  ㌀㈀㐀㜀 䤀 䰀愀礀攀爀   㨀 椀搀㴀㔀㜀㄀ 漀渀刀攀洀漀瘀攀搀 挀漀洀⸀猀椀攀洀攀渀猀⸀眀椀渀挀挀漀愀甀椀⼀愀琀⸀攀琀洀⸀一漀琀椀昀椀挀愀琀椀漀渀䌀氀椀攀渀琀⌀  ഀഀ
10-05 20:12:42.060 3247 3247 I Layer : id=573 onRemoved Background for - SurfaceView - com.siemens.winccoaui/at.etm.NotificationClient@c705d87@0#0 ਍㄀ ⴀ 㔀 ㈀ 㨀㄀㈀㨀㐀㈀⸀ 㘀   ㌀㈀㐀㜀  ㌀㈀㐀㜀 䤀 䰀愀礀攀爀   㨀 椀搀㴀㔀㜀㈀ 漀渀刀攀洀漀瘀攀搀 匀甀爀昀愀挀攀嘀椀攀眀 ⴀ 挀漀洀⸀猀椀攀洀攀渀猀⸀眀椀渀挀挀漀愀甀椀⼀愀琀⸀攀琀洀⸀一漀琀椀昀椀挀愀琀椀漀渀䌀氀椀攀渀琀䀀挀㜀 㔀搀㠀㜀䀀 ⌀  ഀഀ
10-05 20:12:42.062 3774 3938 D PersonaManagerService: Current focused persona service handled id set to : 0 ਍㄀ ⴀ 㔀 ㈀ 㨀㄀㈀㨀㐀㈀⸀ 㘀㈀  ㌀㜀㜀㐀  ㌀㤀㌀㠀 䐀 䤀渀瀀甀琀䐀椀猀瀀愀琀挀栀攀爀㨀 䘀漀挀甀猀攀搀 愀瀀瀀氀椀挀愀琀椀漀渀 猀攀琀 琀漀㨀 砀砀砀砀ഀഀ
10-05 20:12:42.062 3247 3247 D SurfaceFlinger: Display[0] configurations (* current): ਍㄀ ⴀ 㔀 ㈀ 㨀㄀㈀㨀㐀㈀⸀ 㘀㈀  ㌀㈀㐀㜀  ㌀㈀㐀㜀 䐀 匀甀爀昀愀挀攀䘀氀椀渀最攀爀㨀     ⨀  㨀 ㄀㐀㐀 砀㈀㤀㘀 Ⰰ 砀搀瀀椀㴀㔀㘀㈀⸀㜀 㘀㤀㜀 Ⰰ 礀搀瀀椀㴀㔀㘀㔀⸀㈀㤀㌀ ㌀ Ⰰ 爀攀昀爀攀猀栀㴀㄀㘀㘀㘀㘀㘀㘀㘀ഀഀ
10-05 20:12:42.062 3247 3247 D SurfaceFlinger: numHwLayers=4, flags=00000000 ਍㄀ ⴀ 㔀 ㈀ 㨀㄀㈀㨀㐀㈀⸀ 㘀㈀  ㌀㈀㐀㜀  ㌀㈀㐀㜀 䐀 匀甀爀昀愀挀攀䘀氀椀渀最攀爀㨀     琀礀瀀攀   簀  栀愀渀搀氀攀  簀 栀椀渀琀 簀 昀氀愀最 簀 琀爀 簀 戀氀渀搀 簀   昀漀爀洀愀琀    簀     猀漀甀爀挀攀 挀爀漀瀀 ⠀氀Ⰰ琀Ⰰ爀Ⰰ戀⤀      簀          昀爀愀洀攀         簀 渀愀洀攀 ഀഀ
10-05 20:12:42.062 3247 3247 D SurfaceFlinger: -----------+----------+------+------+----+------+-------------+--------------------------------+------------------------+------ ਍㄀ ⴀ 㔀 ㈀ 㨀㄀㈀㨀㐀㈀⸀ 㘀㈀  ㌀㈀㐀㜀  ㌀㈀㐀㜀 䐀 匀甀爀昀愀挀攀䘀氀椀渀最攀爀㨀        䠀圀䌀 簀 㜀攀挀昀㈀㔀㜀㘀㠀  簀      簀      簀    簀  ㄀ 㔀 簀 刀䜀䈀䄀开㠀㠀㠀㠀   簀     ⸀ Ⰰ     ⸀ Ⰰ ㄀ 㠀 ⸀ Ⰰ   㜀㈀⸀  簀     Ⰰ     Ⰰ ㄀ 㠀 Ⰰ   㜀㈀ 簀 匀琀愀琀甀猀䈀愀爀⌀ ഀഀ
10-05 20:12:42.062 3247 3247 D SurfaceFlinger: HWC | 7ecf259280 | 0000 | 0000 | 00 | 0105 | RGBA_8888 | 0.0, 0.0, 67.0, 445.0 | 1013, 527, 1080, 972 | com.samsung.android.app.cocktailbarservice/com.samsung.android.app.cocktailbarservice.CocktailBarService#0 ਍㄀ ⴀ 㔀 ㈀ 㨀㄀㈀㨀㐀㈀⸀ 㘀㈀  ㌀㈀㐀㜀  ㌀㈀㐀㜀 䐀 匀甀爀昀愀挀攀䘀氀椀渀最攀爀㨀        䠀圀䌀 簀 㜀攀挀攀攀㈀戀    簀      簀      簀    簀  ㄀ 㔀 簀 刀䜀䈀䄀开㠀㠀㠀㠀   簀     ⸀ Ⰰ     ⸀ Ⰰ ㄀ 㠀 ⸀ Ⰰ  ㄀㐀㐀⸀  簀     Ⰰ ㈀ 㜀㘀Ⰰ ㄀ 㠀 Ⰰ ㈀㈀㈀  簀 一愀瘀椀最愀琀椀漀渀䈀愀爀⌀ ഀഀ
10-05 20:12:42.062 3247 3247 D SurfaceFlinger: FB TARGET | 7ecf255d20 | 0000 | 0000 | 00 | 0105 | RGBA_8888 | 0.0, 0.0, 1440.0, 2960.0 | 0, 0, 1440, ਍㄀ ⴀ 㔀 ㈀ 㨀㄀㈀㨀㐀㈀⸀ 㘀㈀  ㌀㈀㐀㜀  ㌀㈀㐀㜀 䐀 匀甀爀昀愀挀攀䘀氀椀渀最攀爀㨀  ㈀㤀㘀  簀 䠀圀䌀开䘀刀䄀䴀䔀䈀唀䘀䘀䔀刀开吀䄀刀䜀䔀吀ഀഀ
10-05 20:12:42.063 3774 3938 V WindowManager: rotationForOrientationLw(orient=5, last=0); user=0 sensorRotation=0 mLidState=-1 mDockMode=0 mHdmiPlugged=false ਍㄀ ⴀ 㔀 ㈀ 㨀㄀㈀㨀㐀㈀⸀ 㘀㔀  ㌀㜀㜀㐀  㐀 㔀㤀 䐀 䜀愀洀攀䴀愀渀愀最攀爀匀攀爀瘀椀挀攀㨀 栀愀渀搀氀攀䘀漀爀攀最爀漀甀渀搀䌀栀愀渀最攀⠀⤀⸀ 瀀欀最一愀洀攀㨀 挀漀洀⸀猀攀挀⸀愀渀搀爀漀椀搀⸀愀瀀瀀⸀氀愀甀渀挀栀攀爀Ⰰ 挀氀猀一愀洀攀㨀 挀漀洀⸀愀渀搀爀漀椀搀⸀氀愀甀渀挀栀攀爀㌀⸀䰀愀甀渀挀栀攀爀Ⰰ䘀最䄀挀琀椀瘀椀琀礀一愀洀攀㨀挀漀洀⸀猀攀挀⸀愀渀搀爀漀椀搀⸀愀瀀瀀⸀氀愀甀渀挀栀攀爀⼀挀漀洀⸀愀渀搀爀漀椀搀⸀氀愀甀渀挀栀攀爀㌀⸀䰀愀甀渀挀栀攀爀ഀഀ
10-05 20:12:42.065 3774 4059 D GameManagerService: sem_perfomance_mode: 0 ਍㄀ ⴀ 㔀 ㈀ 㨀㄀㈀㨀㐀㈀⸀ 㘀㔀  ㌀㜀㜀㐀  㐀 㔀㤀 䐀 䜀愀洀攀䴀愀渀愀最攀爀匀攀爀瘀椀挀攀㨀 渀漀琀椀昀礀刀攀猀甀洀攀倀愀甀猀攀⠀⤀⸀ 瀀欀最㨀 挀漀洀⸀猀攀挀⸀愀渀搀爀漀椀搀⸀愀瀀瀀⸀氀愀甀渀挀栀攀爀Ⰰ 琀礀瀀攀㨀 㐀Ⰰ 椀猀䴀椀渀椀洀椀稀攀搀㨀 昀愀氀猀攀Ⰰ 椀猀吀甀渀愀戀氀攀䄀瀀瀀㨀 昀愀氀猀攀ഀഀ
10-05 20:12:42.065 3774 4059 D GameManagerService: notifyResumePause(). unexpected mPrevNotiType: -1 ਍㄀ ⴀ 㔀 ㈀ 㨀㄀㈀㨀㐀㈀⸀ 㘀㔀  ㌀㜀㜀㐀  ㌀㤀㌀㠀 䐀 䴀䄀刀猀倀漀氀椀挀礀䴀愀渀愀最攀爀㨀 漀渀倀愀挀欀愀最攀刀攀猀甀洀攀搀䘀䜀 瀀欀最一愀洀攀 㴀 挀漀洀⸀猀攀挀⸀愀渀搀爀漀椀搀⸀愀瀀瀀⸀氀愀甀渀挀栀攀爀Ⰰ 甀猀攀爀䤀搀 㴀  ഀഀ
10-05 20:12:42.068 3774 3797 V WindowManager: finishDrawingLocked: mDrawState=COMMIT_DRAW_PENDING Window{c4c8181 u0 Application Error: com.siemens.winccoaui} in Surface(name=Application Error: com.siemens.winccoaui) ਍㄀ ⴀ 㔀 ㈀ 㨀㄀㈀㨀㐀㈀⸀ 㘀㠀  ㌀㜀㜀㐀  ㌀㜀㤀㜀 䐀 嘀椀攀眀刀漀漀琀䤀洀瀀氀䀀㔀挀㄀㈀㤀㘀㠀嬀眀椀渀挀挀漀愀甀椀崀㨀 䴀匀䜀开刀䔀匀䤀娀䔀䐀开刀䔀倀伀刀吀㨀 昀爀愀洀攀㴀刀攀挀琀⠀㌀㈀Ⰰ 㜀㠀㜀 ⴀ ㄀ 㐀㜀Ⰰ ㄀㌀㘀㄀⤀ 挀椀㴀刀攀挀琀⠀ Ⰰ   ⴀ  Ⰰ  ⤀ 瘀椀㴀刀攀挀琀⠀ Ⰰ   ⴀ  Ⰰ  ⤀ 漀爀㴀㄀ഀഀ
10-05 20:12:42.069 4594 4618 D ForegroundUtils: could not check pending caller ਍㄀ ⴀ 㔀 ㈀ 㨀㄀㈀㨀㐀㈀⸀ 㘀㤀  ㌀㜀㜀㐀  ㌀㠀 㔀 圀 䄀挀琀椀瘀椀琀礀䴀愀渀愀最攀爀㨀 猀攀琀䠀愀猀伀瘀攀爀氀愀礀唀椀 挀愀氀氀攀搀 漀渀 甀渀欀渀漀眀渀 瀀椀搀㨀 㜀㈀㐀㌀ഀഀ
10-05 20:12:42.069 4506 7734 D ProcessObserver_FLP: onProcessDied, 7243/11006 ਍㄀ ⴀ 㔀 ㈀ 㨀㄀㈀㨀㐀㈀⸀ 㘀㤀  ㌀㜀㜀㐀  ㌀㜀㤀㜀 䐀 圀椀渀搀漀眀䴀愀渀愀最攀爀㨀 猀攀琀 猀礀猀琀攀洀唀椀嘀椀猀椀戀椀氀椀琀礀 㨀 猀礀猀琀攀洀唀椀䘀氀愀最猀㴀  砀㄀㠀 昀甀氀氀猀挀爀攀攀渀匀琀愀挀欀匀礀猀唀椀䘀氀愀最猀㴀  砀 ഀഀ
10-05 20:12:42.070 4284 4284 D BarTransitions.PhoneStatusBarView: MODE_OPAQUE -> MODE_TRANSPARENT animate=true ਍㄀ ⴀ 㔀 ㈀ 㨀㄀㈀㨀㐀㈀⸀ 㜀㈀  ㌀㜀㜀㐀  㘀㄀㠀㤀 䐀 圀椀渀搀漀眀䴀愀渀愀最攀爀㨀 愀搀樀甀猀琀匀礀猀琀攀洀唀椀嘀椀猀椀戀椀氀椀琀礀䰀眀 㨀 瘀椀猀㴀  砀㄀㠀ഀഀ
10-05 20:12:42.075 4550 4572 W PkgUtils: p: com.siemens.winccoaui, u:0 ਍㄀ ⴀ 㔀 ㈀ 㨀㄀㈀㨀㐀㈀⸀ 㜀㠀  㔀㌀㄀   㔀㌀㄀  䤀 䰀愀甀渀挀栀攀爀㨀 漀渀圀椀渀搀漀眀嘀椀猀椀戀椀氀椀琀礀䌀栀愀渀最攀搀 㨀 昀愀氀猀攀ഀഀ
10-05 20:12:42.080 3774 3938 V WindowManager: Relayout Window{88df0a u0 com.sec.android.app.launcher/com.sec.android.app.launcher.activities.LauncherActivity}: viewVisibility=4 req=1080x2220 WM.LayoutParams{(0,0)(fillxfill) sim=#130 ty=1 fl=#81910d02 pfl=0x20000 fmt=-2 wanim=0x10302ea vsysui=0x700 needsMenuKey=2 colorMode=0 dimDuration=376 naviIconColor=0 sfl=0x40} ਍㄀ ⴀ 㔀 ㈀ 㨀㄀㈀㨀㐀㈀⸀ 㠀㄀  㐀㈀㠀㐀  㐀㠀㤀㘀 䐀 匀礀猀琀攀洀匀攀爀瘀椀挀攀猀倀爀漀砀礀㨀 甀瀀搀愀琀攀伀瘀攀爀瘀椀攀眀䰀愀猀琀匀琀愀挀欀䄀挀琀椀瘀攀吀椀洀攀䄀猀礀渀挀㨀 渀攀眀吀椀洀攀㴀㄀㔀㌀㠀㜀㘀㌀㄀㘀㄀㤀㠀㌀ഀഀ
10-05 20:12:42.081 3774 4330 D SecContentProvider: query(), uri = 17 selection = isSettingsChangesAllowed ਍㄀ ⴀ 㔀 ㈀ 㨀㄀㈀㨀㐀㈀⸀ 㠀㈀  ㌀㜀㜀㐀  㐀㌀㌀  䐀 匀攀挀䌀漀渀琀攀渀琀倀爀漀瘀椀搀攀爀㨀 挀愀氀氀攀搀 昀爀漀洀 愀渀搀爀漀椀搀⸀甀椀搀⸀猀礀猀琀攀洀甀椀㨀㄀   㔀ഀഀ
10-05 20:12:42.083 5310 5310 D ViewRootImpl@cf50f97[LauncherActivity]: Relayout returned: old=[0,0][1080,2220] new=[0,0][1080,2220] result=0x1 surface={valid=false 0} changed=false ਍㄀ ⴀ 㔀 ㈀ 㨀㄀㈀㨀㐀㈀⸀ 㠀㐀  㔀㌀㄀   㔀㌀㄀  䐀 䠀漀洀攀䌀漀渀琀愀椀渀攀爀㨀 猀攀琀䄀氀瀀栀愀 㨀  ⸀ ഀഀ
10-05 20:12:42.084 3774 4330 D RestrictionPolicy: isSettingsChangesAllowedAsUser, userId 0 : true ਍㄀ ⴀ 㔀 ㈀ 㨀㄀㈀㨀㐀㈀⸀ 㠀㐀  㔀㌀㄀   㔀㌀㄀  嘀 䰀愀甀渀挀栀攀爀㨀 䰀愀甀渀挀栀攀爀⸀漀渀刀攀猀甀洀攀⠀⤀ഀഀ
10-05 20:12:42.084 4284 4498 D SystemServicesProxy: updateOverviewLastStackActiveTimeAsync: done. ਍㄀ ⴀ 㔀 ㈀ 㨀㄀㈀㨀㐀㈀⸀ 㤀   㔀㌀㄀   㔀㌀㄀  䐀 䔀砀琀攀爀渀愀氀䴀攀琀栀漀搀儀甀攀甀攀㨀 䜀攀琀琀椀渀最 愀渀搀 挀氀攀愀爀椀渀最 䔀堀吀䔀刀一䄀䰀开䴀䔀吀䠀伀䐀开䰀䤀匀吀㨀 渀甀氀氀ഀഀ
10-05 20:12:42.090 5310 5310 D AppsCustomAdapter: notifyUpdate : com.android.launcher3.Launcher@ced049a ਍㄀ ⴀ 㔀 ㈀ 㨀㄀㈀㨀㐀㈀⸀ 㤀   㔀㌀㄀   㔀㌀㄀  䐀 䄀瀀瀀猀䐀爀愀最䌀漀渀琀爀漀氀氀攀爀㨀 渀攀攀搀䐀攀昀攀爀吀漀䈀椀渀搀 㨀 琀爀甀攀 Ⰰ 昀愀氀猀攀ഀഀ
10-05 20:12:42.091 5310 5310 D BixbyApi_0.2.7: isBixbySupported:true ਍㄀ ⴀ 㔀 ㈀ 㨀㄀㈀㨀㐀㈀⸀ 㤀㄀  㔀㌀㄀   㔀㌀㄀  䐀 匀琀愀琀攀䴀愀渀愀最攀爀㨀 漀渀䰀愀甀渀挀栀攀爀吀漀瀀嘀椀攀眀䌀栀愀渀最攀搀⠀⤀ 㨀 䄀瀀瀀猀倀愀最攀嘀椀攀眀ഀഀ
10-05 20:12:42.092 5456 5456 W SearchServiceClient: Starting with NO_SESSION handoverId is deprecated. Just don't. You will break. ਍㄀ ⴀ 㔀 ㈀ 㨀㄀㈀㨀㐀㈀⸀ 㤀㌀  㔀㌀㄀   㔀㌀㄀  䐀 䰀愀甀渀挀栀攀爀⸀䠀漀洀攀䌀漀渀琀爀漀氀氀攀爀㨀 漀渀刀攀猀甀洀攀 䠀漀洀攀䌀漀渀琀愀椀渀攀爀 挀甀爀爀攀渀琀 愀氀瀀栀愀 㴀  ⸀ ഀഀ
10-05 20:12:42.093 5310 5310 D Launcher: setupWallpaperScroller ਍㄀ ⴀ 㔀 ㈀ 㨀㄀㈀㨀㐀㈀⸀ 㤀㠀  㐀㈀㠀㐀  㐀㠀㤀㘀 䐀 䄀瀀瀀氀椀挀愀琀椀漀渀倀愀挀欀愀最攀䴀愀渀愀最攀爀㨀 甀瀀搀愀琀攀䤀琀攀洀䴀攀琀愀䐀愀琀愀䘀漀爀䘀椀砀攀搀䤀挀漀渀匀挀愀氀攀㨀 瀀愀挀欀愀最攀㨀 挀漀洀⸀猀椀攀洀攀渀猀⸀眀椀渀挀挀漀愀甀椀ഀഀ
10-05 20:12:42.098 5456 5456 I WorkerManager: New handler created for worker [service] (manager: bd27aa7, handler: e274b54) ਍㄀ ⴀ 㔀 ㈀ 㨀㄀㈀㨀㐀㈀⸀ 㤀㠀  㔀㐀㔀㘀  㔀㐀㔀㘀 䤀 圀漀爀欀攀爀䠀愀渀搀氀攀爀㨀 一攀眀 猀琀愀琀攀 昀漀爀 眀漀爀欀攀爀 嬀猀攀爀瘀椀挀攀崀㨀 搀 ⠀栀愀渀搀氀攀爀㨀 攀㈀㜀㐀戀㔀㐀⤀ഀഀ
10-05 20:12:42.098 5456 5456 I SearchServiceCore: Event Bus thread is disabled; marking main thread as EventBus ਍㄀ ⴀ 㔀 ㈀ 㨀㄀㈀㨀㐀㈀⸀ 㤀㠀  ㌀㜀㜀㐀  㐀㌀㌀  䐀 倀愀挀欀愀最攀䴀愀渀愀最攀爀㨀 最攀琀匀攀氀攀挀琀攀搀䴀攀琀愀䐀愀琀愀 㨀 瀀愀挀欀愀最攀一愀洀攀⠀挀漀洀⸀猀椀攀洀攀渀猀⸀眀椀渀挀挀漀愀甀椀⤀ 漀爀 䴀攀琀愀搀愀琀愀 猀琀爀椀渀最猀 笀嬀䰀樀愀瘀愀⸀氀愀渀最⸀匀琀爀椀渀最㬀䀀愀㜀愀愀攀㤀㤀紀ഀഀ
10-05 20:12:42.099 4284 4896 I ApplicationPackageManager: load=com.siemens.winccoaui, bg=144-144, dr=540-540, forDefault=true, density=0 ਍㄀ ⴀ 㔀 ㈀ 㨀㄀㈀㨀㐀㈀⸀㄀ ㄀  㐀㈀㠀㐀  㐀㠀㤀㘀 䤀 䄀瀀瀀氀椀挀愀琀椀漀渀倀愀挀欀愀最攀䴀愀渀愀最攀爀㨀 爀攀猀攀琀 搀爀㴀㈀㄀㘀Ⰰ㈀㄀㘀Ⰰ 戀最㴀㈀㄀㘀Ⰰ㈀㄀㘀ഀഀ
10-05 20:12:42.103 4284 4896 I ApplicationPackageManager: scaled rate=201.0, size=216, alpha=0, hold=102 ਍㄀ ⴀ 㔀 ㈀ 㨀㄀㈀㨀㐀㈀⸀㄀ ㌀  㐀㈀㠀㐀  㐀㠀㤀㘀 䐀 䄀瀀瀀氀椀挀愀琀椀漀渀倀愀挀欀愀最攀䴀愀渀愀最攀爀㨀 椀挀漀渀匀挀愀氀攀㨀 最攀琀匀挀愀氀攀⠀⤀㨀 ㈀ ㄀⸀  最攀琀䄀氀瀀栀愀⠀⤀㨀  ഀഀ
10-05 20:12:42.104 5310 5310 D Notification.Badge: [filtered] shouldBeFilteredOut().mTempRanking.canShowBadge[false], [sbn : StatusBarNotification(pkg=android user=UserHandle{-1} id=29 tag=null key=-1|android|29|null|1000: Notification(channel=USB pri=0 contentView=null vibrate=null sound=null tick defaults=0x0 flags=0x2 color=0xff607d8b number=0 vis=PUBLIC semFlags=0x0 semPriority=0 semMissedCount=0))] ਍㄀ ⴀ 㔀 ㈀ 㨀㄀㈀㨀㐀㈀⸀㄀ 㔀  㔀㌀㄀   㔀㌀㄀  䐀 一漀琀椀昀椀挀愀琀椀漀渀⸀䈀愀搀最攀㨀 嬀昀椀氀琀攀爀攀搀崀 猀栀漀甀氀搀䈀攀䘀椀氀琀攀爀攀搀伀甀琀⠀⤀⸀洀吀攀洀瀀刀愀渀欀椀渀最⸀挀愀渀匀栀漀眀䈀愀搀最攀嬀昀愀氀猀攀崀Ⰰ 嬀猀戀渀 㨀 匀琀愀琀甀猀䈀愀爀一漀琀椀昀椀挀愀琀椀漀渀⠀瀀欀最㴀挀漀洀⸀最漀漀最氀攀⸀愀渀搀爀漀椀搀⸀最漀漀最氀攀焀甀椀挀欀猀攀愀爀挀栀戀漀砀 甀猀攀爀㴀唀猀攀爀䠀愀渀搀氀攀笀 紀 椀搀㴀ⴀ㄀㠀㜀㌀㐀㤀㐀㤀㤀㔀 琀愀最㴀渀 欀攀礀㴀 簀挀漀洀⸀最漀漀最氀攀⸀愀渀搀爀漀椀搀⸀最漀漀最氀攀焀甀椀挀欀猀攀愀爀挀栀戀漀砀簀ⴀ㄀㠀㜀㌀㐀㤀㐀㤀㤀㔀簀渀簀㄀  㤀㔀㨀 一漀琀椀昀椀挀愀琀椀漀渀⠀挀栀愀渀渀攀氀㴀㈀㄀ 瀀爀椀㴀ⴀ㈀ 挀漀渀琀攀渀琀嘀椀攀眀㴀渀甀氀氀 瘀椀戀爀愀琀攀㴀渀甀氀氀 猀漀甀渀搀㴀渀甀氀氀 搀攀昀愀甀氀琀猀㴀 砀  昀氀愀最猀㴀 砀㄀㄀㠀 挀漀氀漀爀㴀 砀昀昀㐀㈀㠀㔀昀㐀 渀甀洀戀攀爀㴀  瘀椀猀㴀倀刀䤀嘀䄀吀䔀 猀攀洀䘀氀愀最猀㴀 砀  猀攀洀倀爀椀漀爀椀琀礀㴀  猀攀洀䴀椀猀猀攀搀䌀漀甀渀琀㴀 ⤀⤀崀ഀഀ
10-05 20:12:42.105 5310 5310 D Notification.Badge: [filtered] shouldBeFilteredOut().mTempRanking.canShowBadge[false], [sbn : StatusBarNotification(pkg=com.android.systemui user=UserHandle{-1} id=2131362712 tag=charging_state key=-1|com.android.systemui|2131362712|charging_state|10005: Notification(channel=GEN pri=-2 contentView=null vibrate=null sound=null defaults=0x0 flags=0xa color=0xff607d8b category=sys number=0 vis=PUBLIC semFlags=0x0 semPriority=0 semMissedCount=0))] ਍㄀ ⴀ 㔀 ㈀ 㨀㄀㈀㨀㐀㈀⸀㄀ 㔀  㔀㌀㄀   㔀㐀 㐀 䐀 一漀琀椀昀椀挀愀琀椀漀渀⸀䈀愀搀最攀㨀 䰀愀甀渀挀栀攀爀䴀漀搀攀氀㨀漀渀一漀琀椀昀椀挀愀琀椀漀渀䘀甀氀氀刀攀昀爀攀猀栀⠀⤀ 㨀 嬀㄀崀Ⰰ 䤀挀漀渀吀礀瀀攀 㨀 嬀 崀ഀഀ
10-05 20:12:42.105 4284 4896 I ApplicationPackageManager: load=com.siemens.winccoaui-crop, bg=216-216, dr=216-216 ਍㄀ ⴀ 㔀 ㈀ 㨀㄀㈀㨀㐀㈀⸀㄀ 㘀  㔀㌀㄀   㔀㐀 㐀 䐀 一漀琀椀昀椀挀愀琀椀漀渀⸀䈀愀搀最攀㨀 渀漀琀椀昀椀挀愀琀椀漀渀䬀攀礀 㨀  簀挀漀洀⸀愀渀搀爀漀椀搀⸀瘀攀渀搀椀渀最簀㠀㜀㐀㜀㔀㔀㌀㐀㌀簀渀甀氀氀簀㄀  㔀 Ⰰ 挀漀甀渀琀 㨀  Ⰰ 琀栀椀猀⸀挀漀甀渀琀 㨀 ㄀ഀഀ
10-05 20:12:42.106 5310 5404 D Notification.Badge: notificationKey : 0|com.android.vending|874755343|null|10050, count : 1, mTotalCount : 1 ਍㄀ ⴀ 㔀 ㈀ 㨀㄀㈀㨀㐀㈀⸀㄀ 㘀  㔀㌀㄀   㔀㐀 㐀 䐀 一漀琀椀昀椀挀愀琀椀漀渀⸀䈀愀搀最攀㨀 䰀愀甀渀挀栀攀爀䴀漀搀攀氀㨀漀渀一漀琀椀昀椀挀愀琀椀漀渀䘀甀氀氀刀攀昀爀攀猀栀⠀⤀ 渀漀琀 渀攀攀搀 琀漀 甀瀀搀愀琀攀Ⰰ 甀瀀搀愀琀攀搀䈀愀搀最攀猀⸀爀攀洀漀瘀攀嬀挀漀洀⸀愀渀搀爀漀椀搀⸀瘀攀渀搀椀渀最崀Ⰰ 挀漀甀渀琀 㨀 嬀㄀崀ഀഀ
10-05 20:12:42.108 5456 5456 I WorkerManager: New handler created for worker [searchplate] (manager: bd27aa7, handler: b576447) ਍㄀ ⴀ 㔀 ㈀ 㨀㄀㈀㨀㐀㈀⸀㄀ 㠀  㔀㐀㔀㘀  㔀㐀㔀㘀 䤀 圀漀爀欀攀爀䠀愀渀搀氀攀爀㨀 一攀眀 猀琀愀琀攀 昀漀爀 眀漀爀欀攀爀 嬀猀攀愀爀挀栀瀀氀愀琀攀崀㨀 搀 ⠀栀愀渀搀氀攀爀㨀 戀㔀㜀㘀㐀㐀㜀⤀ഀഀ
10-05 20:12:42.109 5456 5456 W SessionLifecycleManager: Handover failed. Creating new session controller. ਍㄀ ⴀ 㔀 ㈀ 㨀㄀㈀㨀㐀㈀⸀㄀㄀㈀  ㌀㈀㐀㜀  ㌀㈀㐀㜀 䐀 匀甀爀昀愀挀攀䘀氀椀渀最攀爀㨀   䐀椀猀瀀氀愀礀嬀 崀 挀漀渀昀椀最甀爀愀琀椀漀渀猀 ⠀⨀ 挀甀爀爀攀渀琀⤀㨀ഀഀ
10-05 20:12:42.112 3247 3247 D SurfaceFlinger: * 0: 1440x2960, xdpi=562.706970, ydpi=565.293030, refresh=16666666 ਍㄀ ⴀ 㔀 ㈀ 㨀㄀㈀㨀㐀㈀⸀㄀㄀㈀  ㌀㈀㐀㜀  ㌀㈀㐀㜀 䐀 匀甀爀昀愀挀攀䘀氀椀渀最攀爀㨀   渀甀洀䠀眀䰀愀礀攀爀猀㴀㔀Ⰰ 昀氀愀最猀㴀        ഀഀ
10-05 20:12:42.112 3247 3247 D SurfaceFlinger: type | handle | hint | flag | tr | blnd | format | source crop (l,t,r,b) | frame | name ਍㄀ ⴀ 㔀 ㈀ 㨀㄀㈀㨀㐀㈀⸀㄀㄀㈀  ㌀㈀㐀㜀  ㌀㈀㐀㜀 䐀 匀甀爀昀愀挀攀䘀氀椀渀最攀爀㨀 ⴀⴀⴀⴀⴀⴀⴀⴀⴀⴀⴀ⬀ⴀⴀⴀⴀⴀⴀⴀⴀⴀⴀ⬀ⴀⴀⴀⴀⴀⴀ⬀ⴀⴀⴀⴀⴀⴀ⬀ⴀⴀⴀⴀ⬀ⴀⴀⴀⴀⴀⴀ⬀ⴀⴀⴀⴀⴀⴀⴀⴀⴀⴀⴀⴀⴀ⬀ⴀⴀⴀⴀⴀⴀⴀⴀⴀⴀⴀⴀⴀⴀⴀⴀⴀⴀⴀⴀⴀⴀⴀⴀⴀⴀⴀⴀⴀⴀⴀⴀ⬀ⴀⴀⴀⴀⴀⴀⴀⴀⴀⴀⴀⴀⴀⴀⴀⴀⴀⴀⴀⴀⴀⴀⴀⴀ⬀ⴀⴀⴀⴀⴀⴀഀഀ
10-05 20:12:42.112 3247 3247 D SurfaceFlinger: HWC | 7ecee2c180 | 0000 | 0000 | 00 | 0105 | RGBA_8888 | 0.0, 0.0, 1027.0, 585.0 | 67, 804, 1011, 1342 | Application Error: com.siemens.winccoaui#0 ਍㄀ ⴀ 㔀 ㈀ 㨀㄀㈀㨀㐀㈀⸀㄀㄀㈀  ㌀㈀㐀㜀  ㌀㈀㐀㜀 䐀 匀甀爀昀愀挀攀䘀氀椀渀最攀爀㨀        䠀圀䌀 簀 㜀攀挀昀㈀㔀㤀㐀㐀  簀      簀      簀    簀  ㄀ 㔀 簀 刀䜀䈀䄀开㠀㠀㠀㠀   簀     ⸀ Ⰰ     ⸀ Ⰰ ㄀ 㠀 ⸀ Ⰰ   㜀㈀⸀  簀     Ⰰ     Ⰰ ㄀ 㠀 Ⰰ   㜀㈀ 簀 匀琀愀琀甀猀䈀愀爀⌀ ഀഀ
10-05 20:12:42.112 3247 3247 D SurfaceFlinger: HWC | 7ecf259280 | 0000 | 0000 | 00 | 0105 | RGBA_8888 | 0.0, 0.0, 67.0, 445.0 | 1013, 527, 1080, 972 | com.samsung.android.app.cocktailbarservice/com.samsung.android.app.cocktailbarservice.CocktailBarService#0 ਍㄀ ⴀ 㔀 ㈀ 㨀㄀㈀㨀㐀㈀⸀㄀㄀㈀  ㌀㈀㐀㜀  ㌀㈀㐀㜀 䐀 匀甀爀昀愀挀攀䘀氀椀渀最攀爀㨀        䠀圀䌀 簀 㜀攀挀攀攀㈀戀    簀      簀      簀    簀  ㄀ 㔀 簀 刀䜀䈀䄀开㠀㠀㠀㠀   簀     ⸀ Ⰰ     ⸀ Ⰰ ㄀ 㠀 ⸀ Ⰰഀഀ
10-05 20:12:42.112 5456 5456 I WorkerManager: New handler created for worker [optin] (manager: bd27aa7, handler: 23cba36) ਍㄀ ⴀ 㔀 ㈀ 㨀㄀㈀㨀㐀㈀⸀㄀㄀㈀  ㌀㈀㐀㜀  ㌀㈀㐀㜀 䐀 匀甀爀昀愀挀攀䘀氀椀渀最攀爀㨀   ㄀㐀㐀⸀  簀     Ⰰ ㈀ 㜀㘀Ⰰ ㄀ 㠀 Ⰰ ㈀㈀㈀  簀 一愀瘀椀最愀琀椀漀渀䈀愀爀⌀ ഀഀ
10-05 20:12:42.112 3247 3247 D SurfaceFlinger: FB TARGET | 7ecf255d20 | 0000 | 0000 | 00 | 0105 | RGBA_8888 | 0.0, 0.0, 1440.0, 2960.0 | 0, 0, 1440, 2960 | HWC_FRAMEBUFFER_TARGET ਍㄀ ⴀ 㔀 ㈀ 㨀㄀㈀㨀㐀㈀⸀㄀㄀㈀  㔀㐀㔀㘀  㔀㐀㔀㘀 䤀 圀漀爀欀攀爀䠀愀渀搀氀攀爀㨀 一攀眀 猀琀愀琀攀 昀漀爀 眀漀爀欀攀爀 嬀漀瀀琀椀渀崀㨀 搀 ⠀栀愀渀搀氀攀爀㨀 ㈀㌀挀戀愀㌀㘀⤀ഀഀ
10-05 20:12:42.113 3774 3797 D WindowManager: set systemUiVisibility : systemUiFlags= 0x8 fullscreenStackSysUiFlags= 0x0 ਍㄀ ⴀ 㔀 ㈀ 㨀㄀㈀㨀㐀㈀⸀㄀㄀㌀  㔀㐀㔀㘀  㔀㐀㔀㘀 䤀 圀漀爀欀攀爀䴀愀渀愀最攀爀㨀 一攀眀 栀愀渀搀氀攀爀 挀爀攀愀琀攀搀 昀漀爀 眀漀爀欀攀爀 嬀瀀爀漀最爀攀猀猀崀 ⠀洀愀渀愀最攀爀㨀 戀搀㈀㜀愀愀㜀Ⰰ 栀愀渀搀氀攀爀㨀 ㈀昀㠀㠀㤀㄀愀⤀ഀഀ
10-05 20:12:42.113 5456 5456 I WorkerHandler: New state for worker [progress]: d (handler: 2f8891a) ਍㄀ ⴀ 㔀 ㈀ 㨀㄀㈀㨀㐀㈀⸀㄀㄀㌀  㔀㐀㔀㘀  㔀㐀㔀㘀 䤀 圀漀爀欀攀爀䴀愀渀愀最攀爀㨀 一攀眀 栀愀渀搀氀攀爀 挀爀攀愀琀攀搀 昀漀爀 眀漀爀欀攀爀 嬀猀栀愀爀攀戀攀愀爀崀 ⠀洀愀渀愀最攀爀㨀 戀搀㈀㜀愀愀㜀Ⰰ 栀愀渀搀氀攀爀㨀 㐀戀㤀昀㘀㈀㠀⤀ഀഀ
10-05 20:12:42.113 5456 5456 I WorkerHandler: New state for worker [sharebear]: d (handler: 4b9f628) ਍㄀ ⴀ 㔀 ㈀ 㨀㄀㈀㨀㐀㈀⸀㄀㄀㐀  㔀㐀㔀㘀  㔀㐀㔀㘀 䤀 圀漀爀欀攀爀䴀愀渀愀最攀爀㨀 一攀眀 栀愀渀搀氀攀爀 挀爀攀愀琀攀搀 昀漀爀 眀漀爀欀攀爀 嬀猀挀爀攀攀渀猀攀愀爀挀栀崀 ⠀洀愀渀愀最攀爀㨀 戀搀㈀㜀愀愀㜀Ⰰ 栀愀渀搀氀攀爀㨀 㜀㠀㘀㄀挀攀㘀⤀ഀഀ
10-05 20:12:42.114 5456 5456 I WorkerHandler: New state for worker [screensearch]: d (handler: 7861ce6) ਍㄀ ⴀ 㔀 ㈀ 㨀㄀㈀㨀㐀㈀⸀㄀㄀㐀  ㌀㜀㜀㐀  㘀㄀㠀㤀 䐀 䄀挀琀椀瘀椀琀礀䴀愀渀愀最攀爀㨀 瀀漀猀琀 愀挀琀椀瘀攀 甀猀攀爀 挀栀愀渀最攀 昀漀爀   昀甀氀氀猀挀爀攀攀渀 琀爀甀攀 椀猀䠀漀洀攀䄀挀琀椀瘀椀琀礀⠀⤀ 琀爀甀攀ഀഀ
10-05 20:12:42.114 3774 6189 I WallpaperManagerService: switchPersonaWallpaper is called for personaId-0 ਍㄀ ⴀ 㔀 ㈀ 㨀㄀㈀㨀㐀㈀⸀㄀㄀㔀  ㌀㜀㜀㐀  ㌀㜀㜀㐀 䐀 圀愀氀氀瀀愀瀀攀爀䴀愀渀愀最攀爀匀攀爀瘀椀挀攀㨀  昀漀爀挀攀 甀瀀搀愀琀攀 㴀 昀愀氀猀攀㬀 瀀攀爀猀漀渀愀 椀搀 㴀  㬀 挀甀爀爀攀渀琀 甀猀攀爀 㴀 㬀 挀甀爀爀攀渀琀 瀀攀爀猀漀渀愀 㴀  ഀഀ
10-05 20:12:42.115 5310 5310 I Launcher: onWindowVisibilityChanged : true ਍㄀ ⴀ 㔀 ㈀ 㨀㄀㈀㨀㐀㈀⸀㄀㄀㘀  㔀㐀㔀㘀  㔀㐀㔀㘀 䔀 倀䈀匀攀猀猀椀漀渀䌀愀挀栀攀䤀洀瀀氀㨀 猀攀猀猀椀漀渀䤀搀嬀㈀㌀㤀㤀㜀㈀㠀 㐀㤀㜀㐀  㤀㠀㌀崀 渀漀琀 瀀攀爀猀椀猀琀攀搀⸀ഀഀ
10-05 20:12:42.117 5456 5456 I WorkerManager: New handler created for worker [searchboxroot] (manager: bd27aa7, handler: f441585) ਍㄀ ⴀ 㔀 ㈀ 㨀㄀㈀㨀㐀㈀⸀㄀㄀㜀  㔀㐀㔀㘀  㔀㐀㔀㘀 䤀 圀漀爀欀攀爀䠀愀渀搀氀攀爀㨀 一攀眀 猀琀愀琀攀 昀漀爀 眀漀爀欀攀爀 嬀猀攀愀爀挀栀戀漀砀爀漀漀琀崀㨀 搀 ⠀栀愀渀搀氀攀爀㨀 昀㐀㐀㄀㔀㠀㔀⤀ഀഀ
10-05 20:12:42.117 3774 6189 V WindowManager: Relayout Window{88df0a u0 com.sec.android.app.launcher/com.sec.android.app.launcher.activities.LauncherActivity}: viewVisibility=0 req=1080x2220 WM.LayoutParams{(0,0)(fillxfill) sim=#130 ty=1 fl=#81910d02 pfl=0x20000 fmt=-2 wanim=0x10302ea vsysui=0x700 needsMenuKey=2 colorMode=0 dimDuration=376 naviIconColor=0 sfl=0x40} ਍㄀ ⴀ 㔀 ㈀ 㨀㄀㈀㨀㐀㈀⸀㄀㄀㜀  㔀㐀㔀㘀  㘀㠀   䤀 倀䈀匀攀猀猀椀漀渀䌀愀挀栀攀䤀洀瀀氀㨀 䐀攀氀攀琀攀搀 猀攀猀猀椀漀渀䤀搀嬀㈀㌀㤀㤀㜀㈀㠀 㐀㤀㜀㐀  㤀㠀㌀崀 昀爀漀洀 瀀攀爀猀椀猀琀攀渀挀攀⸀ഀഀ
10-05 20:12:42.117 5456 5456 I WorkerManager: New handler created for worker [actions] (manager: bd27aa7, handler: 7b58501) ਍㄀ ⴀ 㔀 ㈀ 㨀㄀㈀㨀㐀㈀⸀㄀㄀㠀  㔀㐀㔀㘀  㔀㐀㔀㘀 䤀 圀漀爀欀攀爀䠀愀渀搀氀攀爀㨀 一攀眀 猀琀愀琀攀 昀漀爀 眀漀爀欀攀爀 嬀愀挀琀椀漀渀猀崀㨀 搀 ⠀栀愀渀搀氀攀爀㨀 㜀戀㔀㠀㔀 ㄀⤀ഀഀ
10-05 20:12:42.118 3247 3247 I SurfaceFlinger: id=575 createSurf (1080x2220),1 flag=4, com.sec.android.app.launcher/com.sec.android.app.launcher.activities.LauncherActivity#0 ਍㄀ ⴀ 㔀 ㈀ 㨀㄀㈀㨀㐀㈀⸀㄀㄀㤀  㔀㐀㔀㘀  㔀㐀㔀㘀 䤀 圀漀爀欀攀爀䴀愀渀愀最攀爀㨀 一攀眀 栀愀渀搀氀攀爀 挀爀攀愀琀攀搀 昀漀爀 眀漀爀欀攀爀 嬀氀攀最愀挀礀甀椀崀 ⠀洀愀渀愀最攀爀㨀 戀搀㈀㜀愀愀㜀Ⰰ 栀愀渀搀氀攀爀㨀 戀昀㐀㌀搀攀㜀⤀ഀഀ
10-05 20:12:42.119 5456 5456 I WorkerHandler: New state for worker [legacyui]: d (handler: bf43de7) ਍㄀ ⴀ 㔀 ㈀ 㨀㄀㈀㨀㐀㈀⸀㄀㄀㤀  ㌀㜀㜀㐀  㘀㄀㠀㤀 嘀 匀甀爀昀愀挀攀 㨀 猀昀开昀爀愀洀攀搀爀漀瀀 搀攀戀甀最 㨀  砀㐀昀㐀挀Ⰰ 最愀洀攀 㨀 昀愀氀猀攀Ⰰ 氀漀最最椀渀最 㨀  ഀഀ
10-05 20:12:42.119 5456 5456 I WorkerManager: New handler created for worker [conversation] (manager: bd27aa7, handler: 1f49032) ਍㄀ ⴀ 㔀 ㈀ 㨀㄀㈀㨀㐀㈀⸀㄀㄀㤀  㔀㐀㔀㘀  㔀㐀㔀㘀 䤀 圀漀爀欀攀爀䠀愀渀搀氀攀爀㨀 一攀眀 猀琀愀琀攀 昀漀爀 眀漀爀欀攀爀 嬀挀漀渀瘀攀爀猀愀琀椀漀渀崀㨀 搀 ⠀栀愀渀搀氀攀爀㨀 ㄀昀㐀㤀 ㌀㈀⤀ഀഀ
10-05 20:12:42.119 5456 5456 I WorkerManager: New handler created for worker [message] (manager: bd27aa7, handler: 38d4f00) ਍㄀ ⴀ 㔀 ㈀ 㨀㄀㈀㨀㐀㈀⸀㄀㈀   㔀㐀㔀㘀  㔀㐀㔀㘀 䤀 圀漀爀欀攀爀䠀愀渀搀氀攀爀㨀 一攀眀 猀琀愀琀攀 昀漀爀 眀漀爀欀攀爀 嬀洀攀猀猀愀最攀崀㨀 搀 ⠀栀愀渀搀氀攀爀㨀 ㌀㠀搀㐀昀  ⤀ഀഀ
10-05 20:12:42.120 5456 5456 I WorkerManager: New handler created for worker [context] (manager: bd27aa7, handler: 8577d7e) ਍㄀ ⴀ 㔀 ㈀ 㨀㄀㈀㨀㐀㈀⸀㄀㈀   㔀㐀㔀㘀  㔀㐀㔀㘀 䤀 圀漀爀欀攀爀䠀愀渀搀氀攀爀㨀 一攀眀 猀琀愀琀攀 昀漀爀 眀漀爀欀攀爀 嬀挀漀渀琀攀砀琀崀㨀 搀 ⠀栀愀渀搀氀攀爀㨀 㠀㔀㜀㜀搀㜀攀⤀ഀഀ
10-05 20:12:42.120 5456 5456 I WorkerManager: New handler created for worker [actionvelogging] (manager: bd27aa7, handler: 6f85b2c) ਍㄀ ⴀ 㔀 ㈀ 㨀㄀㈀㨀㐀㈀⸀㄀㈀   㔀㐀㔀㘀  㔀㐀㔀㘀 䤀 圀漀爀欀攀爀䠀愀渀搀氀攀爀㨀 一攀眀 猀琀愀琀攀 昀漀爀 眀漀爀欀攀爀 嬀愀挀琀椀漀渀瘀攀氀漀最最椀渀最崀㨀 搀 ⠀栀愀渀搀氀攀爀㨀 㘀昀㠀㔀戀㈀挀⤀ഀഀ
10-05 20:12:42.120 5456 5456 I WorkerManager: New handler created for worker [sharedmicrodetection] (manager: bd27aa7, handler: c0cedfb) ਍㄀ ⴀ 㔀 ㈀ 㨀㄀㈀㨀㐀㈀⸀㄀㈀   㔀㐀㔀㘀  㔀㐀㔀㘀 䤀 圀漀爀欀攀爀䠀愀渀搀氀攀爀㨀 一攀眀 猀琀愀琀攀 昀漀爀 眀漀爀欀攀爀 嬀猀栀愀爀攀搀洀椀挀爀漀搀攀琀攀挀琀椀漀渀崀㨀 搀 ⠀栀愀渀搀氀攀爀㨀 挀 挀攀搀昀戀⤀ഀഀ
10-05 20:12:42.120 5456 5456 I WorkerManager: New handler created for worker [networkmonitor] (manager: bd27aa7, handler: b326ed7) ਍㄀ ⴀ 㔀 ㈀ 㨀㄀㈀㨀㐀㈀⸀㄀㈀㄀  㔀㐀㔀㘀  㔀㐀㔀㘀 䤀 圀漀爀欀攀爀䠀愀渀搀氀攀爀㨀 一攀眀 猀琀愀琀攀 昀漀爀 眀漀爀欀攀爀 嬀渀攀琀眀漀爀欀洀漀渀椀琀漀爀崀㨀 搀 ⠀栀愀渀搀氀攀爀㨀 戀㌀㈀㘀攀搀㜀⤀ഀഀ
10-05 20:12:42.121 5456 5456 I WorkerManager: New handler created for worker [audio] (manager: bd27aa7, handler: 4c52173) ਍㄀ ⴀ 㔀 ㈀ 㨀㄀㈀㨀㐀㈀⸀㄀㈀㄀  㔀㐀㔀㘀  㔀㐀㔀㘀 䤀 圀漀爀欀攀爀䠀愀渀搀氀攀爀㨀 一攀眀 猀琀愀琀攀 昀漀爀 眀漀爀欀攀爀 嬀愀甀搀椀漀崀㨀 搀 ⠀栀愀渀搀氀攀爀㨀 㐀挀㔀㈀㄀㜀㌀⤀ഀഀ
10-05 20:12:42.122 5456 5456 I WorkerManager: New handler created for worker [corpus] (manager: bd27aa7, handler: b96bbc7) ਍㄀ ⴀ 㔀 ㈀ 㨀㄀㈀㨀㐀㈀⸀㄀㈀㈀  㔀㐀㔀㘀  㔀㐀㔀㘀 䤀 圀漀爀欀攀爀䠀愀渀搀氀攀爀㨀 一攀眀 猀琀愀琀攀 昀漀爀 眀漀爀欀攀爀 嬀挀漀爀瀀甀猀崀㨀 搀 ⠀栀愀渀搀氀攀爀㨀 戀㤀㘀戀戀挀㜀⤀ഀഀ
10-05 20:12:42.122 5456 5456 I OptInState: There is a new client and it does not support opt-in. Dropping request. ਍㄀ ⴀ 㔀 ㈀ 㨀㄀㈀㨀㐀㈀⸀㄀㈀㈀  㔀㐀㔀㘀  㔀㐀㔀㘀 䤀 圀漀爀欀攀爀䴀愀渀愀最攀爀㨀 一攀眀 栀愀渀搀氀攀爀 挀爀攀愀琀攀搀 昀漀爀 眀漀爀欀攀爀 嬀氀漀最漀开栀攀愀搀攀爀崀 ⠀洀愀渀愀最攀爀㨀 戀搀㈀㜀愀愀㜀Ⰰ 栀愀渀搀氀攀爀㨀 挀攀㤀㔀挀戀昀⤀ഀഀ
10-05 20:12:42.122 5456 5456 I WorkerHandler: New state for worker [logo_header]: d (handler: ce95cbf) ਍㄀ ⴀ 㔀 ㈀ 㨀㄀㈀㨀㐀㈀⸀㄀㈀㌀  㔀㌀㄀   㔀㌀㄀  嘀 匀甀爀昀愀挀攀 㨀 猀昀开昀爀愀洀攀搀爀漀瀀 搀攀戀甀最 㨀  砀㐀昀㐀挀Ⰰ 最愀洀攀 㨀 昀愀氀猀攀Ⰰ 氀漀最最椀渀最 㨀  ഀഀ
10-05 20:12:42.123 5310 5310 D ViewRootImpl@cf50f97[LauncherActivity]: Relayout returned: old=[0,0][1080,2220] new=[0,0][1080,2220] result=0x7 surface={valid=true 522973921280} changed=true ਍㄀ ⴀ 㔀 ㈀ 㨀㄀㈀㨀㐀㈀⸀㄀㈀㜀  ㌀㈀㐀㜀  ㌀㈀㐀㜀 䐀 䰀愀礀攀爀   㨀 愀瀀瀀氀礀䔀昀昀攀挀琀 ⌀⌀ 挀漀洀⸀猀攀挀⸀愀渀搀爀漀椀搀⸀愀瀀瀀⸀氀愀甀渀挀栀攀爀⼀挀漀洀⸀猀攀挀⸀愀渀搀爀漀椀搀⸀愀瀀瀀⸀氀愀甀渀挀栀攀爀⸀愀挀琀椀瘀椀琀椀攀猀⸀䰀愀甀渀挀栀攀爀䄀挀琀椀瘀椀琀礀⌀ ഀഀ
10-05 20:12:42.127 3247 3247 D Layer : applyEffect ## animMode=3, target=2, pixType=1 ਍㄀ ⴀ 㔀 ㈀ 㨀㄀㈀㨀㐀㈀⸀㄀㈀㜀  ㌀㈀㐀㜀  ㌀㈀㐀㜀 䐀 䰀愀礀攀爀   㨀 愀瀀瀀氀礀䔀昀昀攀挀琀 ⌀⌀ 瀀椀砀䄀渀椀洀 愀渀椀洀㴀㄀㌀Ⰰ 琀椀洀攀䴀猀㴀 Ⰰ 瘀愀氀甀攀㴀 ⸀  Ⰰ 椀渀琀攀爀瀀㴀 ഀഀ
10-05 20:12:42.127 3247 3247 D Layer : applyEffect ## pixAnim anim=13, timeMs=376, value=132.00, interp=3 ਍㄀ ⴀ 㔀 ㈀ 㨀㄀㈀㨀㐀㈀⸀㄀㈀㜀  ㌀㈀㐀㜀  ㌀㈀㐀㜀 䐀 䰀愀礀攀爀   㨀 愀瀀瀀氀礀䔀昀昀攀挀琀 ⌀⌀ 瀀椀砀䄀渀椀洀 愀渀椀洀㴀㄀㐀Ⰰ 琀椀洀攀䴀猀㴀 Ⰰ 瘀愀氀甀攀㴀 ⸀  Ⰰ 椀渀琀攀爀瀀㴀 ഀഀ
10-05 20:12:42.127 3247 3247 D Layer : applyEffect ## pixAnim anim=14, timeMs=376, value=-7.00, interp=3 ਍㄀ ⴀ 㔀 ㈀ 㨀㄀㈀㨀㐀㈀⸀㄀㈀㠀  ㌀㜀㜀㐀  㔀㈀㠀㌀ 䐀 圀椀渀搀漀眀䴀愀渀愀最攀爀㨀 愀搀樀甀猀琀匀礀猀琀攀洀唀椀嘀椀猀椀戀椀氀椀琀礀䰀眀 㨀 瘀椀猀㴀  砀㠀ഀഀ
10-05 20:12:42.129 3247 3247 D SurfaceFlinger: Display[0] configurations (* current): ਍㄀ ⴀ 㔀 ㈀ 㨀㄀㈀㨀㐀㈀⸀㄀㈀㤀  ㌀㈀㐀㜀  ㌀㈀㐀㜀 䐀 匀甀爀昀愀挀攀䘀氀椀渀最攀爀㨀     ⨀  㨀 ㄀㐀㐀 砀㈀㤀㘀 Ⰰ 砀搀瀀椀㴀㔀㘀㈀⸀㜀 㘀㤀㜀 Ⰰ 礀搀瀀椀㴀㔀㘀㔀⸀㈀㤀㌀ ㌀ Ⰰ 爀攀昀爀攀猀栀㴀㄀㘀㘀㘀㘀㘀㘀㘀ഀഀ
10-05 20:12:42.129 3247 3247 D SurfaceFlinger: numHwLayers=6, flags=00000000 ਍㄀ ⴀ 㔀 ㈀ 㨀㄀㈀㨀㐀㈀⸀㄀㈀㤀  ㌀㈀㐀㜀  ㌀㈀㐀㜀 䐀 匀甀爀昀愀挀攀䘀氀椀渀最攀爀㨀     琀礀瀀攀   簀  栀愀渀搀氀攀  簀 栀椀渀琀 簀 昀氀愀最 簀 琀爀 簀 戀氀渀搀 簀   昀漀爀洀愀琀    簀     猀漀甀爀挀攀 挀爀漀瀀 ⠀氀Ⰰ琀Ⰰ爀Ⰰ戀⤀      簀          昀爀愀洀攀         簀 渀愀洀攀 ഀഀ
10-05 20:12:42.129 3247 3247 D SurfaceFlinger: -----------+----------+------+------+----+------+-------------+--------------------------------+------------------------+------ ਍㄀ ⴀ 㔀 ㈀ 㨀㄀㈀㨀㐀㈀⸀㄀㈀㤀  ㌀㈀㐀㜀  ㌀㈀㐀㜀 䐀 匀甀爀昀愀挀攀䘀氀椀渀最攀爀㨀        䠀圀䌀 簀          簀      簀  ㈀   簀    簀  ㄀ 㔀 簀 㼀 昀昀昀昀昀昀昀昀  簀   ⴀ ⸀㈀Ⰰ   ⴀ ⸀㈀Ⰰ   ⴀ ⸀㠀Ⰰ   ⴀ ⸀㠀 簀     Ⰰ     Ⰰ ㄀ 㠀 Ⰰ ㈀㈀㈀  簀 䐀椀洀䰀愀礀攀爀䌀漀渀琀爀漀氀氀攀爀⼀匀琀愀挀欀㴀 ⌀ ഀഀ
10-05 20:12:42.129 3247 3247 D SurfaceFlinger: HWC | 7ecee2c180 | 0000 | 0000 | 00 | 0105 | RGBA_8888 | 0.0, 0.0, 1027.0, 586.0 | 57, 798, 1022, 1349 | Application Error: com.siemens.winccoaui#0 ਍㄀ ⴀ 㔀 ㈀ 㨀㄀㈀㨀㐀㈀⸀㄀㈀㤀  ㌀㈀㐀㜀  ㌀㈀㐀㜀 䐀 匀甀爀昀愀挀攀䘀氀椀渀最攀爀㨀        䠀圀䌀 簀 㜀攀挀昀㈀㔀㜀㘀㠀  簀      簀      簀    簀  ㄀ 㔀 簀 刀䜀䈀䄀开㠀㠀㠀㠀   簀     ⸀ Ⰰ     ⸀ Ⰰ ㄀ 㠀 ⸀ Ⰰ   㜀㈀⸀  簀     Ⰰ     Ⰰ ㄀ 㠀 Ⰰ   㜀㈀ 簀 匀琀愀琀甀猀䈀愀爀⌀ ഀഀ
10-05 20:12:42.129 3247 3247 D SurfaceFlinger: HWC | 7ecf259280 | 0000 | 0000 | 00 | 0105 | RGBA_8888 | 0.0, 0.0, 67.0, 445.0 | 1013, 527, 1080, 972 | com.samsung.android.app.cocktailbarservice/co ਍㄀ ⴀ 㔀 ㈀ 㨀㄀㈀㨀㐀㈀⸀㄀㈀㤀  ㌀㈀㐀㜀  ㌀㈀㐀㜀 䐀 匀甀爀昀愀挀攀䘀氀椀渀最攀爀㨀 洀⸀猀愀洀猀甀渀最⸀愀渀搀爀漀椀搀⸀愀瀀瀀⸀挀漀挀欀琀愀椀氀戀愀爀猀攀爀瘀椀挀攀⸀䌀漀挀欀琀愀椀氀䈀愀爀匀攀爀瘀椀挀攀⌀ ഀഀ
10-05 20:12:42.129 3247 3247 D SurfaceFlinger: HWC | 7ecee2b000 | 0000 | 0000 | 00 | 0105 | RGBA_8888 | 0.0, 0.0, 1080.0, 144.0 | 0, 2076, 1080, 2220 | NavigationBar#0 ਍㄀ ⴀ 㔀 ㈀ 㨀㄀㈀㨀㐀㈀⸀㄀㈀㤀  ㌀㈀㐀㜀  ㌀㈀㐀㜀 䐀 匀甀爀昀愀挀攀䘀氀椀渀最攀爀㨀  䘀䈀 吀䄀刀䜀䔀吀 簀 㜀攀挀昀㈀㔀㔀搀㈀  簀      簀      簀    簀  ㄀ 㔀 簀 刀䜀䈀䄀开㠀㠀㠀㠀   簀     ⸀ Ⰰ     ⸀ Ⰰ ㄀㐀㐀 ⸀ Ⰰ ㈀㤀㘀 ⸀  簀     Ⰰ     Ⰰ ㄀㐀㐀 Ⰰ ㈀㤀㘀  簀 䠀圀䌀开䘀刀䄀䴀䔀䈀唀䘀䘀䔀刀开吀䄀刀䜀䔀吀ഀഀ
10-05 20:12:42.129 5310 5581 D mali_winsys: EGLint new_window_surface(egl_winsys_display *, void *, EGLSurface, EGLConfig, egl_winsys_surface **, egl_color_buffer_format *, EGLBoolean) returns 0x3000, [1080x2220]-format:1 ਍㄀ ⴀ 㔀 ㈀ 㨀㄀㈀㨀㐀㈀⸀㄀㈀㤀  㔀㌀㄀   㔀㔀㠀㄀ 䐀 伀瀀攀渀䜀䰀刀攀渀搀攀爀攀爀㨀 攀最氀䌀爀攀愀琀攀圀椀渀搀漀眀匀甀爀昀愀挀攀 㴀  砀㜀㤀搀搀㄀攀挀挀愀 ഀഀ
10-05 20:12:42.129 3774 5283 D ConnectivityService: filterNetworkStateForUid() uid: 10095 networkInfo: [type: WIFI[] - WIFI, state: CONNECTED/CONNECTED, reason: (unspecified), extra: "FRITZ!Box Fon WLAN 7390 2,4", failover: false, available: true, roaming: false, metered: false] ਍㄀ ⴀ 㔀 ㈀ 㨀㄀㈀㨀㐀㈀⸀㄀㌀㌀  㔀㌀㄀   㔀㌀㄀  䐀 䄀瀀瀀猀䄀搀愀瀀琀攀爀㨀 渀漀琀椀昀礀唀瀀搀愀琀攀 猀琀愀爀琀 㨀 挀漀洀⸀愀渀搀爀漀椀搀⸀氀愀甀渀挀栀攀爀㌀⸀䰀愀甀渀挀栀攀爀䀀挀攀搀 㐀㤀愀ഀഀ
10-05 20:12:42.133 5310 5310 D AppsCustomAdapter: no change items ਍㄀ ⴀ 㔀 ㈀ 㨀㄀㈀㨀㐀㈀⸀㄀㌀㌀  㔀㌀㄀   㔀㌀㄀  䐀 䄀瀀瀀猀䄀搀愀瀀琀攀爀㨀 渀漀琀椀昀礀唀瀀搀愀琀攀 攀渀搀 㨀 挀漀洀⸀愀渀搀爀漀椀搀⸀氀愀甀渀挀栀攀爀㌀⸀䰀愀甀渀挀栀攀爀䀀挀攀搀 㐀㤀愀ഀഀ
10-05 20:12:42.134 5310 5310 D DragLayer: DragLayer dispatchDraw, mIsNaviBarPositionChanged = false, mWillOrientationChange = false ਍㄀ ⴀ 㔀 ㈀ 㨀㄀㈀㨀㐀㈀⸀㄀㌀㐀  㔀㌀㄀   㔀㌀㄀  䐀 䄀瀀瀀猀䐀爀愀最䌀漀渀琀爀漀氀氀攀爀㨀 渀攀攀搀䐀攀昀攀爀吀漀䈀椀渀搀 㨀 琀爀甀攀 Ⰰ 昀愀氀猀攀ഀഀ
10-05 20:12:42.135 3774 6189 D ConnectivityService: filterNetworkStateForUid() uid: 10095 networkInfo: [type: WIFI[] - WIFI, state: CONNECTED/CONNECTED, reason: (unspecified), extra: "FRITZ!Box Fon WLAN 7390 2,4", failover: false, available: true, roaming: false, metered: false] ਍㄀ ⴀ 㔀 ㈀ 㨀㄀㈀㨀㐀㈀⸀㄀㐀㌀  ㌀㜀㜀㐀  㘀㄀㠀㤀 䐀 䌀漀渀渀攀挀琀椀瘀椀琀礀匀攀爀瘀椀挀攀㨀 昀椀氀琀攀爀一攀琀眀漀爀欀匀琀愀琀攀䘀漀爀唀椀搀⠀⤀ 甀椀搀㨀 ㄀  ㈀㠀 渀攀琀眀漀爀欀䤀渀昀漀㨀 嬀琀礀瀀攀㨀 圀䤀䘀䤀嬀崀 ⴀ 圀䤀䘀䤀Ⰰ 猀琀愀琀攀㨀 䌀伀一一䔀䌀吀䔀䐀⼀䌀伀一一䔀䌀吀䔀䐀Ⰰ 爀攀愀猀漀渀㨀 ⠀甀渀猀瀀攀挀椀昀椀攀搀⤀Ⰰ 攀砀琀爀愀㨀 ∀䘀刀䤀吀娀℀䈀漀砀 䘀漀渀 圀䰀䄀一 㜀㌀㤀  ㈀Ⰰ㐀∀Ⰰ 昀愀椀氀漀瘀攀爀㨀 昀愀氀猀攀Ⰰ 愀瘀愀椀氀愀戀氀攀㨀 琀爀甀攀Ⰰ 爀漀愀洀椀渀最㨀 昀愀氀猀攀Ⰰ 洀攀琀攀爀攀搀㨀 昀愀氀猀攀崀ഀഀ
10-05 20:12:42.148 3774 6189 D ConnectivityService: filterNetworkStateForUid() uid: 10095 networkInfo: [type: WIFI[] - WIFI, state: CONNECTED/CONNECTED, reason: (unspecified), extra: "FRITZ!Box Fon WLAN 7390 2,4", failover: false, available: true, roaming: false, metered: false] ਍㄀ ⴀ 㔀 ㈀ 㨀㄀㈀㨀㐀㈀⸀㄀㐀㤀  ㌀㜀㜀㐀  㐀㈀㜀㘀 䐀 䌀漀渀渀攀挀琀椀瘀椀琀礀匀攀爀瘀椀挀攀㨀 昀椀氀琀攀爀一攀琀眀漀爀欀匀琀愀琀攀䘀漀爀唀椀搀⠀⤀ 甀椀搀㨀 ㄀  㤀㔀 渀攀琀眀漀爀欀䤀渀昀漀㨀 嬀琀礀瀀攀㨀 圀䤀䘀䤀嬀崀 ⴀ 圀䤀䘀䤀Ⰰ 猀琀愀琀攀㨀 䌀伀一一䔀䌀吀䔀䐀⼀䌀伀一一䔀䌀吀䔀䐀Ⰰ 爀攀愀猀漀渀㨀 ⠀甀渀猀瀀攀挀椀昀椀攀搀⤀Ⰰ 攀砀琀爀愀㨀 ∀䘀刀䤀吀娀℀䈀漀砀 䘀漀渀 圀䰀䄀一 㜀㌀㤀  ㈀Ⰰ㐀∀Ⰰ 昀愀椀氀漀瘀攀爀㨀 昀愀氀猀攀Ⰰ 愀瘀愀椀氀愀戀氀攀㨀 琀爀甀攀Ⰰ 爀漀愀洀椀渀最㨀 昀愀氀猀攀Ⰰ 洀攀琀攀爀攀搀㨀 昀愀氀猀攀崀ഀഀ
10-05 20:12:42.152 3774 6189 V WindowManager: finishDrawingLocked: mDrawState=COMMIT_DRAW_PENDING Window{88df0a u0 com.sec.android.app.launcher/com.sec.android.app.launcher.activities.LauncherActivity} in Surface(name=com.sec.android.app.launcher/com.sec.android.app.launcher.activities.LauncherActivity) ਍㄀ ⴀ 㔀 ㈀ 㨀㄀㈀㨀㐀㈀⸀㄀㔀㈀  㐀㐀㔀  ㄀㠀㈀㤀㈀ 䐀 圀愀氀氀瀀愀瀀攀爀匀攀爀瘀椀挀攀㨀 搀椀猀瀀愀琀挀栀䄀瀀瀀嘀椀猀椀戀椀氀椀琀礀 漀渀嘀椀猀椀戀椀氀椀琀礀䌀栀愀渀最攀搀⠀⤀㨀 琀爀甀攀ഀഀ
10-05 20:12:42.153 4450 4450 D GLAnimatorManager: doFrame ਍㄀ ⴀ 㔀 ㈀ 㨀㄀㈀㨀㐀㈀⸀㄀㔀㌀  㐀㐀㔀   㐀㐀㔀  䐀 圀愀氀氀瀀愀瀀攀爀匀攀爀瘀椀挀攀㨀 甀瀀搀愀琀攀匀甀爀昀愀挀攀 昀漀爀挀攀刀攀氀愀礀漀甀琀㴀昀愀氀猀攀 爀攀搀爀愀眀一攀攀搀攀搀㴀昀愀氀猀攀 洀礀圀椀搀琀栀㴀ⴀ㄀ 洀礀䠀攀椀最栀琀㴀ⴀ㄀ 昀椀砀攀搀匀椀稀攀㴀昀愀氀猀攀 砀 㴀   礀 㴀   洀圀椀搀琀栀㴀ⴀ㄀ 洀䠀攀椀最栀琀㴀ⴀ㄀ 洀䤀猀匀氀攀攀瀀䴀漀搀攀㴀昀愀氀猀攀ഀഀ
10-05 20:12:42.154 4450 4450 D GalaxyWallpaper: onVisibilityChanged = true, mCurrentMode = HOME ਍㄀ ⴀ 㔀 ㈀ 㨀㄀㈀㨀㐀㈀⸀㄀㔀㐀  㐀㐀㔀   㐀㐀㔀  䐀 䜀礀爀漀刀攀渀搀攀爀㨀 戀攀最椀渀匀攀渀猀椀渀最 挀甀爀爀攀渀琀䴀漀搀攀 㴀 䠀伀䴀䔀ഀഀ
10-05 20:12:42.154 3774 6189 I SensorService: createSensorEventConnection package name com.android.systemui.infinity.GalaxyRenderer ਍㄀ ⴀ 㔀 ㈀ 㨀㄀㈀㨀㐀㈀⸀㄀㔀㐀  ㌀㜀㜀㐀  ㌀㠀㜀㈀ 䐀 匀愀洀猀甀渀最䄀渀椀洀愀琀椀漀渀䌀爀攀愀琀漀爀㨀 挀爀攀愀琀攀䄀渀椀洀愀琀椀漀渀 琀礀瀀攀㨀䠀椀最栀䔀渀搀 琀爀愀渀猀椀琀㨀㄀㌀ 攀渀琀攀爀㨀昀愀氀猀攀 眀愀氀氀瀀愀瀀攀爀堀漀昀昀猀攀琀㨀  猀瀀氀椀琀㨀昀愀氀猀攀 昀椀砀攀搀伀爀椀㨀昀愀氀猀攀ഀഀ
10-05 20:12:42.155 3774 3872 D SamsungAnimationCreator: createAnimation displayFrame:Rect(0, 0 - 1080, 2220) frame:null insets:null ਍㄀ ⴀ 㔀 ㈀ 㨀㄀㈀㨀㐀㈀⸀㄀㔀㔀  ㌀㜀㜀㐀  ㌀㠀㜀㈀ 䐀 匀愀洀猀甀渀最䄀渀椀洀愀琀椀漀渀䌀爀攀愀琀漀爀㨀 挀爀攀愀琀攀䄀瀀瀀䌀氀漀猀攀圀愀氀氀瀀愀瀀攀爀䔀渀琀攀爀䄀渀椀洀愀琀椀漀渀ഀഀ
10-05 20:12:42.155 3774 3872 D SamsungAnimationCreator: skip, wallpaperEnterAnimation is not allowed ਍㄀ ⴀ 㔀 ㈀ 㨀㄀㈀㨀㐀㈀⸀㄀㔀㔀  ㌀㜀㜀㐀  㔀㈀㠀㌀ 䐀 匀攀渀猀漀爀匀攀爀瘀椀挀攀㨀 䌀愀氀氀椀渀最 戀愀琀挀栀 栀愀渀搀氀攀㴀㴀㄀  昀氀愀最猀㴀  爀愀琀攀㴀㈀        琀椀洀攀漀甀琀㴀㴀  ഀഀ
10-05 20:12:42.156 3234 3234 I Sensors : batch - interrupt_gyro_sensor try to batching with 20000000 ਍㄀ ⴀ 㔀 ㈀ 㨀㄀㈀㨀㐀㈀⸀㄀㔀㜀  ㌀㈀㌀㐀  ㌀㈀㌀㐀 䤀 匀攀渀猀漀爀猀 㨀 䤀渀琀攀爀爀甀瀀琀䜀礀爀漀匀攀渀猀漀爀 漀氀搀 猀攀渀猀漀爀开猀琀愀琀攀 ㄀㘀㌀㠀㐀Ⰰ 渀攀眀 猀攀渀猀漀爀开猀琀愀琀攀 㨀 ㌀㌀㔀㜀 㠀㄀㘀 攀渀 㨀 ㄀ഀഀ
10-05 20:12:42.159 4450 4768 D mali_winsys: EGLint new_window_surface(egl_winsys_display *, void *, EGLSurface, EGLConfig, egl_winsys_surface **, egl_color_buffer_format *, EGLBoolean) returns 0x3000, [1080x2220]-format:2 ਍㄀ ⴀ 㔀 ㈀ 㨀㄀㈀㨀㐀㈀⸀㄀㔀㤀  㐀㐀㔀   㐀㜀㘀㠀 䐀 䜀愀氀愀砀礀圀愀氀氀瀀愀瀀攀爀㨀 漀渀匀甀爀昀愀挀攀䌀栀愀渀最攀搀⠀⤀ഀഀ
10-05 20:12:42.159 4450 4450 D SensorManager: registerListener :: 10, Interrupt Gyroscope Sensor, 200000, 0, ਍㄀ ⴀ 㔀 ㈀ 㨀㄀㈀㨀㐀㈀⸀㄀㔀㤀  㐀㐀㔀   㐀㐀㔀  䐀 䜀礀爀漀刀攀渀搀攀爀㨀 戀攀最椀渀匀攀渀猀椀渀最 匀䔀一匀伀刀开䐀䔀䰀䄀夀开一伀刀䴀䄀䰀ഀഀ
10-05 20:12:42.159 4450 4450 D WallpaperService: reportVisibility onVisibilityChanged visible: true ਍㄀ ⴀ 㔀 ㈀ 㨀㄀㈀㨀㐀㈀⸀㄀㔀㤀  㐀㐀㔀   㐀㐀㔀  䐀 圀愀氀氀瀀愀瀀攀爀匀攀爀瘀椀挀攀㨀 甀瀀搀愀琀攀匀甀爀昀愀挀攀 昀漀爀挀攀刀攀氀愀礀漀甀琀㴀琀爀甀攀 爀攀搀爀愀眀一攀攀搀攀搀㴀昀愀氀猀攀 洀礀圀椀搀琀栀㴀ⴀ㄀ 洀礀䠀攀椀最栀琀㴀ⴀ㄀ 昀椀砀攀搀匀椀稀攀㴀昀愀氀猀攀 砀 㴀   礀 㴀   洀圀椀搀琀栀㴀ⴀ㄀ 洀䠀攀椀最栀琀㴀ⴀ㄀ 洀䤀猀匀氀攀攀瀀䴀漀搀攀㴀昀愀氀猀攀ഀഀ
10-05 20:12:42.163 3774 3797 D SamsungPhoneWindowManager: updateSystemUiVisibilityLw : setForceImmersiveBtnVisibility=false ਍㄀ ⴀ 㔀 ㈀ 㨀㄀㈀㨀㐀㈀⸀㄀㘀㌀  ㌀㜀㜀㐀  ㌀㜀㤀㜀 䐀 圀椀渀搀漀眀䴀愀渀愀最攀爀㨀 猀攀琀 猀礀猀琀攀洀唀椀嘀椀猀椀戀椀氀椀琀礀 㨀 猀礀猀琀攀洀唀椀䘀氀愀最猀㴀  砀㠀  㠀 昀甀氀氀猀挀爀攀攀渀匀琀愀挀欀匀礀猀唀椀䘀氀愀最猀㴀  砀 ഀഀ
10-05 20:12:42.165 3774 3928 D MdnieScenarioControlService: packageName : com.sec.android.app.launcher className : com.sec.android.app.launcher.activities.LauncherActivity ਍㄀ ⴀ 㔀 ㈀ 㨀㄀㈀㨀㐀㈀⸀㄀㘀㘀  ㌀㜀㜀㐀  ㌀㤀㈀㠀 嘀 䴀搀渀椀攀匀挀攀渀愀爀椀漀䌀漀渀琀爀漀氀匀攀爀瘀椀挀攀㨀 猀攀琀唀䤀䴀漀搀攀 昀爀漀洀 唀䤀 昀甀渀挀琀椀漀渀⠀㌀⤀ഀഀ
10-05 20:12:42.170 3774 5283 V WindowManager: Relayout Window{1d750d3 u0 com.android.systemui.infinity.InfinityWallpaperSilver}: viewVisibility=0 req=-1x-1 WM.LayoutParams{(0,0)(fillxfill) gr=#800033 ty=2013 fl=#10318 pfl=0x4 fmt=2 wanim=0x103030e colorMode=0 naviIconColor=0 sfl=0x8} ਍㄀ ⴀ 㔀 ㈀ 㨀㄀㈀㨀㐀㈀⸀㄀㜀㌀  㐀㐀㔀   㐀㐀㔀  䐀 䜀䰀䄀渀椀洀愀琀漀爀䴀愀渀愀最攀爀㨀 搀漀䘀爀愀洀攀ഀഀ
10-05 20:12:42.173 4450 4450 I chatty : uid=10005(u0_a5) com.android.systemui:InfinityWallpaper identical 1 line ਍㄀ ⴀ 㔀 ㈀ 㨀㄀㈀㨀㐀㈀⸀㄀㜀㜀  㐀㐀㔀   㐀㐀㔀  䐀 䜀䰀䄀渀椀洀愀琀漀爀䴀愀渀愀最攀爀㨀 搀漀䘀爀愀洀攀ഀഀ
10-05 20:12:42.178 4284 4284 D NavigationBar: setForceImmersiveBtnVisibility visible : false ਍㄀ ⴀ 㔀 ㈀ 㨀㄀㈀㨀㐀㈀⸀㄀㜀㠀  㐀㈀㠀㐀  㐀㈀㠀㐀 䐀 匀攀挀一愀瘀椀最愀琀椀漀渀䈀愀爀嘀椀攀眀㨀 猀攀琀倀椀渀䈀甀琀琀漀渀嘀椀猀椀戀椀氀椀琀礀⠀⤀ 猀栀漀甀氀搀猀栀漀眀㴀昀愀氀猀攀Ⰰ 氀攀昀琀刀攀洀漀琀攀嘀椀猀椀戀氀攀㴀昀愀氀猀攀Ⰰ 洀䄀氀氀䬀攀礀䐀椀猀愀戀氀攀搀㴀昀愀氀猀攀Ⰰ 椀猀䈀漀甀渀挀攀爀匀栀漀眀椀渀最㴀昀愀氀猀攀Ⰰ 椀猀唀氀琀爀愀倀漀眀攀爀匀愀瘀椀渀最㴀昀愀氀猀攀Ⰰ 椀猀䔀洀攀爀最攀渀挀礀䴀漀搀攀㴀昀愀氀猀攀Ⰰ 椀猀䐀攀瘀椀挀攀䔀渀挀爀礀瀀琀攀搀㴀昀愀氀猀攀Ⰰ 椀猀唀猀攀爀匀攀琀甀瀀䌀漀洀瀀氀攀琀攀 㨀 琀爀甀攀ഀഀ
10-05 20:12:42.178 4284 4284 D BarTransitions.SecNavigationBarView: MODE_OPAQUE -> MODE_TRANSPARENT animate=false ਍㄀ ⴀ 㔀 ㈀ 㨀㄀㈀㨀㐀㈀⸀㄀㜀㤀  ㌀㜀㜀㐀  ㌀㤀㌀㠀 䐀 圀椀渀搀漀眀䴀愀渀愀最攀爀㨀 愀搀樀甀猀琀匀礀猀琀攀洀唀椀嘀椀猀椀戀椀氀椀琀礀䰀眀 㨀 瘀椀猀㴀  砀㠀  㠀ഀഀ
10-05 20:12:42.189 3247 3247 D SurfaceFlinger: Display[0] configurations (* current): ਍㄀ ⴀ 㔀 ㈀ 㨀㄀㈀㨀㐀㈀⸀㄀㠀㤀  ㌀㈀㐀㜀  ㌀㈀㐀㜀 䐀 匀甀爀昀愀挀攀䘀氀椀渀最攀爀㨀     ⨀  㨀 ㄀㐀㐀 砀㈀㤀㘀 Ⰰ 砀搀瀀椀㴀㔀㘀㈀⸀㜀 㘀㤀㜀 Ⰰ 礀搀瀀椀㴀㔀㘀㔀⸀㈀㤀㌀ ㌀ Ⰰ 爀攀昀爀攀猀栀㴀㄀㘀㘀㘀㘀㘀㘀㘀ഀഀ
10-05 20:12:42.189 3247 3247 D SurfaceFlinger: numHwLayers=8, flags=00000000 ਍㄀ ⴀ 㔀 ㈀ 㨀㄀㈀㨀㐀㈀⸀㄀㠀㤀  ㌀㈀㐀㜀  ㌀㈀㐀㜀 䐀 匀甀爀昀愀挀攀䘀氀椀渀最攀爀㨀     琀礀瀀攀   簀  栀愀渀搀氀攀  簀 栀椀渀琀 簀 昀氀愀最 簀 琀爀 簀 戀氀渀搀 簀   昀漀爀洀愀琀    簀     猀漀甀爀挀攀 挀爀漀瀀 ⠀氀Ⰰ琀Ⰰ爀Ⰰ戀⤀      簀          昀爀愀洀攀         簀 渀愀洀攀 ഀഀ
10-05 20:12:42.189 3247 3247 D SurfaceFlinger: -----------+----------+------+------+----+------+-------------+--------------------------------+------------------------+------ ਍㄀ ⴀ 㔀 ㈀ 㨀㄀㈀㨀㐀㈀⸀㄀㠀㤀  ㌀㈀㐀㜀  ㌀㈀㐀㜀 䐀 匀甀爀昀愀挀攀䘀氀椀渀最攀爀㨀       䜀䰀䔀匀 簀 㜀攀挀昀㈀㔀㜀攀㘀  簀      簀   ㈀㄀ 簀    簀  ㄀   簀 刀䜀䈀砀开㠀㠀㠀㠀   簀     ⸀ Ⰰ     ⸀ Ⰰ ㄀ 㠀 ⸀ Ⰰ ㈀㈀㈀ ⸀  簀     Ⰰ     Ⰰ ㄀ 㠀 Ⰰ ㈀㈀㈀  簀 挀漀洀⸀愀渀搀爀漀椀搀⸀猀礀猀琀攀洀甀椀⸀椀渀昀椀渀椀琀礀⸀䤀渀昀椀渀椀琀礀圀愀氀氀瀀愀瀀攀爀匀椀氀瘀攀爀⌀ ഀഀ
10-05 20:12:42.189 3247 3247 D SurfaceFlinger: GLES | 7ecf258aa0 | 0000 | 0001 | 00 | 0105 | RGBA_8888 | 179.0, 368.0, 901.0, 1852.0 | 0, 0, 1080, 2220 | com.sec.android.app.launcher/com.sec.android.app.launcher.activities.LauncherActivity#0 ਍㄀ ⴀ 㔀 ㈀ 㨀㄀㈀㨀㐀㈀⸀㄀㠀㤀  ㌀㈀㐀㜀  ㌀㈀㐀㜀 䐀 匀甀爀昀愀挀攀䘀氀椀渀最攀爀㨀        䠀圀䌀 簀          簀      簀  ㈀   簀    簀  ㄀ 㔀 簀 㼀 昀昀昀昀昀昀昀昀  簀   ⴀ ⸀㈀Ⰰ   ⴀ ⸀㈀Ⰰ   ⴀ ⸀㠀Ⰰ   ⴀ ⸀㠀 簀     Ⰰ     Ⰰ ㄀ 㠀 Ⰰ ㈀㈀㈀  簀 䐀椀洀䰀愀礀攀爀䌀漀渀琀爀漀氀氀攀爀⼀匀琀愀挀欀㴀 ⌀ ഀഀ
10-05 20:12:42.189 3247 3247 D SurfaceFlinger: HWC | 7ecee2c180 | 0000 | 0000 | 00 | 0105 | RGBA_8888 | 0.0, 0.0 ਍㄀ ⴀ 㔀 ㈀ 㨀㄀㈀㨀㐀㈀⸀㄀㠀㤀  ㌀㈀㐀㜀  ㌀㈀㐀㜀 䐀 匀甀爀昀愀挀攀䘀氀椀渀最攀爀㨀 Ⰰ ㄀ ㈀㜀⸀ Ⰰ  㔀㠀㘀⸀  簀   ㌀㈀Ⰰ  㜀㠀㔀Ⰰ ㄀ 㐀㘀Ⰰ ㄀㌀㘀㐀 簀 䄀瀀瀀氀椀挀愀琀椀漀渀 䔀爀爀漀爀㨀 挀漀洀⸀猀椀攀洀攀渀猀⸀眀椀渀挀挀漀愀甀椀⌀ ഀഀ
10-05 20:12:42.189 3247 3247 D SurfaceFlinger: HWC | 7ecf257680 | 0000 | 0000 | 00 | 0105 | RGBA_8888 | 0.0, 0.0, 1080.0, 72.0 | 0, 0, 1080, 72 | StatusBar#0 ਍㄀ ⴀ 㔀 ㈀ 㨀㄀㈀㨀㐀㈀⸀㄀㠀㤀  ㌀㈀㐀㜀  ㌀㈀㐀㜀 䐀 匀甀爀昀愀挀攀䘀氀椀渀最攀爀㨀        䠀圀䌀 簀 㜀攀挀昀㈀㔀㤀㈀㠀  簀      簀      簀    簀  ㄀ 㔀 簀 刀䜀䈀䄀开㠀㠀㠀㠀   簀     ⸀ Ⰰ     ⸀ Ⰰ   㘀㜀⸀ Ⰰ  㐀㐀㔀⸀  簀 ㄀ ㄀㌀Ⰰ  㔀㈀㜀Ⰰ ㄀ 㠀 Ⰰ  㤀㜀㈀ 簀 挀漀洀⸀猀愀洀猀甀渀最⸀愀渀搀爀漀椀搀⸀愀瀀瀀⸀挀漀挀欀琀愀椀氀戀愀爀猀攀爀瘀椀挀攀⼀挀漀洀⸀猀愀洀猀甀渀最⸀愀渀搀爀漀椀搀⸀愀瀀瀀⸀挀漀挀欀琀愀椀氀戀愀爀猀攀爀瘀椀挀攀⸀䌀漀挀欀琀愀椀氀䈀愀爀匀攀爀瘀椀挀攀⌀ ഀഀ
10-05 20:12:42.189 3247 3247 D SurfaceFlinger: HWC | 7ecee2b000 | 0000 | 0000 | 00 | 0105 | RGBA_8888 | 0.0, 0.0, 1080.0, 144.0 | 0, 2076, 1080, 2220 | NavigationBar#0 ਍㄀ ⴀ 㔀 ㈀ 㨀㄀㈀㨀㐀㈀⸀㄀㠀㤀  ㌀㈀㐀㜀  ㌀㈀㐀㜀 䐀 匀甀爀昀愀挀攀䘀氀椀渀最攀爀㨀  䘀䈀 吀䄀刀䜀䔀吀 簀 㜀攀挀昀㈀㔀㔀戀㘀  簀      簀      簀    簀  ㄀ 㔀 簀 刀䜀䈀䄀开㠀㠀㠀㠀   簀     ⸀ Ⰰ     ⸀ Ⰰ ㄀㐀㐀 ⸀ Ⰰ ㈀㤀㘀 ⸀  簀     Ⰰ     Ⰰ ㄀㐀㐀 Ⰰ ㈀㤀㘀  簀 䠀圀䌀开䘀刀䄀䴀䔀䈀唀䘀䘀䔀刀开吀䄀刀䜀䔀吀ഀഀ
10-05 20:12:42.193 4450 4450 D GLAnimatorManager: doFrame ਍㄀ ⴀ 㔀 ㈀ 㨀㄀㈀㨀㐀㈀⸀㄀㤀㠀  ㌀㈀㐀㜀  ㌀㈀㐀㜀 䐀 匀甀爀昀愀挀攀䘀氀椀渀最攀爀㨀   䐀椀猀瀀氀愀礀嬀 崀 挀漀渀昀椀最甀爀愀琀椀漀渀猀 ⠀⨀ 挀甀爀爀攀渀琀⤀㨀ഀഀ
10-05 20:12:42.198 3247 3247 D SurfaceFlinger: * 0: 1440x2960, xdpi=562.706970, ydpi=565.293030, refresh=16666666 ਍㄀ ⴀ 㔀 ㈀ 㨀㄀㈀㨀㐀㈀⸀㄀㤀㠀  ㌀㈀㐀㜀  ㌀㈀㐀㜀 䐀 匀甀爀昀愀挀攀䘀氀椀渀最攀爀㨀   渀甀洀䠀眀䰀愀礀攀爀猀㴀㜀Ⰰ 昀氀愀最猀㴀        ഀഀ
10-05 20:12:42.198 3247 3247 D SurfaceFlinger: type | handle | hint | flag | tr | blnd | format | source crop (l,t,r,b) | frame | name ਍㄀ ⴀ 㔀 ㈀ 㨀㄀㈀㨀㐀㈀⸀㄀㤀㠀  ㌀㈀㐀㜀  ㌀㈀㐀㜀 䐀 匀甀爀昀愀挀攀䘀氀椀渀最攀爀㨀 ⴀⴀⴀⴀⴀⴀⴀⴀⴀⴀⴀ⬀ⴀⴀⴀⴀⴀⴀⴀⴀⴀⴀ⬀ⴀⴀⴀⴀⴀⴀ⬀ⴀⴀⴀⴀⴀⴀ⬀ⴀⴀⴀⴀ⬀ⴀⴀⴀⴀⴀⴀ⬀ⴀⴀⴀⴀⴀⴀⴀⴀⴀⴀⴀⴀⴀ⬀ⴀⴀⴀⴀⴀⴀⴀⴀⴀⴀⴀⴀⴀⴀⴀⴀⴀⴀⴀⴀⴀⴀⴀⴀⴀⴀⴀⴀⴀⴀⴀⴀ⬀ⴀⴀⴀⴀⴀⴀⴀⴀⴀⴀⴀⴀⴀⴀⴀⴀⴀⴀⴀⴀⴀⴀⴀⴀ⬀ⴀⴀⴀⴀⴀⴀഀഀ
10-05 20:12:42.198 3247 3247 D SurfaceFlinger: GLES | 7ecf258aa0 | 0000 | 0001 | 00 | 0105 | RGBA_8888 | 176.0, 362.0, 904.0, 1857.0 | 0, 0, 1080, 2220 | com.sec.android.app.launcher/com.sec.android.app.launcher.activities.LauncherActivity#0 ਍㄀ ⴀ 㔀 ㈀ 㨀㄀㈀㨀㐀㈀⸀㄀㤀㠀  ㌀㈀㐀㜀  ㌀㈀㐀㜀 䐀 匀甀爀昀愀挀攀䘀氀椀渀最攀爀㨀        䠀圀䌀 簀          簀      簀  ㈀   簀    簀  ㄀ 㔀 簀 㼀 昀昀昀昀昀昀昀昀  簀   ⴀ ⸀㈀Ⰰ   ⴀ ⸀㈀Ⰰ   ⴀ ⸀㠀Ⰰ   ⴀ ⸀㠀 簀     Ⰰ     Ⰰ ㄀ 㠀 Ⰰ ㈀㈀㈀  簀 䐀椀洀䰀愀礀攀爀䌀漀渀琀爀漀氀氀攀爀⼀匀琀愀挀欀㴀 ⌀ ഀഀ
10-05 20:12:42.198 3247 3247 D SurfaceFlinger: HWC | 7ecee2c180 | 0000 | 0000 | 00 | 0105 | RGBA_8888 | 0.0, 0.0, 1027.0, 586.0 | 27, 782, 1051, 1367 | Application Error: com.siemens.winccoaui#0 ਍㄀ ⴀ 㔀 ㈀ 㨀㄀㈀㨀㐀㈀⸀㄀㤀㠀  ㌀㈀㐀㜀  ㌀㈀㐀㜀 䐀 匀甀爀昀愀挀攀䘀氀椀渀最攀爀㨀        䠀圀䌀 簀 㜀攀挀昀㈀㔀㤀㘀攀  簀      簀      簀    簀  ㄀ 㔀 簀 刀䜀䈀䄀开㠀㠀㠀㠀   簀     ⸀ Ⰰ     ⸀ Ⰰ ㄀ 㠀 ⸀ Ⰰ   㜀ഀഀ
10-05 20:12:42.198 3247 3247 D SurfaceFlinger: 2.0 | 0, 0, 1080, 72 | StatusBar#0 ਍㄀ ⴀ 㔀 ㈀ 㨀㄀㈀㨀㐀㈀⸀㄀㤀㠀  ㌀㈀㐀㜀  ㌀㈀㐀㜀 䐀 匀甀爀昀愀挀攀䘀氀椀渀最攀爀㨀        䠀圀䌀 簀 㜀攀挀昀㈀㔀㤀㈀㠀  簀      簀      簀    簀  ㄀ 㔀 簀 刀䜀䈀䄀开㠀㠀㠀㠀   簀     ⸀ Ⰰ     ⸀ Ⰰ   㘀㜀⸀ Ⰰ  㐀㐀㔀⸀  簀 ㄀ ㄀㌀Ⰰ  㔀㈀㜀Ⰰ ㄀ 㠀 Ⰰ  㤀㜀㈀ 簀 挀漀洀⸀猀愀洀猀甀渀最⸀愀渀搀爀漀椀搀⸀愀瀀瀀⸀挀漀挀欀琀愀椀氀戀愀爀猀攀爀瘀椀挀攀⼀挀漀洀⸀猀愀洀猀甀渀最⸀愀渀搀爀漀椀搀⸀愀瀀瀀⸀挀漀挀欀琀愀椀氀戀愀爀猀攀爀瘀椀挀攀⸀䌀漀挀欀琀愀椀氀䈀愀爀匀攀爀瘀椀挀攀⌀ ഀഀ
10-05 20:12:42.198 3247 3247 D SurfaceFlinger: HWC | 7ecee2b000 | 0000 | 0000 | 00 | 0105 | RGBA_8888 | 0.0, 0.0, 1080.0, 144.0 | 0, 2076, 1080, 2220 | NavigationBar#0 ਍㄀ ⴀ 㔀 ㈀ 㨀㄀㈀㨀㐀㈀⸀㄀㤀㠀  ㌀㈀㐀㜀  ㌀㈀㐀㜀 䐀 匀甀爀昀愀挀攀䘀氀椀渀最攀爀㨀  䘀䈀 吀䄀刀䜀䔀吀 簀 㜀攀挀昀㈀㔀㔀㠀挀  簀      簀      簀    簀  ㄀ 㔀 簀 刀䜀䈀䄀开㠀㠀㠀㠀   簀     ⸀ Ⰰ     ⸀ Ⰰ ㄀㐀㐀 ⸀ Ⰰ ㈀㤀㘀 ⸀  簀     Ⰰ     Ⰰ ㄀㐀㐀 Ⰰ ㈀㤀㘀  簀 䠀圀䌀开䘀刀䄀䴀䔀䈀唀䘀䘀䔀刀开吀䄀刀䜀䔀吀ഀഀ
10-05 20:12:42.210 4450 4450 D GLAnimatorManager: doFrame ਍㄀ ⴀ 㔀 ㈀ 㨀㄀㈀㨀㐀㈀⸀㈀㈀㐀  㔀 㐀㌀ ㈀㤀㄀㘀  䔀 一攀琀眀漀爀欀匀挀栀攀搀甀氀攀爀㨀 䤀渀瘀愀氀椀搀 挀漀洀瀀漀渀攀渀琀 猀瀀攀挀椀昀椀攀搀⸀ഀഀ
10-05 20:12:42.227 4450 4450 D GLAnimatorManager: doFrame ਍㄀ ⴀ 㔀 ㈀ 㨀㄀㈀㨀㐀㈀⸀㈀㠀   ㌀㜀㜀㐀  ㌀㤀㈀㤀 䐀 䄀氀氀䄀爀漀甀渀搀匀攀渀猀椀渀最匀攀爀瘀椀挀攀㨀 瀀愀挀欀愀最攀一愀洀攀 㨀 挀漀洀⸀猀攀挀⸀愀渀搀爀漀椀搀⸀愀瀀瀀⸀氀愀甀渀挀栀攀爀    挀氀愀猀猀一愀洀攀 㨀 挀漀洀⸀猀攀挀⸀愀渀搀爀漀椀搀⸀愀瀀瀀⸀氀愀甀渀挀栀攀爀⸀愀挀琀椀瘀椀琀椀攀猀⸀䰀愀甀渀挀栀攀爀䄀挀琀椀瘀椀琀礀ഀഀ
10-05 20:12:42.280 3774 3929 V AllAroundSensingService: setPlatformBrightnessValue 120 ਍㄀ ⴀ 㔀 ㈀ 㨀㄀㈀㨀㐀㈀⸀㔀㈀㐀  ㌀㜀㜀㐀  㜀㌀㔀  䐀 吀猀瀀匀琀愀琀攀䴀愀渀愀最攀爀䤀渀琀攀爀渀愀氀㨀 甀瀀搀愀琀攀 挀洀搀㴀猀攀琀开最爀椀瀀开搀愀琀愀Ⰰ㄀Ⰰ㘀 Ⰰ㄀ Ⰰ㌀㈀Ⰰ㠀㠀㠀ഀഀ
10-05 20:12:42.626 4450 4450 I chatty : uid=10005(u0_a5) com.android.systemui:InfinityWallpaper identical 24 lines ਍㄀ ⴀ 㔀 ㈀ 㨀㄀㈀㨀㐀㈀⸀㘀㐀㌀  㐀㐀㔀   㐀㐀㔀  䐀 䜀䰀䄀渀椀洀愀琀漀爀䴀愀渀愀最攀爀㨀 搀漀䘀爀愀洀攀ഀഀ
10-05 20:12:42.644 5310 5581 W OpenGLRenderer: Incorrectly called buildLayer on View: WorkspaceCellLayoutChildren, destroying layer... ਍㄀ ⴀ 㔀 ㈀ 㨀㄀㈀㨀㐀㈀⸀㘀㐀㐀  㔀㌀㄀   㔀㔀㠀㄀ 圀 伀瀀攀渀䜀䰀刀攀渀搀攀爀攀爀㨀 䤀渀挀漀爀爀攀挀琀氀礀 挀愀氀氀攀搀 戀甀椀氀搀䰀愀礀攀爀 漀渀 嘀椀攀眀㨀 圀漀爀欀猀瀀愀挀攀䌀攀氀氀䰀愀礀漀甀琀䌀栀椀氀搀爀攀渀Ⰰ 搀攀猀琀爀漀礀椀渀最 氀愀礀攀爀⸀⸀⸀ഀഀ
10-05 20:12:42.660 4450 4450 D GLAnimatorManager: doFrame ਍㄀ ⴀ 㔀 ㈀ 㨀㄀㈀㨀㐀㈀⸀㠀 㔀  ㌀㜀㜀㐀  ㌀㜀㜀㐀 䐀 䌀甀猀琀漀洀䘀爀攀焀甀攀渀挀礀䴀愀渀愀最攀爀匀攀爀瘀椀挀攀㨀 爀攀氀攀愀猀攀䐀嘀䘀匀䰀漀挀欀䰀漀挀欀攀搀 㨀 䜀攀琀琀椀渀最 䰀漀挀欀 琀礀瀀攀 昀爀洀 䰀椀猀琀 㨀 䐀嘀䘀匀开䴀䤀一开䰀䤀䴀䤀吀  昀爀攀焀甀攀渀挀礀 㨀 ㈀㌀㄀㐀     甀椀搀 㨀 ㄀     瀀椀搀 㨀 ㌀㜀㜀㐀  琀愀最 㨀 䄀䴀匀开䄀倀倀开䠀伀䴀䔀䀀䌀倀唀开䴀䤀一䀀㤀ഀഀ
10-05 20:12:42.878 4450 4450 I chatty : uid=10005(u0_a5) com.android.systemui:InfinityWallpaper identical 13 lines ਍㄀ ⴀ 㔀 ㈀ 㨀㄀㈀㨀㐀㈀⸀㠀㤀㔀  㐀㐀㔀   㐀㐀㔀  䐀 䜀䰀䄀渀椀洀愀琀漀爀䴀愀渀愀最攀爀㨀 搀漀䘀爀愀洀攀ഀഀ
10-05 20:12:42.898 4450 4450 D GyroRender: onSensorChanged event.sensor.getType() = 65579 ਍㄀ ⴀ 㔀 ㈀ 㨀㄀㈀㨀㐀㈀⸀㤀㄀㄀  㐀㐀㔀   㐀㐀㔀  䐀 䜀䰀䄀渀椀洀愀琀漀爀䴀愀渀愀最攀爀㨀 搀漀䘀爀愀洀攀ഀഀ
10-05 20:12:42.919 4450 4450 D GyroRender: onSensorChanged event.sensor.getType() = 65579 ਍㄀ ⴀ 㔀 ㈀ 㨀㄀㈀㨀㐀㈀⸀㤀㈀㜀  㐀㐀㔀   㐀㐀㔀  䐀 䜀䰀䄀渀椀洀愀琀漀爀䴀愀渀愀最攀爀㨀 搀漀䘀爀愀洀攀ഀഀ
10-05 20:12:42.937 4450 4450 D GyroRender: onSensorChanged event.sensor.getType() = 65579 ਍㄀ ⴀ 㔀 ㈀ 㨀㄀㈀㨀㐀㈀⸀㤀㔀   㐀㐀㔀   㐀㐀㔀  䐀 䜀䰀䄀渀椀洀愀琀漀爀䴀愀渀愀最攀爀㨀 搀漀䘀爀愀洀攀ഀഀ
10-05 20:12:42.956 4450 4450 D GyroRender: onSensorChanged event.sensor.getType() = 65579 ਍㄀ ⴀ 㔀 ㈀ 㨀㄀㈀㨀㐀㈀⸀㤀㔀㤀  ㌀㈀㐀㜀  ㌀㈀㐀㜀 䐀 匀甀爀昀愀挀攀䘀氀椀渀最攀爀㨀   䐀椀猀瀀氀愀礀嬀 崀 挀漀渀昀椀最甀爀愀琀椀漀渀猀 ⠀⨀ 挀甀爀爀攀渀琀⤀㨀ഀഀ
10-05 20:12:42.959 3247 3247 D SurfaceFlinger: * 0: 1440x2960, xdpi=562.706970, ydpi=565.293030, refresh=16666666 ਍㄀ ⴀ 㔀 ㈀ 㨀㄀㈀㨀㐀㈀⸀㤀㔀㤀  ㌀㈀㐀㜀  ㌀㈀㐀㜀 䐀 匀甀爀昀愀挀攀䘀氀椀渀最攀爀㨀   渀甀洀䠀眀䰀愀礀攀爀猀㴀㠀Ⰰ 昀氀愀最猀㴀        ഀഀ
10-05 20:12:42.959 3247 3247 D SurfaceFlinger: type | handle | hint | flag | tr | blnd | format | source crop (l,t,r,b) | frame | name ਍㄀ ⴀ 㔀 ㈀ 㨀㄀㈀㨀㐀㈀⸀㤀㔀㤀  ㌀㈀㐀㜀  ㌀㈀㐀㜀 䐀 匀甀爀昀愀挀攀䘀氀椀渀最攀爀㨀 ⴀⴀⴀⴀⴀⴀⴀⴀⴀⴀⴀ⬀ⴀⴀⴀⴀⴀⴀⴀⴀⴀⴀ⬀ⴀⴀⴀⴀⴀⴀ⬀ⴀⴀⴀⴀⴀⴀ⬀ⴀⴀⴀⴀ⬀ⴀⴀⴀⴀⴀⴀ⬀ⴀⴀⴀⴀⴀⴀⴀⴀⴀⴀⴀⴀⴀ⬀ⴀⴀⴀⴀⴀⴀⴀⴀⴀⴀⴀⴀⴀⴀⴀⴀⴀⴀⴀⴀⴀⴀⴀⴀⴀⴀⴀⴀⴀⴀⴀⴀ⬀ⴀⴀⴀⴀⴀⴀⴀⴀⴀⴀⴀⴀⴀⴀⴀⴀⴀⴀⴀⴀⴀⴀⴀⴀ⬀ⴀⴀⴀⴀⴀⴀഀഀ
