10-05 20:12:42.959 3247 3247 D SurfaceFlinger: GLES | 7ecf255620 | 0000 | 0021 | 00 | 0100 | RGBx_8888 | 0.0, 0.0, 1080.0, 2220.0 | 0, 0, 1080, 2220 | com.android.systemui.infinity.InfinityWallpaperSilver#0 ਍㄀ ⴀ 㔀 ㈀ 㨀㄀㈀㨀㐀㈀⸀㤀㔀㤀  ㌀㈀㐀㜀  ㌀㈀㐀㜀 䐀 匀甀爀昀愀挀攀䘀氀椀渀最攀爀㨀       䜀䰀䔀匀 簀 㜀攀挀昀㈀㔀㘀㔀攀  簀      簀    ㄀ 簀    簀  ㄀ 㔀 簀 刀䜀䈀䄀开㠀㠀㠀㠀   簀     ⸀ Ⰰ     ⸀ Ⰰ ㄀ 㠀 ⸀ Ⰰ ㈀㈀㈀ ⸀  簀     Ⰰ     Ⰰ ㄀ 㠀 Ⰰ ㈀㈀㈀  簀 挀漀洀⸀猀攀挀⸀愀渀搀爀漀椀搀⸀愀瀀瀀⸀氀愀甀渀挀栀攀爀⼀挀漀洀⸀猀攀挀⸀愀渀搀爀漀椀搀⸀愀瀀瀀⸀氀愀甀渀挀栀攀爀⸀愀挀琀椀瘀椀琀椀攀猀⸀䰀愀甀渀挀栀攀爀䄀挀琀椀瘀椀琀礀⌀ ഀഀ
10-05 20:12:42.959 3247 3247 D SurfaceFlinger: HWC | 00000000 | 0000 | 0200 | 00 | 0105 | ? ffffffff | -0.2, -0.2, -0.8, -0.8 | 0, 0, 1080, 2220 | DimLayerController/Stack=0#0 ਍㄀ ⴀ 㔀 ㈀ 㨀㄀㈀㨀㐀㈀⸀㤀㔀㤀  ㌀㈀㐀㜀  ㌀㈀㐀㜀 䐀 匀甀爀昀愀挀攀䘀氀椀渀最攀爀㨀        䠀圀䌀 簀 㜀攀挀攀攀㈀挀㄀㠀  簀      簀      簀    簀  ㄀ 㔀 簀 刀䜀䈀䄀开㠀㠀㠀㠀   簀     ⸀ Ⰰ     ⸀ ഀഀ
10-05 20:12:42.959 3247 3247 D SurfaceFlinger: , 1027.0, 586.0 | 26, 781, 1053, 1367 | Application Error: com.siemens.winccoaui#0 ਍㄀ ⴀ 㔀 ㈀ 㨀㄀㈀㨀㐀㈀⸀㤀㔀㤀  ㌀㈀㐀㜀  ㌀㈀㐀㜀 䐀 匀甀爀昀愀挀攀䘀氀椀渀最攀爀㨀        䠀圀䌀 簀 㜀攀挀昀㈀㔀㤀㐀㐀  簀      簀      簀    簀  ㄀ 㔀 簀 刀䜀䈀䄀开㠀㠀㠀㠀   簀     ⸀ Ⰰ     ⸀ Ⰰ ㄀ 㠀 ⸀ Ⰰ   㜀㈀⸀  簀     Ⰰ     Ⰰ ㄀ 㠀 Ⰰ   㜀㈀ 簀 匀琀愀琀甀猀䈀愀爀⌀ ഀഀ
10-05 20:12:42.959 3247 3247 D SurfaceFlinger: HWC | 7ecf259280 | 0000 | 0000 | 00 | 0105 | RGBA_8888 | 0.0, 0.0, 67.0, 445.0 | 1013, 527, 1080, 972 | com.samsung.android.app.cocktailbarservice/com.samsung.android.app.cocktailbarservice.CocktailBarService#0 ਍㄀ ⴀ 㔀 ㈀ 㨀㄀㈀㨀㐀㈀⸀㤀㔀㤀  ㌀㈀㐀㜀  ㌀㈀㐀㜀 䐀 匀甀爀昀愀挀攀䘀氀椀渀最攀爀㨀        䠀圀䌀 簀 㜀攀挀攀攀㈀戀    簀      簀      簀    簀  ㄀ 㔀 簀 刀䜀䈀䄀开㠀㠀㠀㠀   簀     ⸀ Ⰰ     ⸀ Ⰰ ㄀ 㠀 ⸀ Ⰰ  ㄀㐀㐀⸀  簀     Ⰰ ㈀ 㜀㘀Ⰰ ㄀ 㠀 Ⰰ ㈀㈀㈀  簀 一愀瘀椀最愀琀椀漀渀䈀愀爀⌀ ഀഀ
10-05 20:12:42.959 3247 3247 D SurfaceFlinger: FB TARGET | 7ecf255b60 | 0000 | 0000 | 00 | 0105 | RGBA_8888 | 0.0, 0.0, 1440.0, 2960.0 | 0, 0, 1440, 2960 | HWC_FRAMEBUFFER_TARGET ਍㄀ ⴀ 㔀 ㈀ 㨀㄀㈀㨀㐀㈀⸀㤀㘀   㐀㐀㔀   㐀㐀㔀  䐀 䜀䰀䄀渀椀洀愀琀漀爀䴀愀渀愀最攀爀㨀 搀漀䘀爀愀洀攀ഀഀ
10-05 20:12:42.977 4450 4450 D GLAnimatorManager: doFrame ਍㄀ ⴀ 㔀 ㈀ 㨀㄀㈀㨀㐀㈀⸀㤀㜀㠀  㐀㐀㔀   㐀㐀㔀  䐀 䜀礀爀漀刀攀渀搀攀爀㨀 漀渀匀攀渀猀漀爀䌀栀愀渀最攀搀 攀瘀攀渀琀⸀猀攀渀猀漀爀⸀最攀琀吀礀瀀攀⠀⤀ 㴀 㘀㔀㔀㜀㤀ഀഀ
10-05 20:12:43.000 4450 4450 D GLAnimatorManager: doFrame ਍㄀ ⴀ 㔀 ㈀ 㨀㄀㈀㨀㐀㌀⸀  ㄀  㐀㐀㔀   㐀㐀㔀  䐀 䜀礀爀漀刀攀渀搀攀爀㨀 漀渀匀攀渀猀漀爀䌀栀愀渀最攀搀 攀瘀攀渀琀⸀猀攀渀猀漀爀⸀最攀琀吀礀瀀攀⠀⤀ 㴀 㘀㔀㔀㜀㤀ഀഀ
10-05 20:12:43.011 4450 4450 D GLAnimatorManager: doFrame ਍㄀ ⴀ 㔀 ㈀ 㨀㄀㈀㨀㐀㌀⸀ ㄀㠀  㐀㐀㔀   㐀㐀㔀  䐀 䜀礀爀漀刀攀渀搀攀爀㨀 漀渀匀攀渀猀漀爀䌀栀愀渀最攀搀 攀瘀攀渀琀⸀猀攀渀猀漀爀⸀最攀琀吀礀瀀攀⠀⤀ 㴀 㘀㔀㔀㜀㤀ഀഀ
10-05 20:12:43.027 4450 4450 D GLAnimatorManager: doFrame ਍㄀ ⴀ 㔀 ㈀ 㨀㄀㈀㨀㐀㌀⸀ ㌀㠀  㐀㐀㔀   㐀㐀㔀  䐀 䜀礀爀漀刀攀渀搀攀爀㨀 漀渀匀攀渀猀漀爀䌀栀愀渀最攀搀 攀瘀攀渀琀⸀猀攀渀猀漀爀⸀最攀琀吀礀瀀攀⠀⤀ 㴀 㘀㔀㔀㜀㤀ഀഀ
10-05 20:12:43.044 4450 4450 D GLAnimatorManager: doFrame ਍㄀ ⴀ 㔀 ㈀ 㨀㄀㈀㨀㐀㌀⸀ 㔀㜀  㐀㐀㔀   㐀㐀㔀  䐀 䜀礀爀漀刀攀渀搀攀爀㨀 漀渀匀攀渀猀漀爀䌀栀愀渀最攀搀 攀瘀攀渀琀⸀猀攀渀猀漀爀⸀最攀琀吀礀瀀攀⠀⤀ 㴀 㘀㔀㔀㜀㤀ഀഀ
10-05 20:12:43.060 4450 4450 D GLAnimatorManager: doFrame ਍㄀ ⴀ 㔀 ㈀ 㨀㄀㈀㨀㐀㌀⸀ 㜀㠀  㐀㐀㔀   㐀㐀㔀  䐀 䜀礀爀漀刀攀渀搀攀爀㨀 漀渀匀攀渀猀漀爀䌀栀愀渀最攀搀 攀瘀攀渀琀⸀猀攀渀猀漀爀⸀最攀琀吀礀瀀攀⠀⤀ 㴀 㘀㔀㔀㜀㤀ഀഀ
10-05 20:12:43.078 4450 4450 D GLAnimatorManager: doFrame ਍㄀ ⴀ 㔀 ㈀ 㨀㄀㈀㨀㐀㌀⸀ 㤀㐀  㐀㐀㔀   㐀㐀㔀  䐀 䜀䰀䄀渀椀洀愀琀漀爀䴀愀渀愀最攀爀㨀 搀漀䘀爀愀洀攀ഀഀ
10-05 20:12:43.099 4450 4450 D GyroRender: onSensorChanged event.sensor.getType() = 65579 ਍㄀ ⴀ 㔀 ㈀ 㨀㄀㈀㨀㐀㌀⸀㄀㄀㄀  㐀㐀㔀   㐀㐀㔀  䐀 䜀䰀䄀渀椀洀愀琀漀爀䴀愀渀愀最攀爀㨀 搀漀䘀爀愀洀攀ഀഀ
10-05 20:12:43.117 4450 4450 D GyroRender: onSensorChanged event.sensor.getType() = 65579 ਍㄀ ⴀ 㔀 ㈀ 㨀㄀㈀㨀㐀㌀⸀㄀㈀㜀  㐀㐀㔀   㐀㐀㔀  䐀 䜀䰀䄀渀椀洀愀琀漀爀䴀愀渀愀最攀爀㨀 搀漀䘀爀愀洀攀ഀഀ
10-05 20:12:43.137 4450 4450 D GyroRender: onSensorChanged event.sensor.getType() = 65579 ਍㄀ ⴀ 㔀 ㈀ 㨀㄀㈀㨀㐀㌀⸀㄀㔀   㐀㐀㔀   㐀㐀㔀  䐀 䜀䰀䄀渀椀洀愀琀漀爀䴀愀渀愀最攀爀㨀 搀漀䘀爀愀洀攀ഀഀ
10-05 20:12:43.158 4450 4450 D GyroRender: onSensorChanged event.sensor.getType() = 65579 ਍㄀ ⴀ 㔀 ㈀ 㨀㄀㈀㨀㐀㌀⸀㄀㘀㌀  㐀㐀㔀   㐀㐀㔀  䐀 䜀䰀䄀渀椀洀愀琀漀爀䴀愀渀愀最攀爀㨀 搀漀䘀爀愀洀攀ഀഀ
10-05 20:12:43.177 4450 4450 D GyroRender: onSensorChanged event.sensor.getType() = 65579 ਍㄀ ⴀ 㔀 ㈀ 㨀㄀㈀㨀㐀㌀⸀㄀㠀㐀  㐀㐀㔀   㐀㐀㔀  䐀 䜀䰀䄀渀椀洀愀琀漀爀䴀愀渀愀最攀爀㨀 搀漀䘀爀愀洀攀ഀഀ
10-05 20:12:43.194 4450 4450 D GLAnimatorManager: doFrame ਍㄀ ⴀ 㔀 ㈀ 㨀㄀㈀㨀㐀㌀⸀㄀㤀㜀  㐀㐀㔀   㐀㐀㔀  䐀 䜀礀爀漀刀攀渀搀攀爀㨀 漀渀匀攀渀猀漀爀䌀栀愀渀最攀搀 攀瘀攀渀琀⸀猀攀渀猀漀爀⸀最攀琀吀礀瀀攀⠀⤀ 㴀 㘀㔀㔀㜀㤀ഀഀ
10-05 20:12:43.211 4450 4450 D GLAnimatorManager: doFrame ਍㄀ ⴀ 㔀 ㈀ 㨀㄀㈀㨀㐀㌀⸀㌀㈀㠀  㐀㐀㔀   㐀㐀㔀  䤀 挀栀愀琀琀礀  㨀 甀椀搀㴀㄀   㔀⠀甀 开愀㔀⤀ 挀漀洀⸀愀渀搀爀漀椀搀⸀猀礀猀琀攀洀甀椀㨀䤀渀昀椀渀椀琀礀圀愀氀氀瀀愀瀀攀爀 椀搀攀渀琀椀挀愀氀 㜀 氀椀渀攀猀ഀഀ
10-05 20:12:43.344 4450 4450 D GLAnimatorManager: doFrame ਍㄀ ⴀ 㔀 ㈀ 㨀㄀㈀㨀㐀㌀⸀㌀㐀㘀  ㌀㜀㜀㐀  㜀㈀㠀㌀ 䐀 䌀漀渀渀攀挀琀椀瘀椀琀礀匀攀爀瘀椀挀攀㨀 昀椀氀琀攀爀一攀琀眀漀爀欀匀琀愀琀攀䘀漀爀唀椀搀⠀⤀ 甀椀搀㨀 ㄀    渀攀琀眀漀爀欀䤀渀昀漀㨀 嬀琀礀瀀攀㨀 圀䤀䘀䤀嬀崀 ⴀ 圀䤀䘀䤀Ⰰ 猀琀愀琀攀㨀 䌀伀一一䔀䌀吀䔀䐀⼀䌀伀一一䔀䌀吀䔀䐀Ⰰ 爀攀愀猀漀渀㨀 ⠀甀渀猀瀀攀挀椀昀椀攀搀⤀Ⰰ 攀砀琀爀愀㨀 ∀䘀刀䤀吀娀℀䈀漀砀 䘀漀渀 圀䰀䄀一 㜀㌀㤀  ㈀Ⰰ㐀∀Ⰰ 昀愀椀氀漀瘀攀爀㨀 昀愀氀猀攀Ⰰ 愀瘀愀椀氀愀戀氀攀㨀 琀爀甀攀Ⰰ 爀漀愀洀椀渀最㨀 昀愀氀猀攀Ⰰ 洀攀琀攀爀攀搀㨀 昀愀氀猀攀崀ഀഀ
10-05 20:12:43.361 3413 3561 V APM_AudioPolicyManager: getAudioPolicyConfig: audioParam;activeStream ਍㄀ ⴀ 㔀 ㈀ 㨀㄀㈀㨀㐀㌀⸀㌀㘀㄀  㐀㐀㔀   㐀㐀㔀  䐀 䜀䰀䄀渀椀洀愀琀漀爀䴀愀渀愀最攀爀㨀 搀漀䘀爀愀洀攀ഀഀ
10-05 20:12:43.361 3413 3561 V APM_AudioPolicyManager: ### active stream : 0 ਍㄀ ⴀ 㔀 ㈀ 㨀㄀㈀㨀㐀㌀⸀㌀㘀㈀  ㌀㜀㜀㐀  㜀㈀㠀㌀ 䐀 䄀甀搀椀漀匀攀爀瘀椀挀攀㨀 愀挀琀椀瘀攀 猀琀爀攀愀洀 椀猀  砀 ഀഀ
10-05 20:12:43.363 3413 3561 V APM_AudioPolicyManager: getAudioPolicyConfig: audioParam;outDevice ਍㄀ ⴀ 㔀 ㈀ 㨀㄀㈀㨀㐀㌀⸀㌀㘀㌀  ㌀㐀㄀㌀  ㌀㔀㘀㄀ 嘀 䄀倀䴀开䄀甀搀椀漀倀漀氀椀挀礀䴀愀渀愀最攀爀㨀 最攀琀一攀眀伀甀琀瀀甀琀䐀攀瘀椀挀攀⠀⤀ 猀攀氀攀挀琀攀搀 搀攀瘀椀挀攀  ഀഀ
10-05 20:12:43.364 3413 3561 V APM_AudioPolicyManager: ### curdevice : 2 ਍㄀ ⴀ 㔀 ㈀ 㨀㄀㈀㨀㐀㌀⸀㌀㜀   ㌀㜀㜀㐀  㜀㈀㠀㌀ 䐀 匀匀刀䴀㨀欀  㨀 䄀吀䌀㨀 瀀漀眀攀爀 㴀 䄀倀开䌀倀 㴀 ㌀㐀㐀Ⰰ 䐀椀猀瀀氀愀礀 㴀 㠀⠀倀愀渀攀氀㨀ⴀ㤀㤀㤀Ⰰ 䰀䐀䤀猀㨀ⴀ㤀㤀㤀⤀Ⰰ 圀䤀䘀䤀 㴀 ㄀㈀Ⰰ 匀倀䬀 㴀  Ⰰ 刀䌀嘀 㴀  Ⰰ 䌀愀洀攀爀愀 㴀  Ⰰ 倀䄀䴀 㴀  ഀഀ
10-05 20:12:43.370 3774 7283 D SSRM:k : ATC: current = AP_CP = 86, Display = 3, WIFI = 3, SPK = 0,RCV = 0, Camera = 0, PAM = 0 ਍㄀ ⴀ 㔀 ㈀ 㨀㄀㈀㨀㐀㌀⸀㌀㜀㜀  ㌀㜀㜀㐀  㜀㈀㠀㌀ 䐀 匀匀刀䴀㨀欀  㨀 䄀吀䌀㨀 䄀洀戀椀攀渀琀 吀攀洀瀀攀爀愀琀甀爀攀 㴀 ㈀㘀Ⰰ㜀㄀Ⰰ 匀欀椀渀 琀攀洀瀀攀爀愀琀甀爀攀 㴀 䘀开䄀倀嬀㈀㠀Ⰰ㘀 崀Ⰰ 䘀开刀䘀嬀㈀㠀Ⰰ㔀 崀Ⰰ 䈀开䄀倀嬀㈀㠀Ⰰ㜀 崀Ⰰ 䈀开刀䘀嬀㈀㠀Ⰰ㔀 崀Ⰰ 䈀开圀䤀䘀䤀嬀㈀㜀Ⰰ㠀 崀Ⰰ 䈀开匀倀䬀嬀㈀㜀Ⰰ㠀 崀ഀഀ
10-05 20:12:43.379 4450 4450 D GLAnimatorManager: doFrame ਍㄀ ⴀ 㔀 ㈀ 㨀㄀㈀㨀㐀㌀⸀㜀㠀   㐀㐀㔀   㐀㐀㔀  䤀 挀栀愀琀琀礀  㨀 甀椀搀㴀㄀   㔀⠀甀 开愀㔀⤀ 挀漀洀⸀愀渀搀爀漀椀搀⸀猀礀猀琀攀洀甀椀㨀䤀渀昀椀渀椀琀礀圀愀氀氀瀀愀瀀攀爀 椀搀攀渀琀椀挀愀氀 ㈀㐀 氀椀渀攀猀ഀഀ
10-05 20:12:43.794 4450 4450 D GLAnimatorManager: doFrame ਍㄀ ⴀ 㔀 ㈀ 㨀㄀㈀㨀㐀㌀⸀㠀 ㌀  ㌀㜀㜀㐀  ㌀㤀㤀㜀 䐀 䌀漀渀渀攀挀琀椀瘀椀琀礀匀攀爀瘀椀挀攀㨀 甀瀀搀愀琀攀䌀愀瀀愀戀椀氀椀琀椀攀猀㨀 漀氀搀䌀愀瀀 㴀 嬀 吀爀愀渀猀瀀漀爀琀猀㨀 圀䤀䘀䤀 䌀愀瀀愀戀椀氀椀琀椀攀猀㨀 一伀吀开䴀䔀吀䔀刀䔀䐀☀䤀一吀䔀刀一䔀吀☀一伀吀开刀䔀匀吀刀䤀䌀吀䔀䐀☀吀刀唀匀吀䔀䐀☀一伀吀开嘀倀一☀嘀䄀䰀䤀䐀䄀吀䔀䐀☀䘀伀刀䔀䜀刀伀唀一䐀 䰀椀渀欀唀瀀䈀愀渀搀眀椀搀琀栀㸀㴀㄀ 㐀㠀㔀㜀㘀䬀戀瀀猀 䰀椀渀欀䐀渀䈀愀渀搀眀椀搀琀栀㸀㴀㄀ 㐀㠀㔀㜀㘀䬀戀瀀猀 匀椀最渀愀氀匀琀爀攀渀最琀栀㨀 ⴀ㘀㐀崀Ⰰ 渀攀眀䌀愀瀀 㴀 嬀 吀爀愀渀猀瀀漀爀琀猀㨀 圀䤀䘀䤀 䌀愀瀀愀戀椀氀椀琀椀攀猀㨀 一伀吀开䴀䔀吀䔀刀䔀䐀☀䤀一吀䔀刀一䔀吀☀一伀吀开刀䔀匀吀刀䤀䌀吀䔀䐀☀吀刀唀匀吀䔀䐀☀一伀吀开嘀倀一 䰀椀渀欀唀瀀䈀愀渀搀眀椀搀琀栀㸀㴀㄀ 㐀㠀㔀㜀㘀䬀戀瀀猀 䰀椀渀欀䐀渀䈀愀渀搀眀椀搀琀栀㸀㴀㄀ 㐀㠀㔀㜀㘀䬀戀瀀猀 匀椀最渀愀氀匀琀爀攀渀最琀栀㨀 ⴀ㘀㌀崀ഀഀ
10-05 20:12:43.804 3774 3997 D ConnectivityService: notifyType CAP_CHANGED for NetworkAgentInfo [WIFI () - 516] ਍㄀ ⴀ 㔀 ㈀ 㨀㄀㈀㨀㐀㌀⸀㠀 㐀  ㌀㜀㜀㐀  ㌀㤀㤀㜀 䐀 䌀漀渀渀攀挀琀椀瘀椀琀礀匀攀爀瘀椀挀攀㨀  猀攀渀搀椀渀最 渀漀琀椀昀椀挀愀琀椀漀渀 昀漀爀 一攀琀眀漀爀欀刀攀焀甀攀猀琀 嬀 刀䔀儀唀䔀匀吀 椀搀㴀㄀Ⰰ 嬀 䌀愀瀀愀戀椀氀椀琀椀攀猀㨀 䤀一吀䔀刀一䔀吀☀一伀吀开刀䔀匀吀刀䤀䌀吀䔀䐀☀吀刀唀匀吀䔀䐀☀一伀吀开嘀倀一崀 崀ഀഀ
10-05 20:12:43.804 3774 3997 D ConnectivityService: sending notification for NetworkRequest [ TRACK_DEFAULT id=3, [ Capabilities: INTERNET&NOT_RESTRICTED&TRUSTED&NOT_VPN] ] ਍㄀ ⴀ 㔀 ㈀ 㨀㄀㈀㨀㐀㌀⸀㠀 㐀  ㌀㜀㜀㐀  ㌀㤀㤀㜀 䐀 䌀漀渀渀攀挀琀椀瘀椀琀礀匀攀爀瘀椀挀攀㨀 猀攀渀搀椀渀最 渀漀琀椀昀椀挀愀琀椀漀渀 䌀䄀倀开䌀䠀䄀一䜀䔀䐀 昀漀爀 一攀琀眀漀爀欀刀攀焀甀攀猀琀 嬀 吀刀䄀䌀䬀开䐀䔀䘀䄀唀䰀吀 椀搀㴀㌀Ⰰ 嬀 䌀愀瀀愀戀椀氀椀琀椀攀猀㨀 䤀一吀䔀刀一䔀吀☀一伀吀开刀䔀匀吀刀䤀䌀吀䔀䐀☀吀刀唀匀吀䔀䐀☀一伀吀开嘀倀一崀 崀ഀഀ
10-05 20:12:43.804 3774 3997 D ConnectivityService: sending notification for NetworkRequest [ LISTEN id=5, [ Transports: WIFI Capabilities: INTERNET&NOT_RESTRICTED&TRUSTED&NOT_VPN] ] ਍㄀ ⴀ 㔀 ㈀ 㨀㄀㈀㨀㐀㌀⸀㠀 㔀  ㌀㜀㜀㐀  ㌀㤀㤀㜀 䐀 䌀漀渀渀攀挀琀椀瘀椀琀礀匀攀爀瘀椀挀攀㨀 猀攀渀搀椀渀最 渀漀琀椀昀椀挀愀琀椀漀渀 䌀䄀倀开䌀䠀䄀一䜀䔀䐀 昀漀爀 一攀琀眀漀爀欀刀攀焀甀攀猀琀 嬀 䰀䤀匀吀䔀一 椀搀㴀㔀Ⰰ 嬀 吀爀愀渀猀瀀漀爀琀猀㨀 圀䤀䘀䤀 䌀愀瀀愀戀椀氀椀琀椀攀猀㨀 䤀一吀䔀刀一䔀吀☀一伀吀开刀䔀匀吀刀䤀䌀吀䔀䐀☀吀刀唀匀吀䔀䐀☀一伀吀开嘀倀一崀 崀ഀഀ
10-05 20:12:43.805 3774 3990 D ConnectivityService: filterNetworkStateForUid() uid: 10095 networkInfo: [type: WIFI[] - WIFI, state: CONNECTED/CONNECTED, reason: (unspecified), extra: "FRITZ!Box Fon WLAN 7390 2,4", failover: false, available: true, roaming: false, metered: false] ਍㄀ ⴀ 㔀 ㈀ 㨀㄀㈀㨀㐀㌀⸀㠀 㔀  ㌀㜀㜀㐀  ㌀㤀㤀㜀 䐀 䌀漀渀渀攀挀琀椀瘀椀琀礀匀攀爀瘀椀挀攀㨀  猀攀渀搀椀渀最 渀漀琀椀昀椀挀愀琀椀漀渀 昀漀爀 一攀琀眀漀爀欀刀攀焀甀攀猀琀 嬀 䰀䤀匀吀䔀一 椀搀㴀㘀Ⰰ 嬀 吀爀愀渀猀瀀漀爀琀猀㨀 䌀䔀䰀䰀唀䰀䄀刀簀圀䤀䘀䤀 䌀愀瀀愀戀椀氀椀琀椀攀猀㨀 一伀吀开刀䔀匀吀刀䤀䌀吀䔀䐀☀吀刀唀匀吀䔀䐀☀一伀吀开嘀倀一崀 崀ഀഀ
10-05 20:12:43.805 3774 3997 D ConnectivityService: sending notification CAP_CHANGED for NetworkRequest [ LISTEN id=6, [ Transports: CELLULAR|WIFI Capabilities: NOT_RESTRICTED&TRUSTED&NOT_VPN] ] ਍㄀ ⴀ 㔀 ㈀ 㨀㄀㈀㨀㐀㌀⸀㠀 㔀  ㌀㜀㜀㐀  ㌀㤀㤀㜀 䐀 䌀漀渀渀攀挀琀椀瘀椀琀礀匀攀爀瘀椀挀攀㨀  猀攀渀搀椀渀最 渀漀琀椀昀椀挀愀琀椀漀渀 昀漀爀 一攀琀眀漀爀欀刀攀焀甀攀猀琀 嬀 䰀䤀匀吀䔀一 椀搀㴀㜀Ⰰ 嬀崀 崀ഀഀ
10-05 20:12:43.805 3774 3997 D ConnectivityService: sending notification CAP_CHANGED for NetworkRequest [ LISTEN id=7, [] ] ਍㄀ ⴀ 㔀 ㈀ 㨀㄀㈀㨀㐀㌀⸀㠀 㔀  ㌀㜀㜀㐀  ㌀㤀㤀  䐀 䌀漀渀渀攀挀琀椀瘀椀琀礀匀攀爀瘀椀挀攀㨀 昀椀氀琀攀爀一攀琀眀漀爀欀匀琀愀琀攀䘀漀爀唀椀搀⠀⤀ 甀椀搀㨀 ㄀ ㈀㌀㔀 渀攀琀眀漀爀欀䤀渀昀漀㨀 嬀琀礀瀀攀㨀 圀䤀䘀䤀嬀崀 ⴀ 圀䤀䘀䤀Ⰰ 猀琀愀琀攀㨀 䌀伀一一䔀䌀吀䔀䐀⼀䌀伀一一䔀䌀吀䔀䐀Ⰰ 爀攀愀猀漀渀㨀 ⠀甀渀猀瀀攀挀椀昀椀攀搀⤀Ⰰ 攀砀琀爀愀㨀 ∀䘀刀䤀吀娀℀䈀漀砀 䘀漀渀 圀䰀䄀一 㜀㌀㤀  ㈀Ⰰ㐀∀Ⰰ 昀愀椀氀漀瘀攀爀㨀 昀愀氀猀攀Ⰰ 愀瘀愀椀氀愀戀氀攀㨀 琀爀甀攀Ⰰ 爀漀愀洀椀渀最㨀 昀愀氀猀攀Ⰰ 洀攀琀攀爀攀搀㨀 昀愀氀猀攀崀ഀഀ
10-05 20:12:43.806 3774 3997 D ConnectivityService: sending notification for NetworkRequest [ LISTEN id=8, [ Transports: WIFI Capabilities: INTERNET&NOT_RESTRICTED&TRUSTED&NOT_VPN] ] ਍㄀ ⴀ 㔀 ㈀ 㨀㄀㈀㨀㐀㌀⸀㠀 㘀  ㌀㜀㜀㐀  ㌀㤀㤀  䐀 䌀漀渀渀攀挀琀椀瘀椀琀礀匀攀爀瘀椀挀攀㨀 昀椀氀琀攀爀一攀琀眀漀爀欀匀琀愀琀攀䘀漀爀唀椀搀⠀⤀ 甀椀搀㨀 ㄀  㤀㔀 渀攀琀眀漀爀欀䤀渀昀漀㨀 嬀琀礀瀀攀㨀 圀䤀䘀䤀嬀崀 ⴀ 圀䤀䘀䤀Ⰰ 猀琀愀琀攀㨀 䌀伀一一䔀䌀吀䔀䐀⼀䌀伀一一䔀䌀吀䔀䐀Ⰰ 爀攀愀猀漀渀㨀 ⠀甀渀猀瀀攀挀椀昀椀攀搀⤀Ⰰ 攀砀琀爀愀㨀 ∀䘀刀䤀吀娀℀䈀漀砀 䘀漀渀 圀䰀䄀一 㜀㌀㤀  ㈀Ⰰ㐀∀Ⰰ 昀愀椀氀漀瘀攀爀㨀 昀愀氀猀攀Ⰰ 愀瘀愀椀氀愀戀氀攀㨀 琀爀甀攀Ⰰ 爀漀愀洀椀渀最㨀 昀愀氀猀攀Ⰰ 洀攀琀攀爀攀搀㨀 昀愀氀猀攀崀ഀഀ
10-05 20:12:43.806 3774 3997 D ConnectivityService: sending notification CAP_CHANGED for NetworkRequest [ LISTEN id=8, [ Transports: WIFI Capabilities: INTERNET&NOT_RESTRICTED&TRUSTED&NOT_VPN] ] ਍㄀ ⴀ 㔀 ㈀ 㨀㄀㈀㨀㐀㌀⸀㠀 㜀  ㌀㜀㜀㐀  ㌀㤀㤀  䐀 䌀漀渀渀攀挀琀椀瘀椀琀礀匀攀爀瘀椀挀攀㨀 昀椀氀琀攀爀一攀琀眀漀爀欀匀琀愀琀攀䘀漀爀唀椀搀⠀⤀ 甀椀搀㨀 ㄀  㤀㔀 渀攀琀眀漀爀欀䤀渀昀漀㨀 嬀琀礀瀀攀㨀 圀䤀䘀䤀嬀崀 ⴀ 圀䤀䘀䤀Ⰰ 猀琀愀琀攀㨀 䌀伀一一䔀䌀吀䔀䐀⼀䌀伀一一䔀䌀吀䔀䐀Ⰰ 爀攀愀猀漀渀㨀 ⠀甀渀猀瀀攀挀椀昀椀攀搀⤀Ⰰ 攀砀琀爀愀㨀 ∀䘀刀䤀吀娀℀䈀漀砀 䘀漀渀 圀䰀䄀一 㜀㌀㤀  ㈀Ⰰ㐀∀Ⰰ 昀愀椀氀漀瘀攀爀㨀 昀愀氀猀攀Ⰰ 愀瘀愀椀氀愀戀氀攀㨀 琀爀甀攀Ⰰ 爀漀愀洀椀渀最㨀 昀愀氀猀攀Ⰰ 洀攀琀攀爀攀搀㨀 昀愀氀猀攀崀ഀഀ
10-05 20:12:43.807 3774 3990 D ConnectivityService: filterNetworkStateForUid() uid: 10095 networkInfo: [type: WIFI[] - WIFI, state: CONNECTED/CONNECTED, reason: (unspecified), extra: "FRITZ!Box Fon WLAN 7390 2,4", failover: false, available: true, roaming: false, metered: false] ਍㄀ ⴀ 㔀 ㈀ 㨀㄀㈀㨀㐀㌀⸀㠀㄀㐀  㐀㘀㌀㤀  㐀㘀㌀㤀 䐀 䔀倀䐀䜀 ⴀⴀ 匀䤀䴀  嬀匀䴀䄀刀吀圀䤀䘀䤀崀㨀 圀椀昀椀 刀匀匀䤀 椀渀琀攀渀琀 爀攀挀攀椀瘀攀搀 ⴀⴀ 渀攀眀刀猀猀椀 㨀 ⴀ㘀㌀椀渀琀攀渀琀 䤀渀琀攀渀琀 笀 愀挀琀㴀愀渀搀爀漀椀搀⸀渀攀琀⸀眀椀昀椀⸀刀匀匀䤀开䌀䠀䄀一䜀䔀䐀 昀氀最㴀 砀㐀    ㄀  ⠀栀愀猀 攀砀琀爀愀猀⤀ 紀ഀഀ
10-05 20:12:43.814 4639 6263 D EPDG -- SIM0 [SMARTWIFI]: Rssi : -63 highrange : -75 lowrange : -85 mIsRssiInHystersis : false ਍㄀ ⴀ 㔀 ㈀ 㨀㄀㈀㨀㐀㌀⸀㠀㄀㔀  㐀㘀㌀㤀  㘀㈀㘀㌀ 嘀 䔀倀䐀䜀 ⴀⴀ 匀䤀䴀  嬀匀䴀䄀刀吀圀䤀䘀䤀崀㨀 眀椀昀椀 漀氀搀攀猀琀 攀渀琀爀礀 爀攀洀漀瘀攀搀ഀഀ
10-05 20:12:43.815 4639 6263 V EPDG -- SIM0 [SMARTWIFI]: wifi entry added ਍㄀ ⴀ 㔀 ㈀ 㨀㄀㈀㨀㐀㌀⸀㠀㄀㔀  㐀㘀㌀㤀  㘀㈀㘀㌀ 嘀 䔀倀䐀䜀 ⴀⴀ 匀䤀䴀  嬀匀䴀䄀刀吀圀䤀䘀䤀崀㨀 一攀眀 攀渀琀爀礀 㨀 ⠀ⴀ㘀㌀ 㨀   ⤀ഀഀ
10-05 20:12:43.815 4639 6263 D EPDG -- SIM0 [SMARTWIFI]: isWifiSignalUpgraded: lastStrength: -64 currentStrength: -63 ਍㄀ ⴀ 㔀 ㈀ 㨀㄀㈀㨀㐀㌀⸀㠀㄀㔀  㐀㘀㌀㤀  㘀㈀㘀㌀ 䐀 䔀倀䐀䜀 ⴀⴀ 匀䤀䴀  嬀匀䴀䄀刀吀圀䤀䘀䤀崀㨀 圀椀昀椀 琀栀爀攀猀栀漀氀搀 戀愀猀攀搀 栀愀渀搀漀瘀攀爀猀 愀爀攀 搀椀猀愀戀氀攀搀ഀഀ
10-05 20:12:43.815 4450 4450 D GLAnimatorManager: doFrame ਍㄀ ⴀ 㔀 ㈀ 㨀㄀㈀㨀㐀㌀⸀㠀㄀㔀  㐀㘀㌀㤀  㘀㈀㘀㌀ 䐀 䔀倀䐀䜀 ⴀⴀ 匀䤀䴀  嬀匀䴀䄀刀吀圀䤀䘀䤀崀㨀 一漀 渀攀攀搀 琀漀 爀甀渀 瀀椀渀最 㨀 ⠀氀愀猀琀匀琀爀攀渀最琀栀ⴀ㘀㐀 㨀 洀圀攀愀欀圀椀昀椀䰀攀瘀攀氀㈀ 㨀 洀圀椀昀椀䜀漀漀搀䐀戀嘀愀氀甀攀ⴀ㜀㐀 㨀 洀圀椀昀椀䈀愀搀䐀戀嘀愀氀甀攀ⴀ㠀㔀 㨀 挀甀爀爀攀渀琀匀琀爀攀渀最琀栀⤀ⴀ㘀㌀ഀഀ
10-05 20:12:43.815 4639 6263 D EPDG -- SIM0 [SMARTWIFI]: isWifiSignalDegraded: lastStrength: -64 currentStrength: -63 ਍㄀ ⴀ 㔀 ㈀ 㨀㄀㈀㨀㐀㌀⸀㠀㄀㔀  㐀㘀㌀㤀  㘀㈀㘀㌀ 䐀 䔀倀䐀䜀 ⴀⴀ 匀䤀䴀  嬀匀䴀䄀刀吀圀䤀䘀䤀崀㨀 最攀琀䠀愀渀搀漀瘀攀爀吀栀爀攀猀栀漀氀搀䴀攀琀㨀 瘀愀氀甀攀 椀猀㨀 昀愀氀猀攀ഀഀ
10-05 20:12:43.816 3774 3997 D ConnectivityService: sending notification for NetworkRequest [ LISTEN id=9, [ Transports: WIFI Capabilities: INTERNET&NOT_RESTRICTED&TRUSTED&NOT_VPN] ] ਍㄀ ⴀ 㔀 ㈀ 㨀㄀㈀㨀㐀㌀⸀㠀㄀㘀  ㌀㜀㜀㐀  ㌀㤀㤀㜀 䐀 䌀漀渀渀攀挀琀椀瘀椀琀礀匀攀爀瘀椀挀攀㨀 猀攀渀搀椀渀最 渀漀琀椀昀椀挀愀琀椀漀渀 䌀䄀倀开䌀䠀䄀一䜀䔀䐀 昀漀爀 一攀琀眀漀爀欀刀攀焀甀攀猀琀 嬀 䰀䤀匀吀䔀一 椀搀㴀㤀Ⰰ 嬀 吀爀愀渀猀瀀漀爀琀猀㨀 圀䤀䘀䤀 䌀愀瀀愀戀椀氀椀琀椀攀猀㨀 䤀一吀䔀刀一䔀吀☀一伀吀开刀䔀匀吀刀䤀䌀吀䔀䐀☀吀刀唀匀吀䔀䐀☀一伀吀开嘀倀一崀 崀ഀഀ
10-05 20:12:43.817 3774 3997 D ConnectivityService: sending notification for NetworkRequest [ TRACK_DEFAULT id=12, [ Capabilities: INTERNET&NOT_RESTRICTED&TRUSTED&NOT_VPN] ] ਍㄀ ⴀ 㔀 ㈀ 㨀㄀㈀㨀㐀㌀⸀㠀㄀㠀  ㌀㜀㜀㐀  ㌀㤀㤀㜀 䐀 䌀漀渀渀攀挀琀椀瘀椀琀礀匀攀爀瘀椀挀攀㨀 猀攀渀搀椀渀最 渀漀琀椀昀椀挀愀琀椀漀渀 䌀䄀倀开䌀䠀䄀一䜀䔀䐀 昀漀爀 一攀琀眀漀爀欀刀攀焀甀攀猀琀 嬀 吀刀䄀䌀䬀开䐀䔀䘀䄀唀䰀吀 椀搀㴀㄀㈀Ⰰ 嬀 䌀愀瀀愀戀椀氀椀琀椀攀猀㨀 䤀一吀䔀刀一䔀吀☀一伀吀开刀䔀匀吀刀䤀䌀吀䔀䐀☀吀刀唀匀吀䔀䐀☀一伀吀开嘀倀一崀 崀ഀഀ
10-05 20:12:43.819 3774 3990 D ConnectivityService: filterNetworkStateForUid() uid: 10190 networkInfo: [type: WIFI[] - WIFI, state: CONNECTED/CONNECTED, reason: (unspecified), extra: "FRITZ!Box Fon WLAN 7390 2,4", failover: false, available: true, roaming: false, metered: false] ਍㄀ ⴀ 㔀 ㈀ 㨀㄀㈀㨀㐀㌀⸀㠀㈀   ㌀㜀㜀㐀  ㌀㤀㤀㜀 䐀 䌀漀渀渀攀挀琀椀瘀椀琀礀匀攀爀瘀椀挀攀㨀  猀攀渀搀椀渀最 渀漀琀椀昀椀挀愀琀椀漀渀 昀漀爀 一攀琀眀漀爀欀刀攀焀甀攀猀琀 嬀 䰀䤀匀吀䔀一 椀搀㴀㄀㔀Ⰰ 嬀 䌀愀瀀愀戀椀氀椀琀椀攀猀㨀 䤀一吀䔀刀一䔀吀☀一伀吀开刀䔀匀吀刀䤀䌀吀䔀䐀☀吀刀唀匀吀䔀䐀☀一伀吀开嘀倀一崀 崀ഀഀ
10-05 20:12:43.821 3774 3990 D ConnectivityService: filterNetworkStateForUid() uid: 10135 networkInfo: [type: WIFI[] - WIFI, state: CONNECTED/CONNECTED, reason: (unspecified), extra: "FRITZ!Box Fon WLAN 7390 2,4", failover: false, available: true, roaming: false, metered: false] ਍㄀ ⴀ 㔀 ㈀ 㨀㄀㈀㨀㐀㌀⸀㠀㈀㈀  ㌀㜀㜀㐀  ㌀㤀㤀㜀 䐀 䌀漀渀渀攀挀琀椀瘀椀琀礀匀攀爀瘀椀挀攀㨀 猀攀渀搀椀渀最 渀漀琀椀昀椀挀愀琀椀漀渀 䌀䄀倀开䌀䠀䄀一䜀䔀䐀 昀漀爀 一攀琀眀漀爀欀刀攀焀甀攀猀琀 嬀 䰀䤀匀吀䔀一 椀搀㴀㄀㔀Ⰰ 嬀 䌀愀瀀愀戀椀氀椀琀椀攀猀㨀 䤀一吀䔀刀一䔀吀☀一伀吀开刀䔀匀吀刀䤀䌀吀䔀䐀☀吀刀唀匀吀䔀䐀☀一伀吀开嘀倀一崀 崀ഀഀ
10-05 20:12:43.822 3774 3990 D ConnectivityService: filterNetworkStateForUid() uid: 5009 networkInfo: [type: WIFI[] - WIFI, state: CONNECTED/CONNECTED, reason: (unspecified), extra: "FRITZ!Box Fon WLAN 7390 2,4", failover: false, available: true, roaming: false, metered: false] ਍㄀ ⴀ 㔀 ㈀ 㨀㄀㈀㨀㐀㌀⸀㠀㈀㈀  ㌀㜀㜀㐀  ㌀㤀㤀㜀 䐀 䌀漀渀渀攀挀琀椀瘀椀琀礀匀攀爀瘀椀挀攀㨀  猀攀渀搀椀渀最 渀漀琀椀昀椀挀愀琀椀漀渀 昀漀爀 一攀琀眀漀爀欀刀攀焀甀攀猀琀 嬀 䰀䤀匀吀䔀一 椀搀㴀㈀㠀Ⰰ 嬀 䌀愀瀀愀戀椀氀椀琀椀攀猀㨀 䤀一吀䔀刀一䔀吀☀一伀吀开刀䔀匀吀刀䤀䌀吀䔀䐀☀吀刀唀匀吀䔀䐀崀 崀ഀഀ
10-05 20:12:43.822 3774 3997 D ConnectivityService: sending notification CAP_CHANGED for NetworkRequest [ LISTEN id=28, [ Capabilities: INTERNET&NOT_RESTRICTED&TRUSTED] ] ਍㄀ ⴀ 㔀 ㈀ 㨀㄀㈀㨀㐀㌀⸀㠀㈀㌀  ㌀㜀㜀㐀  ㌀㤀㤀㜀 䐀 䌀漀渀渀攀挀琀椀瘀椀琀礀匀攀爀瘀椀挀攀㨀  猀攀渀搀椀渀最 渀漀琀椀昀椀挀愀琀椀漀渀 昀漀爀 一攀琀眀漀爀欀刀攀焀甀攀猀琀 嬀 䰀䤀匀吀䔀一 椀搀㴀㐀㤀Ⰰ 嬀 吀爀愀渀猀瀀漀爀琀猀㨀 圀䤀䘀䤀 䌀愀瀀愀戀椀氀椀琀椀攀猀㨀 䤀一吀䔀刀一䔀吀☀一伀吀开刀䔀匀吀刀䤀䌀吀䔀䐀☀吀刀唀匀吀䔀䐀☀一伀吀开嘀倀一崀 崀ഀഀ
10-05 20:12:43.823 3774 3997 D ConnectivityService: sending notification CAP_CHANGED for NetworkRequest [ LISTEN id=49, [ Transports: WIFI Capabilities: INTERNET&NOT_RESTRICTED&TRUSTED&NOT_VPN] ] ਍㄀ ⴀ 㔀 ㈀ 㨀㄀㈀㨀㐀㌀⸀㠀㈀㐀  ㌀㜀㜀㐀  㔀㈀㠀㌀ 䐀 䌀漀渀渀攀挀琀椀瘀椀琀礀匀攀爀瘀椀挀攀㨀 昀椀氀琀攀爀一攀琀眀漀爀欀匀琀愀琀攀䘀漀爀唀椀搀⠀⤀ 甀椀搀㨀 ㄀  㤀㔀 渀攀琀眀漀爀欀䤀渀昀漀㨀 嬀琀礀瀀攀㨀 圀䤀䘀䤀嬀崀 ⴀ 圀䤀䘀䤀Ⰰ 猀琀愀琀攀㨀 䌀伀一一䔀䌀吀䔀䐀⼀䌀伀一一䔀䌀吀䔀䐀Ⰰ 爀攀愀猀漀渀㨀 ⠀甀渀猀瀀攀挀椀昀椀攀搀⤀Ⰰ 攀砀琀爀愀㨀 ∀䘀刀䤀吀娀℀䈀漀砀 䘀漀渀 圀䰀䄀一 㜀㌀㤀  ㈀Ⰰ㐀∀Ⰰ 昀愀椀氀漀瘀攀爀㨀 昀愀氀猀攀Ⰰ 愀瘀愀椀氀愀戀氀攀㨀 琀爀甀攀Ⰰ 爀漀愀洀椀渀最㨀 昀愀氀猀攀Ⰰ 洀攀琀攀爀攀搀㨀 昀愀氀猀攀崀ഀഀ
10-05 20:12:43.824 3774 3997 D ConnectivityService: sending notification for NetworkRequest [ LISTEN id=79, [ Capabilities: INTERNET&NOT_RESTRICTED&TRUSTED] ] ਍㄀ ⴀ 㔀 ㈀ 㨀㄀㈀㨀㐀㌀⸀㠀㈀㔀  ㌀㜀㜀㐀  ㌀㤀㤀㜀 䐀 䌀漀渀渀攀挀琀椀瘀椀琀礀匀攀爀瘀椀挀攀㨀 猀攀渀搀椀渀最 渀漀琀椀昀椀挀愀琀椀漀渀 䌀䄀倀开䌀䠀䄀一䜀䔀䐀 昀漀爀 一攀琀眀漀爀欀刀攀焀甀攀猀琀 嬀 䰀䤀匀吀䔀一 椀搀㴀㜀㤀Ⰰ 嬀 䌀愀瀀愀戀椀氀椀琀椀攀猀㨀 䤀一吀䔀刀一䔀吀☀一伀吀开刀䔀匀吀刀䤀䌀吀䔀䐀☀吀刀唀匀吀䔀䐀崀 崀ഀഀ
10-05 20:12:43.826 3774 3990 D ConnectivityService: filterNetworkStateForUid() uid: 10147 networkInfo: [type: WIFI[] - WIFI, state: CONNECTED/CONNECTED, reason: (unspecified), extra: "FRITZ!Box Fon WLAN 7390 2,4", failover: false, available: true, roaming: false, metered: false] ਍㄀ ⴀ 㔀 ㈀ 㨀㄀㈀㨀㐀㌀⸀㠀㈀㘀  ㌀㜀㜀㐀  㔀㈀㠀㌀ 䐀 䌀漀渀渀攀挀琀椀瘀椀琀礀匀攀爀瘀椀挀攀㨀 昀椀氀琀攀爀一攀琀眀漀爀欀匀琀愀琀攀䘀漀爀唀椀搀⠀⤀ 甀椀搀㨀 ㄀  㔀  渀攀琀眀漀爀欀䤀渀昀漀㨀 嬀琀礀瀀攀㨀 圀䤀䘀䤀嬀崀 ⴀ 圀䤀䘀䤀Ⰰ 猀琀愀琀攀㨀 䌀伀一一䔀䌀吀䔀䐀⼀䌀伀一一䔀䌀吀䔀䐀Ⰰ 爀攀愀猀漀渀㨀 ⠀甀渀猀瀀攀挀椀昀椀攀搀⤀Ⰰ 攀砀琀爀愀㨀 ∀䘀刀䤀吀娀℀䈀漀砀 䘀漀渀 圀䰀䄀一 㜀㌀㤀  ㈀Ⰰ㐀∀Ⰰ 昀愀椀氀漀瘀攀爀㨀 昀愀氀猀攀Ⰰ 愀瘀愀椀氀愀戀氀攀㨀 琀爀甀攀Ⰰ 爀漀愀洀椀渀最㨀 昀愀氀猀攀Ⰰ 洀攀琀攀爀攀搀㨀 昀愀氀猀攀崀ഀഀ
10-05 20:12:43.827 4450 4450 D GLAnimatorManager: doFrame ਍㄀ ⴀ 㔀 ㈀ 㨀㄀㈀㨀㐀㌀⸀㠀㌀㌀  ㌀㜀㜀㐀  㜀㈀㠀㌀ 䐀 匀匀刀䴀㨀栀  㨀 匀䤀伀倀㨀㨀 䄀倀 㴀 ㌀㈀ Ⰰ 倀匀吀 㴀 ㈀㤀㘀 ⠀圀㨀㄀㔀⤀Ⰰ 䈀䄀吀 㴀 ㈀㤀㄀Ⰰ 唀匀䈀 㴀 ㈀㠀㌀Ⰰ 䌀䠀䜀 㴀 ㌀ 㐀Ⰰ 䌀倀 㴀 ㈀㤀㌀ഀഀ
10-05 20:12:43.840 3774 3990 D ConnectivityService: filterNetworkStateForUid() uid: 10028 networkInfo: [type: WIFI[] - WIFI, state: CONNECTED/CONNECTED, reason: (unspecified), extra: "FRITZ!Box Fon WLAN 7390 2,4", failover: false, available: true, roaming: false, metered: false] ਍㄀ ⴀ 㔀 ㈀ 㨀㄀㈀㨀㐀㌀⸀㠀㐀㄀  ㌀㜀㜀㐀  ㌀㤀㤀  䐀 䌀漀渀渀攀挀琀椀瘀椀琀礀匀攀爀瘀椀挀攀㨀 昀椀氀琀攀爀一攀琀眀漀爀欀匀琀愀琀攀䘀漀爀唀椀搀⠀⤀ 甀椀搀㨀 ㄀  㘀㔀 渀攀琀眀漀爀欀䤀渀昀漀㨀 嬀琀礀瀀攀㨀 圀䤀䘀䤀嬀崀 ⴀ 圀䤀䘀䤀Ⰰ 猀琀愀琀攀㨀 䌀伀一一䔀䌀吀䔀䐀⼀䌀伀一一䔀䌀吀䔀䐀Ⰰ 爀攀愀猀漀渀㨀 ⠀甀渀猀瀀攀挀椀昀椀攀搀⤀Ⰰ 攀砀琀爀愀㨀 ∀䘀刀䤀吀娀℀䈀漀砀 䘀漀渀 圀䰀䄀一 㜀㌀㤀  ㈀Ⰰ㐀∀Ⰰ 昀愀椀氀漀瘀攀爀㨀 昀愀氀猀攀Ⰰ 愀瘀愀椀氀愀戀氀攀㨀 琀爀甀攀Ⰰ 爀漀愀洀椀渀最㨀 昀愀氀猀攀Ⰰ 洀攀琀攀爀攀搀㨀 昀愀氀猀攀崀ഀഀ
10-05 20:12:43.842 3774 3990 D ConnectivityService: filterNetworkStateForUid() uid: 10095 networkInfo: [type: WIFI[] - WIFI, state: CONNECTED/CONNECTED, reason: (unspecified), extra: "FRITZ!Box Fon WLAN 7390 2,4", failover: false, available: true, roaming: false, metered: false] ਍㄀ ⴀ 㔀 ㈀ 㨀㄀㈀㨀㐀㌀⸀㠀㐀㌀  ㌀㜀㜀㐀  ㌀㤀㤀  䐀 䌀漀渀渀攀挀琀椀瘀椀琀礀匀攀爀瘀椀挀攀㨀 昀椀氀琀攀爀一攀琀眀漀爀欀匀琀愀琀攀䘀漀爀唀椀搀⠀⤀ 甀椀搀㨀 ㄀ ㄀㤀㈀ 渀攀琀眀漀爀欀䤀渀昀漀㨀 嬀琀礀瀀攀㨀 圀䤀䘀䤀嬀崀 ⴀ 圀䤀䘀䤀Ⰰ 猀琀愀琀攀㨀 䐀䤀匀䌀伀一一䔀䌀吀䔀䐀⼀䈀䰀伀䌀䬀䔀䐀Ⰰ 爀攀愀猀漀渀㨀 ⠀甀渀猀瀀攀挀椀昀椀攀搀⤀Ⰰ 攀砀琀爀愀㨀 ⠀渀漀渀攀⤀Ⰰ 昀愀椀氀漀瘀攀爀㨀 昀愀氀猀攀Ⰰ 愀瘀愀椀氀愀戀氀攀㨀 琀爀甀攀Ⰰ 爀漀愀洀椀渀最㨀 昀愀氀猀攀Ⰰ 洀攀琀攀爀攀搀㨀 昀愀氀猀攀崀ഀഀ
10-05 20:12:43.843 3774 3990 D ConnectivityService: filterNetworkStateForUid() uid: 10050 networkInfo: [type: WIFI[] - WIFI, state: CONNECTED/CONNECTED, reason: (unspecified), extra: "FRITZ!Box Fon WLAN 7390 2,4", failover: false, available: true, roaming: false, metered: false] ਍㄀ ⴀ 㔀 ㈀ 㨀㄀㈀㨀㐀㌀⸀㠀㔀㌀  ㌀㜀㜀㐀  ㌀㤀㤀  䐀 䌀漀渀渀攀挀琀椀瘀椀琀礀匀攀爀瘀椀挀攀㨀 昀椀氀琀攀爀一攀琀眀漀爀欀匀琀愀琀攀䘀漀爀唀椀搀⠀⤀ 甀椀搀㨀 ㄀  㐀㔀 渀攀琀眀漀爀欀䤀渀昀漀㨀 嬀琀礀瀀攀㨀 圀䤀䘀䤀嬀崀 ⴀ 圀䤀䘀䤀Ⰰ 猀琀愀琀攀㨀 䌀伀一一䔀䌀吀䔀䐀⼀䌀伀一一䔀䌀吀䔀䐀Ⰰ 爀攀愀猀漀渀㨀 ⠀甀渀猀瀀攀挀椀昀椀攀搀⤀Ⰰ 攀砀琀爀愀㨀 ∀䘀刀䤀吀娀℀䈀漀砀 䘀漀渀 圀䰀䄀一 㜀㌀㤀  ㈀Ⰰ㐀∀Ⰰ 昀愀椀氀漀瘀攀爀㨀 昀愀氀猀攀Ⰰ 愀瘀愀椀氀愀戀氀攀㨀 琀爀甀攀Ⰰ 爀漀愀洀椀渀最㨀 昀愀氀猀攀Ⰰ 洀攀琀攀爀攀搀㨀 昀愀氀猀攀崀ഀഀ
10-05 20:12:43.853 3774 3990 D ConnectivityService: filterNetworkStateForUid() uid: 1000 networkInfo: [type: WIFI[] - WIFI, state: CONNECTED/CONNECTED, reason: (unspecified), extra: "FRITZ!Box Fon WLAN 7390 2,4", failover: false, available: true, roaming: false, metered: false] ਍㄀ ⴀ 㔀 ㈀ 㨀㄀㈀㨀㐀㌀⸀㠀㔀㐀  ㌀㜀㜀㐀  ㌀㤀㤀  䐀 䌀漀渀渀攀挀琀椀瘀椀琀礀匀攀爀瘀椀挀攀㨀 昀椀氀琀攀爀一攀琀眀漀爀欀匀琀愀琀攀䘀漀爀唀椀搀⠀⤀ 甀椀搀㨀 ㄀  㤀㌀ 渀攀琀眀漀爀欀䤀渀昀漀㨀 嬀琀礀瀀攀㨀 圀䤀䘀䤀嬀崀 ⴀ 圀䤀䘀䤀Ⰰ 猀琀愀琀攀㨀 䌀伀一一䔀䌀吀䔀䐀⼀䌀伀一一䔀䌀吀䔀䐀Ⰰ 爀攀愀猀漀渀㨀 ⠀甀渀猀瀀攀挀椀昀椀攀搀⤀Ⰰ 攀砀琀爀愀㨀 ∀䘀刀䤀吀娀℀䈀漀砀 䘀漀渀 圀䰀䄀一 㜀㌀㤀  ㈀Ⰰ㐀∀Ⰰ 昀愀椀氀漀瘀攀爀㨀 昀愀氀猀攀Ⰰ 愀瘀愀椀氀愀戀氀攀㨀 琀爀甀攀Ⰰ 爀漀愀洀椀渀最㨀 昀愀氀猀攀Ⰰ 洀攀琀攀爀攀搀㨀 昀愀氀猀攀崀ഀഀ
10-05 20:12:43.855 3774 3990 D ConnectivityService: filterNetworkStateForUid() uid: 10154 networkInfo: [type: WIFI[] - WIFI, state: CONNECTED/CONNECTED, reason: (unspecified), extra: "FRITZ!Box Fon WLAN 7390 2,4", failover: false, available: true, roaming: false, metered: false] ਍㄀ ⴀ 㔀 ㈀ 㨀㄀㈀㨀㐀㌀⸀㠀㔀㘀  ㌀㜀㜀㐀  ㌀㤀㤀  䐀 䌀漀渀渀攀挀琀椀瘀椀琀礀匀攀爀瘀椀挀攀㨀 昀椀氀琀攀爀一攀琀眀漀爀欀匀琀愀琀攀䘀漀爀唀椀搀⠀⤀ 甀椀搀㨀 ㄀  㤀㔀 渀攀琀眀漀爀欀䤀渀昀漀㨀 嬀琀礀瀀攀㨀 圀䤀䘀䤀嬀崀 ⴀ 圀䤀䘀䤀Ⰰ 猀琀愀琀攀㨀 䌀伀一一䔀䌀吀䔀䐀⼀䌀伀一一䔀䌀吀䔀䐀Ⰰ 爀攀愀猀漀渀㨀 ⠀甀渀猀瀀攀挀椀昀椀攀搀⤀Ⰰ 攀砀琀爀愀㨀 ∀䘀刀䤀吀娀℀䈀漀砀 䘀漀渀 圀䰀䄀一 㜀㌀㤀  ㈀Ⰰ㐀∀Ⰰ 昀愀椀氀漀瘀攀爀㨀 昀愀氀猀攀Ⰰ 愀瘀愀椀氀愀戀氀攀㨀 琀爀甀攀Ⰰ 爀漀愀洀椀渀最㨀 昀愀氀猀攀Ⰰ 洀攀琀攀爀攀搀㨀 昀愀氀猀攀崀ഀഀ
10-05 20:12:43.858 3774 3990 D ConnectivityService: filterNetworkStateForUid() uid: 10095 networkInfo: [type: WIFI[] - WIFI, state: CONNECTED/CONNECTED, reason: (unspecified), extra: "FRITZ!Box Fon WLAN 7390 2,4", failover: false, available: true, roaming: false, metered: false] ਍㄀ ⴀ 㔀 ㈀ 㨀㄀㈀㨀㐀㌀⸀㠀㔀㤀  ㌀㜀㜀㐀  ㌀㤀㤀  䐀 䌀漀渀渀攀挀琀椀瘀椀琀礀匀攀爀瘀椀挀攀㨀 昀椀氀琀攀爀一攀琀眀漀爀欀匀琀愀琀攀䘀漀爀唀椀搀⠀⤀ 甀椀搀㨀 ㄀  ㈀㠀 渀攀琀眀漀爀欀䤀渀昀漀㨀 嬀琀礀瀀攀㨀 圀䤀䘀䤀嬀崀 ⴀ 圀䤀䘀䤀Ⰰ 猀琀愀琀攀㨀 䌀伀一一䔀䌀吀䔀䐀⼀䌀伀一一䔀䌀吀䔀䐀Ⰰ 爀攀愀猀漀渀㨀 ⠀甀渀猀瀀攀挀椀昀椀攀搀⤀Ⰰ 攀砀琀爀愀㨀 ∀䘀刀䤀吀娀℀䈀漀砀 䘀漀渀 圀䰀䄀一 㜀㌀㤀  ㈀Ⰰ㐀∀Ⰰ 昀愀椀氀漀瘀攀爀㨀 昀愀氀猀攀Ⰰ 愀瘀愀椀氀愀戀氀攀㨀 琀爀甀攀Ⰰ 爀漀愀洀椀渀最㨀 昀愀氀猀攀Ⰰ 洀攀琀攀爀攀搀㨀 昀愀氀猀攀崀ഀഀ
10-05 20:12:43.859 3774 3990 D ConnectivityService: filterNetworkStateForUid() uid: 10095 networkInfo: [type: WIFI[] - WIFI, state: CONNECTED/CONNECTED, reason: (unspecified), extra: "FRITZ!Box Fon WLAN 7390 2,4", failover: false, available: true, roaming: false, metered: false] ਍㄀ ⴀ 㔀 ㈀ 㨀㄀㈀㨀㐀㌀⸀㠀㘀   ㌀㜀㜀㐀  ㌀㤀㤀  䐀 䌀漀渀渀攀挀琀椀瘀椀琀礀匀攀爀瘀椀挀攀㨀 昀椀氀琀攀爀一攀琀眀漀爀欀匀琀愀琀攀䘀漀爀唀椀搀⠀⤀ 甀椀搀㨀 ㄀ ㈀㌀㔀 渀攀琀眀漀爀欀䤀渀昀漀㨀 嬀琀礀瀀攀㨀 圀䤀䘀䤀嬀崀 ⴀ 圀䤀䘀䤀Ⰰ 猀琀愀琀攀㨀 䌀伀一一䔀䌀吀䔀䐀⼀䌀伀一一䔀䌀吀䔀䐀Ⰰ 爀攀愀猀漀渀㨀 ⠀甀渀猀瀀攀挀椀昀椀攀搀⤀Ⰰ 攀砀琀爀愀㨀 ∀䘀刀䤀吀娀℀䈀漀砀 䘀漀渀 圀䰀䄀一 㜀㌀㤀  ㈀Ⰰ㐀∀Ⰰ 昀愀椀氀漀瘀攀爀㨀 昀愀氀猀攀Ⰰ 愀瘀愀椀氀愀戀氀攀㨀 琀爀甀攀Ⰰ 爀漀愀洀椀渀最㨀 昀愀氀猀攀Ⰰ 洀攀琀攀爀攀搀㨀 昀愀氀猀攀崀ഀഀ
10-05 20:12:43.866 3237 3237 I android.hardware.wifi@1.0-service: getLinkLayerStats ਍㄀ ⴀ 㔀 ㈀ 㨀㄀㈀㨀㐀㌀⸀㠀㘀㜀  ㌀㜀㜀㐀  ㌀㤀㤀  䐀 䌀漀渀渀攀挀琀椀瘀椀琀礀匀攀爀瘀椀挀攀㨀 昀椀氀琀攀爀一攀琀眀漀爀欀匀琀愀琀攀䘀漀爀唀椀搀⠀⤀ 甀椀搀㨀 ㄀ ㄀㤀㤀 渀攀琀眀漀爀欀䤀渀昀漀㨀 嬀琀礀瀀攀㨀 圀䤀䘀䤀嬀崀 ⴀ 圀䤀䘀䤀Ⰰ 猀琀愀琀攀㨀 䌀伀一一䔀䌀吀䔀䐀⼀䌀伀一一䔀䌀吀䔀䐀Ⰰ 爀攀愀猀漀渀㨀 ⠀甀渀猀瀀攀挀椀昀椀攀搀⤀Ⰰ 攀砀琀爀愀㨀 ∀䘀刀䤀吀娀℀䈀漀砀 䘀漀渀 圀䰀䄀一 㜀㌀㤀  ㈀Ⰰ㐀∀Ⰰ 昀愀椀氀漀瘀攀爀㨀 昀愀氀猀攀Ⰰ 愀瘀愀椀氀愀戀氀攀㨀 琀爀甀攀Ⰰ 爀漀愀洀椀渀最㨀 昀愀氀猀攀Ⰰ 洀攀琀攀爀攀搀㨀 昀愀氀猀攀崀ഀഀ
10-05 20:12:43.872 3774 3990 D ConnectivityService: filterNetworkStateForUid() uid: 10093 networkInfo: [type: WIFI[] - WIFI, state: CONNECTED/CONNECTED, reason: (unspecified), extra: "FRITZ!Box Fon WLAN 7390 2,4", failover: false, available: true, roaming: false, metered: false] ਍㄀ ⴀ 㔀 ㈀ 㨀㄀㈀㨀㐀㌀⸀㠀㜀㌀  ㌀㜀㜀㐀  ㌀㤀㤀  䐀 䌀漀渀渀攀挀琀椀瘀椀琀礀匀攀爀瘀椀挀攀㨀 昀椀氀琀攀爀一攀琀眀漀爀欀匀琀愀琀攀䘀漀爀唀椀搀⠀⤀ 甀椀搀㨀 ㄀  㤀㔀 渀攀琀眀漀爀欀䤀渀昀漀㨀 嬀琀礀瀀攀㨀 圀䤀䘀䤀嬀崀 ⴀ 圀䤀䘀䤀Ⰰ 猀琀愀琀攀㨀 䌀伀一一䔀䌀吀䔀䐀⼀䌀伀一一䔀䌀吀䔀䐀Ⰰ 爀攀愀猀漀渀㨀 ⠀甀渀猀瀀攀挀椀昀椀攀搀⤀Ⰰ 攀砀琀爀愀㨀 ∀䘀刀䤀吀娀℀䈀漀砀 䘀漀渀 圀䰀䄀一 㜀㌀㤀  ㈀Ⰰ㐀∀Ⰰ 昀愀椀氀漀瘀攀爀㨀 昀愀氀猀攀Ⰰ 愀瘀愀椀氀愀戀氀攀㨀 琀爀甀攀Ⰰ 爀漀愀洀椀渀最㨀 昀愀氀猀攀Ⰰ 洀攀琀攀爀攀搀㨀 昀愀氀猀攀崀ഀഀ
10-05 20:12:43.873 3774 3990 D ConnectivityService: filterNetworkStateForUid() uid: 10190 networkInfo: [type: WIFI[] - WIFI, state: CONNECTED/CONNECTED, reason: (unspecified), extra: "FRITZ!Box Fon WLAN 7390 2,4", failover: false, available: true, roaming: false, metered: false] ਍㄀ ⴀ 㔀 ㈀ 㨀㄀㈀㨀㐀㌀⸀㠀㜀㐀  ㌀㜀㜀㐀  ㌀㤀㤀  䐀 䌀漀渀渀攀挀琀椀瘀椀琀礀匀攀爀瘀椀挀攀㨀 昀椀氀琀攀爀一攀琀眀漀爀欀匀琀愀琀攀䘀漀爀唀椀搀⠀⤀ 甀椀搀㨀 ㄀  㤀㔀 渀攀琀眀漀爀欀䤀渀昀漀㨀 嬀琀礀瀀攀㨀 圀䤀䘀䤀嬀崀 ⴀ 圀䤀䘀䤀Ⰰ 猀琀愀琀攀㨀 䌀伀一一䔀䌀吀䔀䐀⼀䌀伀一一䔀䌀吀䔀䐀Ⰰ 爀攀愀猀漀渀㨀 ⠀甀渀猀瀀攀挀椀昀椀攀搀⤀Ⰰ 攀砀琀爀愀㨀 ∀䘀刀䤀吀娀℀䈀漀砀 䘀漀渀 圀䰀䄀一 㜀㌀㤀  ㈀Ⰰ㐀∀Ⰰ 昀愀椀氀漀瘀攀爀㨀 昀愀氀猀攀Ⰰ 愀瘀愀椀氀愀戀氀攀㨀 琀爀甀攀Ⰰ 爀漀愀洀椀渀最㨀 昀愀氀猀攀Ⰰ 洀攀琀攀爀攀搀㨀 昀愀氀猀攀崀ഀഀ
10-05 20:12:43.874 3774 3990 D ConnectivityService: filterNetworkStateForUid() uid: 10095 networkInfo: [type: WIFI[] - WIFI, state: CONNECTED/CONNECTED, reason: (unspecified), extra: "FRITZ!Box Fon WLAN 7390 2,4", failover: false, available: true, roaming: false, metered: false] ਍㄀ ⴀ 㔀 ㈀ 㨀㄀㈀㨀㐀㌀⸀㠀㠀㈀  ㌀㜀㜀㐀  ㌀㤀㤀  䐀 䌀漀渀渀攀挀琀椀瘀椀琀礀匀攀爀瘀椀挀攀㨀 昀椀氀琀攀爀一攀琀眀漀爀欀匀琀愀琀攀䘀漀爀唀椀搀⠀⤀ 甀椀搀㨀 ㄀ ㄀㜀㄀ 渀攀琀眀漀爀欀䤀渀昀漀㨀 嬀琀礀瀀攀㨀 圀䤀䘀䤀嬀崀 ⴀ 圀䤀䘀䤀Ⰰ 猀琀愀琀攀㨀 䌀伀一一䔀䌀吀䔀䐀⼀䌀伀一一䔀䌀吀䔀䐀Ⰰ 爀攀愀猀漀渀㨀 ⠀甀渀猀瀀攀挀椀昀椀攀搀⤀Ⰰ 攀砀琀爀愀㨀 ∀䘀刀䤀吀娀℀䈀漀砀 䘀漀渀 圀䰀䄀一 㜀㌀㤀  ㈀Ⰰ㐀∀Ⰰ 昀愀椀氀漀瘀攀爀㨀 昀愀氀猀攀Ⰰ 愀瘀愀椀氀愀戀氀攀㨀 琀爀甀攀Ⰰ 爀漀愀洀椀渀最㨀 昀愀氀猀攀Ⰰ 洀攀琀攀爀攀搀㨀 昀愀氀猀攀崀ഀഀ
10-05 20:12:43.884 3774 3990 D ConnectivityService: filterNetworkStateForUid() uid: 1000 networkInfo: [type: WIFI[] - WIFI, state: CONNECTED/CONNECTED, reason: (unspecified), extra: "FRITZ!Box Fon WLAN 7390 2,4", failover: false, available: true, roaming: false, metered: false] ਍㄀ ⴀ 㔀 ㈀ 㨀㄀㈀㨀㐀㌀⸀㠀㠀㔀  ㌀㜀㜀㐀  ㌀㤀㤀  䐀 䌀漀渀渀攀挀琀椀瘀椀琀礀匀攀爀瘀椀挀攀㨀 昀椀氀琀攀爀一攀琀眀漀爀欀匀琀愀琀攀䘀漀爀唀椀搀⠀⤀ 甀椀搀㨀 ㄀ ㈀㌀㄀ 渀攀琀眀漀爀欀䤀渀昀漀㨀 嬀琀礀瀀攀㨀 圀䤀䘀䤀嬀崀 ⴀ 圀䤀䘀䤀Ⰰ 猀琀愀琀攀㨀 䌀伀一一䔀䌀吀䔀䐀⼀䌀伀一一䔀䌀吀䔀䐀Ⰰ 爀攀愀猀漀渀㨀 ⠀甀渀猀瀀攀挀椀昀椀攀搀⤀Ⰰ 攀砀琀爀愀㨀 ∀䘀刀䤀吀娀℀䈀漀砀 䘀漀渀 圀䰀䄀一 㜀㌀㤀  ㈀Ⰰ㐀∀Ⰰ 昀愀椀氀漀瘀攀爀㨀 昀愀氀猀攀Ⰰ 愀瘀愀椀氀愀戀氀攀㨀 琀爀甀攀Ⰰ 爀漀愀洀椀渀最㨀 昀愀氀猀攀Ⰰ 洀攀琀攀爀攀搀㨀 昀愀氀猀攀崀ഀഀ
10-05 20:12:43.886 3774 3990 D ConnectivityService: filterNetworkStateForUid() uid: 10095 networkInfo: [type: WIFI[] - WIFI, state: CONNECTED/CONNECTED, reason: (unspecified), extra: "FRITZ!Box Fon WLAN 7390 2,4", failover: false, available: true, roaming: false, metered: false] ਍㄀ ⴀ 㔀 ㈀ 㨀㄀㈀㨀㐀㌀⸀㠀㠀㘀  ㌀㜀㜀㐀  ㌀㤀㤀  䐀 䌀漀渀渀攀挀琀椀瘀椀琀礀匀攀爀瘀椀挀攀㨀 昀椀氀琀攀爀一攀琀眀漀爀欀匀琀愀琀攀䘀漀爀唀椀搀⠀⤀ 甀椀搀㨀 ㄀  ㈀㠀 渀攀琀眀漀爀欀䤀渀昀漀㨀 嬀琀礀瀀攀㨀 圀䤀䘀䤀嬀崀 ⴀ 圀䤀䘀䤀Ⰰ 猀琀愀琀攀㨀 䌀伀一一䔀䌀吀䔀䐀⼀䌀伀一一䔀䌀吀䔀䐀Ⰰ 爀攀愀猀漀渀㨀 ⠀甀渀猀瀀攀挀椀昀椀攀搀⤀Ⰰ 攀砀琀爀愀㨀 ∀䘀刀䤀吀娀℀䈀漀砀 䘀漀渀 圀䰀䄀一 㜀㌀㤀  ㈀Ⰰ㐀∀Ⰰ 昀愀椀氀漀瘀攀爀㨀 昀愀氀猀攀Ⰰ 愀瘀愀椀氀愀戀氀攀㨀 琀爀甀攀Ⰰ 爀漀愀洀椀渀最㨀 昀愀氀猀攀Ⰰ 洀攀琀攀爀攀搀㨀 昀愀氀猀攀崀ഀഀ
10-05 20:12:43.887 3774 3990 D ConnectivityService: filterNetworkStateForUid() uid: 10135 networkInfo: [type: WIFI[] - WIFI, state: CONNECTED/CONNECTED, reason: (unspecified), extra: "FRITZ!Box Fon WLAN 7390 2,4", failover: false, available: true, roaming: false, metered: false] ਍㄀ ⴀ 㔀 ㈀ 㨀㄀㈀㨀㐀㌀⸀㠀㠀㜀  ㌀㜀㜀㐀  ㌀㤀㤀  䐀 䌀漀渀渀攀挀琀椀瘀椀琀礀匀攀爀瘀椀挀攀㨀 昀椀氀琀攀爀一攀琀眀漀爀欀匀琀愀琀攀䘀漀爀唀椀搀⠀⤀ 甀椀搀㨀 ㄀  ㈀㠀 渀攀琀眀漀爀欀䤀渀昀漀㨀 嬀琀礀瀀攀㨀 圀䤀䘀䤀嬀崀 ⴀ 圀䤀䘀䤀Ⰰ 猀琀愀琀攀㨀 䌀伀一一䔀䌀吀䔀䐀⼀䌀伀一一䔀䌀吀䔀䐀Ⰰ 爀攀愀猀漀渀㨀 ⠀甀渀猀瀀攀挀椀昀椀攀搀⤀Ⰰ 攀砀琀爀愀㨀 ∀䘀刀䤀吀娀℀䈀漀砀 䘀漀渀 圀䰀䄀一 㜀㌀㤀  ㈀Ⰰ㐀∀Ⰰ 昀愀椀氀漀瘀攀爀㨀 昀愀氀猀攀Ⰰ 愀瘀愀椀氀愀戀氀攀㨀 琀爀甀攀Ⰰ 爀漀愀洀椀渀最㨀 昀愀氀猀攀Ⰰ 洀攀琀攀爀攀搀㨀 昀愀氀猀攀崀ഀഀ
10-05 20:12:43.888 3774 3990 D ConnectivityService: filterNetworkStateForUid() uid: 10045 networkInfo: [type: WIFI[] - WIFI, state: CONNECTED/CONNECTED, reason: (unspecified), extra: "FRITZ!Box Fon WLAN 7390 2,4", failover: false, available: true, roaming: false, metered: false] ਍㄀ ⴀ 㔀 ㈀ 㨀㄀㈀㨀㐀㌀⸀㠀㠀㤀  ㌀㜀㜀㐀  ㌀㤀㤀  䐀 䌀漀渀渀攀挀琀椀瘀椀琀礀匀攀爀瘀椀挀攀㨀 昀椀氀琀攀爀一攀琀眀漀爀欀匀琀愀琀攀䘀漀爀唀椀搀⠀⤀ 甀椀搀㨀 ㄀  㤀㔀 渀攀琀眀漀爀欀䤀渀昀漀㨀 嬀琀礀瀀攀㨀 圀䤀䘀䤀嬀崀 ⴀ 圀䤀䘀䤀Ⰰ 猀琀愀琀攀㨀 䌀伀一一䔀䌀吀䔀䐀⼀䌀伀一一䔀䌀吀䔀䐀Ⰰ 爀攀愀猀漀渀㨀 ⠀甀渀猀瀀攀挀椀昀椀攀搀⤀Ⰰ 攀砀琀爀愀㨀 ∀䘀刀䤀吀娀℀䈀漀砀 䘀漀渀 圀䰀䄀一 㜀㌀㤀  ㈀Ⰰ㐀∀Ⰰ 昀愀椀氀漀瘀攀爀㨀 昀愀氀猀攀Ⰰ 愀瘀愀椀氀愀戀氀攀㨀 琀爀甀攀Ⰰ 爀漀愀洀椀渀最㨀 昀愀氀猀攀Ⰰ 洀攀琀攀爀攀搀㨀 昀愀氀猀攀崀ഀഀ
10-05 20:12:43.889 3774 3990 D ConnectivityService: filterNetworkStateForUid() uid: 10028 networkInfo: [type: WIFI[] - WIFI, state: CONNECTED/CONNECTED, reason: (unspecified), extra: "FRITZ!Box Fon WLAN 7390 2,4", failover: false, available: true, roaming: false, metered: false] ਍㄀ ⴀ 㔀 ㈀ 㨀㄀㈀㨀㐀㌀⸀㠀㤀   ㌀㜀㜀㐀  ㌀㤀㤀  䐀 䌀漀渀渀攀挀琀椀瘀椀琀礀匀攀爀瘀椀挀攀㨀 昀椀氀琀攀爀一攀琀眀漀爀欀匀琀愀琀攀䘀漀爀唀椀搀⠀⤀ 甀椀搀㨀 ㄀ ㈀㄀㜀 渀攀琀眀漀爀欀䤀渀昀漀㨀 嬀琀礀瀀攀㨀 圀䤀䘀䤀嬀崀 ⴀ 圀䤀䘀䤀Ⰰ 猀琀愀琀攀㨀 䌀伀一一䔀䌀吀䔀䐀⼀䌀伀一一䔀䌀吀䔀䐀Ⰰ 爀攀愀猀漀渀㨀 ⠀甀渀猀瀀攀挀椀昀椀攀搀⤀Ⰰ 攀砀琀爀愀㨀 ∀䘀刀䤀吀娀℀䈀漀砀 䘀漀渀 圀䰀䄀一 㜀㌀㤀  ㈀Ⰰ㐀∀Ⰰ 昀愀椀氀漀瘀攀爀㨀 昀愀氀猀攀Ⰰ 愀瘀愀椀氀愀戀氀攀㨀 琀爀甀攀Ⰰ 爀漀愀洀椀渀最㨀 昀愀氀猀攀Ⰰ 洀攀琀攀爀攀搀㨀 昀愀氀猀攀崀ഀഀ
10-05 20:12:43.890 3774 3990 D ConnectivityService: filterNetworkStateForUid() uid: 10028 networkInfo: [type: WIFI[] - WIFI, state: CONNECTED/CONNECTED, reason: (unspecified), extra: "FRITZ!Box Fon WLAN 7390 2,4", failover: false, available: true, roaming: false, metered: false] ਍㄀ ⴀ 㔀 ㈀ 㨀㄀㈀㨀㐀㌀⸀㠀㤀㈀  ㌀㜀㜀㐀  ㌀㤀㤀  䐀 䌀漀渀渀攀挀琀椀瘀椀琀礀匀攀爀瘀椀挀攀㨀 昀椀氀琀攀爀一攀琀眀漀爀欀匀琀愀琀攀䘀漀爀唀椀搀⠀⤀ 甀椀搀㨀 ㄀ ㄀㤀  渀攀琀眀漀爀欀䤀渀昀漀㨀 嬀琀礀瀀攀㨀 圀䤀䘀䤀嬀崀 ⴀ 圀䤀䘀䤀Ⰰ 猀琀愀琀攀㨀 䌀伀一一䔀䌀吀䔀䐀⼀䌀伀一一䔀䌀吀䔀䐀Ⰰ 爀攀愀猀漀渀㨀 ⠀甀渀猀瀀攀挀椀昀椀攀搀⤀Ⰰ 攀砀琀爀愀㨀 ∀䘀刀䤀吀娀℀䈀漀砀 䘀漀渀 圀䰀䄀一 㜀㌀㤀  ㈀Ⰰ㐀∀Ⰰ 昀愀椀氀漀瘀攀爀㨀 昀愀氀猀攀Ⰰ 愀瘀愀椀氀愀戀氀攀㨀 琀爀甀攀Ⰰ 爀漀愀洀椀渀最㨀 昀愀氀猀攀Ⰰ 洀攀琀攀爀攀搀㨀 昀愀氀猀攀崀ഀഀ
10-05 20:12:43.892 3774 3990 D ConnectivityService: filterNetworkStateForUid() uid: 1000 networkInfo: [type: WIFI[] - WIFI, state: CONNECTED/CONNECTED, reason: (unspecified), extra: "FRITZ!Box Fon WLAN 7390 2,4", failover: false, available: true, roaming: false, metered: false] ਍㄀ ⴀ 㔀 ㈀ 㨀㄀㈀㨀㐀㌀⸀㠀㤀㈀  ㌀㜀㜀㐀  ㌀㤀㤀  䐀 䌀漀渀渀攀挀琀椀瘀椀琀礀匀攀爀瘀椀挀攀㨀 昀椀氀琀攀爀一攀琀眀漀爀欀匀琀愀琀攀䘀漀爀唀椀搀⠀⤀ 甀椀搀㨀 ㄀  ㄀ 渀攀琀眀漀爀欀䤀渀昀漀㨀 嬀琀礀瀀攀㨀 圀䤀䘀䤀嬀崀 ⴀ 圀䤀䘀䤀Ⰰ 猀琀愀琀攀㨀 䌀伀一一䔀䌀吀䔀䐀⼀䌀伀一一䔀䌀吀䔀䐀Ⰰ 爀攀愀猀漀渀㨀 ⠀甀渀猀瀀攀挀椀昀椀攀搀⤀Ⰰ 攀砀琀爀愀㨀 ∀䘀刀䤀吀娀℀䈀漀砀 䘀漀渀 圀䰀䄀一 㜀㌀㤀  ㈀Ⰰ㐀∀Ⰰ 昀愀椀氀漀瘀攀爀㨀 昀愀氀猀攀Ⰰ 愀瘀愀椀氀愀戀氀攀㨀 琀爀甀攀Ⰰ 爀漀愀洀椀渀最㨀 昀愀氀猀攀Ⰰ 洀攀琀攀爀攀搀㨀 昀愀氀猀攀崀ഀഀ
10-05 20:12:43.892 3774 3990 D ConnectivityService: filterNetworkStateForUid() uid: 10190 networkInfo: [type: WIFI[] - WIFI, state: CONNECTED/CONNECTED, reason: (unspecified), extra: "FRITZ!Box Fon WLAN 7390 2,4", failover: false, available: true, roaming: false, metered: false] ਍㄀ ⴀ 㔀 ㈀ 㨀㄀㈀㨀㐀㌀⸀㠀㤀㈀  ㌀㜀㜀㐀  ㌀㤀㤀  䐀 䌀漀渀渀攀挀琀椀瘀椀琀礀匀攀爀瘀椀挀攀㨀 昀椀氀琀攀爀一攀琀眀漀爀欀匀琀愀琀攀䘀漀爀唀椀搀⠀⤀ 甀椀搀㨀 ㄀ ㄀㤀㈀ 渀攀琀眀漀爀欀䤀渀昀漀㨀 嬀琀礀瀀攀㨀 圀䤀䘀䤀嬀崀 ⴀ 圀䤀䘀䤀Ⰰ 猀琀愀琀攀㨀 䐀䤀匀䌀伀一一䔀䌀吀䔀䐀⼀䈀䰀伀䌀䬀䔀䐀Ⰰ 爀攀愀猀漀渀㨀 ⠀甀渀猀瀀攀挀椀昀椀攀搀⤀Ⰰ 攀砀琀爀愀㨀 ⠀渀漀渀攀⤀Ⰰ 昀愀椀氀漀瘀攀爀㨀 昀愀氀猀攀Ⰰ 愀瘀愀椀氀愀戀氀攀㨀 琀爀甀攀Ⰰ 爀漀愀洀椀渀最㨀 昀愀氀猀攀Ⰰ 洀攀琀攀爀攀搀㨀 昀愀氀猀攀崀ഀഀ
10-05 20:12:43.893 3774 3990 D ConnectivityService: filterNetworkStateForUid() uid: 10050 networkInfo: [type: WIFI[] - WIFI, state: CONNECTED/CONNECTED, reason: (unspecified), extra: "FRITZ!Box Fon WLAN 7390 2,4", failover: false, available: true, roaming: false, metered: false] ਍㄀ ⴀ 㔀 ㈀ 㨀㄀㈀㨀㐀㌀⸀㠀㤀㌀  ㌀㜀㜀㐀  ㌀㤀㤀  䐀 䌀漀渀渀攀挀琀椀瘀椀琀礀匀攀爀瘀椀挀攀㨀 昀椀氀琀攀爀一攀琀眀漀爀欀匀琀愀琀攀䘀漀爀唀椀搀⠀⤀ 甀椀搀㨀 ㄀ ㈀㈀㘀 渀攀琀眀漀爀欀䤀渀昀漀㨀 嬀琀礀瀀攀㨀 圀䤀䘀䤀嬀崀 ⴀ 圀䤀䘀䤀Ⰰ 猀琀愀琀攀㨀 䌀伀一一䔀䌀吀䔀䐀⼀䌀伀一一䔀䌀吀䔀䐀Ⰰ 爀攀愀猀漀渀㨀 ⠀甀渀猀瀀攀挀椀昀椀攀搀⤀Ⰰ 攀砀琀爀愀㨀 ∀䘀刀䤀吀娀℀䈀漀砀 䘀漀渀 圀䰀䄀一 㜀㌀㤀  ㈀Ⰰ㐀∀Ⰰ 昀愀椀氀漀瘀攀爀㨀 昀愀氀猀攀Ⰰ 愀瘀愀椀氀愀戀氀攀㨀 琀爀甀攀Ⰰ 爀漀愀洀椀渀最㨀 昀愀氀猀攀Ⰰ 洀攀琀攀爀攀搀㨀 昀愀氀猀攀崀ഀഀ
10-05 20:12:43.893 3774 3990 D ConnectivityService: filterNetworkStateForUid() uid: 10126 networkInfo: [type: WIFI[] - WIFI, state: CONNECTED/CONNECTED, reason: (unspecified), extra: "FRITZ!Box Fon WLAN 7390 2,4", failover: false, available: true, roaming: false, metered: false] ਍㄀ ⴀ 㔀 ㈀ 㨀㄀㈀㨀㐀㌀⸀㠀㤀㌀  ㌀㜀㜀㐀  ㌀㤀㤀  䐀 䌀漀渀渀攀挀琀椀瘀椀琀礀匀攀爀瘀椀挀攀㨀 昀椀氀琀攀爀一攀琀眀漀爀欀匀琀愀琀攀䘀漀爀唀椀搀⠀⤀ 甀椀搀㨀 ㄀    渀攀琀眀漀爀欀䤀渀昀漀㨀 嬀琀礀瀀攀㨀 圀䤀䘀䤀嬀崀 ⴀ 圀䤀䘀䤀Ⰰ 猀琀愀琀攀㨀 䌀伀一一䔀䌀吀䔀䐀⼀䌀伀一一䔀䌀吀䔀䐀Ⰰ 爀攀愀猀漀渀㨀 ⠀甀渀猀瀀攀挀椀昀椀攀搀⤀Ⰰ 攀砀琀爀愀㨀 ∀䘀刀䤀吀娀℀䈀漀砀 䘀漀渀 圀䰀䄀一 㜀㌀㤀  ㈀Ⰰ㐀∀Ⰰ 昀愀椀氀漀瘀攀爀㨀 昀愀氀猀攀Ⰰ 愀瘀愀椀氀愀戀氀攀㨀 琀爀甀攀Ⰰ 爀漀愀洀椀渀最㨀 昀愀氀猀攀Ⰰ 洀攀琀攀爀攀搀㨀 昀愀氀猀攀崀ഀഀ
10-05 20:12:43.944 4450 4450 I chatty : uid=10005(u0_a5) com.android.systemui:InfinityWallpaper identical 7 lines ਍㄀ ⴀ 㔀 ㈀ 㨀㄀㈀㨀㐀㌀⸀㤀㘀㄀  㐀㐀㔀   㐀㐀㔀  䐀 䜀䰀䄀渀椀洀愀琀漀爀䴀愀渀愀最攀爀㨀 搀漀䘀爀愀洀攀ഀഀ
10-05 20:12:43.975 3774 3774 D PreBindingService: handleMessage : 1 ਍㄀ ⴀ 㔀 ㈀ 㨀㄀㈀㨀㐀㌀⸀㤀㜀㠀  㐀㐀㔀   㐀㐀㔀  䐀 䜀䰀䄀渀椀洀愀琀漀爀䴀愀渀愀最攀爀㨀 搀漀䘀爀愀洀攀ഀഀ
10-05 20:12:43.999 4450 4450 I chatty : uid=10005(u0_a5) com.android.systemui:InfinityWallpaper identical 1 line ਍㄀ ⴀ 㔀 ㈀ 㨀㄀㈀㨀㐀㐀⸀ ㄀㈀  㐀㐀㔀   㐀㐀㔀  䐀 䜀䰀䄀渀椀洀愀琀漀爀䴀愀渀愀最攀爀㨀 搀漀䘀爀愀洀攀ഀഀ
10-05 20:12:44.022 3774 3925 D InputReader: Input event(5): value=1 when=9645139262000 ਍㄀ ⴀ 㔀 ㈀ 㨀㄀㈀㨀㐀㐀⸀ ㈀㈀  ㌀㜀㜀㐀  ㌀㤀㈀㔀 䐀 䤀渀瀀甀琀刀攀愀搀攀爀㨀 䤀渀瀀甀琀 攀瘀攀渀琀⠀㔀⤀㨀 瘀愀氀甀攀㴀㄀ 眀栀攀渀㴀㤀㘀㐀㔀㄀㌀㤀㈀㘀㈀   ഀഀ
10-05 20:12:44.022 3774 3925 I InputReader: Touch event's action is 0x0 (deviceType=0) [pCnt=1, s=0.575 ] when=9645139262000 ਍㄀ ⴀ 㔀 ㈀ 㨀㄀㈀㨀㐀㐀⸀ ㈀㌀  ㌀㜀㜀㐀  ㌀㤀㈀㐀 䤀 䤀渀瀀甀琀䐀椀猀瀀愀琀挀栀攀爀㨀 䐀攀氀椀瘀攀爀椀渀最 琀漀甀挀栀 琀漀 ⠀㐀㈀㠀㐀⤀㨀 愀挀琀椀漀渀㨀  砀㐀Ⰰ 琀漀漀氀吀礀瀀攀㨀 ㄀ഀഀ
10-05 20:12:44.023 3774 3924 I InputDispatcher: Delivering touch to (4284): action: 0x4, toolType: 1 ਍㄀ ⴀ 㔀 ㈀ 㨀㄀㈀㨀㐀㐀⸀ ㈀㌀  ㌀㜀㜀㐀  ㌀㤀㈀㐀 䤀 䤀渀瀀甀琀䐀椀猀瀀愀琀挀栀攀爀㨀 䐀攀氀椀瘀攀爀椀渀最 琀漀甀挀栀 琀漀 ⠀㌀㜀㜀㐀⤀㨀 愀挀琀椀漀渀㨀  砀 Ⰰ 琀漀漀氀吀礀瀀攀㨀 ㄀ഀഀ
10-05 20:12:44.024 3774 3797 D ViewRootImpl@5c12968[winccoaui]: ViewPostIme pointer 0 ਍㄀ ⴀ 㔀 ㈀ 㨀㄀㈀㨀㐀㐀⸀ ㈀㠀  㐀㐀㔀   㐀㐀㔀  䐀 䜀䰀䄀渀椀洀愀琀漀爀䴀愀渀愀最攀爀㨀 搀漀䘀爀愀洀攀ഀഀ
10-05 20:12:44.061 4450 4450 I chatty : uid=10005(u0_a5) com.android.systemui:InfinityWallpaper identical 2 lines ਍㄀ ⴀ 㔀 ㈀ 㨀㄀㈀㨀㐀㐀⸀ 㜀㠀  㐀㐀㔀   㐀㐀㔀  䐀 䜀䰀䄀渀椀洀愀琀漀爀䴀愀渀愀最攀爀㨀 搀漀䘀爀愀洀攀ഀഀ
10-05 20:12:44.089 3774 3925 D InputReader: Input event(5): value=0 when=9645206663000 ਍㄀ ⴀ 㔀 ㈀ 㨀㄀㈀㨀㐀㐀⸀ 㠀㤀  ㌀㜀㜀㐀  ㌀㤀㈀㔀 䐀 䤀渀瀀甀琀刀攀愀搀攀爀㨀 䤀渀瀀甀琀 攀瘀攀渀琀⠀㔀⤀㨀 瘀愀氀甀攀㴀  眀栀攀渀㴀㤀㘀㐀㔀㈀ 㘀㘀㘀㌀   ഀഀ
10-05 20:12:44.089 3774 3925 I InputReader: Touch event's action is 0x1 (deviceType=0) [pCnt=1, s=] when=9645206663000 ਍㄀ ⴀ 㔀 ㈀ 㨀㄀㈀㨀㐀㐀⸀ 㠀㤀  ㌀㜀㜀㐀  ㌀㤀㈀㐀 䤀 䤀渀瀀甀琀䐀椀猀瀀愀琀挀栀攀爀㨀 䐀攀氀椀瘀攀爀椀渀最 琀漀甀挀栀 琀漀 ⠀㌀㜀㜀㐀⤀㨀 愀挀琀椀漀渀㨀  砀㄀Ⰰ 琀漀漀氀吀礀瀀攀㨀 ㄀ഀഀ
10-05 20:12:44.090 3774 3797 D ViewRootImpl@5c12968[winccoaui]: ViewPostIme pointer 1 ਍㄀ ⴀ 㔀 ㈀ 㨀㄀㈀㨀㐀㐀⸀ 㤀㄀  ㌀㜀㜀㐀  㜀㌀㐀㈀ 圀 䄀挀琀椀瘀椀琀礀䴀愀渀愀最攀爀㨀 䤀最渀漀爀椀渀最 爀攀洀漀瘀攀 漀昀 椀渀愀挀琀椀瘀攀 瀀爀漀挀攀猀猀㨀 倀爀漀挀攀猀猀刀攀挀漀爀搀笀㠀搀愀㈀㐀㐀戀  㨀挀漀洀⸀猀椀攀洀攀渀猀⸀眀椀渀挀挀漀愀甀椀⼀甀 愀㄀  㘀紀ഀഀ
10-05 20:12:44.095 4450 4450 D GLAnimatorManager: doFrame ਍㄀ ⴀ 㔀 ㈀ 㨀㄀㈀㨀㐀㐀⸀㄀    ㌀㜀㜀㐀  㐀㈀㐀  䐀 伀瀀攀渀䜀䰀刀攀渀搀攀爀攀爀㨀 攀最氀䐀攀猀琀爀漀礀匀甀爀昀愀挀攀 㴀  砀㜀㤀戀㜀㤀㄀㈀㜀搀 ഀഀ
10-05 20:12:44.100 3774 3797 D ViewRootImpl@5c12968[winccoaui]: dispatchDetachedFromWindow ਍㄀ ⴀ 㔀 ㈀ 㨀㄀㈀㨀㐀㐀⸀㄀    ㌀㜀㜀㐀  ㌀㜀㤀㜀 䐀 䤀渀瀀甀琀䔀瘀攀渀琀刀攀挀攀椀瘀攀爀㨀 挀栀愀渀渀攀氀 ✀挀㐀挀㠀㄀㠀㄀ 䄀瀀瀀氀椀挀愀琀椀漀渀 䔀爀爀漀爀㨀 挀漀洀⸀猀椀攀洀攀渀猀⸀眀椀渀挀挀漀愀甀椀 ⠀挀氀椀攀渀琀⤀✀ 縀 䐀椀猀瀀漀猀椀渀最 椀渀瀀甀琀 攀瘀攀渀琀 爀攀挀攀椀瘀攀爀⸀ഀഀ
10-05 20:12:44.100 3774 3797 D InputEventReceiver: channel 'c4c8181 Application Error: com.siemens.winccoaui (client)' ~NativeInputEventReceiver. ਍㄀ ⴀ 㔀 ㈀ 㨀㄀㈀㨀㐀㐀⸀㄀㄀㄀  㐀㐀㔀   㐀㐀㔀  䐀 䜀䰀䄀渀椀洀愀琀漀爀䴀愀渀愀最攀爀㨀 搀漀䘀爀愀洀攀ഀഀ
10-05 20:12:44.112 3774 3797 D InputDispatcher: Focus left window: 3774 ਍㄀ ⴀ 㔀 ㈀ 㨀㄀㈀㨀㐀㐀⸀㄀㄀㈀  ㌀㜀㜀㐀  ㌀㜀㤀㜀 䐀 䤀渀瀀甀琀䐀椀猀瀀愀琀挀栀攀爀㨀 䘀漀挀甀猀 攀渀琀攀爀攀搀 眀椀渀搀漀眀㨀 㔀㌀㄀ ഀഀ
10-05 20:12:44.114 3774 3797 D WindowManager: set systemUiVisibility : systemUiFlags= 0x8708 fullscreenStackSysUiFlags= 0x0 ਍㄀ ⴀ 㔀 ㈀ 㨀㄀㈀㨀㐀㐀⸀㄀㄀㔀  㔀㌀㄀   㔀㌀㄀  䐀 嘀椀攀眀刀漀漀琀䤀洀瀀氀䀀挀昀㔀 昀㤀㜀嬀䰀愀甀渀挀栀攀爀䄀挀琀椀瘀椀琀礀崀㨀 䴀匀䜀开圀䤀一䐀伀圀开䘀伀䌀唀匀开䌀䠀䄀一䜀䔀䐀 ㄀ഀഀ
10-05 20:12:44.116 3774 3797 E ViewRootImpl: sendUserActionEvent() returned. ਍㄀ ⴀ 㔀 ㈀ 㨀㄀㈀㨀㐀㐀⸀㄀㄀㠀  ㌀㜀㜀㐀  ㌀㤀㌀㠀 䐀 圀椀渀搀漀眀䴀愀渀愀最攀爀㨀 愀搀樀甀猀琀匀礀猀琀攀洀唀椀嘀椀猀椀戀椀氀椀琀礀䰀眀 㨀 瘀椀猀㴀  砀㠀㜀 㠀ഀഀ
10-05 20:12:44.121 5310 5310 V InputMethodManager: Starting input: tba=android.view.inputmethod.EditorInfo@3b1ba07 nm : com.sec.android.app.launcher ic=null ਍㄀ ⴀ 㔀 ㈀ 㨀㄀㈀㨀㐀㐀⸀㄀㈀㄀  㔀㌀㄀   㔀㌀㄀  䤀 䤀渀瀀甀琀䴀攀琀栀漀搀䴀愀渀愀最攀爀㨀 猀琀愀爀琀䤀渀瀀甀琀䤀渀渀攀爀 ⴀ 洀匀攀爀瘀椀挀攀⸀猀琀愀爀琀䤀渀瀀甀琀伀爀圀椀渀搀漀眀䜀愀椀渀攀搀䘀漀挀甀猀ഀഀ
10-05 20:12:44.121 3774 5283 D InputMethodManagerService: startInputOrWindowGainedFocus : windowGainedFocus ਍㄀ ⴀ 㔀 ㈀ 㨀㄀㈀㨀㐀㐀⸀㄀㈀㄀  ㌀㜀㜀㐀  㔀㈀㠀㌀ 䐀 䤀渀瀀甀琀䴀攀琀栀漀搀䴀愀渀愀最攀爀匀攀爀瘀椀挀攀㨀 眀椀渀搀漀眀䜀愀椀渀攀搀䘀漀挀甀猀㨀 搀攀猀琀椀渀愀琀椀漀渀唀猀攀爀䤀搀 ⠀最攀琀䌀愀氀氀椀渀最唀椀搀⤀ 㴀  ഀഀ
10-05 20:12:44.121 3774 5283 D InputMethodManagerService: windowGainedFocus: currentUserId=0 ਍㄀ ⴀ 㔀 ㈀ 㨀㄀㈀㨀㐀㐀⸀㄀㈀㈀  ㌀㜀㜀㐀  㔀㈀㠀㌀ 䐀 䤀渀瀀甀琀䴀攀琀栀漀搀䴀愀渀愀最攀爀匀攀爀瘀椀挀攀㨀 眀椀渀搀漀眀䜀愀椀渀攀搀䘀漀挀甀猀㨀 洀䌀甀爀爀攀渀琀䘀漀挀甀猀攀搀唀猀攀爀䤀搀㴀 ഀഀ
10-05 20:12:44.122 3774 5283 D InputMethodManagerService: windowGainedFocus : lock - currentUserId = 0 destinationUserId = 0 ਍㄀ ⴀ 㔀 ㈀ 㨀㄀㈀㨀㐀㐀⸀㄀㈀㈀  ㌀㜀㜀㐀  㔀㈀㠀㌀ 䐀 䤀渀瀀甀琀䴀攀琀栀漀搀䴀愀渀愀最攀爀匀攀爀瘀椀挀攀㨀 眀椀渀搀漀眀䜀愀椀渀攀搀䘀漀挀甀猀 㨀 洀䌀甀爀爀攀渀琀䘀漀挀甀猀攀搀唀猀攀爀䤀搀 ⴀ   愀渀搀 洀匀攀挀甀爀攀䬀攀礀瀀愀搀䔀渀愀戀氀攀搀 ⴀ 昀愀氀猀攀Ⰰ 甀猀攀爀匀眀椀琀挀栀攀搀 ⴀ 昀愀氀猀攀ഀഀ
10-05 20:12:44.122 3774 5283 V InputMethodManagerService: windowGainedFocus : reason=WINDOW_FOCUS_GAIN client=android.os.BinderProxy@a3f7aac inputContext=null missingMethods= attribute=android.view.inputmethod.EditorInfo@8a4ba27 nm = com.sec.android.app.launcher controlFlags=#104 softInputMode=#30 windowFlags=#81910d02 ਍㄀ ⴀ 㔀 ㈀ 㨀㄀㈀㨀㐀㐀⸀㄀㈀㈀  ㌀㜀㜀㐀  㔀㈀㠀㌀ 嘀 䤀渀瀀甀琀䴀攀琀栀漀搀䴀愀渀愀最攀爀匀攀爀瘀椀挀攀㨀 栀椀搀攀䌀甀爀爀攀渀琀䤀渀瀀甀琀䰀漀挀欀攀搀 㨀 猀栀漀甀氀搀䠀椀搀攀匀漀昀琀䤀渀瀀甀琀 椀猀 昀愀氀猀攀ഀഀ
10-05 20:12:44.122 3774 5283 D InputMethodManagerService: setCurrentInputInfo - inputContext : null eidtorInfo : android.view.inputmethod.EditorInfo@8a4ba27 missingMethods : 0 ਍㄀ ⴀ 㔀 ㈀ 㨀㄀㈀㨀㐀㐀⸀㄀㈀㌀  㐀㈀㔀㠀  㐀㈀㔀㠀 䤀 䤀渀瀀甀琀䴀攀琀栀漀搀圀爀愀瀀瀀攀爀㨀  挀愀氀氀 搀椀猀瀀愀琀挀栀匀琀愀爀琀䤀渀瀀甀琀圀椀琀栀吀漀欀攀渀ഀഀ
10-05 20:12:44.123 4258 4258 I InputMethodService: dispatchStartInputWithToken ਍㄀ ⴀ 㔀 ㈀ 㨀㄀㈀㨀㐀㐀⸀㄀㈀㐀  㐀㈀㔀㠀  㐀㈀㔀㠀 䤀 匀䬀䈀䐀    㨀 匀愀洀猀甀渀最䬀攀礀瀀愀搀 嬀䤀䴀䤀崀 漀渀匀琀愀爀琀䤀渀瀀甀琀 ⴀ 挀愀氀氀攀爀 瀀椀搀 㨀 㜀㈀㐀㌀Ⰰ 挀愀氀氀攀爀 甀椀搀 㨀 ㄀㄀  㘀ഀഀ
10-05 20:12:44.128 4450 4450 D GLAnimatorManager: doFrame ਍㄀ ⴀ 㔀 ㈀ 㨀㄀㈀㨀㐀㐀⸀㌀㈀㠀  㐀㐀㔀   㐀㐀㔀  䤀 挀栀愀琀琀礀  㨀 甀椀搀㴀㄀   㔀⠀甀 开愀㔀⤀ 挀漀洀⸀愀渀搀爀漀椀搀⸀猀礀猀琀攀洀甀椀㨀䤀渀昀椀渀椀琀礀圀愀氀氀瀀愀瀀攀爀 椀搀攀渀琀椀挀愀氀 ㄀㈀ 氀椀渀攀猀ഀഀ
10-05 20:12:44.344 4450 4450 D GLAnimatorManager: doFrame ਍㄀ ⴀ 㔀 ㈀ 㨀㄀㈀㨀㐀㐀⸀㌀㔀㜀  ㌀㈀㐀㜀  ㌀㈀㐀㜀 䐀 匀甀爀昀愀挀攀䘀氀椀渀最攀爀㨀   䐀椀猀瀀氀愀礀嬀 崀 挀漀渀昀椀最甀爀愀琀椀漀渀猀 ⠀⨀ 挀甀爀爀攀渀琀⤀㨀ഀഀ
10-05 20:12:44.357 3247 3247 D SurfaceFlinger: * 0: 1440x2960, xdpi=562.706970, ydpi=565.293030, refresh=16666666 ਍㄀ ⴀ 㔀 ㈀ 㨀㄀㈀㨀㐀㐀⸀㌀㔀㜀  ㌀㈀㐀㜀  ㌀㈀㐀㜀 䐀 匀甀爀昀愀挀攀䘀氀椀渀最攀爀㨀   渀甀洀䠀眀䰀愀礀攀爀猀㴀㜀Ⰰ 昀氀愀最猀㴀        ഀഀ
10-05 20:12:44.357 3247 3247 D SurfaceFlinger: type | handle | hint | flag | tr | blnd | format | source crop (l,t,r,b) | frame | name ਍㄀ ⴀ 㔀 ㈀ 㨀㄀㈀㨀㐀㐀⸀㌀㔀㜀  ㌀㈀㐀㜀  ㌀㈀㐀㜀 䐀 匀甀爀昀愀挀攀䘀氀椀渀最攀爀㨀 ⴀⴀⴀⴀⴀⴀⴀⴀⴀⴀⴀ⬀ⴀⴀⴀⴀⴀⴀⴀⴀⴀⴀ⬀ⴀⴀⴀⴀⴀⴀ⬀ⴀⴀⴀⴀⴀⴀ⬀ⴀⴀⴀⴀ⬀ⴀⴀⴀⴀⴀⴀ⬀ⴀⴀⴀⴀⴀⴀⴀⴀⴀⴀⴀⴀⴀ⬀ⴀⴀⴀⴀⴀⴀⴀⴀⴀⴀⴀⴀⴀⴀⴀⴀⴀⴀⴀⴀⴀⴀⴀⴀⴀⴀⴀⴀⴀⴀⴀⴀ⬀ⴀⴀⴀⴀⴀⴀⴀⴀⴀⴀⴀⴀⴀⴀⴀⴀⴀⴀⴀⴀⴀⴀⴀⴀ⬀ⴀⴀⴀⴀⴀⴀഀഀ
10-05 20:12:44.357 3247 3247 D SurfaceFlinger: GLES | 7ecf255620 | 0000 | 0021 | 00 | 0100 | RGBx_8888 | 0.0, 0.0, 1080.0, 2220.0 | 0, 0, 1080, 2220 | com.android.systemui.infinity.InfinityWallpaperSilver#0 ਍㄀ ⴀ 㔀 ㈀ 㨀㄀㈀㨀㐀㐀⸀㌀㔀㜀  ㌀㈀㐀㜀  ㌀㈀㐀㜀 䐀 匀甀爀昀愀挀攀䘀氀椀渀最攀爀㨀       䜀䰀䔀匀 簀 㜀攀挀攀攀㈀戀攀   簀      簀    ㄀ 簀    簀  ㄀ 㔀 簀 刀䜀䈀䄀开㠀㠀㠀㠀   簀     ⸀ Ⰰ     ⸀ Ⰰ ㄀ 㠀 ⸀ Ⰰ ㈀㈀㈀ ⸀  簀     Ⰰ     Ⰰ ㄀ 㠀 Ⰰ ㈀㈀㈀  簀 挀漀洀⸀猀攀挀⸀愀渀搀爀漀椀搀⸀愀瀀瀀⸀氀愀甀渀挀栀攀爀⼀挀漀洀⸀猀攀挀⸀愀渀搀爀漀椀搀⸀愀瀀瀀⸀氀愀甀渀挀栀攀爀⸀愀挀琀椀瘀椀琀椀攀猀⸀䰀愀甀渀挀栀攀爀䄀挀琀椀瘀椀琀礀⌀ ഀഀ
10-05 20:12:44.357 3247 3247 D SurfaceFlinger: HWC | 7ecee2bee0 | 0000 | 0000 | 00 | 0105 | RGBA_8888 | 0.0, 0.0, 1027.0, 586.0 | 96, 821, 981, 1326 | Application Error: com.siemens.winccoaui#0 ਍㄀ ⴀ 㔀 ㈀ 㨀㄀㈀㨀㐀㐀⸀㌀㔀㜀  ㌀㈀㐀㜀  ㌀㈀㐀㜀 䐀 匀甀爀昀愀挀攀䘀氀椀渀最攀爀㨀        䠀圀䌀 簀 㜀攀挀昀㈀㔀㤀㘀攀  簀      簀      簀    簀  ㄀ 㔀 簀 刀䜀䈀䄀开㠀㠀㠀㠀   ഀഀ
10-05 20:12:44.357 3247 3247 D SurfaceFlinger: | 0.0, 0.0, 1080.0, 72.0 | 0, 0, 1080, 72 | StatusBar#0 ਍㄀ ⴀ 㔀 ㈀ 㨀㄀㈀㨀㐀㐀⸀㌀㔀㜀  ㌀㈀㐀㜀  ㌀㈀㐀㜀 䐀 匀甀爀昀愀挀攀䘀氀椀渀最攀爀㨀        䠀圀䌀 簀 㜀攀挀昀㈀㔀㤀㈀㠀  簀      簀      簀    簀  ㄀ 㔀 簀 刀䜀䈀䄀开㠀㠀㠀㠀   簀     ⸀ Ⰰ     ⸀ Ⰰ   㘀㜀⸀ Ⰰ  㐀㐀㔀⸀  簀 ㄀ ㄀㌀Ⰰ  㔀㈀㜀Ⰰ ㄀ 㠀 Ⰰ  㤀㜀㈀ 簀 挀漀洀⸀猀愀洀猀甀渀最⸀愀渀搀爀漀椀搀⸀愀瀀瀀⸀挀漀挀欀琀愀椀氀戀愀爀猀攀爀瘀椀挀攀⼀挀漀洀⸀猀愀洀猀甀渀最⸀愀渀搀爀漀椀搀⸀愀瀀瀀⸀挀漀挀欀琀愀椀氀戀愀爀猀攀爀瘀椀挀攀⸀䌀漀挀欀琀愀椀氀䈀愀爀匀攀爀瘀椀挀攀⌀ ഀഀ
10-05 20:12:44.357 3247 3247 D SurfaceFlinger: HWC | 7ecee2b000 | 0000 | 0000 | 00 | 0105 | RGBA_8888 | 0.0, 0.0, 1080.0, 144.0 | 0, 2076, 1080, 2220 | NavigationBar#0 ਍㄀ ⴀ 㔀 ㈀ 㨀㄀㈀㨀㐀㐀⸀㌀㔀㜀  ㌀㈀㐀㜀  ㌀㈀㐀㜀 䐀 匀甀爀昀愀挀攀䘀氀椀渀最攀爀㨀  䘀䈀 吀䄀刀䜀䔀吀 簀 㜀攀挀昀㈀㔀㔀戀㘀  簀      簀      簀    簀  ㄀ 㔀 簀 刀䜀䈀䄀开㠀㠀㠀㠀   簀     ⸀ Ⰰ     ⸀ Ⰰ ㄀㐀㐀 ⸀ Ⰰ ㈀㤀㘀 ⸀  簀     Ⰰ     Ⰰ ㄀㐀㐀 Ⰰ ㈀㤀㘀  簀 䠀圀䌀开䘀刀䄀䴀䔀䈀唀䘀䘀䔀刀开吀䄀刀䜀䔀吀ഀഀ
10-05 20:12:44.361 4450 4450 D GLAnimatorManager: doFrame ਍㄀ ⴀ 㔀 ㈀ 㨀㄀㈀㨀㐀㐀⸀㌀㜀㜀  㐀㐀㔀   㐀㐀㔀  䤀 挀栀愀琀琀礀  㨀 甀椀搀㴀㄀   㔀⠀甀 开愀㔀⤀ 挀漀洀⸀愀渀搀爀漀椀搀⸀猀礀猀琀攀洀甀椀㨀䤀渀昀椀渀椀琀礀圀愀氀氀瀀愀瀀攀爀 椀搀攀渀琀椀挀愀氀 ㄀ 氀椀渀攀ഀഀ
10-05 20:12:44.395 4450 4450 D GLAnimatorManager: doFrame ਍㄀ ⴀ 㔀 ㈀ 㨀㄀㈀㨀㐀㐀⸀㐀 㘀  ㌀㈀㐀㜀  ㌀㈀㐀㜀 䐀 匀甀爀昀愀挀攀䘀氀椀渀最攀爀㨀   䐀椀猀瀀氀愀礀嬀 崀 挀漀渀昀椀最甀爀愀琀椀漀渀猀 ⠀⨀ 挀甀爀爀攀渀琀⤀㨀ഀഀ
10-05 20:12:44.406 3247 3247 D SurfaceFlinger: * 0: 1440x2960, xdpi=562.706970, ydpi=565.293030, refresh=16666666 ਍㄀ ⴀ 㔀 ㈀ 㨀㄀㈀㨀㐀㐀⸀㐀 㘀  ㌀㈀㐀㜀  ㌀㈀㐀㜀 䐀 匀甀爀昀愀挀攀䘀氀椀渀最攀爀㨀   渀甀洀䠀眀䰀愀礀攀爀猀㴀㘀Ⰰ 昀氀愀最猀㴀        ഀഀ
10-05 20:12:44.406 3247 3247 D SurfaceFlinger: type | handle | hint | flag | tr | blnd | format | source crop (l,t,r,b) | frame | name ਍㄀ ⴀ 㔀 ㈀ 㨀㄀㈀㨀㐀㐀⸀㐀 㘀  ㌀㈀㐀㜀  ㌀㈀㐀㜀 䐀 匀甀爀昀愀挀攀䘀氀椀渀最攀爀㨀 ⴀⴀⴀⴀⴀⴀⴀⴀⴀⴀⴀ⬀ⴀⴀⴀⴀⴀⴀⴀⴀⴀⴀ⬀ⴀⴀⴀⴀⴀⴀ⬀ⴀⴀⴀⴀⴀⴀ⬀ⴀⴀⴀⴀ⬀ⴀⴀⴀⴀⴀⴀ⬀ⴀⴀⴀⴀⴀⴀⴀⴀⴀⴀⴀⴀⴀ⬀ⴀⴀⴀⴀⴀⴀⴀⴀⴀⴀⴀⴀⴀⴀⴀⴀⴀⴀⴀⴀⴀⴀⴀⴀⴀⴀⴀⴀⴀⴀⴀⴀ⬀ⴀⴀⴀⴀⴀⴀⴀⴀⴀⴀⴀⴀⴀⴀⴀⴀⴀⴀⴀⴀⴀⴀⴀⴀ⬀ⴀⴀⴀⴀⴀⴀഀഀ
10-05 20:12:44.406 3247 3247 D SurfaceFlinger: GLES | 7ecf255620 | 0000 | 0021 | 00 | 0100 | RGBx_8888 | 0.0, 0.0, 1080.0, 2220.0 | 0, 0, 1080, 2220 | com.android.systemui.infinity.InfinityWallpaperSilver#0 ਍㄀ ⴀ 㔀 ㈀ 㨀㄀㈀㨀㐀㐀⸀㐀 㘀  ㌀㈀㐀㜀  ㌀㈀㐀㜀 䐀 匀甀爀昀愀挀攀䘀氀椀渀最攀爀㨀       䜀䰀䔀匀 簀 㜀攀挀攀攀㈀戀攀   簀      簀    ㄀ 簀    簀  ㄀ 㔀 簀 刀䜀䈀䄀开㠀㠀㠀㠀   簀     ⸀ Ⰰ     ⸀ Ⰰ ㄀ 㠀 ⸀ Ⰰ ㈀㈀㈀ ⸀  簀     Ⰰ     Ⰰ ㄀ 㠀 Ⰰ ㈀㈀㈀  簀 挀漀洀⸀猀攀挀⸀愀渀搀爀漀椀搀⸀愀瀀瀀⸀氀愀甀渀挀栀攀爀⼀挀漀洀⸀猀攀挀⸀愀渀搀爀漀椀搀⸀愀瀀瀀⸀氀愀甀渀挀栀攀爀⸀愀挀琀椀瘀椀琀椀攀猀⸀䰀愀甀渀挀栀攀爀䄀挀琀椀瘀椀琀礀⌀ ഀഀ
10-05 20:12:44.406 3247 3247 D SurfaceFlinger: HWC | 7ecf2596e0 | 0000 | 0000 | 00 | 0105 | RGBA_8888 | 0.0, 0.0, 1080.0, 72.0 | 0, 0, 1080, 72 | StatusBar#0 ਍㄀ ⴀ 㔀 ㈀ 㨀㄀㈀㨀㐀㐀⸀㐀 㘀  ㌀㈀㐀㜀  ㌀㈀㐀㜀 䐀 匀甀爀昀愀挀攀䘀氀椀渀最攀爀㨀        䠀圀䌀 簀 㜀攀挀昀㈀㔀㤀㈀㠀  簀      簀      簀    簀  ㄀ 㔀 簀 刀䜀䈀䄀开㠀㠀㠀㠀   簀     ⸀ Ⰰ     ⸀ Ⰰ   㘀㜀⸀ Ⰰ  㐀㐀㔀⸀ഀഀ
10-05 20:12:44.406 3247 3247 D SurfaceFlinger: 0 | 1013, 527, 1080, 972 | com.samsung.android.app.cocktailbarservice/com.samsung.android.app.cocktailbarservice.CocktailBarService#0 ਍㄀ ⴀ 㔀 ㈀ 㨀㄀㈀㨀㐀㐀⸀㐀 㘀  ㌀㈀㐀㜀  ㌀㈀㐀㜀 䐀 匀甀爀昀愀挀攀䘀氀椀渀最攀爀㨀        䠀圀䌀 簀 㜀攀挀攀攀㈀戀    簀      簀      簀    簀  ㄀ 㔀 簀 刀䜀䈀䄀开㠀㠀㠀㠀   簀     ⸀ Ⰰ     ⸀ Ⰰ ㄀ 㠀 ⸀ Ⰰ  ㄀㐀㐀⸀  簀     Ⰰ ㈀ 㜀㘀Ⰰ ㄀ 㠀 Ⰰ ㈀㈀㈀  簀 一愀瘀椀最愀琀椀漀渀䈀愀爀⌀ ഀഀ
10-05 20:12:44.406 3247 3247 D SurfaceFlinger: FB TARGET | 7ecf255b60 | 0000 | 0000 | 00 | 0105 | RGBA_8888 | 0.0, 0.0, 1440.0, 2960.0 | 0, 0, 1440, 2960 | HWC_FRAMEBUFFER_TARGET ਍㄀ ⴀ 㔀 ㈀ 㨀㄀㈀㨀㐀㐀⸀㐀㄀㄀  㐀㐀㔀   㐀㐀㔀  䐀 䜀䰀䄀渀椀洀愀琀漀爀䴀愀渀愀最攀爀㨀 搀漀䘀爀愀洀攀ഀഀ
10-05 20:12:44.417 3774 3872 I WindowManager: Destroying surface Surface(name=Application Error: com.siemens.winccoaui) called by com.android.server.wm.WindowStateAnimator.destroySurface:2465 com.android.server.wm.WindowStateAnimator.destroySurfaceLocked:967 com.android.server.wm.WindowState.destroyOrSaveSurfaceUnchecked:3661 com.android.server.wm.RootWindowContainer.performSurfacePlacement:818 com.android.server.wm.WindowSurfacePlacer.performSurfacePlacementLoop:233 com.android.server.wm.WindowSurfacePlacer.performSurfacePlacement:168 com.android.server.wm.WindowSurfacePlacer.performSurfacePlacement:158 com.android.server.wm.WindowSurfacePlacer.lambda$-com_android_server_wm_WindowSurfacePlacer_6459:135 ਍㄀ ⴀ 㔀 ㈀ 㨀㄀㈀㨀㐀㐀⸀㐀㄀㜀  ㌀㈀㐀㜀  ㌀㈀㜀㘀 䤀 匀甀爀昀愀挀攀䘀氀椀渀最攀爀㨀 椀搀㴀㔀㜀㐀 刀攀洀漀瘀攀搀 䄀瀀瀀氀椀挀愀琀椀漀渀 䔀爀爀漀爀㨀 挀漀洀⸀猀椀攀洀攀渀猀⸀眀椀渀挀挀漀愀甀椀⌀  ⠀㐀⼀㜀⤀ഀഀ
10-05 20:12:44.417 3247 3276 I SurfaceFlinger: id=574 Removed Application Error: com.siemens.winccoaui#0 (-2/7) ਍㄀ ⴀ 㔀 ㈀ 㨀㄀㈀㨀㐀㐀⸀㐀㄀㠀  ㌀㜀㜀㐀  ㌀㠀㜀㈀ 圀 䄀瀀瀀伀瀀猀  㨀 䘀椀渀椀猀栀椀渀最 漀瀀 渀攀猀琀椀渀最 甀渀搀攀爀ⴀ爀甀渀㨀 甀椀搀 ㄀    瀀欀最 愀渀搀爀漀椀搀 挀漀搀攀 ㈀㐀 琀椀洀攀㴀  搀甀爀愀琀椀漀渀㴀  渀攀猀琀椀渀最㴀 ഀഀ
10-05 20:12:44.427 4450 4450 D GLAnimatorManager: doFrame ਍㄀ ⴀ 㔀 ㈀ 㨀㄀㈀㨀㐀㐀⸀㐀㈀㠀  ㌀㈀㐀㜀  ㌀㈀㐀㜀 䤀 䰀愀礀攀爀   㨀 椀搀㴀㔀㜀㐀 漀渀刀攀洀漀瘀攀搀 䄀瀀瀀氀椀挀愀琀椀漀渀 䔀爀爀漀爀㨀 挀漀洀⸀猀椀攀洀攀渀猀⸀眀椀渀挀挀漀愀甀椀⌀  ഀഀ
10-05 20:12:44.444 4450 4450 D GLAnimatorManager: doFrame ਍㄀ ⴀ 㔀 ㈀ 㨀㄀㈀㨀㐀㐀⸀㠀㐀㐀  㐀㐀㔀   㐀㐀㔀  䤀 挀栀愀琀琀礀  㨀 甀椀搀㴀㄀   㔀⠀甀 开愀㔀⤀ 挀漀洀⸀愀渀搀爀漀椀搀⸀猀礀猀琀攀洀甀椀㨀䤀渀昀椀渀椀琀礀圀愀氀氀瀀愀瀀攀爀 椀搀攀渀琀椀挀愀氀 ㈀㐀 氀椀渀攀猀ഀഀ
10-05 20:12:44.865 4450 4450 D GLAnimatorManager: doFrame ਍㄀ ⴀ 㔀 ㈀ 㨀㄀㈀㨀㐀㐀⸀㠀㘀㘀  㐀㐀㔀   㐀㐀㔀  䐀 䜀礀爀漀刀攀渀搀攀爀㨀 漀渀匀攀渀猀漀爀䌀栀愀渀最攀搀 攀瘀攀渀琀⸀猀攀渀猀漀爀⸀最攀琀吀礀瀀攀⠀⤀ 㴀 㘀㔀㔀㜀㤀ഀഀ
10-05 20:12:44.878 4450 4450 D GLAnimatorManager: doFrame ਍㄀ ⴀ 㔀 ㈀ 㨀㄀㈀㨀㐀㐀⸀㠀㠀㈀  㐀㐀㔀   㐀㐀㔀  䐀 䜀礀爀漀刀攀渀搀攀爀㨀 漀渀匀攀渀猀漀爀䌀栀愀渀最攀搀 攀瘀攀渀琀⸀猀攀渀猀漀爀⸀最攀琀吀礀瀀攀⠀⤀ 㴀 㘀㔀㔀㜀㤀ഀഀ
10-05 20:12:44.895 4450 4450 D GLAnimatorManager: doFrame ਍㄀ ⴀ 㔀 ㈀ 㨀㄀㈀㨀㐀㐀⸀㤀 㐀  㐀㐀㔀   㐀㐀㔀  䐀 䜀礀爀漀刀攀渀搀攀爀㨀 漀渀匀攀渀猀漀爀䌀栀愀渀最攀搀 攀瘀攀渀琀⸀猀攀渀猀漀爀⸀最攀琀吀礀瀀攀⠀⤀ 㴀 㘀㔀㔀㜀㤀ഀഀ
10-05 20:12:44.911 4450 4450 D GLAnimatorManager: doFrame ਍㄀ ⴀ 㔀 ㈀ 㨀㄀㈀㨀㐀㐀⸀㤀㈀㐀  㐀㐀㔀   㐀㐀㔀  䐀 䜀礀爀漀刀攀渀搀攀爀㨀 漀渀匀攀渀猀漀爀䌀栀愀渀最攀搀 攀瘀攀渀琀⸀猀攀渀猀漀爀⸀最攀琀吀礀瀀攀⠀⤀ 㴀 㘀㔀㔀㜀㤀ഀഀ
10-05 20:12:44.928 4450 4450 D GLAnimatorManager: doFrame ਍㄀ ⴀ 㔀 ㈀ 㨀㄀㈀㨀㐀㐀⸀㤀㐀㈀  㐀㐀㔀   㐀㐀㔀  䐀 䜀礀爀漀刀攀渀搀攀爀㨀 漀渀匀攀渀猀漀爀䌀栀愀渀最攀搀 攀瘀攀渀琀⸀猀攀渀猀漀爀⸀最攀琀吀礀瀀攀⠀⤀ 㴀 㘀㔀㔀㜀㤀ഀഀ
10-05 20:12:44.944 4450 4450 D GLAnimatorManager: doFrame ਍㄀ ⴀ 㔀 ㈀ 㨀㄀㈀㨀㐀㐀⸀㤀㘀㄀  㐀㐀㔀   㐀㐀㔀  䐀 䜀䰀䄀渀椀洀愀琀漀爀䴀愀渀愀最攀爀㨀 搀漀䘀爀愀洀攀ഀഀ
10-05 20:12:44.964 4450 4450 D GyroRender: onSensorChanged event.sensor.getType() = 65579 ਍㄀ ⴀ 㔀 ㈀ 㨀㄀㈀㨀㐀㐀⸀㤀㜀㠀  㐀㐀㔀   㐀㐀㔀  䐀 䜀䰀䄀渀椀洀愀琀漀爀䴀愀渀愀最攀爀㨀 搀漀䘀爀愀洀攀ഀഀ
10-05 20:12:44.984 4450 4450 D GyroRender: onSensorChanged event.sensor.getType() = 65579 ਍㄀ ⴀ 㔀 ㈀ 㨀㄀㈀㨀㐀㐀⸀㤀㤀㤀  㐀㐀㔀   㐀㐀㔀  䐀 䜀䰀䄀渀椀洀愀琀漀爀䴀愀渀愀最攀爀㨀 搀漀䘀爀愀洀攀ഀഀ
10-05 20:12:45.002 4450 4450 D GyroRender: onSensorChanged event.sensor.getType() = 65579 ਍㄀ ⴀ 㔀 ㈀ 㨀㄀㈀㨀㐀㔀⸀ ㄀㄀  㐀㐀㔀   㐀㐀㔀  䐀 䜀䰀䄀渀椀洀愀琀漀爀䴀愀渀愀最攀爀㨀 搀漀䘀爀愀洀攀ഀഀ
10-05 20:12:45.295 4450 4450 I chatty : uid=10005(u0_a5) com.android.systemui:InfinityWallpaper identical 17 lines ਍㄀ ⴀ 㔀 ㈀ 㨀㄀㈀㨀㐀㔀⸀㌀㄀㄀  㐀㐀㔀   㐀㐀㔀  䐀 䜀䰀䄀渀椀洀愀琀漀爀䴀愀渀愀最攀爀㨀 搀漀䘀爀愀洀攀ഀഀ
10-05 20:12:45.327 4450 4450 D GyroRender: onSensorChanged event.sensor.getType() = 65579 ਍㄀ ⴀ 㔀 ㈀ 㨀㄀㈀㨀㐀㔀⸀㌀㈀㠀  㐀㐀㔀   㐀㐀㔀  䐀 䜀䰀䄀渀椀洀愀琀漀爀䴀愀渀愀最攀爀㨀 搀漀䘀爀愀洀攀ഀഀ
10-05 20:12:45.378 4450 4450 I chatty : uid=10005(u0_a5) com.android.systemui:InfinityWallpaper identical 3 lines ਍㄀ ⴀ 㔀 ㈀ 㨀㄀㈀㨀㐀㔀⸀㌀㤀㔀  㐀㐀㔀   㐀㐀㔀  䐀 䜀䰀䄀渀椀洀愀琀漀爀䴀愀渀愀最攀爀㨀 搀漀䘀爀愀洀攀ഀഀ
10-05 20:12:45.409 4450 4450 D GyroRender: onSensorChanged event.sensor.getType() = 65579 ਍㄀ ⴀ 㔀 ㈀ 㨀㄀㈀㨀㐀㔀⸀㐀㄀㈀  㐀㐀㔀   㐀㐀㔀  䐀 䜀䰀䄀渀椀洀愀琀漀爀䴀愀渀愀最攀爀㨀 搀漀䘀爀愀洀攀ഀഀ
10-05 20:12:46.196 4450 4450 I chatty : uid=10005(u0_a5) com.android.systemui:InfinityWallpaper identical 47 lines ਍㄀ ⴀ 㔀 ㈀ 㨀㄀㈀㨀㐀㘀⸀㈀㄀㌀  㐀㐀㔀   㐀㐀㔀  䐀 䜀䰀䄀渀椀洀愀琀漀爀䴀愀渀愀最攀爀㨀 搀漀䘀爀愀洀攀ഀഀ
10-05 20:12:46.219 4450 4450 D GyroRender: onSensorChanged event.sensor.getType() = 65579 ਍㄀ ⴀ 㔀 ㈀ 㨀㄀㈀㨀㐀㘀⸀㈀㈀㔀  ㌀㜀㜀㐀  㐀㐀 ㄀ 䔀 圀愀琀挀栀搀漀最㨀 ℀䀀匀礀渀挀 ㌀㈀㄀ 嬀㈀ ㄀㠀ⴀ㄀ ⴀ 㔀 ㈀ 㨀㄀㈀㨀㐀㘀⸀㈀㈀㐀崀ഀഀ
10-05 20:12:46.237 4450 4450 D GLAnimatorManager: doFrame ਍㄀ ⴀ 㔀 ㈀ 㨀㄀㈀㨀㐀㘀⸀㈀㌀㤀  㐀㐀㔀   㐀㐀㔀  䐀 䜀礀爀漀刀攀渀搀攀爀㨀 漀渀匀攀渀猀漀爀䌀栀愀渀最攀搀 攀瘀攀渀琀⸀猀攀渀猀漀爀⸀最攀琀吀礀瀀攀⠀⤀ 㴀 㘀㔀㔀㜀㤀ഀഀ
10-05 20:12:46.246 4450 4450 D GLAnimatorManager: doFrame ਍㄀ ⴀ 㔀 ㈀ 㨀㄀㈀㨀㐀㘀⸀㈀㔀㤀  㐀㐀㔀   㐀㐀㔀  䐀 䜀礀爀漀刀攀渀搀攀爀㨀 漀渀匀攀渀猀漀爀䌀栀愀渀最攀搀 攀瘀攀渀琀⸀猀攀渀猀漀爀⸀最攀琀吀礀瀀攀⠀⤀ 㴀 㘀㔀㔀㜀㤀ഀഀ
10-05 20:12:46.262 4450 4450 D GLAnimatorManager: doFrame ਍㄀ ⴀ 㔀 ㈀ 㨀㄀㈀㨀㐀㘀⸀㈀㠀㔀  㐀㐀㔀   㐀㐀㔀  䐀 䜀礀爀漀刀攀渀搀攀爀㨀 漀渀匀攀渀猀漀爀䌀栀愀渀最攀搀 攀瘀攀渀琀⸀猀攀渀猀漀爀⸀最攀琀吀礀瀀攀⠀⤀ 㴀 㘀㔀㔀㜀㤀ഀഀ
10-05 20:12:46.286 4450 4450 D GLAnimatorManager: doFrame ਍㄀ ⴀ 㔀 ㈀ 㨀㄀㈀㨀㐀㘀⸀㈀㤀㔀  㐀㐀㔀   㐀㐀㔀  䐀 䜀䰀䄀渀椀洀愀琀漀爀䴀愀渀愀最攀爀㨀 搀漀䘀爀愀洀攀ഀഀ
10-05 20:12:46.298 4450 4450 D GyroRender: onSensorChanged event.sensor.getType() = 65579 ਍㄀ ⴀ 㔀 ㈀ 㨀㄀㈀㨀㐀㘀⸀㈀㤀㠀  㐀㐀㔀   㐀㐀㔀  䐀 䜀䰀䄀渀椀洀愀琀漀爀䴀愀渀愀最攀爀㨀 搀漀䘀爀愀洀攀ഀഀ
10-05 20:12:46.312 4450 4450 D GLAnimatorManager: doFrame ਍㄀ ⴀ 㔀 ㈀ 㨀㄀㈀㨀㐀㘀⸀㌀㈀   㐀㐀㔀   㐀㐀㔀  䐀 䜀礀爀漀刀攀渀搀攀爀㨀 漀渀匀攀渀猀漀爀䌀栀愀渀最攀搀 攀瘀攀渀琀⸀猀攀渀猀漀爀⸀最攀琀吀礀瀀攀⠀⤀ 㴀 㘀㔀㔀㜀㤀ഀഀ
10-05 20:12:46.320 4450 4450 D GLAnimatorManager: doFrame ਍㄀ ⴀ 㔀 ㈀ 㨀㄀㈀㨀㐀㘀⸀㌀㈀㤀  㐀㐀㔀   㐀㐀㔀  䐀 䜀䰀䄀渀椀洀愀琀漀爀䴀愀渀愀最攀爀㨀 搀漀䘀爀愀洀攀ഀഀ
10-05 20:12:46.338 4450 4450 D GyroRender: onSensorChanged event.sensor.getType() = 65579 ਍㄀ ⴀ 㔀 ㈀ 㨀㄀㈀㨀㐀㘀⸀㌀㐀   㐀㐀㔀   㐀㐀㔀  䐀 䜀䰀䄀渀椀洀愀琀漀爀䴀愀渀愀最攀爀㨀 搀漀䘀爀愀洀攀ഀഀ
10-05 20:12:46.345 4450 4450 D GLAnimatorManager: doFrame ਍㄀ ⴀ 㔀 ㈀ 㨀㄀㈀㨀㐀㘀⸀㌀㔀㠀  㐀㐀㔀   㐀㐀㔀  䐀 䜀礀爀漀刀攀渀搀攀爀㨀 漀渀匀攀渀猀漀爀䌀栀愀渀最攀搀 攀瘀攀渀琀⸀猀攀渀猀漀爀⸀最攀琀吀礀瀀攀⠀⤀ 㴀 㘀㔀㔀㜀㤀ഀഀ
10-05 20:12:46.358 4450 4450 D GLAnimatorManager: doFrame ਍㄀ ⴀ 㔀 ㈀ 㨀㄀㈀㨀㐀㘀⸀㌀㘀㜀  㐀㐀㔀   㐀㐀㔀  䤀 挀栀愀琀琀礀  㨀 甀椀搀㴀㄀   㔀⠀甀 开愀㔀⤀ 挀漀洀⸀愀渀搀爀漀椀搀⸀猀礀猀琀攀洀甀椀㨀䤀渀昀椀渀椀琀礀圀愀氀氀瀀愀瀀攀爀 椀搀攀渀琀椀挀愀氀 ㄀ 氀椀渀攀ഀഀ
10-05 20:12:46.379 4450 4450 D GLAnimatorManager: doFrame ਍㄀ ⴀ 㔀 ㈀ 㨀㄀㈀㨀㐀㘀⸀㌀㜀㤀  㐀㐀㔀   㐀㐀㔀  䐀 䜀礀爀漀刀攀渀搀攀爀㨀 漀渀匀攀渀猀漀爀䌀栀愀渀最攀搀 攀瘀攀渀琀⸀猀攀渀猀漀爀⸀最攀琀吀礀瀀攀⠀⤀ 㴀 㘀㔀㔀㜀㤀ഀഀ
10-05 20:12:46.380 4450 4450 D GLAnimatorManager: doFrame ਍㄀ ⴀ 㔀 ㈀ 㨀㄀㈀㨀㐀㘀⸀㐀 ㌀  㐀㐀㔀   㐀㐀㔀  䐀 䜀䰀䄀渀椀洀愀琀漀爀䴀愀渀愀最攀爀㨀 搀漀䘀爀愀洀攀ഀഀ
10-05 20:12:46.404 4450 4450 D GyroRender: onSensorChanged event.sensor.getType() = 65579 ਍㄀ ⴀ 㔀 ㈀ 㨀㄀㈀㨀㐀㘀⸀㐀 㐀  㐀㐀㔀   㐀㐀㔀  䐀 䜀䰀䄀渀椀洀愀琀漀爀䴀愀渀愀最攀爀㨀 搀漀䘀爀愀洀攀ഀഀ
10-05 20:12:46.412 4450 4450 D GLAnimatorManager: doFrame ਍㄀ ⴀ 㔀 ㈀ 㨀㄀㈀㨀㐀㘀⸀㐀㄀㠀  㐀㐀㔀   㐀㐀㔀  䐀 䜀礀爀漀刀攀渀搀攀爀㨀 漀渀匀攀渀猀漀爀䌀栀愀渀最攀搀 攀瘀攀渀琀⸀猀攀渀猀漀爀⸀最攀琀吀礀瀀攀⠀⤀ 㴀 㘀㔀㔀㜀㤀ഀഀ
10-05 20:12:46.418 4450 4450 D GLAnimatorManager: doFrame ਍㄀ ⴀ 㔀 ㈀ 㨀㄀㈀㨀㐀㘀⸀㐀㈀㠀  㐀㐀㔀   㐀㐀㔀  䐀 䜀䰀䄀渀椀洀愀琀漀爀䴀愀渀愀最攀爀㨀 搀漀䘀爀愀洀攀ഀഀ
10-05 20:12:46.439 4450 4450 D GyroRender: onSensorChanged event.sensor.getType() = 65579 ਍㄀ ⴀ 㔀 ㈀ 㨀㄀㈀㨀㐀㘀⸀㐀㌀㤀  㐀㐀㔀   㐀㐀㔀  䐀 䜀䰀䄀渀椀洀愀琀漀爀䴀愀渀愀最攀爀㨀 搀漀䘀爀愀洀攀ഀഀ
10-05 20:12:46.449 4450 4450 D GLAnimatorManager: doFrame ਍㄀ ⴀ 㔀 ㈀ 㨀㄀㈀㨀㐀㘀⸀㐀㔀㠀  㐀㐀㔀   㐀㐀㔀  䐀 䜀礀爀漀刀攀渀搀攀爀㨀 漀渀匀攀渀猀漀爀䌀栀愀渀最攀搀 攀瘀攀渀琀⸀猀攀渀猀漀爀⸀最攀琀吀礀瀀攀⠀⤀ 㴀 㘀㔀㔀㜀㤀ഀഀ
10-05 20:12:46.458 4450 4450 D GLAnimatorManager: doFrame ਍㄀ ⴀ 㔀 ㈀ 㨀㄀㈀㨀㐀㘀⸀㐀㘀㠀  㐀㐀㔀   㐀㐀㔀  䐀 䜀䰀䄀渀椀洀愀琀漀爀䴀愀渀愀最攀爀㨀 搀漀䘀爀愀洀攀ഀഀ
10-05 20:12:46.478 4450 4450 D GyroRender: onSensorChanged event.sensor.getType() = 65579 ਍㄀ ⴀ 㔀 ㈀ 㨀㄀㈀㨀㐀㘀⸀㐀㜀㠀  㐀㐀㔀   㐀㐀㔀  䐀 䜀䰀䄀渀椀洀愀琀漀爀䴀愀渀愀最攀爀㨀 搀漀䘀爀愀洀攀ഀഀ
10-05 20:12:46.479 4450 4450 I chatty : uid=10005(u0_a5) com.android.systemui:InfinityWallpaper identical 1 line ਍㄀ ⴀ 㔀 ㈀ 㨀㄀㈀㨀㐀㘀⸀㐀㤀㔀  㐀㐀㔀   㐀㐀㔀  䐀 䜀䰀䄀渀椀洀愀琀漀爀䴀愀渀愀最攀爀㨀 搀漀䘀爀愀洀攀ഀഀ
10-05 20:12:46.500 4450 4450 D GyroRender: onSensorChanged event.sensor.getType() = 65579 ਍㄀ ⴀ 㔀 ㈀ 㨀㄀㈀㨀㐀㘀⸀㔀    㐀㐀㔀   㐀㐀㔀  䐀 䜀䰀䄀渀椀洀愀琀漀爀䴀愀渀愀最攀爀㨀 搀漀䘀爀愀洀攀ഀഀ
10-05 20:12:46.511 4450 4450 D GLAnimatorManager: doFrame ਍㄀ ⴀ 㔀 ㈀ 㨀㄀㈀㨀㐀㘀⸀㔀㄀㠀  㐀㐀㔀   㐀㐀㔀  䐀 䜀礀爀漀刀攀渀搀攀爀㨀 漀渀匀攀渀猀漀爀䌀栀愀渀最攀搀 攀瘀攀渀琀⸀猀攀渀猀漀爀⸀最攀琀吀礀瀀攀⠀⤀ 㴀 㘀㔀㔀㜀㤀ഀഀ
10-05 20:12:46.518 4450 4450 D GLAnimatorManager: doFrame ਍㄀ ⴀ 㔀 ㈀ 㨀㄀㈀㨀㐀㘀⸀㔀㌀㔀  㐀㐀㔀   㐀㐀㔀  䐀 䜀䰀䄀渀椀洀愀琀漀爀䴀愀渀愀最攀爀㨀 搀漀䘀爀愀洀攀ഀഀ
10-05 20:12:46.538 4450 4450 D GyroRender: onSensorChanged event.sensor.getType() = 65579 ਍㄀ ⴀ 㔀 ㈀ 㨀㄀㈀㨀㐀㘀⸀㔀㌀㠀  㐀㐀㔀   㐀㐀㔀  䐀 䜀䰀䄀渀椀洀愀琀漀爀䴀愀渀愀最攀爀㨀 搀漀䘀爀愀洀攀ഀഀ
10-05 20:12:46.545 4450 4450 D GLAnimatorManager: doFrame ਍㄀ ⴀ 㔀 ㈀ 㨀㄀㈀㨀㐀㘀⸀㔀㔀㤀  㐀㐀㔀   㐀㐀㔀  䐀 䜀礀爀漀刀攀渀搀攀爀㨀 漀渀匀攀渀猀漀爀䌀栀愀渀最攀搀 攀瘀攀渀琀⸀猀攀渀猀漀爀⸀最攀琀吀礀瀀攀⠀⤀ 㴀 㘀㔀㔀㜀㤀ഀഀ
10-05 20:12:46.559 4450 4450 D GLAnimatorManager: doFrame ਍㄀ ⴀ 㔀 ㈀ 㨀㄀㈀㨀㐀㘀⸀㔀㘀㠀  㐀㐀㔀   㐀㐀㔀  䐀 䜀䰀䄀渀椀洀愀琀漀爀䴀愀渀愀最攀爀㨀 搀漀䘀爀愀洀攀ഀഀ
10-05 20:12:46.578 4450 4450 D GyroRender: onSensorChanged event.sensor.getType() = 65579 ਍㄀ ⴀ 㔀 ㈀ 㨀㄀㈀㨀㐀㘀⸀㔀㠀㐀  㐀㐀㔀   㐀㐀㔀  䐀 䜀䰀䄀渀椀洀愀琀漀爀䴀愀渀愀最攀爀㨀 搀漀䘀爀愀洀攀ഀഀ
10-05 20:12:46.585 4450 4450 I chatty : uid=10005(u0_a5) com.android.systemui:InfinityWallpaper identical 1 line ਍㄀ ⴀ 㔀 ㈀ 㨀㄀㈀㨀㐀㘀⸀㘀 ㄀  㐀㐀㔀   㐀㐀㔀  䐀 䜀䰀䄀渀椀洀愀琀漀爀䴀愀渀愀最攀爀㨀 搀漀䘀爀愀洀攀ഀഀ
10-05 20:12:46.602 4450 4450 D GyroRender: onSensorChanged event.sensor.getType() = 65579 ਍㄀ ⴀ 㔀 ㈀ 㨀㄀㈀㨀㐀㘀⸀㘀 ㈀  㐀㐀㔀   㐀㐀㔀  䐀 䜀䰀䄀渀椀洀愀琀漀爀䴀愀渀愀最攀爀㨀 搀漀䘀爀愀洀攀ഀഀ
10-05 20:12:46.619 4450 4450 D GLAnimatorManager: doFrame ਍㄀ ⴀ 㔀 ㈀ 㨀㄀㈀㨀㐀㘀⸀㘀㈀   㐀㐀㔀   㐀㐀㔀  䐀 䜀礀爀漀刀攀渀搀攀爀㨀 漀渀匀攀渀猀漀爀䌀栀愀渀最攀搀 攀瘀攀渀琀⸀猀攀渀猀漀爀⸀最攀琀吀礀瀀攀⠀⤀ 㴀 㘀㔀㔀㜀㤀ഀഀ
10-05 20:12:46.621 4450 4450 D GLAnimatorManager: doFrame ਍㄀ ⴀ 㔀 ㈀ 㨀㄀㈀㨀㐀㘀⸀㘀㈀㠀  㐀㐀㔀   㐀㐀㔀  䐀 䜀䰀䄀渀椀洀愀琀漀爀䴀愀渀愀最攀爀㨀 搀漀䘀爀愀洀攀ഀഀ
10-05 20:12:46.638 4450 4450 D GyroRender: onSensorChanged event.sensor.getType() = 65579 ਍㄀ ⴀ 㔀 ㈀ 㨀㄀㈀㨀㐀㘀⸀㘀㌀㠀  㐀㐀㔀   㐀㐀㔀  䐀 䜀䰀䄀渀椀洀愀琀漀爀䴀愀渀愀最攀爀㨀 搀漀䘀爀愀洀攀ഀഀ
10-05 20:12:46.642 4284 4565 D NetworkController.MobileSignalController(0/2): onSignalStrengthsChanged signalStrength=SignalStrength: 7 99 -7 -200 -7 -200 -1 99 2147483647 2147483647 2147483647 2147483647 0 2147483647 0x3 P gsm|lte level=3 ਍㄀ ⴀ 㔀 ㈀ 㨀㄀㈀㨀㐀㘀⸀㘀㐀㈀  㐀㈀㠀㐀  㐀㔀㘀㔀 䐀 一攀琀眀漀爀欀䌀漀渀琀爀漀氀氀攀爀⸀䴀漀戀椀氀攀匀椀最渀愀氀䌀漀渀琀爀漀氀氀攀爀⠀ ⼀㈀⤀㨀 最攀琀䴀漀戀椀氀攀䤀挀漀渀䜀爀漀甀瀀⠀⤀㨀 㤀ഀഀ
10-05 20:12:46.645 4450 4450 D GLAnimatorManager: doFrame ਍㄀ ⴀ 㔀 ㈀ 㨀㄀㈀㨀㐀㘀⸀㘀㔀㠀  㐀㐀㔀   㐀㐀㔀  䐀 䜀礀爀漀刀攀渀搀攀爀㨀 漀渀匀攀渀猀漀爀䌀栀愀渀最攀搀 攀瘀攀渀琀⸀猀攀渀猀漀爀⸀最攀琀吀礀瀀攀⠀⤀ 㴀 㘀㔀㔀㜀㤀ഀഀ
10-05 20:12:46.658 4450 4450 D GLAnimatorManager: doFrame ਍㄀ ⴀ 㔀 ㈀ 㨀㄀㈀㨀㐀㘀⸀㘀㘀㄀  㐀㘀㌀㤀  㐀㠀 㐀 䐀 䔀倀䐀䜀 ⴀⴀ 匀䤀䴀  嬀匀䴀䄀刀吀圀䤀䘀䤀崀㨀 漀渀匀椀最渀愀氀匀琀爀攀渀最琀栀猀䌀栀愀渀最攀搀㨀 刀攀挀攀椀瘀攀搀 猀椀最渀愀氀 猀琀爀攀渀最琀栀 挀栀愀渀最攀Ⰰ 瀀栀漀渀攀 琀礀瀀攀 椀猀㨀 ㄀ഀഀ
10-05 20:12:46.661 4639 6263 D EPDG -- SIM0 [SMARTWIFI]: lastLteRSRP is 2147483647currentLteRSRP is 2147483647 ਍㄀ ⴀ 㔀 ㈀ 㨀㄀㈀㨀㐀㘀⸀㘀㘀㈀  㐀㐀㔀   㐀㐀㔀  䐀 䜀䰀䄀渀椀洀愀琀漀爀䴀愀渀愀最攀爀㨀 搀漀䘀爀愀洀攀ഀഀ
10-05 20:12:46.665 4639 6263 D EPDG -- SIM0 [SMARTWIFI]: lastLteRSRQ is 2147483647currentLteRSRQ is 2147483647 ਍㄀ ⴀ 㔀 ㈀ 㨀㄀㈀㨀㐀㘀⸀㘀㘀㔀  㐀㘀㌀㤀  㘀㈀㘀㌀ 䐀 䔀倀䐀䜀 ⴀⴀ 匀䤀䴀  嬀匀䴀䄀刀吀圀䤀䘀䤀崀㨀 氀愀猀琀䌀搀洀愀䐀戀 椀猀 ⴀ㈀ 挀甀爀爀攀渀琀䌀搀洀愀䐀戀 椀猀 ⴀ㈀ ഀഀ
10-05 20:12:46.665 4639 6263 V EPDG -- SIM0 [SMARTWIFI]: Radio oldest entry removed ਍㄀ ⴀ 㔀 ㈀ 㨀㄀㈀㨀㐀㘀⸀㘀㘀㔀  㐀㘀㌀㤀  㘀㈀㘀㌀ 嘀 䔀倀䐀䜀 ⴀⴀ 匀䤀䴀  嬀匀䴀䄀刀吀圀䤀䘀䤀崀㨀 一攀眀 攀渀琀爀礀 㨀 ⠀匀椀最渀愀氀匀琀爀攀渀最琀栀㨀 㜀 㤀㤀 ⴀ㜀 ⴀ㈀   ⴀ㜀 ⴀ㈀   ⴀ㄀ 㤀㤀 ㈀㄀㐀㜀㐀㠀㌀㘀㐀㜀 ㈀㄀㐀㜀㐀㠀㌀㘀㐀㜀 ㈀㄀㐀㜀㐀㠀㌀㘀㐀㜀 ㈀㄀㐀㜀㐀㠀㌀㘀㐀㜀   ㈀㄀㐀㜀㐀㠀㌀㘀㐀㜀  砀㌀ 倀 最猀洀簀氀琀攀 㨀   ⤀ഀഀ
10-05 20:12:46.665 4639 6263 V EPDG -- SIM0 [SMARTWIFI]: Radio entry added ਍㄀ ⴀ 㔀 ㈀ 㨀㄀㈀㨀㐀㘀⸀㘀㘀㔀  㐀㘀㌀㤀  㘀㈀㘀㌀ 䐀 䔀倀䐀䜀 ⴀⴀ 匀䤀䴀  嬀匀䴀䄀刀吀圀䤀䘀䤀崀㨀 倀漀猀琀椀渀最 爀甀渀渀愀戀氀攀 挀漀洀⸀猀攀挀⸀攀瀀搀最⸀䔀瀀搀最匀甀戀匀挀爀椀瀀琀椀漀渀␀㄀㈀䀀攀㐀挀㈀挀搀㄀ഀഀ
10-05 20:12:46.665 4639 4804 D EPDG -- SIM0 [EpdgSubScription]: Start mWiFiMeasurement ਍㄀ ⴀ 㔀 ㈀ 㨀㄀㈀㨀㐀㘀⸀㘀㘀㔀  㐀㘀㌀㤀  㐀㠀 㐀 䐀 䔀倀䐀䜀 ⴀⴀ 匀䤀䴀  嬀䔀瀀搀最匀甀戀匀挀爀椀瀀琀椀漀渀崀㨀 最攀琀䤀猀䤀洀猀䌀愀氀氀䌀漀渀渀攀挀琀攀搀㨀 爀攀琀甀爀渀椀渀最㨀 昀愀氀猀攀ഀഀ
10-05 20:12:46.679 4450 4450 D GLAnimatorManager: doFrame ਍㄀ ⴀ 㔀 ㈀ 㨀㄀㈀㨀㐀㘀⸀㘀㜀㤀  㐀㐀㔀   㐀㐀㔀  䐀 䜀礀爀漀刀攀渀搀攀爀㨀 漀渀匀攀渀猀漀爀䌀栀愀渀最攀搀 攀瘀攀渀琀⸀猀攀渀猀漀爀⸀最攀琀吀礀瀀攀⠀⤀ 㴀 㘀㔀㔀㜀㤀ഀഀ
10-05 20:12:46.679 4450 4450 D GLAnimatorManager: doFrame ਍㄀ ⴀ 㔀 ㈀ 㨀㄀㈀㨀㐀㘀⸀㘀㤀㔀  㐀㐀㔀   㐀㐀㔀  䐀 䜀䰀䄀渀椀洀愀琀漀爀䴀愀渀愀最攀爀㨀 搀漀䘀爀愀洀攀ഀഀ
10-05 20:12:46.697 4450 4450 D GyroRender: onSensorChanged event.sensor.getType() = 65579 ਍㄀ ⴀ 㔀 ㈀ 㨀㄀㈀㨀㐀㘀⸀㘀㤀㠀  㐀㐀㔀   㐀㐀㔀  䐀 䜀䰀䄀渀椀洀愀琀漀爀䴀愀渀愀最攀爀㨀 搀漀䘀爀愀洀攀ഀഀ
10-05 20:12:46.699 4996 4996 D io_stats: !@ 8,0 r 152196 7004824 w 101045 1889040 d 7953 787112 f 25977 29255 iot 111992 81435 th 307200 0 0 pt 0 inp 0 0 9647.815 ਍㄀ ⴀ 㔀 ㈀ 㨀㄀㈀㨀㐀㘀⸀㜀㄀㜀  㐀㐀㔀   㐀㐀㔀  䐀 䜀䰀䄀渀椀洀愀琀漀爀䴀愀渀愀最攀爀㨀 搀漀䘀爀愀洀攀ഀഀ
10-05 20:12:46.719 4450 4450 D GyroRender: onSensorChanged event.sensor.getType() = 65579 ਍㄀ ⴀ 㔀 ㈀ 㨀㄀㈀㨀㐀㘀⸀㜀㄀㤀  㐀㐀㔀   㐀㐀㔀  䐀 䜀䰀䄀渀椀洀愀琀漀爀䴀愀渀愀最攀爀㨀 搀漀䘀爀愀洀攀ഀഀ
10-05 20:12:46.728 4450 4450 D GLAnimatorManager: doFrame ਍㄀ ⴀ 㔀 ㈀ 㨀㄀㈀㨀㐀㘀⸀㜀㌀㤀  㐀㐀㔀   㐀㐀㔀  䐀 䜀礀爀漀刀攀渀搀攀爀㨀 漀渀匀攀渀猀漀爀䌀栀愀渀最攀搀 攀瘀攀渀琀⸀猀攀渀猀漀爀⸀最攀琀吀礀瀀攀⠀⤀ 㴀 㘀㔀㔀㜀㤀ഀഀ
10-05 20:12:46.739 4450 4450 D GLAnimatorManager: doFrame ਍㄀ ⴀ 㔀 ㈀ 㨀㄀㈀㨀㐀㘀⸀㜀㐀㘀  㐀㐀㔀   㐀㐀㔀  䐀 䜀䰀䄀渀椀洀愀琀漀爀䴀愀渀愀最攀爀㨀 搀漀䘀爀愀洀攀ഀഀ
10-05 20:12:46.758 4450 4450 D GyroRender: onSensorChanged event.sensor.getType() = 65579 ਍㄀ ⴀ 㔀 ㈀ 㨀㄀㈀㨀㐀㘀⸀㜀㔀㠀  㐀㐀㔀   㐀㐀㔀  䐀 䜀䰀䄀渀椀洀愀琀漀爀䴀愀渀愀最攀爀㨀 搀漀䘀爀愀洀攀ഀഀ
10-05 20:12:46.762 4450 4450 D GLAnimatorManager: doFrame ਍㄀ ⴀ 㔀 ㈀ 㨀㄀㈀㨀㐀㘀⸀㜀㜀㠀  㐀㐀㔀   㐀㐀㔀  䐀 䜀礀爀漀刀攀渀搀攀爀㨀 漀渀匀攀渀猀漀爀䌀栀愀渀最攀搀 攀瘀攀渀琀⸀猀攀渀猀漀爀⸀最攀琀吀礀瀀攀⠀⤀ 㴀 㘀㔀㔀㜀㤀ഀഀ
10-05 20:12:46.779 4450 4450 D GLAnimatorManager: doFrame ਍㄀ ⴀ 㔀 ㈀ 㨀㄀㈀㨀㐀㘀⸀㜀㜀㤀  㐀㐀㔀   㐀㐀㔀  䤀 挀栀愀琀琀礀  㨀 甀椀搀㴀㄀   㔀⠀甀 开愀㔀⤀ 挀漀洀⸀愀渀搀爀漀椀搀⸀猀礀猀琀攀洀甀椀㨀䤀渀昀椀渀椀琀礀圀愀氀氀瀀愀瀀攀爀 椀搀攀渀琀椀挀愀氀 ㄀ 氀椀渀攀ഀഀ
10-05 20:12:46.801 4450 4450 D GLAnimatorManager: doFrame ਍㄀ ⴀ 㔀 ㈀ 㨀㄀㈀㨀㐀㘀⸀㠀 ㈀  ㌀㜀㜀㐀  ㌀㠀㤀㜀 䐀 匀攀渀猀漀爀䠀甀戀䴀愀渀愀最攀爀㨀 漀渀䜀攀琀匀攀渀猀漀爀䠀甀戀䐀愀琀愀䰀漀挀欀攀搀㨀 氀椀戀爀愀爀礀⠀㐀⤀ 㴀 ㄀Ⰰ ㄀Ⰰ 㜀Ⰰ ⴀ㄀ഀഀ
10-05 20:12:46.802 4450 4450 D GyroRender: onSensorChanged event.sensor.getType() = 65579 ਍㄀ ⴀ 㔀 ㈀ 㨀㄀㈀㨀㐀㘀⸀㠀 㐀  ㌀㜀㜀㐀  ㌀㠀㤀㠀 䐀 䌀䄀䔀     㨀 漀渀䜀攀琀匀攀渀猀漀爀䠀甀戀䐀愀琀愀⠀匀攀渀猀漀爀䠀甀戀倀愀爀猀攀爀倀爀漀瘀椀搀攀爀⸀樀愀瘀愀㨀㤀㄀⤀ ⴀ 漀渀䜀攀琀匀攀渀猀漀爀䠀甀戀䐀愀琀愀 䔀瘀攀渀琀 嬀攀瘀攀渀琀 戀甀昀昀攀爀 氀攀渀 㨀㐀崀Ⰰ 䄀倀开圀䄀䬀䔀唀倀ഀഀ
10-05 20:12:46.804 3774 3898 I CAE : parse(SensorHubParserProvider.java:192) - buffer size = 4 ਍㄀ ⴀ 㔀 ㈀ 㨀㄀㈀㨀㐀㘀⸀㠀 㔀  ㌀㜀㜀㐀  ㌀㠀㤀㠀 䤀 䌀䄀䔀     㨀 瀀愀爀猀攀⠀匀攀渀猀漀爀䠀甀戀倀愀爀猀攀爀倀爀漀瘀椀搀攀爀⸀樀愀瘀愀㨀㈀ ㌀⤀ ⴀ ㄀Ⰰ ㄀Ⰰ 㜀Ⰰ ⴀ㄀Ⰰഀഀ
10-05 20:12:46.806 3774 3898 D CAE : display(ContextProvider.java:375) - ================= AUTO_ROTATION ================= ਍㄀ ⴀ 㔀 ㈀ 㨀㄀㈀㨀㐀㘀⸀㠀 㘀  ㌀㜀㜀㐀  ㌀㠀㤀㠀 䤀 䌀䄀䔀     㨀 搀椀猀瀀氀愀礀⠀䌀漀渀琀攀砀琀倀爀漀瘀椀搀攀爀⸀樀愀瘀愀㨀㌀㤀㄀⤀ ⴀ 䄀渀最氀攀㴀嬀ⴀ㄀崀ഀഀ
10-05 20:12:46.807 4450 4450 D GLAnimatorManager: doFrame ਍㄀ ⴀ 㔀 ㈀ 㨀㄀㈀㨀㐀㘀⸀㠀 㜀  ㌀㜀㜀㐀  ㌀㤀 ㈀ 䐀 匀攀洀䌀漀渀琀攀砀琀匀攀爀瘀椀挀攀㨀 匀攀爀瘀椀挀攀⸀甀瀀搀愀琀攀䌀漀渀琀攀砀琀⠀⤀ 㨀 猀攀爀瘀椀挀攀 㴀 䄀甀琀漀 刀漀琀愀琀椀漀渀ഀഀ
10-05 20:12:46.808 3774 3797 D SemContextManager: AutoRotationEvent : Angle = -1 ਍㄀ ⴀ 㔀 ㈀ 㨀㄀㈀㨀㐀㘀⸀㠀 㠀  ㌀㜀㜀㐀  ㌀㜀㤀㜀 嘀 圀椀渀搀漀眀伀爀椀攀渀琀愀琀椀漀渀䰀椀猀琀攀渀攀爀㨀 伀爀椀攀渀琀愀琀椀漀渀匀攀渀猀漀爀䨀甀搀最攀⸀漀渀匀攀洀䌀漀渀琀攀砀琀䌀栀愀渀最攀搀Ⰰ 刀漀琀愀琀椀漀渀㨀 ⴀ㄀ഀഀ
10-05 20:12:46.813 3774 3997 D ConnectivityService: updateCapabilities: oldCap = [ Transports: WIFI Capabilities: NOT_METERED&INTERNET&NOT_RESTRICTED&TRUSTED&NOT_VPN&VALIDATED&FOREGROUND LinkUpBandwidth>=1048576Kbps LinkDnBandwidth>=1048576Kbps SignalStrength: -63], newCap = [ Transports: WIFI Capabilities: NOT_METERED&INTERNET&NOT_RESTRICTED&TRUSTED&NOT_VPN LinkUpBandwidth>=1048576Kbps LinkDnBandwidth>=1048576Kbps SignalStrength: -66] ਍㄀ ⴀ 㔀 ㈀ 㨀㄀㈀㨀㐀㘀⸀㠀㄀㌀  ㌀㜀㜀㐀  ㌀㤀㤀㜀 䐀 䌀漀渀渀攀挀琀椀瘀椀琀礀匀攀爀瘀椀挀攀㨀 渀漀琀椀昀礀吀礀瀀攀 䌀䄀倀开䌀䠀䄀一䜀䔀䐀 昀漀爀 一攀琀眀漀爀欀䄀最攀渀琀䤀渀昀漀 嬀圀䤀䘀䤀 ⠀⤀ ⴀ 㔀㄀㘀崀ഀഀ
10-05 20:12:46.813 3774 3997 D ConnectivityService: sending notification for NetworkRequest [ REQUEST id=1, [ Capabilities: INTERNET&NOT_RESTRICTED&TRUSTED&NOT_VPN] ] ਍㄀ ⴀ 㔀 ㈀ 㨀㄀㈀㨀㐀㘀⸀㠀㄀㌀  ㌀㜀㜀㐀  ㌀㤀㤀㜀 䐀 䌀漀渀渀攀挀琀椀瘀椀琀礀匀攀爀瘀椀挀攀㨀  猀攀渀搀椀渀最 渀漀琀椀昀椀挀愀琀椀漀渀 昀漀爀 一攀琀眀漀爀欀刀攀焀甀攀猀琀 嬀 吀刀䄀䌀䬀开䐀䔀䘀䄀唀䰀吀 椀搀㴀㌀Ⰰ 嬀 䌀愀瀀愀戀椀氀椀琀椀攀猀㨀 䤀一吀䔀刀一䔀吀☀一伀吀开刀䔀匀吀刀䤀䌀吀䔀䐀☀吀刀唀匀吀䔀䐀☀一伀吀开嘀倀一崀 崀ഀഀ
