--------- beginning of system ਍㄀ ⴀ 㔀 ㈀ 㨀㄀㈀㨀㈀㈀⸀㈀㤀㠀  ㌀㈀㌀㜀  ㌀㈀㌀㜀 䤀 愀渀搀爀漀椀搀⸀栀愀爀搀眀愀爀攀⸀眀椀昀椀䀀㄀⸀ ⴀ猀攀爀瘀椀挀攀㨀 最攀琀䰀椀渀欀䰀愀礀攀爀匀琀愀琀猀ഀഀ --------- beginning of main ਍㄀ ⴀ 㔀 ㈀ 㨀㄀㈀㨀㈀㌀⸀ 㐀㘀  㐀㐀㔀   㐀㐀㔀  䐀 䜀礀爀漀刀攀渀搀攀爀㨀 漀渀匀攀渀猀漀爀䌀栀愀渀最攀搀 攀瘀攀渀琀⸀猀攀渀猀漀爀⸀最攀琀吀礀瀀攀⠀⤀ 㴀 㘀㔀㔀㜀㤀ഀഀ
10-05 20:12:23.226 4450 4450 I chatty : uid=10005(u0_a5) com.android.systemui:InfinityWallpaper identical 9 lines ਍㄀ ⴀ 㔀 ㈀ 㨀㄀㈀㨀㈀㌀⸀㈀㌀㠀  ㌀㜀㜀㐀  㜀㈀㠀㌀ 䐀 䌀漀渀渀攀挀琀椀瘀椀琀礀匀攀爀瘀椀挀攀㨀 昀椀氀琀攀爀一攀琀眀漀爀欀匀琀愀琀攀䘀漀爀唀椀搀⠀⤀ 甀椀搀㨀 ㄀    渀攀琀眀漀爀欀䤀渀昀漀㨀 嬀琀礀瀀攀㨀 圀䤀䘀䤀嬀崀 ⴀ 圀䤀䘀䤀Ⰰ 猀琀愀琀攀㨀 䌀伀一一䔀䌀吀䔀䐀⼀䌀伀一一䔀䌀吀䔀䐀Ⰰ 爀攀愀猀漀渀㨀 ⠀甀渀猀瀀攀挀椀昀椀攀搀⤀Ⰰ 攀砀琀爀愀㨀 ∀䘀刀䤀吀娀℀䈀漀砀 䘀漀渀 圀䰀䄀一 㜀㌀㤀  ㈀Ⰰ㐀∀Ⰰ 昀愀椀氀漀瘀攀爀㨀 昀愀氀猀攀Ⰰ 愀瘀愀椀氀愀戀氀攀㨀 琀爀甀攀Ⰰ 爀漀愀洀椀渀最㨀 昀愀氀猀攀Ⰰ 洀攀琀攀爀攀搀㨀 昀愀氀猀攀崀ഀഀ
10-05 20:12:23.247 4450 4450 D GyroRender: onSensorChanged event.sensor.getType() = 65579 ਍㄀ ⴀ 㔀 ㈀ 㨀㄀㈀㨀㈀㌀⸀㈀㔀㔀  ㌀㐀㄀㌀  ㌀㔀㘀㄀ 嘀 䄀倀䴀开䄀甀搀椀漀倀漀氀椀挀礀䴀愀渀愀最攀爀㨀 最攀琀䄀甀搀椀漀倀漀氀椀挀礀䌀漀渀昀椀最㨀 愀甀搀椀漀倀愀爀愀洀㬀愀挀琀椀瘀攀匀琀爀攀愀洀ഀഀ
10-05 20:12:23.255 3413 3561 V APM_AudioPolicyManager: ### active stream : 0 ਍㄀ ⴀ 㔀 ㈀ 㨀㄀㈀㨀㈀㌀⸀㈀㔀㔀  ㌀㜀㜀㐀  㜀㈀㠀㌀ 䐀 䄀甀搀椀漀匀攀爀瘀椀挀攀㨀 愀挀琀椀瘀攀 猀琀爀攀愀洀 椀猀  砀 ഀഀ
10-05 20:12:23.256 3413 3561 V APM_AudioPolicyManager: getAudioPolicyConfig: audioParam;outDevice ਍㄀ ⴀ 㔀 ㈀ 㨀㄀㈀㨀㈀㌀⸀㈀㔀㜀  ㌀㐀㄀㌀  ㌀㔀㘀㄀ 嘀 䄀倀䴀开䄀甀搀椀漀倀漀氀椀挀礀䴀愀渀愀最攀爀㨀 最攀琀一攀眀伀甀琀瀀甀琀䐀攀瘀椀挀攀⠀⤀ 猀攀氀攀挀琀攀搀 搀攀瘀椀挀攀  ഀഀ
10-05 20:12:23.257 3413 3561 V APM_AudioPolicyManager: ### curdevice : 2 ਍㄀ ⴀ 㔀 ㈀ 㨀㄀㈀㨀㈀㌀⸀㈀㘀㌀  ㌀㜀㜀㐀  㜀㈀㠀㌀ 䐀 匀匀刀䴀㨀欀  㨀 䄀吀䌀㨀 瀀漀眀攀爀 㴀 䄀倀开䌀倀 㴀 㠀㤀㈀Ⰰ 䐀椀猀瀀氀愀礀 㴀 ㈀⠀倀愀渀攀氀㨀ⴀ㤀㤀㤀Ⰰ 䰀䐀䤀猀㨀ⴀ㤀㤀㤀⤀Ⰰ 圀䤀䘀䤀 㴀  Ⰰ 匀倀䬀 㴀  Ⰰ 刀䌀嘀 㴀  Ⰰ 䌀愀洀攀爀愀 㴀  Ⰰ 倀䄀䴀 㴀  ഀഀ
10-05 20:12:23.263 3774 7283 D SSRM:k : ATC: current = AP_CP = 223, Display = 1, WIFI = 0, SPK = 0,RCV = 0, Camera = 0, PAM = 0 ਍㄀ ⴀ 㔀 ㈀ 㨀㄀㈀㨀㈀㌀⸀㈀㘀㘀  㐀㐀㔀   㐀㐀㔀  䐀 䜀礀爀漀刀攀渀搀攀爀㨀 漀渀匀攀渀猀漀爀䌀栀愀渀最攀搀 攀瘀攀渀琀⸀猀攀渀猀漀爀⸀最攀琀吀礀瀀攀⠀⤀ 㴀 㘀㔀㔀㜀㤀ഀഀ
10-05 20:12:23.272 3774 7283 D SSRM:k : ATC: Ambient Temperature = 26,43, Skin temperature = F_AP[28,30], F_RF[28,10], B_AP[28,40], B_RF[28,10], B_WIFI[27,70], B_SPK[27,50] ਍㄀ ⴀ 㔀 ㈀ 㨀㄀㈀㨀㈀㌀⸀㌀ 㜀  㐀㐀㔀   㐀㐀㔀  䤀 挀栀愀琀琀礀  㨀 甀椀搀㴀㄀   㔀⠀甀 开愀㔀⤀ 挀漀洀⸀愀渀搀爀漀椀搀⸀猀礀猀琀攀洀甀椀㨀䤀渀昀椀渀椀琀礀圀愀氀氀瀀愀瀀攀爀 椀搀攀渀琀椀挀愀氀 ㈀ 氀椀渀攀猀ഀഀ
10-05 20:12:23.325 4450 4450 D GyroRender: onSensorChanged event.sensor.getType() = 65579 ਍㄀ ⴀ 㔀 ㈀ 㨀㄀㈀㨀㈀㌀⸀㌀㌀㐀  㐀㐀㔀   㐀㐀㔀  䐀 䜀䰀䄀渀椀洀愀琀漀爀䴀愀渀愀最攀爀㨀 搀漀䘀爀愀洀攀ഀഀ
10-05 20:12:23.344 4450 4450 D GLAnimatorManager: doFrame ਍㄀ ⴀ 㔀 ㈀ 㨀㄀㈀㨀㈀㌀⸀㌀㐀㘀  㐀㐀㔀   㐀㐀㔀  䐀 䜀礀爀漀刀攀渀搀攀爀㨀 漀渀匀攀渀猀漀爀䌀栀愀渀最攀搀 攀瘀攀渀琀⸀猀攀渀猀漀爀⸀最攀琀吀礀瀀攀⠀⤀ 㴀 㘀㔀㔀㜀㤀ഀഀ
10-05 20:12:23.360 4450 4450 D GLAnimatorManager: doFrame ਍㄀ ⴀ 㔀 ㈀ 㨀㄀㈀㨀㈀㌀⸀㌀㘀㜀  㐀㐀㔀   㐀㐀㔀  䐀 䜀礀爀漀刀攀渀搀攀爀㨀 漀渀匀攀渀猀漀爀䌀栀愀渀最攀搀 攀瘀攀渀琀⸀猀攀渀猀漀爀⸀最攀琀吀礀瀀攀⠀⤀ 㴀 㘀㔀㔀㜀㤀ഀഀ
10-05 20:12:23.377 4450 4450 D GLAnimatorManager: doFrame ਍㄀ ⴀ 㔀 ㈀ 㨀㄀㈀㨀㈀㌀⸀㌀㠀㔀  㐀㐀㔀   㐀㐀㔀  䐀 䜀礀爀漀刀攀渀搀攀爀㨀 漀渀匀攀渀猀漀爀䌀栀愀渀最攀搀 攀瘀攀渀琀⸀猀攀渀猀漀爀⸀最攀琀吀礀瀀攀⠀⤀ 㴀 㘀㔀㔀㜀㤀ഀഀ
10-05 20:12:23.394 4450 4450 D GLAnimatorManager: doFrame ਍㄀ ⴀ 㔀 ㈀ 㨀㄀㈀㨀㈀㌀⸀㐀 㔀  㐀㐀㔀   㐀㐀㔀  䐀 䜀礀爀漀刀攀渀搀攀爀㨀 漀渀匀攀渀猀漀爀䌀栀愀渀最攀搀 攀瘀攀渀琀⸀猀攀渀猀漀爀⸀最攀琀吀礀瀀攀⠀⤀ 㴀 㘀㔀㔀㜀㤀ഀഀ
10-05 20:12:23.417 4450 4450 D GLAnimatorManager: doFrame ਍㄀ ⴀ 㔀 ㈀ 㨀㄀㈀㨀㈀㌀⸀㐀㈀㘀  㐀㐀㔀   㐀㐀㔀  䐀 䜀礀爀漀刀攀渀搀攀爀㨀 漀渀匀攀渀猀漀爀䌀栀愀渀最攀搀 攀瘀攀渀琀⸀猀攀渀猀漀爀⸀最攀琀吀礀瀀攀⠀⤀ 㴀 㘀㔀㔀㜀㤀ഀഀ
10-05 20:12:23.427 4450 4450 D GLAnimatorManager: doFrame ਍㄀ ⴀ 㔀 ㈀ 㨀㄀㈀㨀㈀㌀⸀㐀㌀㌀  㐀㐀㔀   㐀㐀㔀  䤀 挀栀愀琀琀礀  㨀 甀椀搀㴀㄀   㔀⠀甀 开愀㔀⤀ 挀漀洀⸀愀渀搀爀漀椀搀⸀猀礀猀琀攀洀甀椀㨀䤀渀昀椀渀椀琀礀圀愀氀氀瀀愀瀀攀爀 椀搀攀渀琀椀挀愀氀 ㄀ 氀椀渀攀ഀഀ
10-05 20:12:23.446 4450 4450 D GLAnimatorManager: doFrame ਍㄀ ⴀ 㔀 ㈀ 㨀㄀㈀㨀㈀㌀⸀㐀㐀㜀  㐀㐀㔀   㐀㐀㔀  䐀 䜀礀爀漀刀攀渀搀攀爀㨀 漀渀匀攀渀猀漀爀䌀栀愀渀最攀搀 攀瘀攀渀琀⸀猀攀渀猀漀爀⸀最攀琀吀礀瀀攀⠀⤀ 㴀 㘀㔀㔀㜀㤀ഀഀ
10-05 20:12:23.458 4450 4450 D GLAnimatorManager: doFrame ਍㄀ ⴀ 㔀 ㈀ 㨀㄀㈀㨀㈀㌀⸀㐀㘀㠀  㐀㐀㔀   㐀㐀㔀  䐀 䜀䰀䄀渀椀洀愀琀漀爀䴀愀渀愀最攀爀㨀 搀漀䘀爀愀洀攀ഀഀ
10-05 20:12:23.468 4450 4450 D GyroRender: onSensorChanged event.sensor.getType() = 65579 ਍㄀ ⴀ 㔀 ㈀ 㨀㄀㈀㨀㈀㌀⸀㐀㘀㤀  㐀㐀㔀   㐀㐀㔀  䐀 䜀䰀䄀渀椀洀愀琀漀爀䴀愀渀愀最攀爀㨀 搀漀䘀爀愀洀攀ഀഀ
10-05 20:12:23.477 4450 4450 D GLAnimatorManager: doFrame ਍㄀ ⴀ 㔀 ㈀ 㨀㄀㈀㨀㈀㌀⸀㐀㠀㘀  㐀㐀㔀   㐀㐀㔀  䐀 䜀礀爀漀刀攀渀搀攀爀㨀 漀渀匀攀渀猀漀爀䌀栀愀渀最攀搀 攀瘀攀渀琀⸀猀攀渀猀漀爀⸀最攀琀吀礀瀀攀⠀⤀ 㴀 㘀㔀㔀㜀㤀ഀഀ
10-05 20:12:23.487 4450 4450 D GLAnimatorManager: doFrame ਍㄀ ⴀ 㔀 ㈀ 㨀㄀㈀㨀㈀㌀⸀㐀㤀㐀  㐀㐀㔀   㐀㐀㔀  䐀 䜀䰀䄀渀椀洀愀琀漀爀䴀愀渀愀最攀爀㨀 搀漀䘀爀愀洀攀ഀഀ
10-05 20:12:23.505 4450 4450 D GyroRender: onSensorChanged event.sensor.getType() = 65579 ਍㄀ ⴀ 㔀 ㈀ 㨀㄀㈀㨀㈀㌀⸀㔀 㔀  㐀㐀㔀   㐀㐀㔀  䐀 䜀䰀䄀渀椀洀愀琀漀爀䴀愀渀愀最攀爀㨀 搀漀䘀爀愀洀攀ഀഀ
10-05 20:12:23.510 4450 4450 D GLAnimatorManager: doFrame ਍㄀ ⴀ 㔀 ㈀ 㨀㄀㈀㨀㈀㌀⸀㔀㈀㔀  㐀㐀㔀   㐀㐀㔀  䐀 䜀礀爀漀刀攀渀搀攀爀㨀 漀渀匀攀渀猀漀爀䌀栀愀渀最攀搀 攀瘀攀渀琀⸀猀攀渀猀漀爀⸀最攀琀吀礀瀀攀⠀⤀ 㴀 㘀㔀㔀㜀㤀ഀഀ
10-05 20:12:23.534 4450 4450 D GLAnimatorManager: doFrame ਍㄀ ⴀ 㔀 ㈀ 㨀㄀㈀㨀㈀㌀⸀㔀㐀㐀  㐀㐀㔀   㐀㐀㔀  䐀 䜀䰀䄀渀椀洀愀琀漀爀䴀愀渀愀最攀爀㨀 搀漀䘀爀愀洀攀ഀഀ
10-05 20:12:23.551 4450 4450 D GyroRender: onSensorChanged event.sensor.getType() = 65579 ਍㄀ ⴀ 㔀 ㈀ 㨀㄀㈀㨀㈀㌀⸀㔀㘀㌀  㐀㐀㔀   㐀㐀㔀  䐀 䜀䰀䄀渀椀洀愀琀漀爀䴀愀渀愀最攀爀㨀 搀漀䘀爀愀洀攀ഀഀ
10-05 20:12:23.568 4450 4450 D GyroRender: onSensorChanged event.sensor.getType() = 65579 ਍㄀ ⴀ 㔀 ㈀ 㨀㄀㈀㨀㈀㌀⸀㔀㜀㜀  㐀㐀㔀   㐀㐀㔀  䐀 䜀䰀䄀渀椀洀愀琀漀爀䴀愀渀愀最攀爀㨀 搀漀䘀爀愀洀攀ഀഀ
10-05 20:12:23.586 4450 4450 D GyroRender: onSensorChanged event.sensor.getType() = 65579 ਍㄀ ⴀ 㔀 ㈀ 㨀㄀㈀㨀㈀㌀⸀㘀    㐀㐀㔀   㐀㐀㔀  䐀 䜀䰀䄀渀椀洀愀琀漀爀䴀愀渀愀最攀爀㨀 搀漀䘀爀愀洀攀ഀഀ
10-05 20:12:23.607 4450 4450 D GyroRender: onSensorChanged event.sensor.getType() = 65579 ਍㄀ ⴀ 㔀 ㈀ 㨀㄀㈀㨀㈀㌀⸀㘀㄀㄀  㐀㐀㔀   㐀㐀㔀  䐀 䜀䰀䄀渀椀洀愀琀漀爀䴀愀渀愀最攀爀㨀 搀漀䘀爀愀洀攀ഀഀ
10-05 20:12:23.625 4450 4450 D GyroRender: onSensorChanged event.sensor.getType() = 65579 ਍㄀ ⴀ 㔀 ㈀ 㨀㄀㈀㨀㈀㌀⸀㘀㌀㐀  㐀㐀㔀   㐀㐀㔀  䐀 䜀䰀䄀渀椀洀愀琀漀爀䴀愀渀愀最攀爀㨀 搀漀䘀爀愀洀攀ഀഀ
10-05 20:12:23.644 4450 4450 D GLAnimatorManager: doFrame ਍㄀ ⴀ 㔀 ㈀ 㨀㄀㈀㨀㈀㌀⸀㘀㐀㔀  㐀㐀㔀   㐀㐀㔀  䐀 䜀礀爀漀刀攀渀搀攀爀㨀 漀渀匀攀渀猀漀爀䌀栀愀渀最攀搀 攀瘀攀渀琀⸀猀攀渀猀漀爀⸀最攀琀吀礀瀀攀⠀⤀ 㴀 㘀㔀㔀㜀㤀ഀഀ
10-05 20:12:23.662 4450 4450 D GLAnimatorManager: doFrame ਍㄀ ⴀ 㔀 ㈀ 㨀㄀㈀㨀㈀㌀⸀㘀㘀㜀  㐀㐀㔀   㐀㐀㔀  䐀 䜀礀爀漀刀攀渀搀攀爀㨀 漀渀匀攀渀猀漀爀䌀栀愀渀最攀搀 攀瘀攀渀琀⸀猀攀渀猀漀爀⸀最攀琀吀礀瀀攀⠀⤀ 㴀 㘀㔀㔀㜀㤀ഀഀ
10-05 20:12:23.683 4450 4450 D GLAnimatorManager: doFrame ਍㄀ ⴀ 㔀 ㈀ 㨀㄀㈀㨀㈀㌀⸀㘀㠀㔀  㐀㐀㔀   㐀㐀㔀  䐀 䜀礀爀漀刀攀渀搀攀爀㨀 漀渀匀攀渀猀漀爀䌀栀愀渀最攀搀 攀瘀攀渀琀⸀猀攀渀猀漀爀⸀最攀琀吀礀瀀攀⠀⤀ 㴀 㘀㔀㔀㜀㤀ഀഀ
10-05 20:12:23.694 4450 4450 D GLAnimatorManager: doFrame ਍㄀ ⴀ 㔀 ㈀ 㨀㄀㈀㨀㈀㌀⸀㜀 㔀  㐀㐀㔀   㐀㐀㔀  䐀 䜀礀爀漀刀攀渀搀攀爀㨀 漀渀匀攀渀猀漀爀䌀栀愀渀最攀搀 攀瘀攀渀琀⸀猀攀渀猀漀爀⸀最攀琀吀礀瀀攀⠀⤀ 㴀 㘀㔀㔀㜀㤀ഀഀ
10-05 20:12:23.717 4450 4450 D GLAnimatorManager: doFrame ਍㄀ ⴀ 㔀 ㈀ 㨀㄀㈀㨀㈀㌀⸀㜀㈀㘀  㐀㐀㔀   㐀㐀㔀  䐀 䜀礀爀漀刀攀渀搀攀爀㨀 漀渀匀攀渀猀漀爀䌀栀愀渀最攀搀 攀瘀攀渀琀⸀猀攀渀猀漀爀⸀最攀琀吀礀瀀攀⠀⤀ 㴀 㘀㔀㔀㜀㤀ഀഀ
10-05 20:12:23.728 4450 4450 D GLAnimatorManager: doFrame ਍㄀ ⴀ 㔀 ㈀ 㨀㄀㈀㨀㈀㌀⸀㜀㐀㜀  ㌀㜀㜀㐀  㜀㈀㠀㌀ 䐀 匀匀刀䴀㨀栀  㨀 匀䤀伀倀㨀㨀 䄀倀 㴀 ㌀  Ⰰ 倀匀吀 㴀 ㈀㤀㌀ ⠀圀㨀㄀㔀⤀Ⰰ 䈀䄀吀 㴀 ㈀㠀㜀Ⰰ 唀匀䈀 㴀 ㈀㠀 Ⰰ 䌀䠀䜀 㴀 ㌀ ㈀Ⰰ 䌀倀 㴀 ㈀㤀 ഀഀ
10-05 20:12:23.751 4450 4450 D GLAnimatorManager: doFrame ਍㄀ ⴀ 㔀 ㈀ 㨀㄀㈀㨀㈀㌀⸀㜀㔀㄀  㐀㐀㔀   㐀㐀㔀  䐀 䜀礀爀漀刀攀渀搀攀爀㨀 漀渀匀攀渀猀漀爀䌀栀愀渀最攀搀 攀瘀攀渀琀⸀猀攀渀猀漀爀⸀最攀琀吀礀瀀攀⠀⤀ 㴀 㘀㔀㔀㜀㤀ഀഀ
10-05 20:12:23.767 4450 4450 D GLAnimatorManager: doFrame ਍㄀ ⴀ 㔀 ㈀ 㨀㄀㈀㨀㈀㌀⸀㜀㘀㠀  㐀㐀㔀   㐀㐀㔀  䐀 䜀礀爀漀刀攀渀搀攀爀㨀 漀渀匀攀渀猀漀爀䌀栀愀渀最攀搀 攀瘀攀渀琀⸀猀攀渀猀漀爀⸀最攀琀吀礀瀀攀⠀⤀ 㴀 㘀㔀㔀㜀㤀ഀഀ
10-05 20:12:23.779 4450 4450 D GLAnimatorManager: doFrame ਍㄀ ⴀ 㔀 ㈀ 㨀㄀㈀㨀㈀㌀⸀㜀㠀㜀  㐀㐀㔀   㐀㐀㔀  䐀 䜀礀爀漀刀攀渀搀攀爀㨀 漀渀匀攀渀猀漀爀䌀栀愀渀最攀搀 攀瘀攀渀琀⸀猀攀渀猀漀爀⸀最攀琀吀礀瀀攀⠀⤀ 㴀 㘀㔀㔀㜀㤀ഀഀ
10-05 20:12:23.794 4450 4450 D GLAnimatorManager: doFrame ਍㄀ ⴀ 㔀 ㈀ 㨀㄀㈀㨀㈀㌀⸀㠀 㔀  㐀㐀㔀   㐀㐀㔀  䐀 䜀礀爀漀刀攀渀搀攀爀㨀 漀渀匀攀渀猀漀爀䌀栀愀渀最攀搀 攀瘀攀渀琀⸀猀攀渀猀漀爀⸀最攀琀吀礀瀀攀⠀⤀ 㴀 㘀㔀㔀㜀㤀ഀഀ
10-05 20:12:23.811 4450 4450 D GLAnimatorManager: doFrame ਍㄀ ⴀ 㔀 ㈀ 㨀㄀㈀㨀㈀㌀⸀㠀㈀㔀  㐀㐀㔀   㐀㐀㔀  䐀 䜀礀爀漀刀攀渀搀攀爀㨀 漀渀匀攀渀猀漀爀䌀栀愀渀最攀搀 攀瘀攀渀琀⸀猀攀渀猀漀爀⸀最攀琀吀礀瀀攀⠀⤀ 㴀 㘀㔀㔀㜀㤀ഀഀ
10-05 20:12:23.833 4450 4450 D GLAnimatorManager: doFrame ਍㄀ ⴀ 㔀 ㈀ 㨀㄀㈀㨀㈀㌀⸀㠀㔀   㐀㐀㔀   㐀㐀㔀  䐀 䜀䰀䄀渀椀洀愀琀漀爀䴀愀渀愀最攀爀㨀 搀漀䘀爀愀洀攀ഀഀ
10-05 20:12:23.852 4450 4450 D GyroRender: onSensorChanged event.sensor.getType() = 65579 ਍㄀ ⴀ 㔀 ㈀ 㨀㄀㈀㨀㈀㌀⸀㠀㘀㄀  㐀㐀㔀   㐀㐀㔀  䐀 䜀䰀䄀渀椀洀愀琀漀爀䴀愀渀愀最攀爀㨀 搀漀䘀爀愀洀攀ഀഀ
10-05 20:12:23.865 4450 4450 D GyroRender: onSensorChanged event.sensor.getType() = 65579 ਍㄀ ⴀ 㔀 ㈀ 㨀㄀㈀㨀㈀㌀⸀㠀㜀㠀  㐀㐀㔀   㐀㐀㔀  䐀 䜀䰀䄀渀椀洀愀琀漀爀䴀愀渀愀最攀爀㨀 搀漀䘀爀愀洀攀ഀഀ
10-05 20:12:23.885 4450 4450 D GyroRender: onSensorChanged event.sensor.getType() = 65579 ਍㄀ ⴀ 㔀 ㈀ 㨀㄀㈀㨀㈀㌀⸀㠀㤀㐀  㐀㐀㔀   㐀㐀㔀  䐀 䜀䰀䄀渀椀洀愀琀漀爀䴀愀渀愀最攀爀㨀 搀漀䘀爀愀洀攀ഀഀ
10-05 20:12:23.907 4450 4450 D GyroRender: onSensorChanged event.sensor.getType() = 65579 ਍㄀ ⴀ 㔀 ㈀ 㨀㄀㈀㨀㈀㌀⸀㤀㄀㄀  㐀㐀㔀   㐀㐀㔀  䐀 䜀䰀䄀渀椀洀愀琀漀爀䴀愀渀愀最攀爀㨀 搀漀䘀爀愀洀攀ഀഀ
10-05 20:12:23.925 4450 4450 D GyroRender: onSensorChanged event.sensor.getType() = 65579 ਍㄀ ⴀ 㔀 ㈀ 㨀㄀㈀㨀㈀㌀⸀㤀㈀㠀  㐀㐀㔀   㐀㐀㔀  䐀 䜀䰀䄀渀椀洀愀琀漀爀䴀愀渀愀最攀爀㨀 搀漀䘀爀愀洀攀ഀഀ
10-05 20:12:23.944 4450 4450 D GyroRender: onSensorChanged event.sensor.getType() = 65579 ਍㄀ ⴀ 㔀 ㈀ 㨀㄀㈀㨀㈀㌀⸀㤀㐀㔀  㐀㐀㔀   㐀㐀㔀  䐀 䜀䰀䄀渀椀洀愀琀漀爀䴀愀渀愀最攀爀㨀 搀漀䘀爀愀洀攀ഀഀ
10-05 20:12:24.278 4450 4450 I chatty : uid=10005(u0_a5) com.android.systemui:InfinityWallpaper identical 20 lines ਍㄀ ⴀ 㔀 ㈀ 㨀㄀㈀㨀㈀㐀⸀㌀ ㄀  㐀㐀㔀   㐀㐀㔀  䐀 䜀䰀䄀渀椀洀愀琀漀爀䴀愀渀愀最攀爀㨀 搀漀䘀爀愀洀攀ഀഀ
10-05 20:12:24.305 3774 3925 D InputReader: Input event(5): value=1 when=9625422417000 ਍㄀ ⴀ 㔀 ㈀ 㨀㄀㈀㨀㈀㐀⸀㌀ 㔀  ㌀㜀㜀㐀  ㌀㤀㈀㔀 䐀 䤀渀瀀甀琀刀攀愀搀攀爀㨀 䤀渀瀀甀琀 攀瘀攀渀琀⠀㔀⤀㨀 瘀愀氀甀攀㴀㄀ 眀栀攀渀㴀㤀㘀㈀㔀㐀㈀㈀㐀㄀㜀   ഀഀ
10-05 20:12:24.305 3774 3925 I InputReader: Touch event's action is 0x0 (deviceType=0) [pCnt=1, s=0.573 ] when=9625422417000 ਍㄀ ⴀ 㔀 ㈀ 㨀㄀㈀㨀㈀㐀⸀㌀ 㜀  ㌀㜀㜀㐀  ㌀㤀㈀㐀 䤀 䤀渀瀀甀琀䐀椀猀瀀愀琀挀栀攀爀㨀 䐀攀氀椀瘀攀爀椀渀最 琀漀甀挀栀 琀漀 ⠀㐀㈀㠀㐀⤀㨀 愀挀琀椀漀渀㨀  砀㐀Ⰰ 琀漀漀氀吀礀瀀攀㨀 ㄀ഀഀ
10-05 20:12:24.307 3774 3924 I InputDispatcher: Delivering touch to (4284): action: 0x4, toolType: 1 ਍㄀ ⴀ 㔀 ㈀ 㨀㄀㈀㨀㈀㐀⸀㌀ 㜀  ㌀㜀㜀㐀  ㌀㤀㈀㐀 䤀 䤀渀瀀甀琀䐀椀猀瀀愀琀挀栀攀爀㨀 䐀攀氀椀瘀攀爀椀渀最 琀漀甀挀栀 琀漀 ⠀㔀㌀㄀ ⤀㨀 愀挀琀椀漀渀㨀  砀 Ⰰ 琀漀漀氀吀礀瀀攀㨀 ㄀ഀഀ
10-05 20:12:24.307 3774 3924 I InputDispatcher: Delivering touch to (4450): action: 0x0, toolType: 1 ਍㄀ ⴀ 㔀 ㈀ 㨀㄀㈀㨀㈀㐀⸀㌀ 㜀  㔀㌀㄀   㔀㌀㄀  䐀 嘀椀攀眀刀漀漀琀䤀洀瀀氀䀀挀昀㔀 昀㤀㜀嬀䰀愀甀渀挀栀攀爀䄀挀琀椀瘀椀琀礀崀㨀 嘀椀攀眀倀漀猀琀䤀洀攀 瀀漀椀渀琀攀爀  ഀഀ
10-05 20:12:24.309 5310 5310 I System.out: Rect(0, 0 - 1080, 243) ਍㄀ ⴀ 㔀 ㈀ 㨀㄀㈀㨀㈀㐀⸀㌀㄀   㔀㌀㄀   㔀㌀㄀  䐀 倀愀最攀搀嘀椀攀眀㨀 爀攀猀攀琀 琀漀甀挀栀 猀琀愀琀攀 挀愀猀攀 ㄀ഀഀ
10-05 20:12:24.310 5310 5310 E ProActivieLaunch: Sending Broadcast ਍㄀ ⴀ 㔀 ㈀ 㨀㄀㈀㨀㈀㐀⸀㌀㄀㈀  㐀㐀㔀   㐀㐀㔀  䐀 䜀䰀䄀渀椀洀愀琀漀爀䴀愀渀愀最攀爀㨀 搀漀䘀爀愀洀攀ഀഀ
10-05 20:12:24.312 3774 3774 I MARsPolicyManager: AR not enabled ਍㄀ ⴀ 㔀 ㈀ 㨀㄀㈀㨀㈀㐀⸀㌀㄀㌀  ㌀㜀㜀㐀  ㌀㜀㜀㐀 䐀 䄀挀琀椀瘀椀琀礀䴀愀渀愀最攀爀㨀 䌀栀攀挀欀椀渀最 昀漀爀 琀栀攀 䄀挀琀椀瘀攀 氀愀甀渀挀栀 椀猀倀欀最䔀瘀攀爀䰀愀甀渀挀栀攀搀 㨀琀爀甀攀Ⰰ 椀猀倀欀最匀琀漀瀀瀀攀搀 㨀 昀愀氀猀攀Ⰰ 椀猀䐀愀琀愀䌀氀攀愀爀攀搀 㨀昀愀氀猀攀Ⰰ 椀猀䄀甀琀漀刀甀渀䈀氀漀挀欀攀搀 㨀 昀愀氀猀攀ഀഀ
10-05 20:12:24.313 3774 3774 W ContextImpl: Calling a method in the system process without a qualified user: android.app.ContextImpl.startActivity:856 com.android.server.am.ActivityManagerService$ActiveLaunchReceiver.onReceive:17968 android.app.LoadedApk$ReceiverDispatcher$Args.lambda$-android_app_LoadedApk$ReceiverDispatcher$Args_52166:1317 android.app.-$Lambda$FilBqgnXJrN9Mgyks1XHeAxzSTk.$m$0:4 android.app.-$Lambda$FilBqgnXJrN9Mgyks1XHeAxzSTk.run:0 ਍㄀ ⴀ 㔀 ㈀ 㨀㄀㈀㨀㈀㐀⸀㌀㄀㔀  ㌀㜀㜀㐀  ㌀㜀㜀㐀 䔀 䄀挀琀椀瘀椀琀礀䴀愀渀愀最攀爀㨀 吀漀甀挀栀䐀漀眀渀 椀渀琀攀渀琀 爀攀挀攀椀瘀攀搀Ⰰ 猀琀愀爀琀椀渀最 䄀挀琀椀瘀攀䰀愀甀渀挀栀ഀഀ
10-05 20:12:24.316 3774 3774 D StorageManagerService: getExternalStorageMountMode : 3 ਍㄀ ⴀ 㔀 ㈀ 㨀㄀㈀㨀㈀㐀⸀㌀㄀㘀  ㌀㜀㜀㐀  ㌀㜀㜀㐀 䐀 匀琀漀爀愀最攀䴀愀渀愀最攀爀匀攀爀瘀椀挀攀㨀 最攀琀䔀砀琀攀爀渀愀氀匀琀漀爀愀最攀䴀漀甀渀琀䴀漀搀攀 㨀 ㌀ഀഀ
10-05 20:12:24.316 3774 3774 D StorageManagerService: getExternalStorageMountMode : final mountMode=3, uid : 11006, packageName : com.siemens.winccoaui ਍㄀ ⴀ 㔀 ㈀ 㨀㄀㈀㨀㈀㐀⸀㌀㄀㘀  ㌀㜀㜀㐀  ㌀㜀㜀㐀 䤀 䄀瀀瀀氀椀挀愀琀椀漀渀倀漀氀椀挀礀㨀 椀猀䄀瀀瀀氀椀挀愀琀椀漀渀䔀砀琀攀爀渀愀氀匀琀漀爀愀最攀圀栀椀琀攀氀椀猀琀攀搀㨀挀漀洀⸀猀椀攀洀攀渀猀⸀眀椀渀挀挀漀愀甀椀 甀猀攀爀㨀 ഀഀ
10-05 20:12:24.316 3774 3774 D ApplicationPolicy: isApplicationExternalStorageWhitelisted: DO is not enabled on user 0. Allowed. ਍㄀ ⴀ 㔀 ㈀ 㨀㄀㈀㨀㈀㐀⸀㌀㄀㘀  ㌀㜀㜀㐀  ㌀㜀㜀㐀 䐀 䄀挀琀椀瘀椀琀礀䴀愀渀愀最攀爀㨀 瀀愀挀欀愀最攀  挀漀洀⸀猀椀攀洀攀渀猀⸀眀椀渀挀挀漀愀甀椀Ⰰ 甀猀攀爀 ⴀ   椀猀 匀䐀挀愀爀搀 眀栀椀琀攀氀椀猀琀攀搀ഀഀ
10-05 20:12:24.316 3774 3774 I ApplicationPolicy: isApplicationExternalStorageBlacklisted:com.siemens.winccoaui user:0 ਍㄀ ⴀ 㔀 ㈀ 㨀㄀㈀㨀㈀㐀⸀㌀㄀㜀  ㌀㜀㜀㐀  ㌀㜀㜀㐀 䐀 䄀瀀瀀氀椀挀愀琀椀漀渀倀漀氀椀挀礀㨀 椀猀䄀瀀瀀氀椀挀愀琀椀漀渀䔀砀琀攀爀渀愀氀匀琀漀爀愀最攀䈀氀愀挀欀氀椀猀琀攀搀㨀 䐀伀 椀猀 渀漀琀 攀渀愀戀氀攀搀 漀渀 甀猀攀爀  ⸀ 䄀氀氀漀眀攀搀⸀ഀഀ
10-05 20:12:24.328 4450 4450 D GLAnimatorManager: doFrame ਍㄀ ⴀ 㔀 ㈀ 㨀㄀㈀㨀㈀㐀⸀㌀㌀㠀  ㌀㜀㜀㐀  ㌀㜀㜀㐀 䤀 䄀挀琀椀瘀椀琀礀䴀愀渀愀最攀爀㨀 匀琀愀爀琀 瀀爀漀挀 㜀㈀㐀㌀㨀挀漀洀⸀猀椀攀洀攀渀猀⸀眀椀渀挀挀漀愀甀椀⼀甀 愀㄀  㘀 昀漀爀 愀挀琀椀瘀椀琀礀 挀漀洀⸀猀椀攀洀攀渀猀⸀眀椀渀挀挀漀愀甀椀⼀愀琀⸀攀琀洀⸀一漀琀椀昀椀挀愀琀椀漀渀䌀氀椀攀渀琀ഀഀ
10-05 20:12:24.339 3774 3774 D ActivityManager: starting Active launch ਍㄀ ⴀ 㔀 ㈀ 㨀㄀㈀㨀㈀㐀⸀㌀㌀㤀  㜀㈀㐀㌀  㜀㈀㐀㌀ 䔀 娀礀最漀琀攀  㨀 椀猀圀栀椀琀攀氀椀猀琀倀爀漀挀攀猀猀 ⴀ 倀爀漀挀攀猀猀 椀猀 圀栀椀琀攀氀椀猀琀攀搀ഀഀ
10-05 20:12:24.340 7243 7243 E libpersona: scanKnoxPersonas ਍㄀ ⴀ 㔀 ㈀ 㨀㄀㈀㨀㈀㐀⸀㌀㐀   㜀㈀㐀㌀  㜀㈀㐀㌀ 䔀 氀椀戀瀀攀爀猀漀渀愀㨀 䌀漀甀氀搀渀✀琀 漀瀀攀渀 琀栀攀 䘀椀氀攀 ⴀ ⼀搀愀琀愀⼀猀礀猀琀攀洀⼀甀猀攀爀猀⼀ ⼀瀀攀爀猀漀渀愀氀椀猀琀⸀砀洀氀 ⴀ 一漀 猀甀挀栀 昀椀氀攀 漀爀 搀椀爀攀挀琀漀爀礀ഀഀ
10-05 20:12:24.345 4450 4450 D GLAnimatorManager: doFrame ਍㄀ ⴀ 㔀 ㈀ 㨀㄀㈀㨀㈀㐀⸀㌀㐀㔀  㜀㈀㐀㌀  㜀㈀㐀㌀ 圀 匀䔀䰀椀渀甀砀 㨀 匀䔀䰀椀渀甀砀 猀攀氀椀渀甀砀开愀渀搀爀漀椀搀开挀漀洀瀀甀琀攀开瀀漀氀椀挀礀开椀渀搀攀砀 㨀 倀漀氀椀挀礀 䤀渀搀攀砀嬀㈀崀Ⰰ  䌀漀渀㨀甀㨀爀㨀稀礀最漀琀攀㨀猀  刀䄀䴀㨀匀䔀倀䘀开匀䴀ⴀ䜀㤀㔀 䘀开㠀⸀ ⸀ 开  ㄀㌀Ⰰ 嬀ⴀ㄀ ⴀ㄀ ⴀ㄀ ⴀ㄀   ㄀崀ഀഀ
10-05 20:12:24.346 7243 7243 I SELinux : SELinux: seapp_context_lookup: seinfo=untrusted, level=s0:c512,c768, pkgname=com.siemens.winccoaui ਍㄀ ⴀ 㔀 ㈀ 㨀㄀㈀㨀㈀㐀⸀㌀㐀㤀  㐀㐀㔀   㐀㐀㔀  䐀 䜀礀爀漀刀攀渀搀攀爀㨀 漀渀匀攀渀猀漀爀䌀栀愀渀最攀搀 攀瘀攀渀琀⸀猀攀渀猀漀爀⸀最攀琀吀礀瀀攀⠀⤀ 㴀 㘀㔀㔀㜀㤀ഀഀ
10-05 20:12:24.361 4450 4450 D GLAnimatorManager: doFrame ਍㄀ ⴀ 㔀 ㈀ 㨀㄀㈀㨀㈀㐀⸀㌀㜀㈀  ㌀㜀㜀㐀  ㌀㤀㈀㔀 䐀 䤀渀瀀甀琀刀攀愀搀攀爀㨀 䤀渀瀀甀琀 攀瘀攀渀琀⠀㔀⤀㨀 瘀愀氀甀攀㴀  眀栀攀渀㴀㤀㘀㈀㔀㐀㠀㤀㔀㈀㐀   ഀഀ
10-05 20:12:24.372 3774 3925 D InputReader: Input event(5): value=0 when=9625489524000 ਍㄀ ⴀ 㔀 ㈀ 㨀㄀㈀㨀㈀㐀⸀㌀㜀㈀  ㌀㜀㜀㐀  ㌀㤀㈀㔀 䤀 䤀渀瀀甀琀刀攀愀搀攀爀㨀 吀漀甀挀栀 攀瘀攀渀琀✀猀 愀挀琀椀漀渀 椀猀  砀㄀ ⠀搀攀瘀椀挀攀吀礀瀀攀㴀 ⤀ 嬀瀀䌀渀琀㴀㄀Ⰰ 猀㴀崀 眀栀攀渀㴀㤀㘀㈀㔀㐀㠀㤀㔀㈀㐀   ഀഀ
10-05 20:12:24.372 3774 3924 I InputDispatcher: Delivering touch to (5310): action: 0x1, toolType: 1 ਍㄀ ⴀ 㔀 ㈀ 㨀㄀㈀㨀㈀㐀⸀㌀㜀㈀  ㌀㜀㜀㐀  ㌀㤀㈀㐀 䤀 䤀渀瀀甀琀䐀椀猀瀀愀琀挀栀攀爀㨀 䐀攀氀椀瘀攀爀椀渀最 琀漀甀挀栀 琀漀 ⠀㐀㐀㔀 ⤀㨀 愀挀琀椀漀渀㨀  砀㄀Ⰰ 琀漀漀氀吀礀瀀攀㨀 ㄀ഀഀ
10-05 20:12:24.373 5310 5310 D ViewRootImpl@cf50f97[LauncherActivity]: ViewPostIme pointer 1 ਍㄀ ⴀ 㔀 ㈀ 㨀㄀㈀㨀㈀㐀⸀㌀㜀㐀  㔀㌀㄀   㔀㌀㄀  䐀 倀愀最攀搀嘀椀攀眀㨀 爀攀猀攀琀吀漀甀挀栀匀琀愀琀攀⠀⤀ഀഀ
10-05 20:12:24.375 5310 5484 D SamsungAnalytics111040: user do not agree ਍㄀ ⴀ 㔀 ㈀ 㨀㄀㈀㨀㈀㐀⸀㌀㜀㜀  ㌀㜀㜀㐀  ㌀㜀㠀㠀 䐀 䌀甀猀琀漀洀䘀爀攀焀甀攀渀挀礀䴀愀渀愀最攀爀匀攀爀瘀椀挀攀㨀 愀挀焀甀椀爀攀䐀嘀䘀匀䰀漀挀欀䰀漀挀欀攀搀 㨀 琀礀瀀攀 㨀 䐀嘀䘀匀开䴀䤀一开䰀䤀䴀䤀吀  昀爀攀焀甀攀渀挀礀 㨀 ㈀㌀㄀㐀     甀椀搀 㨀 ㄀     瀀椀搀 㨀 ㌀㜀㜀㐀  瀀欀最一愀洀攀 㨀 䄀倀倀开䰀䄀唀一䌀䠀䀀䌀倀唀开䴀䤀一䀀㜀ഀഀ
10-05 20:12:24.378 4450 4450 D GLAnimatorManager: doFrame ਍㄀ ⴀ 㔀 ㈀ 㨀㄀㈀㨀㈀㐀⸀㌀㠀   㔀㌀㄀   㔀㌀㄀  䐀 䄀挀琀椀瘀椀琀礀伀瀀琀椀漀渀猀㨀 猀攀洀䴀愀欀攀䌀甀猀琀漀洀匀挀愀氀攀唀瀀䄀渀椀洀愀琀椀漀渀Ⰰ 眀椀搀琀栀 㨀 ㈀㐀㤀Ⰰ 栀攀椀最栀琀 㨀 ㈀㜀㤀Ⰰ 漀瀀琀猀⸀洀匀琀愀爀琀堀 㨀 㔀㐀㌀Ⰰ 漀瀀琀猀⸀洀匀琀愀爀琀夀 㨀 ㄀㐀 㜀Ⰰ 漀瀀琀猀⸀洀䤀猀䠀漀洀攀䤀琀攀洀 㨀 昀愀氀猀攀ഀഀ
10-05 20:12:24.380 7243 7243 D TimaKeyStoreProvider: TimaKeyStore is not enabled: cannot add TimaSignature Service and generateKeyPair Service ਍㄀ ⴀ 㔀 ㈀ 㨀㄀㈀㨀㈀㐀⸀㌀㠀㄀  㜀㈀㐀㌀  㜀㈀㐀㌀ 䐀 䄀挀琀椀瘀椀琀礀吀栀爀攀愀搀㨀 䄀搀搀攀搀 吀椀洀愀䬀攀礀匀琀漀爀攀 瀀爀漀瘀椀搀攀爀ഀഀ
10-05 20:12:24.384 3774 3788 I ActivityManager: START u0 {act=android.intent.action.MAIN typ=null flg=0x10200000 cmp=ComponentInfo{com.siemens.winccoaui/at.etm.NotificationClient}} from uid 10083 ਍㄀ ⴀ 㔀 ㈀ 㨀㄀㈀㨀㈀㐀⸀㌀㠀㔀  ㌀㜀㜀㐀  ㌀㜀㠀㠀 䐀 䌀甀猀琀漀洀䘀爀攀焀甀攀渀挀礀䴀愀渀愀最攀爀匀攀爀瘀椀挀攀㨀 愀挀焀甀椀爀攀䐀嘀䘀匀䰀漀挀欀䰀漀挀欀攀搀 㨀 琀礀瀀攀 㨀 䐀嘀䘀匀开䴀䤀一开䰀䤀䴀䤀吀  昀爀攀焀甀攀渀挀礀 㨀 ㈀㌀㄀㐀     甀椀搀 㨀 ㄀     瀀椀搀 㨀 ㌀㜀㜀㐀  瀀欀最一愀洀攀 㨀 䄀䴀匀开䄀倀倀开匀圀䤀吀䌀䠀䀀䌀倀唀开䴀䤀一䀀㔀㌀ഀഀ
10-05 20:12:24.385 3774 3788 D ActivityManagerPerformance: AMP_acquire() APP_SWITCH ਍㄀ ⴀ 㔀 ㈀ 㨀㄀㈀㨀㈀㐀⸀㌀㠀㔀  ㌀㜀㜀㐀  㔀 ㌀㐀 䐀 䄀挀琀椀瘀椀琀礀䴀愀渀愀最攀爀倀攀爀昀漀爀洀愀渀挀攀㨀 刀攀挀攀椀瘀攀搀 䴀匀䜀开䌀䘀䴀匀开䠀䤀一吀开䄀䴀匀开匀圀䤀吀䌀䠀 瀀欀最一愀洀攀㨀 挀漀洀⸀猀椀攀洀攀渀猀⸀眀椀渀挀挀漀愀甀椀ഀഀ
10-05 20:12:24.392 3774 4275 I ActivityManager: DSS on for com.siemens.winccoaui and scale is 1.0 ਍㄀ ⴀ 㔀 ㈀ 㨀㄀㈀㨀㈀㐀⸀㌀㤀㐀  㐀㐀㔀   㐀㐀㔀  䐀 䜀䰀䄀渀椀洀愀琀漀爀䴀愀渀愀最攀爀㨀 搀漀䘀爀愀洀攀ഀഀ
10-05 20:12:24.401 3774 3774 D MdnieScenarioControlService: Listener Real Multi Window State : false ਍㄀ ⴀ 㔀 ㈀ 㨀㄀㈀㨀㈀㐀⸀㐀 ㄀  ㌀㜀㜀㐀  ㌀㜀㜀㐀 䐀 䌀匀开䠀搀爀䌀漀渀琀爀漀氀氀攀爀㨀 䴀甀氀琀椀圀椀渀搀漀眀䔀瘀攀渀琀䰀椀猀琀攀渀攀爀㨀㨀漀渀䘀漀挀甀猀匀琀愀挀欀䌀栀愀渀最攀搀⠀㄀⤀ഀഀ
10-05 20:12:24.401 3774 3774 D CS_HdrController: updateMultiWindowState : 0 ਍㄀ ⴀ 㔀 ㈀ 㨀㄀㈀㨀㈀㐀⸀㐀 ㄀  ㌀㜀㜀㐀  ㌀㜀㜀㐀 䐀 䌀漀搀攀挀匀漀氀甀琀椀漀渀㨀 䴀甀氀琀椀圀椀渀搀漀眀䔀瘀攀渀琀䰀椀猀琀攀渀攀爀㨀㨀漀渀䴀甀氀琀椀圀椀渀搀漀眀䘀漀挀甀猀䌀栀愀渀最攀搀⠀㄀⤀ഀഀ
10-05 20:12:24.403 3774 3796 W BroadcastQueue: Permission Denial: receiving Intent { act=com.android.launcher3.action.LAUNCH flg=0x10 (has extras) } to com.google.android.gms/.chimera.GmsIntentOperationService$GmsExternalReceiver requires com.android.launcher.permission.RECEIVE_LAUNCH_BROADCASTS due to sender com.sec.android.app.launcher (uid 10083) ਍㄀ ⴀ 㔀 ㈀ 㨀㄀㈀㨀㈀㐀⸀㐀 ㌀  ㌀㜀㜀㐀  ㌀㠀㜀㈀ 嘀 圀椀渀搀漀眀䴀愀渀愀最攀爀㨀 爀漀琀愀琀椀漀渀䘀漀爀伀爀椀攀渀琀愀琀椀漀渀䰀眀⠀漀爀椀攀渀琀㴀ⴀ㄀Ⰰ 氀愀猀琀㴀 ⤀㬀 甀猀攀爀㴀   猀攀渀猀漀爀刀漀琀愀琀椀漀渀㴀  洀䰀椀搀匀琀愀琀攀㴀ⴀ㄀ 洀䐀漀挀欀䴀漀搀攀㴀  洀䠀搀洀椀倀氀甀最最攀搀㴀昀愀氀猀攀ഀഀ
10-05 20:12:24.404 3774 3872 D ViewRootImpl@99b403a[winccoaui]: setView = DecorView@1e05248[winccoaui] TM=true MM=false ਍㄀ ⴀ 㔀 ㈀ 㨀㄀㈀㨀㈀㐀⸀㐀 㔀  㔀㌀㄀   㔀㌀㄀  嘀 䰀愀甀渀挀栀攀爀㨀 䰀愀甀渀挀栀攀爀⸀漀渀倀愀甀猀攀⠀⤀ഀഀ
10-05 20:12:24.408 3774 3788 D ActivityManager: isScaleDownAnimationEnabled() : false ਍㄀ ⴀ 㔀 ㈀ 㨀㄀㈀㨀㈀㐀⸀㐀 㠀  ㌀㜀㜀㐀  ㌀㜀㠀㠀 䐀 䄀挀琀椀瘀椀琀礀䴀愀渀愀最攀爀㨀 愀瀀瀀氀礀伀瀀琀椀漀渀猀䰀漀挀欀攀搀Ⰰ 䄀一䤀䴀开䌀唀匀吀伀䴀开匀䌀䄀䰀䔀开唀倀Ⰰ 砀 㨀 㔀㐀㌀Ⰰ 礀 㨀 ㄀㐀 㜀Ⰰ 椀猀䠀漀洀攀䤀琀攀洀 㨀 昀愀氀猀攀ഀഀ
10-05 20:12:24.408 3774 3788 D SamsungAnimationCreator: updateAppTransitionStartValues frame Rect(543, 1407 - 792, 1686) ਍㄀ ⴀ 㔀 ㈀ 㨀㄀㈀㨀㈀㐀⸀㐀 㠀  ㌀㜀㜀㐀  ㌀㜀㠀㠀 䐀 䄀挀琀椀瘀椀琀礀䴀愀渀愀最攀爀㨀 愀瀀瀀氀礀伀瀀琀椀漀渀猀䰀漀挀欀攀搀Ⰰ 䄀一䤀䴀开䌀唀匀吀伀䴀开匀䌀䄀䰀䔀开唀倀Ⰰ 琀愀猀欀⸀最攀琀刀漀漀琀䄀挀琀椀瘀椀琀礀⠀⤀ 㨀 䄀挀琀椀瘀椀琀礀刀攀挀漀爀搀笀愀㄀ 㐀㌀㤀 甀  挀漀洀⸀猀椀攀洀攀渀猀⸀眀椀渀挀挀漀愀甀椀⼀愀琀⸀攀琀洀⸀一漀琀椀昀椀挀愀琀椀漀渀䌀氀椀攀渀琀 琀㐀㈀紀Ⰰ 琀愀猀欀⸀最攀琀吀愀猀欀吀漀刀攀琀甀爀渀吀漀⠀⤀ 㨀 ㄀ഀഀ
10-05 20:12:24.408 3774 3788 D ActivityManager: setAppIconInfo(), x : 543, y : 1407, width : 249, height : 279, isHomeItem : false ਍㄀ ⴀ 㔀 ㈀ 㨀㄀㈀㨀㈀㐀⸀㐀 㠀  ㌀㜀㜀㐀  ㌀㜀㠀㠀 䐀 匀愀洀猀甀渀最䄀渀椀洀愀琀椀漀渀䌀爀攀愀琀漀爀㨀 猀攀琀䄀渀椀洀愀琀椀漀渀䘀爀漀洀䰀愀甀渀挀栀攀爀 㨀 愀瀀瀀猀 ㈀ഀഀ
10-05 20:12:24.410 3774 3774 D GameManagerService: onDisplayChanged. displyId: 0, state: 2 ਍㄀ ⴀ 㔀 ㈀ 㨀㄀㈀㨀㈀㐀⸀㐀㄀   ㌀㜀㜀㐀  ㌀㜀㜀㐀 䐀 䜀愀洀攀䴀愀渀愀最攀爀匀攀爀瘀椀挀攀㨀 搀瀀椀㨀 㐀㠀 Ⰰ 氀漀渀最倀椀砀攀氀㨀 ㈀ 㜀㘀Ⰰ 猀栀漀爀琀倀椀砀攀氀㨀 ㄀ 㠀 ഀഀ
10-05 20:12:24.411 3774 3774 I CAE : handleMessage(CaPowerManager.java:173) - AP_WAKEUP_Already_Delivered ਍㄀ ⴀ 㔀 ㈀ 㨀㄀㈀㨀㈀㐀⸀㐀㄀㈀  ㌀㜀㜀㐀  ㌀㠀㜀㈀ 䐀 嘀椀攀眀刀漀漀琀䤀洀瀀氀䀀㤀㤀戀㐀 ㌀愀嬀眀椀渀挀挀漀愀甀椀崀㨀 搀椀猀瀀愀琀挀栀䄀琀琀愀挀栀攀搀吀漀圀椀渀搀漀眀ഀഀ
10-05 20:12:24.412 4450 4450 D GLAnimatorManager: doFrame ਍㄀ ⴀ 㔀 ㈀ 㨀㄀㈀㨀㈀㐀⸀㐀㄀㌀  ㌀㜀㜀㐀  ㌀㠀㜀㈀ 嘀 圀椀渀搀漀眀䴀愀渀愀最攀爀㨀 刀攀氀愀礀漀甀琀 圀椀渀搀漀眀笀戀㠀㠀㌀㐀攀戀 甀  匀瀀氀愀猀栀 匀挀爀攀攀渀 挀漀洀⸀猀椀攀洀攀渀猀⸀眀椀渀挀挀漀愀甀椀紀㨀 瘀椀攀眀嘀椀猀椀戀椀氀椀琀礀㴀  爀攀焀㴀㄀ 㠀 砀㈀  㐀 圀䴀⸀䰀愀礀漀甀琀倀愀爀愀洀猀笀⠀ Ⰰ ⤀⠀昀椀氀氀砀昀椀氀氀⤀ 猀椀洀㴀⌀㈀  琀礀㴀㌀ 昀氀㴀⌀㄀㠀㌀ ㄀㄀㠀 瀀昀氀㴀 砀㄀    ㄀㄀ 眀愀渀椀洀㴀 砀㄀ ㌀ ㈀攀愀 瘀猀礀猀甀椀㴀 砀㄀  渀攀攀搀猀䴀攀渀甀䬀攀礀㴀㈀ 挀漀氀漀爀䴀漀搀攀㴀  渀愀瘀椀䤀挀漀渀䌀漀氀漀爀㴀 紀ഀഀ
10-05 20:12:24.413 3774 3788 D PersonaManagerService: Current focused persona service handled id set to : 0 ਍㄀ ⴀ 㔀 ㈀ 㨀㄀㈀㨀㈀㐀⸀㐀㄀㐀  㐀㔀㤀㐀  㐀㔀㤀㐀 䐀 一昀挀匀攀爀瘀椀挀攀㨀 倀刀伀堀䤀䴀䤀吀夀 匀䌀刀䔀䔀一 伀一ഀഀ
10-05 20:12:24.415 4450 4450 D WallpaperService: updateSurface forceRelayout=true redrawNeeded=false myWidth=-1 myHeight=-1 fixedSize=false x = 0 y = 0 mWidth=-1 mHeight=-1 mIsSleepMode=false ਍㄀ ⴀ 㔀 ㈀ 㨀㄀㈀㨀㈀㐀⸀㐀㄀㘀  㐀㔀㤀㐀  㜀㈀㔀㜀 䐀 一昀挀匀攀爀瘀椀挀攀㨀 挀愀氀氀 琀栀攀 愀瀀瀀氀礀刀漀甀琀椀渀最ഀഀ
10-05 20:12:24.419 3247 3247 I SurfaceFlinger: id=570 createSurf (1080x2076),1 flag=404, Splash Screen com.siemens.winccoaui#0 ਍㄀ ⴀ 㔀 ㈀ 㨀㄀㈀㨀㈀㐀⸀㐀㈀   ㌀㜀㜀㐀  ㌀㠀㜀㈀ 嘀 匀甀爀昀愀挀攀 㨀 猀昀开昀爀愀洀攀搀爀漀瀀 搀攀戀甀最 㨀  砀㐀昀㐀挀Ⰰ 最愀洀攀 㨀 昀愀氀猀攀Ⰰ 氀漀最最椀渀最 㨀  ഀഀ
10-05 20:12:24.423 3774 3872 D InputDispatcher: Focus left window: 5310 ਍㄀ ⴀ 㔀 ㈀ 㨀㄀㈀㨀㈀㐀⸀㐀㈀㐀  ㌀㜀㜀㐀  ㌀㜀㠀㠀 䐀 䤀渀瀀甀琀䐀椀猀瀀愀琀挀栀攀爀㨀 䘀漀挀甀猀攀搀 愀瀀瀀氀椀挀愀琀椀漀渀 猀攀琀 琀漀㨀 砀砀砀砀ഀഀ
10-05 20:12:24.424 3774 3872 D ViewRootImpl@99b403a[winccoaui]: Relayout returned: old=[0,0][0,0] new=[0,0][1080,2076] result=0x7 surface={valid=true 522624139264} changed=true ਍㄀ ⴀ 㔀 ㈀ 㨀㄀㈀㨀㈀㐀⸀㐀㈀㐀  ㌀㜀㜀㐀  ㌀㠀 㔀 䐀 倀漀椀渀琀攀爀䌀漀渀琀爀漀氀氀攀爀㨀 洀䰀漀挀欀攀搀⸀搀椀猀瀀氀愀礀圀椀搀琀栀 ㄀ 㠀 Ⰰ 洀䰀漀挀欀攀搀⸀搀椀猀瀀氀愀礀䠀攀椀最栀琀 ㈀㈀㈀ ഀഀ
10-05 20:12:24.425 3774 4656 V WindowManager: Relayout Window{1d750d3 u0 com.android.systemui.infinity.InfinityWallpaperSilver}: viewVisibility=0 req=-1x-1 WM.LayoutParams{(0,0)(fillxfill) gr=#800033 ty=2013 fl=#10318 pfl=0x4 fmt=2 wanim=0x103030e colorMode=0 naviIconColor=0 sfl=0x8} ਍㄀ ⴀ 㔀 ㈀ 㨀㄀㈀㨀㈀㐀⸀㐀㈀㘀  ㌀㜀㜀㐀  ㌀㤀㈀㔀 䤀 䤀渀瀀甀琀刀攀愀搀攀爀㨀 刀攀挀漀渀昀椀最甀爀椀渀最 椀渀瀀甀琀 搀攀瘀椀挀攀猀⸀  挀栀愀渀最攀猀㴀 砀       㐀ഀഀ
10-05 20:12:24.429 4450 4450 D GLAnimatorManager: doFrame ਍㄀ ⴀ 㔀 ㈀ 㨀㄀㈀㨀㈀㐀⸀㐀㈀㤀  㐀㐀㔀   㐀㐀㔀  䐀 䜀䰀䄀渀椀洀愀琀漀爀䴀愀渀愀最攀爀㨀 搀漀䘀爀愀洀攀ഀഀ
10-05 20:12:24.429 3774 3872 D ViewRootImpl@99b403a[winccoaui]: MSG_RESIZED_REPORT: frame=Rect(0, 0 - 1080, 2076) ci=Rect(0, 72 - 0, 0) vi=Rect(0, 72 - 0, 0) or=1 ਍㄀ ⴀ 㔀 ㈀ 㨀㄀㈀㨀㈀㐀⸀㐀㈀㤀  ㌀㜀㜀㐀  㐀 㔀㤀 䐀 䜀愀洀攀䴀愀渀愀最攀爀匀攀爀瘀椀挀攀㨀 栀愀渀搀氀攀䘀漀爀攀最爀漀甀渀搀䌀栀愀渀最攀⠀⤀⸀ 瀀欀最一愀洀攀㨀 挀漀洀⸀猀椀攀洀攀渀猀⸀眀椀渀挀挀漀愀甀椀Ⰰ 挀氀猀一愀洀攀㨀 愀琀⸀攀琀洀⸀一漀琀椀昀椀挀愀琀椀漀渀䌀氀椀攀渀琀Ⰰ䘀最䄀挀琀椀瘀椀琀礀一愀洀攀㨀挀漀洀⸀猀椀攀洀攀渀猀⸀眀椀渀挀挀漀愀甀椀⼀愀琀⸀攀琀洀⸀一漀琀椀昀椀挀愀琀椀漀渀䌀氀椀攀渀琀ഀഀ
10-05 20:12:24.429 3774 4059 D GameManagerService: sem_perfomance_mode: 0 ਍㄀ ⴀ 㔀 ㈀ 㨀㄀㈀㨀㈀㐀⸀㐀㈀㤀  ㌀㜀㜀㐀  㐀 㔀㤀 䐀 䜀愀洀攀䴀愀渀愀最攀爀匀攀爀瘀椀挀攀㨀 渀漀琀椀昀礀刀攀猀甀洀攀倀愀甀猀攀⠀⤀⸀ 瀀欀最㨀 挀漀洀⸀猀椀攀洀攀渀猀⸀眀椀渀挀挀漀愀甀椀Ⰰ 琀礀瀀攀㨀 㐀Ⰰ 椀猀䴀椀渀椀洀椀稀攀搀㨀 昀愀氀猀攀Ⰰ 椀猀吀甀渀愀戀氀攀䄀瀀瀀㨀 昀愀氀猀攀ഀഀ
10-05 20:12:24.429 3774 4059 D GameManagerService: notifyResumePause(). unexpected mPrevNotiType: -1 ਍㄀ ⴀ 㔀 ㈀ 㨀㄀㈀㨀㈀㐀⸀㐀㌀   㜀㈀㐀㌀  㜀㈀㔀㤀 䤀 瘀渀搀欀猀甀瀀瀀漀爀琀㨀 猀瀀栀愀氀 渀愀洀攀猀瀀愀挀攀 椀猀 渀漀琀 挀漀渀昀椀最甀爀攀搀 昀漀爀 琀栀椀猀 瀀爀漀挀攀猀猀⸀ 䰀漀愀搀椀渀最 ⼀瘀攀渀搀漀爀⼀氀椀戀⼀攀最氀⼀氀椀戀䜀䰀䔀匀开洀愀氀椀⸀猀漀 昀爀漀洀 琀栀攀 挀甀爀爀攀渀琀 渀愀洀攀猀瀀愀挀攀 椀渀猀琀攀愀搀⸀ഀഀ
10-05 20:12:24.431 3774 3788 D MARsPolicyManager: onPackageResumedFG pkgName = com.siemens.winccoaui, userId = 0 ਍㄀ ⴀ 㔀 ㈀ 㨀㄀㈀㨀㈀㐀⸀㐀㌀㤀  ㌀㜀㜀㐀  㜀㈀㠀㌀ 䐀 䜀愀洀攀倀欀最䐀愀琀愀䠀攀氀瀀攀爀㨀 最攀琀䜀愀洀攀倀欀最䐀愀琀愀䤀渀挀匀攀爀瘀攀爀⠀⤀⸀ 挀漀洀⸀猀椀攀洀攀渀猀⸀眀椀渀挀挀漀愀甀椀ഀഀ
10-05 20:12:24.439 4594 4618 D ForegroundUtils: could not check pending caller ਍㄀ ⴀ 㔀 ㈀ 㨀㄀㈀㨀㈀㐀⸀㐀㌀㤀  ㌀㜀㜀㐀  㜀㈀㠀㌀ 䐀 䜀愀洀攀倀欀最䐀愀琀愀䠀攀氀瀀攀爀㨀 最攀琀匀漀猀倀漀氀椀挀礀⠀⤀⸀ 挀漀洀⸀猀椀攀洀攀渀猀⸀眀椀渀挀挀漀愀甀椀ഀഀ
10-05 20:12:24.439 4506 7734 D ProcessObserver_FLP: onForegroundActivities changed, 7243/11006/true ਍㄀ ⴀ 㔀 ㈀ 㨀㄀㈀㨀㈀㐀⸀㐀㐀   㔀㌀㄀   㔀㌀㄀  䐀 嘀椀攀眀刀漀漀琀䤀洀瀀氀䀀挀昀㔀 昀㤀㜀嬀䰀愀甀渀挀栀攀爀䄀挀琀椀瘀椀琀礀崀㨀 䴀匀䜀开圀䤀一䐀伀圀开䘀伀䌀唀匀开䌀䠀䄀一䜀䔀䐀  ഀഀ
10-05 20:12:24.441 3774 7283 D GameManagerService: identifyGamePackage. com.siemens.winccoaui ਍㄀ ⴀ 㔀 ㈀ 㨀㄀㈀㨀㈀㐀⸀㐀㐀㄀  ㌀㜀㜀㐀  㜀㈀㠀㌀ 䐀 䜀愀洀攀倀欀最䐀愀琀愀䠀攀氀瀀攀爀㨀 最攀琀䜀愀洀攀倀欀最䐀愀琀愀⠀⤀⸀ 挀漀洀⸀猀椀攀洀攀渀猀⸀眀椀渀挀挀漀愀甀椀ഀഀ
10-05 20:12:24.443 3774 7283 D GameManagerService: identifyGamePackage. com.siemens.winccoaui ਍㄀ ⴀ 㔀 ㈀ 㨀㄀㈀㨀㈀㐀⸀㐀㐀㌀  ㌀㜀㜀㐀  㜀㈀㠀㌀ 䐀 䜀愀洀攀倀欀最䐀愀琀愀䠀攀氀瀀攀爀㨀 最攀琀䜀愀洀攀倀欀最䐀愀琀愀⠀⤀⸀ 挀漀洀⸀猀椀攀洀攀渀猀⸀眀椀渀挀挀漀愀甀椀ഀഀ
10-05 20:12:24.444 4450 4450 D GLAnimatorManager: doFrame ਍㄀ ⴀ 㔀 ㈀ 㨀㄀㈀㨀㈀㐀⸀㐀㐀㐀  ㌀㜀㜀㐀  㜀㈀㠀㌀ 䐀 䜀愀洀攀䴀愀渀愀最攀爀匀攀爀瘀椀挀攀㨀 椀搀攀渀琀椀昀礀䜀愀洀攀倀愀挀欀愀最攀⸀ 挀漀洀⸀猀椀攀洀攀渀猀⸀眀椀渀挀挀漀愀甀椀ഀഀ
10-05 20:12:24.444 3774 7283 D GamePkgDataHelper: getGamePkgData(). com.siemens.winccoaui ਍㄀ ⴀ 㔀 ㈀ 㨀㄀㈀㨀㈀㐀⸀㐀㐀㘀  ㌀㜀㜀㐀  㜀㈀㠀㌀ 䐀 䜀愀洀攀䴀愀渀愀最攀爀匀攀爀瘀椀挀攀㨀 椀搀攀渀琀椀昀礀䜀愀洀攀倀愀挀欀愀最攀⸀ 挀漀洀⸀猀椀攀洀攀渀猀⸀眀椀渀挀挀漀愀甀椀ഀഀ
10-05 20:12:24.446 3774 7283 D GamePkgDataHelper: getGamePkgData(). com.siemens.winccoaui ਍㄀ ⴀ 㔀 ㈀ 㨀㄀㈀㨀㈀㐀⸀㐀㐀㠀  ㌀㜀㜀㐀  㜀㈀㠀㌀ 䐀 䜀愀洀攀䴀愀渀愀最攀爀匀攀爀瘀椀挀攀㨀 椀搀攀渀琀椀昀礀䜀愀洀攀倀愀挀欀愀最攀⸀ 挀漀洀⸀猀椀攀洀攀渀猀⸀眀椀渀挀挀漀愀甀椀ഀഀ
10-05 20:12:24.448 3774 7283 D GamePkgDataHelper: getGamePkgData(). com.siemens.winccoaui ਍㄀ ⴀ 㔀 ㈀ 㨀㄀㈀㨀㈀㐀⸀㐀㔀㐀  㜀㈀㐀㌀  㜀㈀㔀㤀 䐀 氀椀戀䔀䜀䰀  㨀 氀漀愀搀攀搀 ⼀瘀攀渀搀漀爀⼀氀椀戀⼀攀最氀⼀氀椀戀䜀䰀䔀匀开洀愀氀椀⸀猀漀ഀഀ
10-05 20:12:24.460 4450 4450 D GLAnimatorManager: doFrame ਍㄀ ⴀ 㔀 ㈀ 㨀㄀㈀㨀㈀㐀⸀㐀㘀㄀  ㌀㜀㜀㐀  ㌀㠀㜀㈀ 嘀 圀椀渀搀漀眀䴀愀渀愀最攀爀㨀 昀椀渀椀猀栀䐀爀愀眀椀渀最䰀漀挀欀攀搀㨀 洀䐀爀愀眀匀琀愀琀攀㴀䌀伀䴀䴀䤀吀开䐀刀䄀圀开倀䔀一䐀䤀一䜀 圀椀渀搀漀眀笀戀㠀㠀㌀㐀攀戀 甀  匀瀀氀愀猀栀 匀挀爀攀攀渀 挀漀洀⸀猀椀攀洀攀渀猀⸀眀椀渀挀挀漀愀甀椀紀 椀渀 匀甀爀昀愀挀攀⠀渀愀洀攀㴀匀瀀氀愀猀栀 匀挀爀攀攀渀 挀漀洀⸀猀椀攀洀攀渀猀⸀眀椀渀挀挀漀愀甀椀⤀ഀഀ
10-05 20:12:24.461 7243 7243 W System : ClassLoader referenced unknown path: ਍㄀ ⴀ 㔀 ㈀ 㨀㄀㈀㨀㈀㐀⸀㐀㘀㌀  ㌀㜀㜀㐀  ㌀㠀㜀㈀ 䐀 匀愀洀猀甀渀最䄀渀椀洀愀琀椀漀渀䌀爀攀愀琀漀爀㨀 挀爀攀愀琀攀䄀渀椀洀愀琀椀漀渀 琀礀瀀攀㨀䠀椀最栀䔀渀搀 琀爀愀渀猀椀琀㨀㄀㈀ 攀渀琀攀爀㨀昀愀氀猀攀 眀愀氀氀瀀愀瀀攀爀堀漀昀昀猀攀琀㨀  猀瀀氀椀琀㨀昀愀氀猀攀 昀椀砀攀搀伀爀椀㨀昀愀氀猀攀ഀഀ
10-05 20:12:24.463 3774 3872 D SamsungAnimationCreator: createAnimation displayFrame:Rect(0, 0 - 1080, 2220) frame:null insets:null ਍㄀ ⴀ 㔀 ㈀ 㨀㄀㈀㨀㈀㐀⸀㐀㘀㌀  ㌀㜀㜀㐀  ㌀㠀㜀㈀ 䐀 匀愀洀猀甀渀最䄀渀椀洀愀琀椀漀渀䌀爀攀愀琀漀爀㨀 挀爀攀愀琀攀䄀瀀瀀伀瀀攀渀圀愀氀氀瀀愀瀀攀爀䔀砀椀琀䄀渀椀洀愀琀椀漀渀ഀഀ
10-05 20:12:24.463 3774 3872 D SamsungAnimationCreator: skip AppOpenWallpaperExit animation. ਍㄀ ⴀ 㔀 ㈀ 㨀㄀㈀㨀㈀㐀⸀㐀㘀㌀  ㌀㜀㜀㐀  ㌀㠀㜀㈀ 䐀 匀愀洀猀甀渀最䄀渀椀洀愀琀椀漀渀䌀爀攀愀琀漀爀㨀 挀爀攀愀琀攀䄀渀椀洀愀琀椀漀渀 琀礀瀀攀㨀䠀椀最栀䔀渀搀 琀爀愀渀猀椀琀㨀㄀  ㄀ 攀渀琀攀爀㨀昀愀氀猀攀 眀愀氀氀瀀愀瀀攀爀堀漀昀昀猀攀琀㨀ⴀ㄀ 猀瀀氀椀琀㨀昀愀氀猀攀 昀椀砀攀搀伀爀椀㨀昀愀氀猀攀ഀഀ
10-05 20:12:24.463 3774 3872 D SamsungAnimationCreator: createAnimation displayFrame:Rect(0, 0 - 1080, 2220) frame:Rect(0, 0 - 1080, 2220) insets:Rect(0, 0 - 0, 144) ਍㄀ ⴀ 㔀 ㈀ 㨀㄀㈀㨀㈀㐀⸀㐀㘀㌀  ㌀㜀㜀㐀  ㌀㠀㜀㈀ 䐀 匀愀洀猀甀渀最䄀渀椀洀愀琀椀漀渀䌀爀攀愀琀漀爀㨀 挀爀攀愀琀攀䄀瀀瀀伀瀀攀渀䠀漀洀攀䔀砀椀琀䄀渀椀洀愀琀椀漀渀ഀഀ
10-05 20:12:24.463 3774 3872 D SamsungAnimationCreator: createAnimation type:HighEnd transit:1001 enter:true wallpaperXoffset:-1 split:false fixedOri:false ਍㄀ ⴀ 㔀 ㈀ 㨀㄀㈀㨀㈀㐀⸀㐀㘀㌀  ㌀㜀㜀㐀  ㌀㠀㜀㈀ 䐀 匀愀洀猀甀渀最䄀渀椀洀愀琀椀漀渀䌀爀攀愀琀漀爀㨀 挀爀攀愀琀攀䄀渀椀洀愀琀椀漀渀 搀椀猀瀀氀愀礀䘀爀愀洀攀㨀刀攀挀琀⠀ Ⰰ   ⴀ ㄀ 㠀 Ⰰ ㈀㈀㈀ ⤀ 昀爀愀洀攀㨀刀攀挀琀⠀ Ⰰ   ⴀ ㄀ 㠀 Ⰰ ㈀ 㜀㘀⤀ 椀渀猀攀琀猀㨀刀攀挀琀⠀ Ⰰ 㜀㈀ ⴀ  Ⰰ  ⤀ഀഀ
10-05 20:12:24.463 3774 3872 D SamsungAnimationCreator: createAppOpenAppEnterAnimation ਍㄀ ⴀ 㔀 ㈀ 㨀㄀㈀㨀㈀㐀⸀㐀㘀㤀  ㌀㜀㜀㐀  ㌀㜀㤀㜀 䐀 圀椀渀搀漀眀䴀愀渀愀最攀爀㨀 猀攀琀 猀礀猀琀攀洀唀椀嘀椀猀椀戀椀氀椀琀礀 㨀 猀礀猀琀攀洀唀椀䘀氀愀最猀㴀  砀㄀  昀甀氀氀猀挀爀攀攀渀匀琀愀挀欀匀礀猀唀椀䘀氀愀最猀㴀  砀 ഀഀ
10-05 20:12:24.470 4284 4284 D BarTransitions.PhoneStatusBarView: MODE_TRANSPARENT -> MODE_OPAQUE animate=true ਍㄀ ⴀ 㔀 ㈀ 㨀㄀㈀㨀㈀㐀⸀㐀㜀㈀  㐀㈀㠀㐀  㐀㈀㠀㐀 䐀 䈀愀爀吀爀愀渀猀椀琀椀漀渀猀⸀匀攀挀一愀瘀椀最愀琀椀漀渀䈀愀爀嘀椀攀眀㨀 䴀伀䐀䔀开吀刀䄀一匀倀䄀刀䔀一吀 ⴀ㸀 䴀伀䐀䔀开伀倀䄀儀唀䔀 愀渀椀洀愀琀攀㴀昀愀氀猀攀ഀഀ
10-05 20:12:24.474 3774 3788 D WindowManager: adjustSystemUiVisibilityLw : vis= 0x10 ਍㄀ ⴀ 㔀 ㈀ 㨀㄀㈀㨀㈀㐀⸀㐀㜀㜀  㔀㌀㄀   㔀㌀㄀  䤀 䰀愀甀渀挀栀攀爀㨀 漀渀圀椀渀搀漀眀嘀椀猀椀戀椀氀椀琀礀䌀栀愀渀最攀搀 㨀 昀愀氀猀攀ഀഀ
10-05 20:12:24.478 4450 4450 D GLAnimatorManager: doFrame ਍㄀ ⴀ 㔀 ㈀ 㨀㄀㈀㨀㈀㐀⸀㐀㠀㔀  㔀㌀㄀   㔀㔀㠀㄀ 䐀 伀瀀攀渀䜀䰀刀攀渀搀攀爀攀爀㨀 攀最氀䐀攀猀琀爀漀礀匀甀爀昀愀挀攀 㴀  砀㜀㤀搀搀㄀攀挀挀愀 ഀഀ
10-05 20:12:24.486 3774 4275 V WindowManager: Relayout Window{88df0a u0 com.sec.android.app.launcher/com.sec.android.app.launcher.activities.LauncherActivity}: viewVisibility=8 req=1080x2220 WM.LayoutParams{(0,0)(fillxfill) sim=#130 ty=1 fl=#81910d02 pfl=0x20000 fmt=-2 wanim=0x10302ea vsysui=0x700 needsMenuKey=2 colorMode=0 dimDuration=376 naviIconColor=0 sfl=0x40} ਍㄀ ⴀ 㔀 ㈀ 㨀㄀㈀㨀㈀㐀⸀㐀㤀   㔀㌀㄀   㔀㌀㄀  䐀 嘀椀攀眀刀漀漀琀䤀洀瀀氀䀀挀昀㔀 昀㤀㜀嬀䰀愀甀渀挀栀攀爀䄀挀琀椀瘀椀琀礀崀㨀 刀攀氀愀礀漀甀琀 爀攀琀甀爀渀攀搀㨀 漀氀搀㴀嬀 Ⰰ 崀嬀㄀ 㠀 Ⰰ㈀㈀㈀ 崀 渀攀眀㴀嬀 Ⰰ 崀嬀㄀ 㠀 Ⰰ㈀㈀㈀ 崀 爀攀猀甀氀琀㴀 砀㔀 猀甀爀昀愀挀攀㴀笀瘀愀氀椀搀㴀昀愀氀猀攀  紀 挀栀愀渀最攀搀㴀琀爀甀攀ഀഀ
10-05 20:12:24.495 4450 4450 D GLAnimatorManager: doFrame ਍㄀ ⴀ 㔀 ㈀ 㨀㄀㈀㨀㈀㐀⸀㔀㄀   㐀㐀㔀   㐀㐀㔀  䐀 䜀䰀䄀渀椀洀愀琀漀爀䴀愀渀愀最攀爀㨀 搀漀䘀爀愀洀攀ഀഀ
10-05 20:12:24.513 7243 7243 I QtCore : Start ਍㄀ ⴀ 㔀 ㈀ 㨀㄀㈀㨀㈀㐀⸀㔀㄀㐀  㔀㐀㔀㘀  㘀㌀㄀㈀ 䤀 倀䈀匀攀猀猀椀漀渀䌀愀挀栀攀䤀洀瀀氀㨀 䐀攀氀攀琀攀搀 猀攀猀猀椀漀渀䤀搀嬀㈀㌀㤀㤀㜀㈀㠀 㐀㤀㜀㐀  㤀㠀㌀崀 昀爀漀洀 瀀攀爀猀椀猀琀攀渀挀攀⸀ഀഀ
10-05 20:12:24.515 7243 7243 W linker : "/data/app/com.siemens.winccoaui-AbxF_S47O_ndaJ9hK4XFlA==/lib/arm/libQt5Gui.so" has unsupported flags DT_FLAGS_1=0x81 ਍㄀ ⴀ 㔀 ㈀ 㨀㄀㈀㨀㈀㐀⸀㔀㄀㤀  㜀㈀㐀㌀  㜀㈀㐀㌀ 圀 氀椀渀欀攀爀  㨀 ∀⼀搀愀琀愀⼀愀瀀瀀⼀挀漀洀⸀猀椀攀洀攀渀猀⸀眀椀渀挀挀漀愀甀椀ⴀ䄀戀砀䘀开匀㐀㜀伀开渀搀愀䨀㤀栀䬀㐀堀䘀氀䄀㴀㴀⼀氀椀戀⼀愀爀洀⼀氀椀戀儀琀㔀圀椀搀最攀琀猀⸀猀漀∀ 栀愀猀 甀渀猀甀瀀瀀漀爀琀攀搀 昀氀愀最猀 䐀吀开䘀䰀䄀䜀匀开㄀㴀 砀㠀㄀ഀഀ
10-05 20:12:24.523 3247 3247 D SurfaceFlinger: Display[0] configurations (* current): ਍㄀ ⴀ 㔀 ㈀ 㨀㄀㈀㨀㈀㐀⸀㔀㈀㌀  ㌀㈀㐀㜀  ㌀㈀㐀㜀 䐀 匀甀爀昀愀挀攀䘀氀椀渀最攀爀㨀     ⨀  㨀 ㄀㐀㐀 砀㈀㤀㘀 Ⰰ 砀搀瀀椀㴀㔀㘀㈀⸀㜀 㘀㤀㜀 Ⰰ 礀搀瀀椀㴀㔀㘀㔀⸀㈀㤀㌀ ㌀ Ⰰ 爀攀昀爀攀猀栀㴀㄀㘀㘀㘀㘀㘀㘀㘀ഀഀ
10-05 20:12:24.523 3247 3247 D SurfaceFlinger: numHwLayers=7, flags=00000000 ਍㄀ ⴀ 㔀 ㈀ 㨀㄀㈀㨀㈀㐀⸀㔀㈀㌀  ㌀㈀㐀㜀  ㌀㈀㐀㜀 䐀 匀甀爀昀愀挀攀䘀氀椀渀最攀爀㨀     琀礀瀀攀   簀  栀愀渀搀氀攀  簀 栀椀渀琀 簀 昀氀愀最 簀 琀爀 簀 戀氀渀搀 簀   昀漀爀洀愀琀    簀     猀漀甀爀挀攀 挀爀漀瀀 ⠀氀Ⰰ琀Ⰰ爀Ⰰ戀⤀      簀          昀爀愀洀攀         簀 渀愀洀攀 ഀഀ
10-05 20:12:24.523 3247 3247 D SurfaceFlinger: -----------+----------+------+------+----+------+-------------+--------------------------------+------------------------+------ ਍㄀ ⴀ 㔀 ㈀ 㨀㄀㈀㨀㈀㐀⸀㔀㈀㌀  ㌀㈀㐀㜀  ㌀㈀㐀㜀 䐀 匀甀爀昀愀挀攀䘀氀椀渀最攀爀㨀       䜀䰀䔀匀 簀 㜀攀挀昀㈀㔀㘀㐀㈀  簀      簀   ㈀㄀ 簀    簀  ㄀   簀 刀䜀䈀砀开㠀㠀㠀㠀   簀     ⸀ Ⰰ     ⸀ Ⰰ ㄀ 㠀 ⸀ Ⰰ ㈀㈀㈀ ⸀  簀     Ⰰ     Ⰰ ㄀ 㠀 Ⰰ ㈀㈀㈀  簀 挀漀洀⸀愀渀搀爀漀椀搀⸀猀礀猀琀攀洀甀椀⸀椀渀昀椀渀椀琀礀⸀䤀渀昀椀渀椀琀礀圀愀氀氀瀀愀瀀攀爀匀椀氀瘀攀爀⌀ ഀഀ
10-05 20:12:24.523 3247 3247 D SurfaceFlinger: GLES | 7ecf255620 | 0000 | 0001 | 00 | 0105 | RGBA_8888 | 6.0, 15.0, 1076.0, 2214.0 | 0, 0, 1080, 2220 | com.sec.android.app.launcher/com.sec.android.app.launcher.activities.LauncherActivity#0 ਍㄀ ⴀ 㔀 ㈀ 㨀㄀㈀㨀㈀㐀⸀㔀㈀㌀  ㌀㈀㐀㜀  ㌀㈀㐀㜀 䐀 匀甀爀昀愀挀攀䘀氀椀渀最攀爀㨀        䠀圀䌀 簀 㜀攀挀昀㈀㔀㠀愀愀  簀      簀   ㈀  簀    簀  ㄀ 㔀 簀 刀䜀䈀䄀开㠀㠀㠀㠀   簀     ⸀ Ⰰ   㜀㈀⸀ Ⰰ ㄀ 㜀㤀⸀ Ⰰ ㈀ 㜀㔀⸀  簀  ㈀㜀㘀Ⰰ  㘀㠀㌀Ⰰ  㤀 㠀Ⰰ ㄀㠀㔀㘀 簀 匀瀀氀愀猀栀 匀挀爀攀攀渀 挀漀洀⸀猀椀攀洀攀渀猀⸀眀椀渀挀挀漀愀甀椀⌀ ഀഀ
10-05 20:12:24.523 3247 3247 D SurfaceFlinger: HWC | 7ecf2596e0 | 0000 | 0000 | 00 | 0105 | RGBA_8888 | ਍㄀ ⴀ 㔀 ㈀ 㨀㄀㈀㨀㈀㐀⸀㔀㈀㌀  ㌀㈀㐀㜀  ㌀㈀㐀㜀 䐀 匀甀爀昀愀挀攀䘀氀椀渀最攀爀㨀  ⸀ Ⰰ     ⸀ Ⰰ ㄀ 㠀 ⸀ Ⰰ   㜀㈀⸀  簀     Ⰰ     Ⰰ ㄀ 㠀 Ⰰ   㜀㈀ 簀 匀琀愀琀甀猀䈀愀爀⌀ ഀഀ
10-05 20:12:24.523 3247 3247 D SurfaceFlinger: HWC | 7ecf259280 | 0000 | 0000 | 00 | 0105 | RGBA_8888 | 0.0, 0.0, 67.0, 445.0 | 1013, 527, 1080, 972 | com.samsung.android.app.cocktailbarservice/com.samsung.android.app.cocktailbarservice.CocktailBarService#0 ਍㄀ ⴀ 㔀 ㈀ 㨀㄀㈀㨀㈀㐀⸀㔀㈀㌀  ㌀㈀㐀㜀  ㌀㈀㐀㜀 䐀 匀甀爀昀愀挀攀䘀氀椀渀最攀爀㨀        䠀圀䌀 簀 㜀攀挀攀攀㈀戀㤀愀  簀      簀      簀    簀  ㄀ 㔀 簀 刀䜀䈀䄀开㠀㠀㠀㠀   簀     ⸀ Ⰰ     ⸀ Ⰰ ㄀ 㠀 ⸀ Ⰰ  ㄀㐀㐀⸀  簀     Ⰰ ㈀ 㜀㘀Ⰰ ㄀ 㠀 Ⰰ ㈀㈀㈀  簀 一愀瘀椀最愀琀椀漀渀䈀愀爀⌀ ഀഀ
10-05 20:12:24.523 3247 3247 D SurfaceFlinger: FB TARGET | 7ecf255b60 | 0000 | 0000 | 00 | 0105 | RGBA_8888 | 0.0, 0.0, 1440.0, 2960.0 | 0, 0, 1440, 2960 | HWC_FRAMEBUFFER_TARGET ਍㄀ ⴀ 㔀 ㈀ 㨀㄀㈀㨀㈀㐀⸀㔀㈀㠀  㜀㈀㐀㌀  㜀㈀㐀㌀ 圀 氀椀渀欀攀爀  㨀 ∀⼀搀愀琀愀⼀愀瀀瀀⼀挀漀洀⸀猀椀攀洀攀渀猀⸀眀椀渀挀挀漀愀甀椀ⴀ䄀戀砀䘀开匀㐀㜀伀开渀搀愀䨀㤀栀䬀㐀堀䘀氀䄀㴀㴀⼀氀椀戀⼀愀爀洀⼀氀椀戀儀琀㔀一攀琀眀漀爀欀⸀猀漀∀ 栀愀猀 甀渀猀甀瀀瀀漀爀琀攀搀 昀氀愀最猀 䐀吀开䘀䰀䄀䜀匀开㄀㴀 砀㠀㄀ഀഀ
10-05 20:12:24.528 4450 4450 D GLAnimatorManager: doFrame ਍㄀ ⴀ 㔀 ㈀ 㨀㄀㈀㨀㈀㐀⸀㔀㌀㄀  㜀㈀㐀㌀  㜀㈀㐀㌀ 圀 氀椀渀欀攀爀  㨀 ∀⼀搀愀琀愀⼀愀瀀瀀⼀挀漀洀⸀猀椀攀洀攀渀猀⸀眀椀渀挀挀漀愀甀椀ⴀ䄀戀砀䘀开匀㐀㜀伀开渀搀愀䨀㤀栀䬀㐀堀䘀氀䄀㴀㴀⼀氀椀戀⼀愀爀洀⼀氀椀戀儀琀㔀匀瘀最⸀猀漀∀ 栀愀猀 甀渀猀甀瀀瀀漀爀琀攀搀 昀氀愀最猀 䐀吀开䘀䰀䄀䜀匀开㄀㴀 砀㠀㄀ഀഀ
10-05 20:12:24.533 5456 5456 W SearchServiceCore: Abort, client detached. ਍㄀ ⴀ 㔀 ㈀ 㨀㄀㈀㨀㈀㐀⸀㔀㌀㌀  㜀㈀㐀㌀  㜀㈀㐀㌀ 圀 氀椀渀欀攀爀  㨀 ∀⼀搀愀琀愀⼀愀瀀瀀⼀挀漀洀⸀猀椀攀洀攀渀猀⸀眀椀渀挀挀漀愀甀椀ⴀ䄀戀砀䘀开匀㐀㜀伀开渀搀愀䨀㤀栀䬀㐀堀䘀氀䄀㴀㴀⼀氀椀戀⼀愀爀洀⼀氀椀戀儀琀㔀堀洀氀⸀猀漀∀ 栀愀猀 甀渀猀甀瀀瀀漀爀琀攀搀 昀氀愀最猀 䐀吀开䘀䰀䄀䜀匀开㄀㴀 砀㠀㄀ഀഀ
10-05 20:12:24.534 7243 7243 W linker : "/data/app/com.siemens.winccoaui-AbxF_S47O_ndaJ9hK4XFlA==/lib/arm/libQt5Sql.so" has unsupported flags DT_FLAGS_1=0x81 ਍㄀ ⴀ 㔀 ㈀ 㨀㄀㈀㨀㈀㐀⸀㔀㌀㘀  㜀㈀㐀㌀  㜀㈀㐀㌀ 圀 氀椀渀欀攀爀  㨀 ∀⼀搀愀琀愀⼀愀瀀瀀⼀挀漀洀⸀猀椀攀洀攀渀猀⸀眀椀渀挀挀漀愀甀椀ⴀ䄀戀砀䘀开匀㐀㜀伀开渀搀愀䨀㤀栀䬀㐀堀䘀氀䄀㴀㴀⼀氀椀戀⼀愀爀洀⼀氀椀戀儀琀㔀倀爀椀渀琀匀甀瀀瀀漀爀琀⸀猀漀∀ 栀愀猀 甀渀猀甀瀀瀀漀爀琀攀搀 昀氀愀最猀 䐀吀开䘀䰀䄀䜀匀开㄀㴀 砀㠀㄀ഀഀ
10-05 20:12:24.537 4284 4896 D SystemServicesProxy: updateOverviewLastStackActiveTimeAsync: newTime=1538763144424 ਍㄀ ⴀ 㔀 ㈀ 㨀㄀㈀㨀㈀㐀⸀㔀㌀㠀  ㌀㜀㜀㐀  㐀㈀㜀㔀 䐀 匀攀挀䌀漀渀琀攀渀琀倀爀漀瘀椀搀攀爀㨀 焀甀攀爀礀⠀⤀Ⰰ 甀爀椀 㴀 ㄀㜀 猀攀氀攀挀琀椀漀渀 㴀 椀猀匀攀琀琀椀渀最猀䌀栀愀渀最攀猀䄀氀氀漀眀攀搀ഀഀ
10-05 20:12:24.538 3774 4275 D SecContentProvider: called from android.uid.systemui:10005 ਍㄀ ⴀ 㔀 ㈀ 㨀㄀㈀㨀㈀㐀⸀㔀㌀㤀  ㌀㜀㜀㐀  㐀㈀㜀㔀 䐀 刀攀猀琀爀椀挀琀椀漀渀倀漀氀椀挀礀㨀 椀猀匀攀琀琀椀渀最猀䌀栀愀渀最攀猀䄀氀氀漀眀攀搀䄀猀唀猀攀爀Ⰰ 甀猀攀爀䤀搀   㨀 琀爀甀攀ഀഀ
10-05 20:12:24.539 4284 4498 D SystemServicesProxy: updateOverviewLastStackActiveTimeAsync: done. ਍㄀ ⴀ 㔀 ㈀ 㨀㄀㈀㨀㈀㐀⸀㔀㌀㤀  㜀㈀㐀㌀  㜀㈀㐀㌀ 圀 氀椀渀欀攀爀  㨀 ∀⼀搀愀琀愀⼀愀瀀瀀⼀挀漀洀⸀猀椀攀洀攀渀猀⸀眀椀渀挀挀漀愀甀椀ⴀ䄀戀砀䘀开匀㐀㜀伀开渀搀愀䨀㤀栀䬀㐀堀䘀氀䄀㴀㴀⼀氀椀戀⼀愀爀洀⼀氀椀戀儀琀㔀䄀渀搀爀漀椀搀䔀砀琀爀愀猀⸀猀漀∀ 栀愀猀 甀渀猀甀瀀瀀漀爀琀攀搀 昀氀愀最猀 䐀吀开䘀䰀䄀䜀匀开㄀㴀 砀㠀㄀ഀഀ
10-05 20:12:24.540 7243 7243 W linker : "/data/app/com.siemens.winccoaui-AbxF_S47O_ndaJ9hK4XFlA==/lib/arm/libQt5Bluetooth.so" has unsupported flags DT_FLAGS_1=0x81 ਍㄀ ⴀ 㔀 ㈀ 㨀㄀㈀㨀㈀㐀⸀㔀㐀㈀  㔀㐀㔀㘀  㔀㐀㔀㘀 䤀 圀漀爀欀攀爀䴀愀渀愀最攀爀㨀 搀椀猀瀀漀猀攀⠀⤀ഀഀ
10-05 20:12:24.542 5456 5456 I WorkerManager: Disposing handler for worker [legacyui] (manager: 4b8b9f4, handler: 990e672) ਍㄀ ⴀ 㔀 ㈀ 㨀㄀㈀㨀㈀㐀⸀㔀㐀㈀  㜀㈀㐀㌀  㜀㈀㐀㌀ 圀 氀椀渀欀攀爀  㨀 ∀⼀搀愀琀愀⼀愀瀀瀀⼀挀漀洀⸀猀椀攀洀攀渀猀⸀眀椀渀挀挀漀愀甀椀ⴀ䄀戀砀䘀开匀㐀㜀伀开渀搀愀䨀㤀栀䬀㐀堀䘀氀䄀㴀㴀⼀氀椀戀⼀愀爀洀⼀氀椀戀儀琀㔀匀攀渀猀漀爀猀⸀猀漀∀ 栀愀猀 甀渀猀甀瀀瀀漀爀琀攀搀 昀氀愀最猀 䐀吀开䘀䰀䄀䜀匀开㄀㴀 砀㠀㄀ഀഀ
10-05 20:12:24.543 5456 5456 I WorkerManager: Disposing handler for worker [networkmonitor] (manager: 4b8b9f4, handler: 230d004) ਍㄀ ⴀ 㔀 ㈀ 㨀㄀㈀㨀㈀㐀⸀㔀㐀㌀  㔀㐀㔀㘀  㔀㐀㔀㘀 䤀 圀漀爀欀攀爀䴀愀渀愀最攀爀㨀 䐀椀猀瀀漀猀椀渀最 栀愀渀搀氀攀爀 昀漀爀 眀漀爀欀攀爀 嬀漀瀀愀崀 ⠀洀愀渀愀最攀爀㨀 㐀戀㠀戀㤀昀㐀Ⰰ 栀愀渀搀氀攀爀㨀 ㈀㜀㤀㤀㜀昀挀⤀ഀഀ
10-05 20:12:24.543 5456 5456 I WorkerManager: Disposing handler for worker [logo_header] (manager: 4b8b9f4, handler: 9bacc6e) ਍㄀ ⴀ 㔀 ㈀ 㨀㄀㈀㨀㈀㐀⸀㔀㐀㐀  㐀㐀㔀   㐀㐀㔀  䐀 䜀䰀䄀渀椀洀愀琀漀爀䴀愀渀愀最攀爀㨀 搀漀䘀爀愀洀攀ഀഀ
10-05 20:12:24.544 5456 5456 I WorkerManager: Disposing handler for worker [screensearch] (manager: 4b8b9f4, handler: 9ff05bd) ਍㄀ ⴀ 㔀 ㈀ 㨀㄀㈀㨀㈀㐀⸀㔀㐀㐀  㜀㈀㐀㌀  㜀㈀㐀㌀ 圀 氀椀渀欀攀爀  㨀 ∀⼀搀愀琀愀⼀愀瀀瀀⼀挀漀洀⸀猀椀攀洀攀渀猀⸀眀椀渀挀挀漀愀甀椀ⴀ䄀戀砀䘀开匀㐀㜀伀开渀搀愀䨀㤀栀䬀㐀堀䘀氀䄀㴀㴀⼀氀椀戀⼀愀爀洀⼀氀椀戀儀琀㔀䴀甀氀琀椀洀攀搀椀愀⸀猀漀∀ 栀愀猀 甀渀猀甀瀀瀀漀爀琀攀搀 昀氀愀最猀 䐀吀开䘀䰀䄀䜀匀开㄀㴀 砀㠀㄀ഀഀ
10-05 20:12:24.544 5456 5456 I WorkerManager: Disposing handler for worker [optin] (manager: 4b8b9f4, handler: 856af4d) ਍㄀ ⴀ 㔀 ㈀ 㨀㄀㈀㨀㈀㐀⸀㔀㐀㔀  㔀㐀㔀㘀  㔀㐀㔀㘀 䤀 圀漀爀欀攀爀䴀愀渀愀最攀爀㨀 䐀椀猀瀀漀猀椀渀最 栀愀渀搀氀攀爀 昀漀爀 眀漀爀欀攀爀 嬀猀栀愀爀攀戀攀愀爀崀 ⠀洀愀渀愀最攀爀㨀 㐀戀㠀戀㤀昀㐀Ⰰ 栀愀渀搀氀攀爀㨀 戀㜀 㜀㜀㘀㜀⤀ഀഀ
10-05 20:12:24.545 5456 5456 I WorkerManager: Disposing handler for worker [searchplate] (manager: 4b8b9f4, handler: 60a6314) ਍㄀ ⴀ 㔀 ㈀ 㨀㄀㈀㨀㈀㐀⸀㔀㐀㔀  㔀㐀㔀㘀  㔀㐀㔀㘀 䤀 圀漀爀欀攀爀䴀愀渀愀最攀爀㨀 䐀椀猀瀀漀猀椀渀最 栀愀渀搀氀攀爀 昀漀爀 眀漀爀欀攀爀 嬀猀栀愀爀攀搀洀椀挀爀漀搀攀琀攀挀琀椀漀渀崀 ⠀洀愀渀愀最攀爀㨀 㐀戀㠀戀㤀昀㐀Ⰰ 栀愀渀搀氀攀爀㨀 昀㘀㐀搀㌀戀㄀⤀ഀഀ
10-05 20:12:24.545 5456 5456 I WorkerManager: Disposing handler for worker [corpus] (manager: 4b8b9f4, handler: aece870) ਍㄀ ⴀ 㔀 ㈀ 㨀㄀㈀㨀㈀㐀⸀㔀㐀㘀  㔀㐀㔀㘀  㔀㐀㔀㘀 䤀 圀漀爀欀攀爀䴀愀渀愀最攀爀㨀 䐀椀猀瀀漀猀椀渀最 栀愀渀搀氀攀爀 昀漀爀 眀漀爀欀攀爀 嬀洀攀猀猀愀最攀崀 ⠀洀愀渀愀最攀爀㨀 㐀戀㠀戀㤀昀㐀Ⰰ 栀愀渀搀氀攀爀㨀 攀 ㈀昀㜀戀攀⤀ഀഀ
10-05 20:12:24.546 5456 5456 I WorkerManager: Disposing handler for worker [gcm] (manager: 4b8b9f4, handler: de2e503) ਍㄀ ⴀ 㔀 ㈀ 㨀㄀㈀㨀㈀㐀⸀㔀㐀㘀  㔀㐀㔀㘀  㔀㐀㔀㘀 䤀 圀漀爀欀攀爀䴀愀渀愀最攀爀㨀 䐀椀猀瀀漀猀椀渀最 栀愀渀搀氀攀爀 昀漀爀 眀漀爀欀攀爀 嬀猀攀爀瘀椀挀攀崀 ⠀洀愀渀愀最攀爀㨀 㐀戀㠀戀㤀昀㐀Ⰰ 栀愀渀搀氀攀爀㨀 ㈀ 㜀戀㔀㄀搀⤀ഀഀ
10-05 20:12:24.547 5456 5456 I WorkerManager: Disposing handler for worker [context] (manager: 4b8b9f4, handler: 4d2d935) ਍㄀ ⴀ 㔀 ㈀ 㨀㄀㈀㨀㈀㐀⸀㔀㐀㜀  㔀㐀㔀㘀  㔀㐀㔀㘀 䤀 圀漀爀欀攀爀䴀愀渀愀最攀爀㨀 䐀椀猀瀀漀猀椀渀最 栀愀渀搀氀攀爀 昀漀爀 眀漀爀欀攀爀 嬀瀀爀漀最爀攀猀猀崀 ⠀洀愀渀愀最攀爀㨀 㐀戀㠀戀㤀昀㐀Ⰰ 栀愀渀搀氀攀爀㨀 㜀㜀㤀挀㈀㠀㄀⤀ഀഀ
10-05 20:12:24.547 5456 5456 I WorkerManager: Disposing handler for worker [searchboxroot] (manager: 4b8b9f4, handler: 6252328) ਍㄀ ⴀ 㔀 ㈀ 㨀㄀㈀㨀㈀㐀⸀㔀㐀㜀  㔀㐀㔀㘀  㔀㐀㔀㘀 䤀 圀漀爀欀攀爀䴀愀渀愀最攀爀㨀 䐀椀猀瀀漀猀椀渀最 栀愀渀搀氀攀爀 昀漀爀 眀漀爀欀攀爀 嬀愀甀搀椀漀崀 ⠀洀愀渀愀最攀爀㨀 㐀戀㠀戀㤀昀㐀Ⰰ 栀愀渀搀氀攀爀㨀 ㄀㠀戀搀 ㈀㈀⤀ഀഀ
10-05 20:12:24.548 5456 5456 I WorkerManager: Disposing handler for worker [actions] (manager: 4b8b9f4, handler: e3d49d4) ਍㄀ ⴀ 㔀 ㈀ 㨀㄀㈀㨀㈀㐀⸀㔀㐀㠀  㔀㐀㔀㘀  㔀㐀㔀㘀 䤀 圀漀爀欀攀爀䴀愀渀愀最攀爀㨀 䐀椀猀瀀漀猀椀渀最 栀愀渀搀氀攀爀 昀漀爀 眀漀爀欀攀爀 嬀挀漀渀瘀攀爀猀愀琀椀漀渀崀 ⠀洀愀渀愀最攀爀㨀 㐀戀㠀戀㤀昀㐀Ⰰ 栀愀渀搀氀攀爀㨀 ㌀ 昀㈀昀㐀 ⤀ഀഀ
10-05 20:12:24.548 7243 7243 W linker : "/data/app/com.siemens.winccoaui-AbxF_S47O_ndaJ9hK4XFlA==/lib/arm/libQt5OpenGL.so" has unsupported flags DT_FLAGS_1=0x81 ਍㄀ ⴀ 㔀 ㈀ 㨀㄀㈀㨀㈀㐀⸀㔀㐀㠀  㔀㐀㔀㘀  㔀㐀㔀㘀 䤀 圀漀爀欀攀爀䴀愀渀愀最攀爀㨀 䐀椀猀瀀漀猀椀渀最 栀愀渀搀氀攀爀 昀漀爀 眀漀爀欀攀爀 嬀愀挀琀椀漀渀瘀攀氀漀最最椀渀最崀 ⠀洀愀渀愀最攀爀㨀 㐀戀㠀戀㤀昀㐀Ⰰ 栀愀渀搀氀攀爀㨀 ㈀㠀戀 昀㌀戀⤀ഀഀ
10-05 20:12:24.551 7243 7243 W linker : "/data/app/com.siemens.winccoaui-AbxF_S47O_ndaJ9hK4XFlA==/lib/arm/libQt5MultimediaWidgets.so" has unsupported flags DT_FLAGS_1=0x81 ਍㄀ ⴀ 㔀 ㈀ 㨀㄀㈀㨀㈀㐀⸀㔀㔀㐀  㜀㈀㐀㌀  㜀㈀㐀㌀ 圀 氀椀渀欀攀爀  㨀 ∀⼀搀愀琀愀⼀愀瀀瀀⼀挀漀洀⸀猀椀攀洀攀渀猀⸀眀椀渀挀挀漀愀甀椀ⴀ䄀戀砀䘀开匀㐀㜀伀开渀搀愀䨀㤀栀䬀㐀堀䘀氀䄀㴀㴀⼀氀椀戀⼀愀爀洀⼀氀椀戀儀琀㔀倀漀猀椀琀椀漀渀椀渀最⸀猀漀∀ 栀愀猀 甀渀猀甀瀀瀀漀爀琀攀搀 昀氀愀最猀 䐀吀开䘀䰀䄀䜀匀开㄀㴀 砀㠀㄀ഀഀ
10-05 20:12:24.555 7243 7243 W linker : "/data/app/com.siemens.winccoaui-AbxF_S47O_ndaJ9hK4XFlA==/lib/arm/libQt5Qml.so" has unsupported flags DT_FLAGS_1=0x81 ਍㄀ ⴀ 㔀 ㈀ 㨀㄀㈀㨀㈀㐀⸀㔀㘀   㜀㈀㐀㌀  㜀㈀㐀㌀ 圀 氀椀渀欀攀爀  㨀 ∀⼀搀愀琀愀⼀愀瀀瀀⼀挀漀洀⸀猀椀攀洀攀渀猀⸀眀椀渀挀挀漀愀甀椀ⴀ䄀戀砀䘀开匀㐀㜀伀开渀搀愀䨀㤀栀䬀㐀堀䘀氀䄀㴀㴀⼀氀椀戀⼀愀爀洀⼀氀椀戀儀琀㔀儀甀椀挀欀⸀猀漀∀ 栀愀猀 甀渀猀甀瀀瀀漀爀琀攀搀 昀氀愀最猀 䐀吀开䘀䰀䄀䜀匀开㄀㴀 砀㠀㄀ഀഀ
10-05 20:12:24.560 4450 4450 D GLAnimatorManager: doFrame ਍㄀ ⴀ 㔀 ㈀ 㨀㄀㈀㨀㈀㐀⸀㔀㘀㤀  ㌀㜀㜀㐀  ㌀㤀㈀㠀 䐀 䴀搀渀椀攀匀挀攀渀愀爀椀漀䌀漀渀琀爀漀氀匀攀爀瘀椀挀攀㨀  瀀愀挀欀愀最攀一愀洀攀 㨀 挀漀洀⸀猀椀攀洀攀渀猀⸀眀椀渀挀挀漀愀甀椀    挀氀愀猀猀一愀洀攀 㨀 愀琀⸀攀琀洀⸀一漀琀椀昀椀挀愀琀椀漀渀䌀氀椀攀渀琀ഀഀ
10-05 20:12:24.569 3774 3928 V MdnieScenarioControlService: setUIMode from UI function(3) ਍㄀ ⴀ 㔀 ㈀ 㨀㄀㈀㨀㈀㐀⸀㔀㜀   㜀㈀㐀㌀  㜀㈀㐀㌀ 圀 氀椀渀欀攀爀  㨀 ∀⼀搀愀琀愀⼀愀瀀瀀⼀挀漀洀⸀猀椀攀洀攀渀猀⸀眀椀渀挀挀漀愀甀椀ⴀ䄀戀砀䘀开匀㐀㜀伀开渀搀愀䨀㤀栀䬀㐀堀䘀氀䄀㴀㴀⼀氀椀戀⼀愀爀洀⼀氀椀戀儀琀㔀圀攀戀嘀椀攀眀⸀猀漀∀ 栀愀猀 甀渀猀甀瀀瀀漀爀琀攀搀 昀氀愀最猀 䐀吀开䘀䰀䄀䜀匀开㄀㴀 砀㠀㄀ഀഀ
10-05 20:12:24.572 7243 7243 W linker : "/data/app/com.siemens.winccoaui-AbxF_S47O_ndaJ9hK4XFlA==/lib/arm/libQt5QuickWidgets.so" has unsupported flags DT_FLAGS_1=0x81 ਍㄀ ⴀ 㔀 ㈀ 㨀㄀㈀㨀㈀㐀⸀㔀㜀㐀  㜀㈀㐀㌀  㜀㈀㐀㌀ 圀 氀椀渀欀攀爀  㨀 ∀⼀搀愀琀愀⼀愀瀀瀀⼀挀漀洀⸀猀椀攀洀攀渀猀⸀眀椀渀挀挀漀愀甀椀ⴀ䄀戀砀䘀开匀㐀㜀伀开渀搀愀䨀㤀栀䬀㐀堀䘀氀䄀㴀㴀⼀氀椀戀⼀愀爀洀⼀氀椀戀儀琀㔀圀攀戀匀漀挀欀攀琀猀⸀猀漀∀ 栀愀猀 甀渀猀甀瀀瀀漀爀琀攀搀 昀氀愀最猀 䐀吀开䘀䰀䄀䜀匀开㄀㴀 砀㠀㄀ഀഀ
10-05 20:12:24.576 7243 7243 W linker : "/data/app/com.siemens.winccoaui-AbxF_S47O_ndaJ9hK4XFlA==/lib/arm/libQt5Pdf.so" has unsupported flags DT_FLAGS_1=0x81 ਍㄀ ⴀ 㔀 ㈀ 㨀㄀㈀㨀㈀㐀⸀㔀㜀㜀  㐀㐀㔀   㐀㐀㔀  䐀 䜀䰀䄀渀椀洀愀琀漀爀䴀愀渀愀最攀爀㨀 搀漀䘀爀愀洀攀ഀഀ
10-05 20:12:24.578 7243 7243 W linker : "/data/app/com.siemens.winccoaui-AbxF_S47O_ndaJ9hK4XFlA==/lib/arm/libQt5PdfWidgets.so" has unsupported flags DT_FLAGS_1=0x81 ਍㄀ ⴀ 㔀 ㈀ 㨀㄀㈀㨀㈀㐀⸀㔀㜀㤀  㜀㈀㐀㌀  㜀㈀㐀㌀ 圀 氀椀渀欀攀爀  㨀 ∀⼀搀愀琀愀⼀愀瀀瀀⼀挀漀洀⸀猀椀攀洀攀渀猀⸀眀椀渀挀挀漀愀甀椀ⴀ䄀戀砀䘀开匀㐀㜀伀开渀搀愀䨀㤀栀䬀㐀堀䘀氀䄀㴀㴀⼀氀椀戀⼀愀爀洀⼀氀椀戀儀琀㔀䴀甀氀琀椀洀攀搀椀愀儀甀椀挀欀开瀀⸀猀漀∀ 栀愀猀 甀渀猀甀瀀瀀漀爀琀攀搀 昀氀愀最猀 䐀吀开䘀䰀䄀䜀匀开㄀㴀 砀㠀㄀ഀഀ
10-05 20:12:24.582 7243 7243 W linker : "/data/app/com.siemens.winccoaui-AbxF_S47O_ndaJ9hK4XFlA==/lib/arm/libQt5QuickParticles.so" has unsupported flags DT_FLAGS_1=0x81 ਍㄀ ⴀ 㔀 ㈀ 㨀㄀㈀㨀㈀㐀⸀㔀㠀㔀  㜀㈀㐀㌀  㜀㈀㐀㌀ 圀 氀椀渀欀攀爀  㨀 ∀⼀搀愀琀愀⼀搀愀琀愀⼀挀漀洀⸀猀椀攀洀攀渀猀⸀眀椀渀挀挀漀愀甀椀⼀焀琀ⴀ爀攀猀攀爀瘀攀搀ⴀ昀椀氀攀猀⼀瀀氀甀最椀渀猀⼀瀀氀愀琀昀漀爀洀猀⼀愀渀搀爀漀椀搀⼀氀椀戀焀琀昀漀爀愀渀搀爀漀椀搀⸀猀漀∀ 栀愀猀 甀渀猀甀瀀瀀漀爀琀攀搀 昀氀愀最猀 䐀吀开䘀䰀䄀䜀匀开㄀㴀 砀㠀㄀ഀഀ
10-05 20:12:24.589 7243 7243 I Qt : qt start ਍㄀ ⴀ 㔀 ㈀ 㨀㄀㈀㨀㈀㐀⸀㔀㤀   㜀㈀㐀㌀  㜀㈀㐀㌀ 圀 氀椀渀欀攀爀  㨀 ∀⼀搀愀琀愀⼀搀愀琀愀⼀挀漀洀⸀猀椀攀洀攀渀猀⸀眀椀渀挀挀漀愀甀椀⼀焀琀ⴀ爀攀猀攀爀瘀攀搀ⴀ昀椀氀攀猀⼀瀀氀甀最椀渀猀⼀戀攀愀爀攀爀⼀氀椀戀焀愀渀搀爀漀椀搀戀攀愀爀攀爀⸀猀漀∀ 栀愀猀 甀渀猀甀瀀瀀漀爀琀攀搀 昀氀愀最猀 䐀吀开䘀䰀䄀䜀匀开㄀㴀 砀㠀㄀ഀഀ
10-05 20:12:24.591 7243 7243 W linker : "/data/data/com.siemens.winccoaui/qt-reserved-files/plugins/sensors/libqtsensors_android.so" has unsupported flags DT_FLAGS_1=0x81 ਍㄀ ⴀ 㔀 ㈀ 㨀㄀㈀㨀㈀㐀⸀㔀㤀㈀  㜀㈀㐀㌀  㜀㈀㐀㌀ 䤀 儀琀      㨀 匀攀渀猀漀爀猀 猀琀愀爀琀ഀഀ
10-05 20:12:24.592 7243 7243 W linker : "/data/data/com.siemens.winccoaui/qt-reserved-files/plugins/mediaservice/libqtmedia_android.so" has unsupported flags DT_FLAGS_1=0x81 ਍㄀ ⴀ 㔀 ㈀ 㨀㄀㈀㨀㈀㐀⸀㔀㤀㐀  㐀㐀㔀   㐀㐀㔀  䐀 䜀䰀䄀渀椀洀愀琀漀爀䴀愀渀愀最攀爀㨀 搀漀䘀爀愀洀攀ഀഀ
10-05 20:12:24.595 7243 7243 W linker : "/data/data/com.siemens.winccoaui/qt-reserved-files/plugins/position/libqtposition_android.so" has unsupported flags DT_FLAGS_1=0x81 ਍㄀ ⴀ 㔀 ㈀ 㨀㄀㈀㨀㈀㐀⸀㔀㤀㘀  㜀㈀㐀㌀  㜀㈀㐀㌀ 䤀 儀琀倀漀猀椀琀椀漀渀椀渀最㨀 倀漀猀椀琀椀漀渀椀渀最 猀琀愀爀琀ഀഀ
10-05 20:12:24.610 4450 4450 D GLAnimatorManager: doFrame ਍㄀ ⴀ 㔀 ㈀ 㨀㄀㈀㨀㈀㐀⸀㘀㜀㜀  㐀㐀㔀   㐀㐀㔀  䤀 挀栀愀琀琀礀  㨀 甀椀搀㴀㄀   㔀⠀甀 开愀㔀⤀ 挀漀洀⸀愀渀搀爀漀椀搀⸀猀礀猀琀攀洀甀椀㨀䤀渀昀椀渀椀琀礀圀愀氀氀瀀愀瀀攀爀 椀搀攀渀琀椀挀愀氀 㐀 氀椀渀攀猀ഀഀ
10-05 20:12:24.689 3774 3929 D AllAroundSensingService: packageName : com.siemens.winccoaui className : at.etm.NotificationClient ਍㄀ ⴀ 㔀 ㈀ 㨀㄀㈀㨀㈀㐀⸀㘀㠀㤀  ㌀㜀㜀㐀  ㌀㤀㈀㤀 嘀 䄀氀氀䄀爀漀甀渀搀匀攀渀猀椀渀最匀攀爀瘀椀挀攀㨀 猀攀琀倀氀愀琀昀漀爀洀䈀爀椀最栀琀渀攀猀猀嘀愀氀甀攀 ㄀㈀ ഀഀ
10-05 20:12:24.694 4450 4450 D GLAnimatorManager: doFrame ਍㄀ ⴀ 㔀 ㈀ 㨀㄀㈀㨀㈀㐀⸀㘀㤀㤀  㜀㈀㐀㌀  㜀㈀㘀㄀ 䐀 伀瀀攀渀䜀䰀刀攀渀搀攀爀攀爀㨀 䠀圀唀䤀 䜀䰀 倀椀瀀攀氀椀渀攀ഀഀ
10-05 20:12:24.705 7243 7243 D ViewRootImpl@6853c9f[NotificationClient]: setView = DecorView@12d71ec[NotificationClient] TM=true MM=false ਍㄀ ⴀ 㔀 ㈀ 㨀㄀㈀㨀㈀㐀⸀㜀 㔀  ㌀㜀㜀㐀  㐀㈀㜀㔀 䐀 䄀挀琀椀瘀椀琀礀䴀愀渀愀最攀爀㨀 瀀漀猀琀 愀挀琀椀瘀攀 甀猀攀爀 挀栀愀渀最攀 昀漀爀   昀甀氀氀猀挀爀攀攀渀 琀爀甀攀 椀猀䠀漀洀攀䄀挀琀椀瘀椀琀礀⠀⤀ 昀愀氀猀攀ഀഀ
10-05 20:12:24.710 4450 4450 D GLAnimatorManager: doFrame ਍㄀ ⴀ 㔀 ㈀ 㨀㄀㈀㨀㈀㐀⸀㜀㄀㄀  㜀㈀㐀㌀  㜀㈀㐀㌀ 䐀 嘀椀攀眀刀漀漀琀䤀洀瀀氀䀀㘀㠀㔀㌀挀㤀昀嬀一漀琀椀昀椀挀愀琀椀漀渀䌀氀椀攀渀琀崀㨀 搀椀猀瀀愀琀挀栀䄀琀琀愀挀栀攀搀吀漀圀椀渀搀漀眀ഀഀ
10-05 20:12:24.716 3774 3788 V WindowManager: Relayout Window{d042edb u0 com.siemens.winccoaui/at.etm.NotificationClient}: viewVisibility=0 req=1080x2004 WM.LayoutParams{(0,0)(fillxfill) sim=#120 ty=1 fl=#1810100 pfl=0x1000000 wanim=0x10302f5 vsysui=0x10 needsMenuKey=2 colorMode=0 naviIconColor=0} ਍㄀ ⴀ 㔀 ㈀ 㨀㄀㈀㨀㈀㐀⸀㜀㈀㄀  ㌀㈀㐀㜀  ㌀㈀㐀㜀 䤀 匀甀爀昀愀挀攀䘀氀椀渀最攀爀㨀 椀搀㴀㔀㜀㄀ 挀爀攀愀琀攀匀甀爀昀 ⠀㄀ 㠀 砀㈀ 㜀㘀⤀Ⰰ㄀ 昀氀愀最㴀㐀 㐀Ⰰ 挀漀洀⸀猀椀攀洀攀渀猀⸀眀椀渀挀挀漀愀甀椀⼀愀琀⸀攀琀洀⸀一漀琀椀昀椀挀愀琀椀漀渀䌀氀椀攀渀琀⌀ ഀഀ
10-05 20:12:24.722 3774 3788 V Surface : sf_framedrop debug : 0x4f4c, game : false, logging : 0 ਍㄀ ⴀ 㔀 ㈀ 㨀㄀㈀㨀㈀㐀⸀㜀㈀㌀  ㌀㜀㜀㐀  ㌀㜀㤀㜀 䐀 匀愀洀猀甀渀最倀栀漀渀攀圀椀渀搀漀眀䴀愀渀愀最攀爀㨀 甀瀀搀愀琀攀匀礀猀琀攀洀唀椀嘀椀猀椀戀椀氀椀琀礀䰀眀 㨀 猀攀琀䘀漀爀挀攀䤀洀洀攀爀猀椀瘀攀䈀琀渀嘀椀猀椀戀椀氀椀琀礀㴀琀爀甀攀ഀഀ
10-05 20:12:24.723 4284 4284 D NavigationBar: setForceImmersiveBtnVisibility visible : true ਍㄀ ⴀ 㔀 ㈀ 㨀㄀㈀㨀㈀㐀⸀㜀㈀㌀  㐀㈀㠀㐀  㐀㈀㠀㐀 䐀 匀攀挀一愀瘀椀最愀琀椀漀渀䈀愀爀嘀椀攀眀㨀 猀攀琀倀椀渀䈀甀琀琀漀渀嘀椀猀椀戀椀氀椀琀礀⠀⤀ 猀栀漀甀氀搀猀栀漀眀㴀琀爀甀攀Ⰰ 氀攀昀琀刀攀洀漀琀攀嘀椀猀椀戀氀攀㴀昀愀氀猀攀Ⰰ 洀䄀氀氀䬀攀礀䐀椀猀愀戀氀攀搀㴀昀愀氀猀攀Ⰰ 椀猀䈀漀甀渀挀攀爀匀栀漀眀椀渀最㴀昀愀氀猀攀Ⰰ 椀猀唀氀琀爀愀倀漀眀攀爀匀愀瘀椀渀最㴀昀愀氀猀攀Ⰰ 椀猀䔀洀攀爀最攀渀挀礀䴀漀搀攀㴀昀愀氀猀攀Ⰰ 椀猀䐀攀瘀椀挀攀䔀渀挀爀礀瀀琀攀搀㴀昀愀氀猀攀Ⰰ 椀猀唀猀攀爀匀攀琀甀瀀䌀漀洀瀀氀攀琀攀 㨀 琀爀甀攀ഀഀ
10-05 20:12:24.726 3774 3788 D InputDispatcher: Focus entered window: 7243 ਍㄀ ⴀ 㔀 ㈀ 㨀㄀㈀㨀㈀㐀⸀㜀㈀㜀  㐀㐀㔀   㐀㐀㔀  䐀 䜀䰀䄀渀椀洀愀琀漀爀䴀愀渀愀最攀爀㨀 搀漀䘀爀愀洀攀ഀഀ
10-05 20:12:24.727 7243 7243 V Surface : sf_framedrop debug : 0x4f4c, game : false, logging : 0 ਍㄀ ⴀ 㔀 ㈀ 㨀㄀㈀㨀㈀㐀⸀㜀㈀㠀  㜀㈀㐀㌀  㜀㈀㐀㌀ 䐀 嘀椀攀眀刀漀漀琀䤀洀瀀氀䀀㘀㠀㔀㌀挀㤀昀嬀一漀琀椀昀椀挀愀琀椀漀渀䌀氀椀攀渀琀崀㨀 刀攀氀愀礀漀甀琀 爀攀琀甀爀渀攀搀㨀 漀氀搀㴀嬀 Ⰰ 崀嬀 Ⰰ 崀 渀攀眀㴀嬀 Ⰰ 崀嬀㄀ 㠀 Ⰰ㈀ 㜀㘀崀 爀攀猀甀氀琀㴀 砀㜀 猀甀爀昀愀挀攀㴀笀瘀愀氀椀搀㴀琀爀甀攀 ㌀㔀㘀 ㌀㤀 㘀㔀㘀紀 挀栀愀渀最攀搀㴀琀爀甀攀ഀഀ
10-05 20:12:24.734 7243 7261 I OpenGLRenderer: Initialized EGL, version 1.4 ਍㄀ ⴀ 㔀 ㈀ 㨀㄀㈀㨀㈀㐀⸀㜀㌀㐀  㜀㈀㐀㌀  㜀㈀㘀㄀ 䐀 伀瀀攀渀䜀䰀刀攀渀搀攀爀攀爀㨀 匀眀愀瀀 戀攀栀愀瘀椀漀爀 ㈀ഀഀ
10-05 20:12:24.737 7243 7261 D libGLESv1: STS_GLApi : DTS, ODTC are not allowed for Package : com.siemens.winccoaui ਍㄀ ⴀ 㔀 ㈀ 㨀㄀㈀㨀㈀㐀⸀㜀㐀   㜀㈀㐀㌀  㜀㈀㘀㄀ 䐀 洀愀氀椀开眀椀渀猀礀猀㨀 䔀䜀䰀椀渀琀 渀攀眀开眀椀渀搀漀眀开猀甀爀昀愀挀攀⠀攀最氀开眀椀渀猀礀猀开搀椀猀瀀氀愀礀 ⨀Ⰰ 瘀漀椀搀 ⨀Ⰰ 䔀䜀䰀匀甀爀昀愀挀攀Ⰰ 䔀䜀䰀䌀漀渀昀椀最Ⰰ 攀最氀开眀椀渀猀礀猀开猀甀爀昀愀挀攀 ⨀⨀Ⰰ 攀最氀开挀漀氀漀爀开戀甀昀昀攀爀开昀漀爀洀愀琀 ⨀Ⰰ 䔀䜀䰀䈀漀漀氀攀愀渀⤀ 爀攀琀甀爀渀猀  砀㌀   Ⰰ  嬀㄀ 㠀 砀㈀ 㜀㘀崀ⴀ昀漀爀洀愀琀㨀㄀ഀഀ
10-05 20:12:24.744 7243 7261 D OpenGLRenderer: eglCreateWindowSurface = 0xe769b778 ਍㄀ ⴀ 㔀 ㈀ 㨀㄀㈀㨀㈀㐀⸀㜀㐀㔀  㐀㐀㔀   㐀㐀㔀  䐀 䜀䰀䄀渀椀洀愀琀漀爀䴀愀渀愀最攀爀㨀 搀漀䘀爀愀洀攀ഀഀ
10-05 20:12:24.750 7243 7243 D ViewRootImpl@6853c9f[NotificationClient]: MSG_RESIZED_REPORT: frame=Rect(0, 0 - 1080, 2076) ci=Rect(0, 72 - 0, 0) vi=Rect(0, 72 - 0, 0) or=1 ਍㄀ ⴀ 㔀 ㈀ 㨀㄀㈀㨀㈀㐀⸀㜀㔀   㜀㈀㐀㌀  㜀㈀㐀㌀ 䐀 嘀椀攀眀刀漀漀琀䤀洀瀀氀䀀㘀㠀㔀㌀挀㤀昀嬀一漀琀椀昀椀挀愀琀椀漀渀䌀氀椀攀渀琀崀㨀 䴀匀䜀开圀䤀一䐀伀圀开䘀伀䌀唀匀开䌀䠀䄀一䜀䔀䐀 ㄀ഀഀ
10-05 20:12:24.751 7243 7243 V InputMethodManager: Starting input: tba=android.view.inputmethod.EditorInfo@abfd2f0 nm : com.siemens.winccoaui ic=null ਍㄀ ⴀ 㔀 ㈀ 㨀㄀㈀㨀㈀㐀⸀㜀㔀㄀  㜀㈀㐀㌀  㜀㈀㐀㌀ 䤀 䤀渀瀀甀琀䴀攀琀栀漀搀䴀愀渀愀最攀爀㨀 猀琀愀爀琀䤀渀瀀甀琀䤀渀渀攀爀 ⴀ 洀匀攀爀瘀椀挀攀⸀猀琀愀爀琀䤀渀瀀甀琀伀爀圀椀渀搀漀眀䜀愀椀渀攀搀䘀漀挀甀猀ഀഀ
10-05 20:12:24.751 3774 4275 D InputMethodManagerService: startInputOrWindowGainedFocus : windowGainedFocus ਍㄀ ⴀ 㔀 ㈀ 㨀㄀㈀㨀㈀㐀⸀㜀㔀㈀  ㌀㜀㜀㐀  㐀㈀㜀㔀 䐀 䤀渀瀀甀琀䴀攀琀栀漀搀䴀愀渀愀最攀爀匀攀爀瘀椀挀攀㨀 眀椀渀搀漀眀䜀愀椀渀攀搀䘀漀挀甀猀㨀 搀攀猀琀椀渀愀琀椀漀渀唀猀攀爀䤀搀 ⠀最攀琀䌀愀氀氀椀渀最唀椀搀⤀ 㴀  ഀഀ
10-05 20:12:24.752 3774 4275 D InputMethodManagerService: windowGainedFocus: currentUserId=0 ਍㄀ ⴀ 㔀 ㈀ 㨀㄀㈀㨀㈀㐀⸀㜀㔀㈀  ㌀㜀㜀㐀  㐀㈀㜀㔀 䐀 䤀渀瀀甀琀䴀攀琀栀漀搀䴀愀渀愀最攀爀匀攀爀瘀椀挀攀㨀 眀椀渀搀漀眀䜀愀椀渀攀搀䘀漀挀甀猀㨀 洀䌀甀爀爀攀渀琀䘀漀挀甀猀攀搀唀猀攀爀䤀搀㴀 ഀഀ
10-05 20:12:24.752 3774 4275 D InputMethodManagerService: windowGainedFocus : lock - currentUserId = 0 destinationUserId = 0 ਍㄀ ⴀ 㔀 ㈀ 㨀㄀㈀㨀㈀㐀⸀㜀㔀㈀  ㌀㜀㜀㐀  㐀㈀㜀㔀 䐀 䤀渀瀀甀琀䴀攀琀栀漀搀䴀愀渀愀最攀爀匀攀爀瘀椀挀攀㨀 眀椀渀搀漀眀䜀愀椀渀攀搀䘀漀挀甀猀 㨀 洀䌀甀爀爀攀渀琀䘀漀挀甀猀攀搀唀猀攀爀䤀搀 ⴀ   愀渀搀 洀匀攀挀甀爀攀䬀攀礀瀀愀搀䔀渀愀戀氀攀搀 ⴀ 昀愀氀猀攀Ⰰ 甀猀攀爀匀眀椀琀挀栀攀搀 ⴀ 昀愀氀猀攀ഀഀ
10-05 20:12:24.752 3774 4275 V InputMethodManagerService: windowGainedFocus : reason=WINDOW_FOCUS_GAIN client=android.os.BinderProxy@c66c7d5 inputContext=null missingMethods= attribute=android.view.inputmethod.EditorInfo@970dd78 nm = com.siemens.winccoaui controlFlags=#104 softInputMode=#120 windowFlags=#1810100 ਍㄀ ⴀ 㔀 ㈀ 㨀㄀㈀㨀㈀㐀⸀㜀㔀㈀  ㌀㜀㜀㐀  㐀㈀㜀㔀 嘀 䤀渀瀀甀琀䴀攀琀栀漀搀䴀愀渀愀最攀爀匀攀爀瘀椀挀攀㨀 栀椀搀攀䌀甀爀爀攀渀琀䤀渀瀀甀琀䰀漀挀欀攀搀 㨀 猀栀漀甀氀搀䠀椀搀攀匀漀昀琀䤀渀瀀甀琀 椀猀 昀愀氀猀攀ഀഀ
10-05 20:12:24.752 3774 4275 D InputMethodManagerService: isImeSwitcherDisabledPackage : false ਍㄀ ⴀ 㔀 ㈀ 㨀㄀㈀㨀㈀㐀⸀㜀㔀㈀  ㌀㜀㜀㐀  㐀㈀㜀㔀 嘀 䤀渀瀀甀琀䴀攀琀栀漀搀䴀愀渀愀最攀爀匀攀爀瘀椀挀攀㨀 䌀爀攀愀琀椀渀最 渀攀眀 猀攀猀猀椀漀渀 昀漀爀 挀氀椀攀渀琀 䌀氀椀攀渀琀匀琀愀琀攀笀戀㔀㤀 挀㔀㄀ 甀椀搀 ㄀㄀  㘀 瀀椀搀 㜀㈀㐀㌀紀ഀഀ
10-05 20:12:24.757 3774 3997 D ConnectivityService: updateCapabilities: oldCap = [ Transports: WIFI Capabilities: NOT_METERED&INTERNET&NOT_RESTRICTED&TRUSTED&NOT_VPN&VALIDATED&FOREGROUND LinkUpBandwidth>=1048576Kbps LinkDnBandwidth>=1048576Kbps SignalStrength: -64], newCap = [ Transports: WIFI Capabilities: NOT_METERED&INTERNET&NOT_RESTRICTED&TRUSTED&NOT_VPN LinkUpBandwidth>=1048576Kbps LinkDnBandwidth>=1048576Kbps SignalStrength: -63] ਍㄀ ⴀ 㔀 ㈀ 㨀㄀㈀㨀㈀㐀⸀㜀㔀㜀  ㌀㜀㜀㐀  ㌀㤀㤀㜀 䐀 䌀漀渀渀攀挀琀椀瘀椀琀礀匀攀爀瘀椀挀攀㨀 渀漀琀椀昀礀吀礀瀀攀 䌀䄀倀开䌀䠀䄀一䜀䔀䐀 昀漀爀 一攀琀眀漀爀欀䄀最攀渀琀䤀渀昀漀 嬀圀䤀䘀䤀 ⠀⤀ ⴀ 㔀㄀㘀崀ഀഀ
10-05 20:12:24.757 3774 3997 D ConnectivityService: sending notification for NetworkRequest [ REQUEST id=1, [ Capabilities: INTERNET&NOT_RESTRICTED&TRUSTED&NOT_VPN] ] ਍㄀ ⴀ 㔀 ㈀ 㨀㄀㈀㨀㈀㐀⸀㜀㔀㜀  ㌀㜀㜀㐀  ㌀㤀㤀㜀 䐀 䌀漀渀渀攀挀琀椀瘀椀琀礀匀攀爀瘀椀挀攀㨀  猀攀渀搀椀渀最 渀漀琀椀昀椀挀愀琀椀漀渀 昀漀爀 一攀琀眀漀爀欀刀攀焀甀攀猀琀 嬀 吀刀䄀䌀䬀开䐀䔀䘀䄀唀䰀吀 椀搀㴀㌀Ⰰ 嬀 䌀愀瀀愀戀椀氀椀琀椀攀猀㨀 䤀一吀䔀刀一䔀吀☀一伀吀开刀䔀匀吀刀䤀䌀吀䔀䐀☀吀刀唀匀吀䔀䐀☀一伀吀开嘀倀一崀 崀ഀഀ
10-05 20:12:24.757 3774 3997 D ConnectivityService: sending notification CAP_CHANGED for NetworkRequest [ TRACK_DEFAULT id=3, [ Capabilities: INTERNET&NOT_RESTRICTED&TRUSTED&NOT_VPN] ] ਍㄀ ⴀ 㔀 ㈀ 㨀㄀㈀㨀㈀㐀⸀㜀㔀㠀  ㌀㜀㜀㐀  ㌀㤀㤀㜀 䐀 䌀漀渀渀攀挀琀椀瘀椀琀礀匀攀爀瘀椀挀攀㨀  猀攀渀搀椀渀最 渀漀琀椀昀椀挀愀琀椀漀渀 昀漀爀 一攀琀眀漀爀欀刀攀焀甀攀猀琀 嬀 䰀䤀匀吀䔀一 椀搀㴀㔀Ⰰ 嬀 吀爀愀渀猀瀀漀爀琀猀㨀 圀䤀䘀䤀 䌀愀瀀愀戀椀氀椀琀椀攀猀㨀 䤀一吀䔀刀一䔀吀☀一伀吀开刀䔀匀吀刀䤀䌀吀䔀䐀☀吀刀唀匀吀䔀䐀☀一伀吀开嘀倀一崀 崀ഀഀ
10-05 20:12:24.758 3774 3990 D ConnectivityService: filterNetworkStateForUid() uid: 10095 networkInfo: [type: WIFI[] - WIFI, state: CONNECTED/CONNECTED, reason: (unspecified), extra: "FRITZ!Box Fon WLAN 7390 2,4", failover: false, available: true, roaming: false, metered: false] ਍㄀ ⴀ 㔀 ㈀ 㨀㄀㈀㨀㈀㐀⸀㜀㔀㠀  ㌀㜀㜀㐀  㐀㈀㜀㔀 䐀 䤀渀瀀甀琀䴀攀琀栀漀搀䴀愀渀愀最攀爀匀攀爀瘀椀挀攀㨀 猀攀琀䌀甀爀爀攀渀琀䤀渀瀀甀琀䤀渀昀漀 ⴀ 椀渀瀀甀琀䌀漀渀琀攀砀琀 㨀 渀甀氀氀 攀椀搀琀漀爀䤀渀昀漀 㨀 愀渀搀爀漀椀搀⸀瘀椀攀眀⸀椀渀瀀甀琀洀攀琀栀漀搀⸀䔀搀椀琀漀爀䤀渀昀漀䀀㤀㜀 搀搀㜀㠀 洀椀猀猀椀渀最䴀攀琀栀漀搀猀 㨀  ഀഀ
10-05 20:12:24.758 3774 3990 D ConnectivityService: filterNetworkStateForUid() uid: 10235 networkInfo: [type: WIFI[] - WIFI, state: CONNECTED/CONNECTED, reason: (unspecified), extra: "FRITZ!Box Fon WLAN 7390 2,4", failover: false, available: true, roaming: false, metered: false] ਍㄀ ⴀ 㔀 ㈀ 㨀㄀㈀㨀㈀㐀⸀㜀㔀㠀  ㌀㜀㜀㐀  ㌀㤀㤀  䐀 䌀漀渀渀攀挀琀椀瘀椀琀礀匀攀爀瘀椀挀攀㨀 昀椀氀琀攀爀一攀琀眀漀爀欀匀琀愀琀攀䘀漀爀唀椀搀⠀⤀ 甀椀搀㨀 ㄀  㤀㔀 渀攀琀眀漀爀欀䤀渀昀漀㨀 嬀琀礀瀀攀㨀 圀䤀䘀䤀嬀崀 ⴀ 圀䤀䘀䤀Ⰰ 猀琀愀琀攀㨀 䌀伀一一䔀䌀吀䔀䐀⼀䌀伀一一䔀䌀吀䔀䐀Ⰰ 爀攀愀猀漀渀㨀 ⠀甀渀猀瀀攀挀椀昀椀攀搀⤀Ⰰ 攀砀琀爀愀㨀 ∀䘀刀䤀吀娀℀䈀漀砀 䘀漀渀 圀䰀䄀一 㜀㌀㤀  ㈀Ⰰ㐀∀Ⰰ 昀愀椀氀漀瘀攀爀㨀 昀愀氀猀攀Ⰰ 愀瘀愀椀氀愀戀氀攀㨀 琀爀甀攀Ⰰ 爀漀愀洀椀渀最㨀 昀愀氀猀攀Ⰰ 洀攀琀攀爀攀搀㨀 昀愀氀猀攀崀ഀഀ
10-05 20:12:24.758 3774 3990 I chatty : uid=1000(system) ConnectivityThr identical 1 line ਍㄀ ⴀ 㔀 ㈀ 㨀㄀㈀㨀㈀㐀⸀㜀㔀㠀  ㌀㜀㜀㐀  ㌀㤀㤀  䐀 䌀漀渀渀攀挀琀椀瘀椀琀礀匀攀爀瘀椀挀攀㨀 昀椀氀琀攀爀一攀琀眀漀爀欀匀琀愀琀攀䘀漀爀唀椀搀⠀⤀ 甀椀搀㨀 ㄀  㤀㔀 渀攀琀眀漀爀欀䤀渀昀漀㨀 嬀琀礀瀀攀㨀 圀䤀䘀䤀嬀崀 ⴀ 圀䤀䘀䤀Ⰰ 猀琀愀琀攀㨀 䌀伀一一䔀䌀吀䔀䐀⼀䌀伀一一䔀䌀吀䔀䐀Ⰰ 爀攀愀猀漀渀㨀 ⠀甀渀猀瀀攀挀椀昀椀攀搀⤀Ⰰ 攀砀琀爀愀㨀 ∀䘀刀䤀吀娀℀䈀漀砀 䘀漀渀 圀䰀䄀一 㜀㌀㤀  ㈀Ⰰ㐀∀Ⰰ 昀愀椀氀漀瘀攀爀㨀 昀愀氀猀攀Ⰰ 愀瘀愀椀氀愀戀氀攀㨀 琀爀甀攀Ⰰ 爀漀愀洀椀渀最㨀 昀愀氀猀攀Ⰰ 洀攀琀攀爀攀搀㨀 昀愀氀猀攀崀ഀഀ
10-05 20:12:24.759 3774 3990 D ConnectivityService: filterNetworkStateForUid() uid: 10190 networkInfo: [type: WIFI[] - WIFI, state: CONNECTED/CONNECTED, reason: (unspecified), extra: "FRITZ!Box Fon WLAN 7390 2,4", failover: false, available: true, roaming: false, metered: false] ਍㄀ ⴀ 㔀 ㈀ 㨀㄀㈀㨀㈀㐀⸀㜀㔀㤀  ㌀㜀㜀㐀  ㌀㤀㤀  䐀 䌀漀渀渀攀挀琀椀瘀椀琀礀匀攀爀瘀椀挀攀㨀 昀椀氀琀攀爀一攀琀眀漀爀欀匀琀愀琀攀䘀漀爀唀椀搀⠀⤀ 甀椀搀㨀 ㄀ ㄀㌀㔀 渀攀琀眀漀爀欀䤀渀昀漀㨀 嬀琀礀瀀攀㨀 圀䤀䘀䤀嬀崀 ⴀ 圀䤀䘀䤀Ⰰ 猀琀愀琀攀㨀 䌀伀一一䔀䌀吀䔀䐀⼀䌀伀一一䔀䌀吀䔀䐀Ⰰ 爀攀愀猀漀渀㨀 ⠀甀渀猀瀀攀挀椀昀椀攀搀⤀Ⰰ 攀砀琀爀愀㨀 ∀䘀刀䤀吀娀℀䈀漀砀 䘀漀渀 圀䰀䄀一 㜀㌀㤀  ㈀Ⰰ㐀∀Ⰰ 昀愀椀氀漀瘀攀爀㨀 昀愀氀猀攀Ⰰ 愀瘀愀椀氀愀戀氀攀㨀 琀爀甀攀Ⰰ 爀漀愀洀椀渀最㨀 昀愀氀猀攀Ⰰ 洀攀琀攀爀攀搀㨀 昀愀氀猀攀崀ഀഀ
10-05 20:12:24.759 3774 3990 D ConnectivityService: filterNetworkStateForUid() uid: 5009 networkInfo: [type: WIFI[] - WIFI, state: CONNECTED/CONNECTED, reason: (unspecified), extra: "FRITZ!Box Fon WLAN 7390 2,4", failover: false, available: true, roaming: false, metered: false] ਍㄀ ⴀ 㔀 ㈀ 㨀㄀㈀㨀㈀㐀⸀㜀㔀㤀  ㌀㜀㜀㐀  ㌀㤀㤀  䐀 䌀漀渀渀攀挀琀椀瘀椀琀礀匀攀爀瘀椀挀攀㨀 昀椀氀琀攀爀一攀琀眀漀爀欀匀琀愀琀攀䘀漀爀唀椀搀⠀⤀ 甀椀搀㨀 ㄀ ㄀㐀㜀 渀攀琀眀漀爀欀䤀渀昀漀㨀 嬀琀礀瀀攀㨀 圀䤀䘀䤀嬀崀 ⴀ 圀䤀䘀䤀Ⰰ 猀琀愀琀攀㨀 䌀伀一一䔀䌀吀䔀䐀⼀䌀伀一一䔀䌀吀䔀䐀Ⰰ 爀攀愀猀漀渀㨀 ⠀甀渀猀瀀攀挀椀昀椀攀搀⤀Ⰰ 攀砀琀爀愀㨀 ∀䘀刀䤀吀娀℀䈀漀砀 䘀漀渀 圀䰀䄀一 㜀㌀㤀  ㈀Ⰰ㐀∀Ⰰ 昀愀椀氀漀瘀攀爀㨀 昀愀氀猀攀Ⰰ 愀瘀愀椀氀愀戀氀攀㨀 琀爀甀攀Ⰰ 爀漀愀洀椀渀最㨀 昀愀氀猀攀Ⰰ 洀攀琀攀爀攀搀㨀 昀愀氀猀攀崀ഀഀ
10-05 20:12:24.759 3774 3997 D ConnectivityService: sending notification CAP_CHANGED for NetworkRequest [ LISTEN id=5, [ Transports: WIFI Capabilities: INTERNET&NOT_RESTRICTED&TRUSTED&NOT_VPN] ] ਍㄀ ⴀ 㔀 ㈀ 㨀㄀㈀㨀㈀㐀⸀㜀㔀㤀  ㌀㜀㜀㐀  ㌀㤀㤀  䐀 䌀漀渀渀攀挀琀椀瘀椀琀礀匀攀爀瘀椀挀攀㨀 昀椀氀琀攀爀一攀琀眀漀爀欀匀琀愀琀攀䘀漀爀唀椀搀⠀⤀ 甀椀搀㨀 ㄀  ㈀㠀 渀攀琀眀漀爀欀䤀渀昀漀㨀 嬀琀礀瀀攀㨀 圀䤀䘀䤀嬀崀 ⴀ 圀䤀䘀䤀Ⰰ 猀琀愀琀攀㨀 䌀伀一一䔀䌀吀䔀䐀⼀䌀伀一一䔀䌀吀䔀䐀Ⰰ 爀攀愀猀漀渀㨀 ⠀甀渀猀瀀攀挀椀昀椀攀搀⤀Ⰰ 攀砀琀爀愀㨀 ∀䘀刀䤀吀娀℀䈀漀砀 䘀漀渀 圀䰀䄀一 㜀㌀㤀  ㈀Ⰰ㐀∀Ⰰ 昀愀椀氀漀瘀攀爀㨀 昀愀氀猀攀Ⰰ 愀瘀愀椀氀愀戀氀攀㨀 琀爀甀攀Ⰰ 爀漀愀洀椀渀最㨀 昀愀氀猀攀Ⰰ 洀攀琀攀爀攀搀㨀 昀愀氀猀攀崀ഀഀ
10-05 20:12:24.759 3774 3990 D ConnectivityService: filterNetworkStateForUid() uid: 10065 networkInfo: [type: WIFI[] - WIFI, state: CONNECTED/CONNECTED, reason: (unspecified), extra: "FRITZ!Box Fon WLAN 7390 2,4", failover: false, available: true, roaming: false, metered: false] ਍㄀ ⴀ 㔀 ㈀ 㨀㄀㈀㨀㈀㐀⸀㜀㔀㤀  ㌀㜀㜀㐀  ㌀㤀㤀㜀 䐀 䌀漀渀渀攀挀琀椀瘀椀琀礀匀攀爀瘀椀挀攀㨀  猀攀渀搀椀渀最 渀漀琀椀昀椀挀愀琀椀漀渀 昀漀爀 一攀琀眀漀爀欀刀攀焀甀攀猀琀 嬀 䰀䤀匀吀䔀一 椀搀㴀㘀Ⰰ 嬀 吀爀愀渀猀瀀漀爀琀猀㨀 䌀䔀䰀䰀唀䰀䄀刀簀圀䤀䘀䤀 䌀愀瀀愀戀椀氀椀琀椀攀猀㨀 一伀吀开刀䔀匀吀刀䤀䌀吀䔀䐀☀吀刀唀匀吀䔀䐀☀一伀吀开嘀倀一崀 崀ഀഀ
10-05 20:12:24.759 3774 3990 D ConnectivityService: filterNetworkStateForUid() uid: 10095 networkInfo: [type: WIFI[] - WIFI, state: CONNECTED/CONNECTED, reason: (unspecified), extra: "FRITZ!Box Fon WLAN 7390 2,4", failover: false, available: true, roaming: false, metered: false] ਍㄀ ⴀ 㔀 ㈀ 㨀㄀㈀㨀㈀㐀⸀㜀㔀㤀  ㌀㜀㜀㐀  ㌀㤀㤀  䐀 䌀漀渀渀攀挀琀椀瘀椀琀礀匀攀爀瘀椀挀攀㨀 昀椀氀琀攀爀一攀琀眀漀爀欀匀琀愀琀攀䘀漀爀唀椀搀⠀⤀ 甀椀搀㨀 ㄀ ㄀㤀㈀ 渀攀琀眀漀爀欀䤀渀昀漀㨀 嬀琀礀瀀攀㨀 圀䤀䘀䤀嬀崀 ⴀ 圀䤀䘀䤀Ⰰ 猀琀愀琀攀㨀 䐀䤀匀䌀伀一一䔀䌀吀䔀䐀⼀䈀䰀伀䌀䬀䔀䐀Ⰰ 爀攀愀猀漀渀㨀 ⠀甀渀猀瀀攀挀椀昀椀攀搀⤀Ⰰ 攀砀琀爀愀㨀 ⠀渀漀渀攀⤀Ⰰ 昀愀椀氀漀瘀攀爀㨀 昀愀氀猀攀Ⰰ 愀瘀愀椀氀愀戀氀攀㨀 琀爀甀攀Ⰰ 爀漀愀洀椀渀最㨀 昀愀氀猀攀Ⰰ 洀攀琀攀爀攀搀㨀 昀愀氀猀攀崀ഀഀ
10-05 20:12:24.759 3774 3990 D ConnectivityService: filterNetworkStateForUid() uid: 10050 networkInfo: [type: WIFI[] - WIFI, state: CONNECTED/CONNECTED, reason: (unspecified), extra: "FRITZ!Box Fon WLAN 7390 2,4", failover: false, available: true, roaming: false, metered: false] ਍㄀ ⴀ 㔀 ㈀ 㨀㄀㈀㨀㈀㐀⸀㜀㔀㤀  ㌀㜀㜀㐀  ㌀㤀㤀㜀 䐀 䌀漀渀渀攀挀琀椀瘀椀琀礀匀攀爀瘀椀挀攀㨀 猀攀渀搀椀渀最 渀漀琀椀昀椀挀愀琀椀漀渀 䌀䄀倀开䌀䠀䄀一䜀䔀䐀 昀漀爀 一攀琀眀漀爀欀刀攀焀甀攀猀琀 嬀 䰀䤀匀吀䔀一 椀搀㴀㘀Ⰰ 嬀 吀爀愀渀猀瀀漀爀琀猀㨀 䌀䔀䰀䰀唀䰀䄀刀簀圀䤀䘀䤀 䌀愀瀀愀戀椀氀椀琀椀攀猀㨀 一伀吀开刀䔀匀吀刀䤀䌀吀䔀䐀☀吀刀唀匀吀䔀䐀☀一伀吀开嘀倀一崀 崀ഀഀ
10-05 20:12:24.760 4639 4639 D EPDG -- SIM0 [SMARTWIFI]: Wifi RSSI intent received -- newRssi : -63intent Intent { act=android.net.wifi.RSSI_CHANGED flg=0x4000010 (has extras) } ਍㄀ ⴀ 㔀 ㈀ 㨀㄀㈀㨀㈀㐀⸀㜀㘀   ㌀㜀㜀㐀  ㌀㤀㤀  䐀 䌀漀渀渀攀挀琀椀瘀椀琀礀匀攀爀瘀椀挀攀㨀 昀椀氀琀攀爀一攀琀眀漀爀欀匀琀愀琀攀䘀漀爀唀椀搀⠀⤀ 甀椀搀㨀 ㄀  㐀㔀 渀攀琀眀漀爀欀䤀渀昀漀㨀 嬀琀礀瀀攀㨀 圀䤀䘀䤀嬀崀 ⴀ 圀䤀䘀䤀Ⰰ 猀琀愀琀攀㨀 䌀伀一一䔀䌀吀䔀䐀⼀䌀伀一一䔀䌀吀䔀䐀Ⰰ 爀攀愀猀漀渀㨀 ⠀甀渀猀瀀攀挀椀昀椀攀搀⤀Ⰰ 攀砀琀爀愀㨀 ∀䘀刀䤀吀娀℀䈀漀砀 䘀漀渀 圀䰀䄀一 㜀㌀㤀  ㈀Ⰰ㐀∀Ⰰ 昀愀椀氀漀瘀攀爀㨀 昀愀氀猀攀Ⰰ 愀瘀愀椀氀愀戀氀攀㨀 琀爀甀攀Ⰰ 爀漀愀洀椀渀最㨀 昀愀氀猀攀Ⰰ 洀攀琀攀爀攀搀㨀 昀愀氀猀攀崀ഀഀ
10-05 20:12:24.760 3774 3997 D ConnectivityService: sending notification for NetworkRequest [ LISTEN id=7, [] ] ਍㄀ ⴀ 㔀 ㈀ 㨀㄀㈀㨀㈀㐀⸀㜀㘀   ㌀㜀㜀㐀  ㌀㤀㤀  䐀 䌀漀渀渀攀挀琀椀瘀椀琀礀匀攀爀瘀椀挀攀㨀 昀椀氀琀攀爀一攀琀眀漀爀欀匀琀愀琀攀䘀漀爀唀椀搀⠀⤀ 甀椀搀㨀 ㄀    渀攀琀眀漀爀欀䤀渀昀漀㨀 嬀琀礀瀀攀㨀 圀䤀䘀䤀嬀崀 ⴀ 圀䤀䘀䤀Ⰰ 猀琀愀琀攀㨀 䌀伀一一䔀䌀吀䔀䐀⼀䌀伀一一䔀䌀吀䔀䐀Ⰰ 爀攀愀猀漀渀㨀 ⠀甀渀猀瀀攀挀椀昀椀攀搀⤀Ⰰ 攀砀琀爀愀㨀 ∀䘀刀䤀吀娀℀䈀漀砀 䘀漀渀 圀䰀䄀一 㜀㌀㤀  ㈀Ⰰ㐀∀Ⰰ 昀愀椀氀漀瘀攀爀㨀 昀愀氀猀攀Ⰰ 愀瘀愀椀氀愀戀氀攀㨀 琀爀甀攀Ⰰ 爀漀愀洀椀渀最㨀 昀愀氀猀攀Ⰰ 洀攀琀攀爀攀搀㨀 昀愀氀猀攀崀ഀഀ
10-05 20:12:24.760 3774 3997 D ConnectivityService: sending notification CAP_CHANGED for NetworkRequest [ LISTEN id=7, [] ] ਍㄀ ⴀ 㔀 ㈀ 㨀㄀㈀㨀㈀㐀⸀㜀㘀   ㌀㜀㜀㐀  ㌀㤀㤀  䐀 䌀漀渀渀攀挀琀椀瘀椀琀礀匀攀爀瘀椀挀攀㨀 昀椀氀琀攀爀一攀琀眀漀爀欀匀琀愀琀攀䘀漀爀唀椀搀⠀⤀ 甀椀搀㨀 ㄀  㤀㌀ 渀攀琀眀漀爀欀䤀渀昀漀㨀 嬀琀礀瀀攀㨀 圀䤀䘀䤀嬀崀 ⴀ 圀䤀䘀䤀Ⰰ 猀琀愀琀攀㨀 䌀伀一一䔀䌀吀䔀䐀⼀䌀伀一一䔀䌀吀䔀䐀Ⰰ 爀攀愀猀漀渀㨀 ⠀甀渀猀瀀攀挀椀昀椀攀搀⤀Ⰰ 攀砀琀爀愀㨀 ∀䘀刀䤀吀娀℀䈀漀砀 䘀漀渀 圀䰀䄀一 㜀㌀㤀  ㈀Ⰰ㐀∀Ⰰ 昀愀椀氀漀瘀攀爀㨀 昀愀氀猀攀Ⰰ 愀瘀愀椀氀愀戀氀攀㨀 琀爀甀攀Ⰰ 爀漀愀洀椀渀最㨀 昀愀氀猀攀Ⰰ 洀攀琀攀爀攀搀㨀 昀愀氀猀攀崀ഀഀ
10-05 20:12:24.760 3774 3990 D ConnectivityService: filterNetworkStateForUid() uid: 10154 networkInfo: [type: WIFI[] - WIFI, state: CONNECTED/CONNECTED, reason: (unspecified), extra: "FRITZ!Box Fon WLAN 7390 2,4", failover: false, available: true, roaming: false, metered: false] ਍㄀ ⴀ 㔀 ㈀ 㨀㄀㈀㨀㈀㐀⸀㜀㘀   ㌀㜀㜀㐀  ㌀㤀㤀  䐀 䌀漀渀渀攀挀琀椀瘀椀琀礀匀攀爀瘀椀挀攀㨀 昀椀氀琀攀爀一攀琀眀漀爀欀匀琀愀琀攀䘀漀爀唀椀搀⠀⤀ 甀椀搀㨀 ㄀  㤀㔀 渀攀琀眀漀爀欀䤀渀昀漀㨀 嬀琀礀瀀攀㨀 圀䤀䘀䤀嬀崀 ⴀ 圀䤀䘀䤀Ⰰ 猀琀愀琀攀㨀 䌀伀一一䔀䌀吀䔀䐀⼀䌀伀一一䔀䌀吀䔀䐀Ⰰ 爀攀愀猀漀渀㨀 ⠀甀渀猀瀀攀挀椀昀椀攀搀⤀Ⰰ 攀砀琀爀愀㨀 ∀䘀刀䤀吀娀℀䈀漀砀 䘀漀渀 圀䰀䄀一 㜀㌀㤀  ㈀Ⰰ㐀∀Ⰰ 昀愀椀氀漀瘀攀爀㨀 昀愀氀猀攀Ⰰ 愀瘀愀椀氀愀戀氀攀㨀 琀爀甀攀Ⰰ 爀漀愀洀椀渀最㨀 昀愀氀猀攀Ⰰ 洀攀琀攀爀攀搀㨀 昀愀氀猀攀崀ഀഀ
10-05 20:12:24.760 3774 3990 D ConnectivityService: filterNetworkStateForUid() uid: 10095 networkInfo: [type: WIFI[] - WIFI, state: CONNECTED/CONNECTED, reason: (unspecified), extra: "FRITZ!Box Fon WLAN 7390 2,4", failover: false, available: true, roaming: false, metered: false] ਍㄀ ⴀ 㔀 ㈀ 㨀㄀㈀㨀㈀㐀⸀㜀㘀   ㌀㜀㜀㐀  ㌀㤀㤀㜀 䐀 䌀漀渀渀攀挀琀椀瘀椀琀礀匀攀爀瘀椀挀攀㨀  猀攀渀搀椀渀最 渀漀琀椀昀椀挀愀琀椀漀渀 昀漀爀 一攀琀眀漀爀欀刀攀焀甀攀猀琀 嬀 䰀䤀匀吀䔀一 椀搀㴀㠀Ⰰ 嬀 吀爀愀渀猀瀀漀爀琀猀㨀 圀䤀䘀䤀 䌀愀瀀愀戀椀氀椀琀椀攀猀㨀 䤀一吀䔀刀一䔀吀☀一伀吀开刀䔀匀吀刀䤀䌀吀䔀䐀☀吀刀唀匀吀䔀䐀☀一伀吀开嘀倀一崀 崀ഀഀ
10-05 20:12:24.760 3774 3990 D ConnectivityService: filterNetworkStateForUid() uid: 10028 networkInfo: [type: WIFI[] - WIFI, state: CONNECTED/CONNECTED, reason: (unspecified), extra: "FRITZ!Box Fon WLAN 7390 2,4", failover: false, available: true, roaming: false, metered: false] ਍㄀ ⴀ 㔀 ㈀ 㨀㄀㈀㨀㈀㐀⸀㜀㘀   ㌀㜀㜀㐀  ㌀㤀㤀  䐀 䌀漀渀渀攀挀琀椀瘀椀琀礀匀攀爀瘀椀挀攀㨀 昀椀氀琀攀爀一攀琀眀漀爀欀匀琀愀琀攀䘀漀爀唀椀搀⠀⤀ 甀椀搀㨀 ㄀  㤀㔀 渀攀琀眀漀爀欀䤀渀昀漀㨀 嬀琀礀瀀攀㨀 圀䤀䘀䤀嬀崀 ⴀ 圀䤀䘀䤀Ⰰ 猀琀愀琀攀㨀 䌀伀一一䔀䌀吀䔀䐀⼀䌀伀一一䔀䌀吀䔀䐀Ⰰ 爀攀愀猀漀渀㨀 ⠀甀渀猀瀀攀挀椀昀椀攀搀⤀Ⰰ 攀砀琀爀愀㨀 ∀䘀刀䤀吀娀℀䈀漀砀 䘀漀渀 圀䰀䄀一 㜀㌀㤀  ㈀Ⰰ㐀∀Ⰰ 昀愀椀氀漀瘀攀爀㨀 昀愀氀猀攀Ⰰ 愀瘀愀椀氀愀戀氀攀㨀 琀爀甀攀Ⰰ 爀漀愀洀椀渀最㨀 昀愀氀猀攀Ⰰ 洀攀琀攀爀攀搀㨀 昀愀氀猀攀崀ഀഀ
10-05 20:12:24.760 4639 6263 D EPDG -- SIM0 [SMARTWIFI]: Rssi : -63 highrange : -75 lowrange : -85 mIsRssiInHystersis : false ਍㄀ ⴀ 㔀 ㈀ 㨀㄀㈀㨀㈀㐀⸀㜀㘀   㐀㘀㌀㤀  㘀㈀㘀㌀ 嘀 䔀倀䐀䜀 ⴀⴀ 匀䤀䴀  嬀匀䴀䄀刀吀圀䤀䘀䤀崀㨀 眀椀昀椀 漀氀搀攀猀琀 攀渀琀爀礀 爀攀洀漀瘀攀搀ഀഀ
10-05 20:12:24.760 3774 3990 D ConnectivityService: filterNetworkStateForUid() uid: 10235 networkInfo: [type: WIFI[] - WIFI, state: CONNECTED/CONNECTED, reason: (unspecified), extra: "FRITZ!Box Fon WLAN 7390 2,4", failover: false, available: true, roaming: false, metered: false] ਍㄀ ⴀ 㔀 ㈀ 㨀㄀㈀㨀㈀㐀⸀㜀㘀   㐀㘀㌀㤀  㘀㈀㘀㌀ 嘀 䔀倀䐀䜀 ⴀⴀ 匀䤀䴀  嬀匀䴀䄀刀吀圀䤀䘀䤀崀㨀 眀椀昀椀 攀渀琀爀礀 愀搀搀攀搀ഀഀ
10-05 20:12:24.760 4639 6263 V EPDG -- SIM0 [SMARTWIFI]: New entry : (-63 : 0 ) ਍㄀ ⴀ 㔀 ㈀ 㨀㄀㈀㨀㈀㐀⸀㜀㘀   㐀㘀㌀㤀  㘀㈀㘀㌀ 䐀 䔀倀䐀䜀 ⴀⴀ 匀䤀䴀  嬀匀䴀䄀刀吀圀䤀䘀䤀崀㨀 椀猀圀椀昀椀匀椀最渀愀氀唀瀀最爀愀搀攀搀㨀 氀愀猀琀匀琀爀攀渀最琀栀㨀 ⴀ㘀㐀 挀甀爀爀攀渀琀匀琀爀攀渀最琀栀㨀 ⴀ㘀㌀ഀഀ
10-05 20:12:24.760 4639 6263 D EPDG -- SIM0 [SMARTWIFI]: Wifi threshold based handovers are disabled ਍㄀ ⴀ 㔀 ㈀ 㨀㄀㈀㨀㈀㐀⸀㜀㘀   㐀㘀㌀㤀  㘀㈀㘀㌀ 䐀 䔀倀䐀䜀 ⴀⴀ 匀䤀䴀  嬀匀䴀䄀刀吀圀䤀䘀䤀崀㨀 一漀 渀攀攀搀 琀漀 爀甀渀 瀀椀渀最 㨀 ⠀氀愀猀琀匀琀爀攀渀最琀栀ⴀ㘀㐀 㨀 洀圀攀愀欀圀椀昀椀䰀攀瘀攀氀㈀ 㨀 洀圀椀昀椀䜀漀漀搀䐀戀嘀愀氀甀攀ⴀ㜀㐀 㨀 洀圀椀昀椀䈀愀搀䐀戀嘀愀氀甀攀ⴀ㠀㔀 㨀 挀甀爀爀攀渀琀匀琀爀攀渀最琀栀⤀ⴀ㘀㌀ഀഀ
10-05 20:12:24.760 3774 3990 D ConnectivityService: filterNetworkStateForUid() uid: 10199 networkInfo: [type: WIFI[] - WIFI, state: CONNECTED/CONNECTED, reason: (unspecified), extra: "FRITZ!Box Fon WLAN 7390 2,4", failover: false, available: true, roaming: false, metered: false] ਍㄀ ⴀ 㔀 ㈀ 㨀㄀㈀㨀㈀㐀⸀㜀㘀   㐀㘀㌀㤀  㘀㈀㘀㌀ 䐀 䔀倀䐀䜀 ⴀⴀ 匀䤀䴀  嬀匀䴀䄀刀吀圀䤀䘀䤀崀㨀 椀猀圀椀昀椀匀椀最渀愀氀䐀攀最爀愀搀攀搀㨀 氀愀猀琀匀琀爀攀渀最琀栀㨀 ⴀ㘀㐀 挀甀爀爀攀渀琀匀琀爀攀渀最琀栀㨀 ⴀ㘀㌀ഀഀ
